000
CDUS41 KOKX 040649
CLIEWR


CLIMATE REPORT
NATIONAL WEATHER SERVICE NEW YORK NY
149 AM EST WED MAR 4 2015


...................................

...THE NEWARK NJ CLIMATE SUMMARY FOR MARCH 3 2015...

CLIMATE NORMAL PERIOD 1981 TO 2010
CLIMATE RECORD PERIOD 1929 TO 2015


WEATHER ITEM   OBSERVED TIME   RECORD YEAR NORMAL DEPARTURE LAST
                VALUE   (LST)  VALUE       VALUE  FROM      YEAR
                                                  NORMAL
..................................................................
TEMPERATURE (F)
 YESTERDAY
  MAXIMUM         35   1159 PM  66    1991  46    -11       33
  MINIMUM         20    459 AM   9    1950  30    -10       16
  AVERAGE         28                        38    -10       25

PRECIPITATION (IN)
  YESTERDAY        0.55          2.57 1991   0.12   0.43     0.01
  MONTH TO DATE    1.06                      0.36   0.70     0.01
  SINCE MAR 1      1.06                      0.36   0.70     0.01
  SINCE JAN 1      7.54                      6.78   0.76     7.73

SNOWFALL (IN)
  YESTERDAY        1.2          12.5  1960   0.2    1.0      0.2
  MONTH TO DATE    5.7                       0.7    5.0      0.2
  SINCE OCT 1     35.8                      23.7   12.1     60.7
  SINCE JUL 1     35.8                      23.7   12.1     60.7
  SNOW DEPTH       6

DEGREE DAYS
 HEATING
  YESTERDAY       37                        27     10       40
  MONTH TO DATE  111                        81     30      105
  SINCE MAR 1    111                        81     30      105
  SINCE JUL 1   4014                      3716    298     3980

 COOLING
  YESTERDAY        0                         0      0        0
  MONTH TO DATE    0                         0      0        0
  SINCE MAR 1      0                         0      0        0
  SINCE JAN 1      0                         0      0        0
..................................................................


WIND (MPH)
  HIGHEST WIND SPEED    20   HIGHEST WIND DIRECTION    SW (210)
  HIGHEST GUST SPEED    25   HIGHEST GUST DIRECTION     S (200)
  AVERAGE WIND SPEED     6.8


SKY COVER
  AVERAGE SKY COVER 0.8


WEATHER CONDITIONS
 THE FOLLOWING WEATHER WAS RECORDED YESTERDAY.
  RAIN
  LIGHT RAIN
  FREEZING RAIN
  LT FREEZING RAIN
  SNOW
  LIGHT SNOW
  SLEET
  FOG


RELATIVE HUMIDITY (PERCENT)
 HIGHEST    96          1100 PM
 LOWEST     46          1100 AM
 AVERAGE    71

..........................................................


THE NEWARK NJ CLIMATE NORMALS FOR TODAY
                         NORMAL    RECORD    YEAR
 MAXIMUM TEMPERATURE (F)   47        72      1974
 MINIMUM TEMPERATURE (F)   30         6      1943


SUNRISE AND SUNSET
MARCH  4 2015.........SUNRISE   626 AM EST   SUNSET   551 PM EST
MARCH  5 2015.........SUNRISE   625 AM EST   SUNSET   552 PM EST


-  INDICATES NEGATIVE NUMBERS.
R  INDICATES RECORD WAS SET OR TIED.
MM INDICATES DATA IS MISSING.
T  INDICATES TRACE AMOUNT.




$$
