000
CDUS41 KOKX 310652
CLIEWR


CLIMATE REPORT
NATIONAL WEATHER SERVICE NEW YORK NY
252 AM EDT FRI JUL 31 2015


...................................

...THE NEWARK NJ CLIMATE SUMMARY FOR JULY 30 2015...

CLIMATE NORMAL PERIOD 1981 TO 2010
CLIMATE RECORD PERIOD 1929 TO 2015


WEATHER ITEM   OBSERVED TIME   RECORD YEAR NORMAL DEPARTURE LAST
                VALUE   (LST)  VALUE       VALUE  FROM      YEAR
                                                  NORMAL
..................................................................
TEMPERATURE (F)
 YESTERDAY
  MAXIMUM         90   1251 PM 101    1949  86      4       82
  MINIMUM         76   1159 PM  57    1956  69      7       63
  AVERAGE         83                        77      6       73

PRECIPITATION (IN)
  YESTERDAY        0.84          3.15 1986   0.17   0.67     0.00
  MONTH TO DATE    2.69                      4.59  -1.90     5.10
  SINCE JUN 1      8.59                      8.61  -0.02     9.51
  SINCE JAN 1     26.20                     27.50  -1.30    32.86

SNOWFALL (IN)
  YESTERDAY        0.0           0.0  2002   0.0    0.0      0.0
                                      2001
  MONTH TO DATE    0.0                       0.0    0.0      0.0
  SINCE OCT 1     46.4                      28.5   17.9     61.1
  SINCE JUL 1      0.0                       0.0    0.0      0.0
  SNOW DEPTH       0

DEGREE DAYS
 HEATING
  YESTERDAY        0                         0      0        0
  MONTH TO DATE    0                         0      0        0
  SINCE JUN 1     29                        17     12        0
  SINCE JUL 1      0                         0      0        0

 COOLING
  YESTERDAY       18                        12      6        8
  MONTH TO DATE  423                       374     49      371
  SINCE JUN 1    672                       613     59      613
  SINCE JAN 1    832                       689    143      675
..................................................................


WIND (MPH)
  HIGHEST WIND SPEED    31   HIGHEST WIND DIRECTION     W (270)
  HIGHEST GUST SPEED    40   HIGHEST GUST DIRECTION    SW (240)
  AVERAGE WIND SPEED     9.1


SKY COVER
  AVERAGE SKY COVER 0.8


WEATHER CONDITIONS
 THE FOLLOWING WEATHER WAS RECORDED YESTERDAY.
  THUNDERSTORM
  HEAVY RAIN
  RAIN
  LIGHT RAIN
  FOG


RELATIVE HUMIDITY (PERCENT)
 HIGHEST    94          1100 PM
 LOWEST     56           100 PM
 AVERAGE    75

..........................................................


THE NEWARK NJ CLIMATE NORMALS FOR TODAY
                         NORMAL    RECORD    YEAR
 MAXIMUM TEMPERATURE (F)   86       103      1954
 MINIMUM TEMPERATURE (F)   69        56      1932


SUNRISE AND SUNSET
JULY 31 2015..........SUNRISE   552 AM EDT   SUNSET   813 PM EDT
AUGUST  1 2015........SUNRISE   553 AM EDT   SUNSET   812 PM EDT


-  INDICATES NEGATIVE NUMBERS.
R  INDICATES RECORD WAS SET OR TIED.
MM INDICATES DATA IS MISSING.
T  INDICATES TRACE AMOUNT.




$$
