000
CDUS41 KOKX 240616
CLIEWR


CLIMATE REPORT
NATIONAL WEATHER SERVICE NEW YORK NY
116 AM EST TUE JAN 24 2017


...................................

...THE NEWARK NJ CLIMATE SUMMARY FOR JANUARY 23 2017...

CLIMATE NORMAL PERIOD 1981 TO 2010
CLIMATE RECORD PERIOD 1929 TO 2017


WEATHER ITEM   OBSERVED TIME   RECORD YEAR NORMAL DEPARTURE LAST
                VALUE   (LST)  VALUE       VALUE  FROM      YEAR
                                                  NORMAL
..................................................................
TEMPERATURE (F)
 YESTERDAY
  MAXIMUM         46   1219 AM  62    1957  39      7       27
                                      1933
  MINIMUM         37    901 PM  -4    1936  24     13       23
  AVERAGE         42                        32     10       25

PRECIPITATION (IN)
  YESTERDAY        1.24          2.30 1998   0.11   1.13     1.81
  MONTH TO DATE    3.81                      2.68   1.13     3.99
  SINCE DEC 1      6.72                      6.49   0.23     8.39
  SINCE JAN 1      3.81                      2.68   1.13     3.99

SNOWFALL (IN)
  YESTERDAY        0.0          24.0  2016   0.2   -0.2     24.0
  MONTH TO DATE    8.8                       5.7    3.1     25.5
  SINCE OCT 1     12.2                      11.5    0.7     25.8
  SINCE JUL 1     12.2                      11.5    0.7     25.8
  SNOW DEPTH       0

DEGREE DAYS
 HEATING
  YESTERDAY       23                        34    -11       40
  MONTH TO DATE  625                       772   -147      729
  SINCE DEC 1   1465                      1654   -189     1194
  SINCE JUL 1   2148                      2522   -374     1826

 COOLING
  YESTERDAY        0                         0      0        0
  MONTH TO DATE    0                         0      0        0
  SINCE DEC 1      0                         0      0        0
  SINCE JAN 1      0                         0      0        0
..................................................................


WIND (MPH)
  HIGHEST WIND SPEED    35   HIGHEST WIND DIRECTION    NE (60)
  HIGHEST GUST SPEED    52   HIGHEST GUST DIRECTION    NE (60)
  AVERAGE WIND SPEED    22.2


SKY COVER
  AVERAGE SKY COVER 1.0


WEATHER CONDITIONS
 THE FOLLOWING WEATHER WAS RECORDED YESTERDAY.
  HEAVY RAIN
  RAIN
  LIGHT RAIN
  SLEET
  FOG


RELATIVE HUMIDITY (PERCENT)
 HIGHEST    92           900 PM
 LOWEST     65          1000 AM
 AVERAGE    79

..........................................................


THE NEWARK NJ CLIMATE NORMALS FOR TODAY
                         NORMAL    RECORD    YEAR
 MAXIMUM TEMPERATURE (F)   39        68      1967
 MINIMUM TEMPERATURE (F)   24         2      1936


SUNRISE AND SUNSET
JANUARY 24 2017.......SUNRISE   713 AM EST   SUNSET   505 PM EST
JANUARY 25 2017.......SUNRISE   712 AM EST   SUNSET   506 PM EST


-  INDICATES NEGATIVE NUMBERS.
R  INDICATES RECORD WAS SET OR TIED.
MM INDICATES DATA IS MISSING.
T  INDICATES TRACE AMOUNT.




$$
