000
CDUS41 KOKX 222039
CLIEWR


CLIMATE REPORT
NATIONAL WEATHER SERVICE NEW YORK NY
439 PM EDT MON MAY 22 2017


...................................

...THE NEWARK NJ CLIMATE SUMMARY FOR MAY 22 2017...
VALID TODAY AS OF 0400 PM LOCAL TIME.

CLIMATE NORMAL PERIOD 1981 TO 2010
CLIMATE RECORD PERIOD 1929 TO 2017


WEATHER ITEM   OBSERVED TIME   RECORD YEAR NORMAL DEPARTURE LAST
                VALUE   (LST)  VALUE       VALUE  FROM      YEAR
                                                  NORMAL
..................................................................
TEMPERATURE (F)
 TODAY
  MAXIMUM         59    254 PM  98    1992  74    -15       70
  MINIMUM         55   1012 AM  44    2002  55      0       52
                                      1957
  AVERAGE         57                        64     -7       61

PRECIPITATION (IN)
  TODAY            0.66          1.11 1949   0.15   0.51     0.04
  MONTH TO DATE    5.69                      2.81   2.88     2.19
  SINCE MAR 1     14.25                     11.19   3.06     4.69
  SINCE JAN 1     20.99                     17.61   3.38    12.74

SNOWFALL (IN)
  TODAY            0.0           0.0  2002   0.0    0.0      0.0
                                      2001
  MONTH TO DATE    0.0                       0.0    0.0      0.0
  SINCE OCT 1     30.0                      28.5    1.5     32.8
  SINCE JUL 1     30.0                      28.5    1.5     32.8
  SNOW DEPTH       0

DEGREE DAYS
 HEATING
  TODAY            8                         3      5        4
  MONTH TO DATE  146                       114     32      166
  SINCE MAR 1   1183                      1199    -16     1022
  SINCE JUL 1   4192                      4834   -642     3895

 COOLING
  TODAY            0                         3     -3        0
  MONTH TO DATE   53                        32     21        2
  SINCE MAR 1     89                        44     45       20
  SINCE JAN 1     89                        44     45       20
..................................................................


WIND (MPH)
  HIGHEST WIND SPEED    12   HIGHEST WIND DIRECTION    SE (120)
  HIGHEST GUST SPEED    17   HIGHEST GUST DIRECTION     E (110)
  AVERAGE WIND SPEED     4.7


SKY COVER
  AVERAGE SKY COVER 1.0


WEATHER CONDITIONS
 THE FOLLOWING WEATHER WAS RECORDED TODAY.
  HEAVY RAIN
  RAIN
  LIGHT RAIN
  FOG


RELATIVE HUMIDITY (PERCENT)
 HIGHEST   100          1100 AM
 LOWEST     67          1200 AM
 AVERAGE    84

..........................................................


THE NEWARK NJ CLIMATE NORMALS FOR TOMORROW
                         NORMAL    RECORD    YEAR
 MAXIMUM TEMPERATURE (F)   74        96      1964
 MINIMUM TEMPERATURE (F)   55        43      1931


SUNRISE AND SUNSET
MAY 22 2017...........SUNRISE   534 AM EDT   SUNSET   814 PM EDT
MAY 23 2017...........SUNRISE   533 AM EDT   SUNSET   815 PM EDT


-  INDICATES NEGATIVE NUMBERS.
R  INDICATES RECORD WAS SET OR TIED.
MM INDICATES DATA IS MISSING.
T  INDICATES TRACE AMOUNT.




$$
