818
CDUS41 KOKX 232133
CLIEWR


CLIMATE REPORT
NATIONAL WEATHER SERVICE NEW YORK NY
433 PM EST FRI FEB 23 2018


...................................

...THE NEWARK NJ CLIMATE SUMMARY FOR FEBRUARY 23 2018...
VALID TODAY AS OF 0400 PM LOCAL TIME.

CLIMATE NORMAL PERIOD 1981 TO 2010
CLIMATE RECORD PERIOD 1929 TO 2018


WEATHER ITEM   OBSERVED TIME   RECORD YEAR NORMAL DEPARTURE LAST
                VALUE   (LST)  VALUE       VALUE  FROM      YEAR
                                                  NORMAL
..................................................................
TEMPERATURE (F)
 TODAY
  MAXIMUM         40    359 PM  68    1985  44     -4       67
  MINIMUM         37   1007 AM   7    2015  28      9       43
  AVERAGE         39                        36      3       55

PRECIPITATION (IN)
  TODAY            0.03          1.15 2010   0.11  -0.08      T
  MONTH TO DATE    4.68                      2.33   2.35     1.55
  SINCE DEC 1      8.38                      9.68  -1.30     9.11
  SINCE JAN 1      6.74                      5.87   0.87     6.20

SNOWFALL (IN)
  TODAY            0.0           4.1  1987   0.3   -0.3      0.0
  MONTH TO DATE    3.4                       7.9   -4.5      7.9
  SINCE OCT 1     21.2                      21.6   -0.4     20.6
  SINCE JUL 1     21.2                      21.6   -0.4     20.6
  SNOW DEPTH       0

DEGREE DAYS
 HEATING
  TODAY           26                        29     -3       10
  MONTH TO DATE  569                       711   -142      582
  SINCE DEC 1   2552                      2627    -75     2255
  SINCE JUL 1   3237                      3495   -258     2938

 COOLING
  TODAY            0                         0      0        0
  MONTH TO DATE    3                         0      3        0
  SINCE DEC 1      3                         0      3        0
  SINCE JAN 1      3                         0      3        0
..................................................................


WIND (MPH)
  HIGHEST WIND SPEED    13   HIGHEST WIND DIRECTION    NE (30)
  HIGHEST GUST SPEED    17   HIGHEST GUST DIRECTION     E (90)
  AVERAGE WIND SPEED     7.5


SKY COVER
  AVERAGE SKY COVER 1.0


WEATHER CONDITIONS
 THE FOLLOWING WEATHER WAS RECORDED TODAY.
  LIGHT RAIN
  FOG


RELATIVE HUMIDITY (PERCENT)
 HIGHEST    92          1100 AM
 LOWEST     79          1200 AM
 AVERAGE    86

..........................................................


THE NEWARK NJ CLIMATE NORMALS FOR TOMORROW
                         NORMAL    RECORD    YEAR
 MAXIMUM TEMPERATURE (F)   45        74      2017
 MINIMUM TEMPERATURE (F)   29         4      2015


SUNRISE AND SUNSET
FEBRUARY 23 2018......SUNRISE   640 AM EST   SUNSET   541 PM EST
FEBRUARY 24 2018......SUNRISE   638 AM EST   SUNSET   542 PM EST


-  INDICATES NEGATIVE NUMBERS.
R  INDICATES RECORD WAS SET OR TIED.
MM INDICATES DATA IS MISSING.
T  INDICATES TRACE AMOUNT.




$$
