000
CDUS41 KOKX 180622
CLIEWR


CLIMATE REPORT
NATIONAL WEATHER SERVICE NEW YORK NY
122 AM EST THU DEC 18 2014


...................................

...THE NEWARK NJ CLIMATE SUMMARY FOR DECEMBER 17 2014...

CLIMATE NORMAL PERIOD 1981 TO 2010
CLIMATE RECORD PERIOD 1929 TO 2014


WEATHER ITEM   OBSERVED TIME   RECORD YEAR NORMAL DEPARTURE LAST
                VALUE   (LST)  VALUE       VALUE  FROM      YEAR
                                                  NORMAL
..................................................................
TEMPERATURE (F)
 YESTERDAY
  MAXIMUM         55   1220 PM  66    2000  43     12       30
  MINIMUM         40   1159 PM   6    1951  29     11       23
  AVERAGE         48                        36     12       27

PRECIPITATION (IN)
  YESTERDAY        T             0.92 2000   0.12  -0.12     0.18
  MONTH TO DATE    3.34                      2.17   1.17     2.74
  SINCE DEC 1      3.34                      2.17   1.17     2.74
  SINCE JAN 1     47.76                     44.61   3.15    41.06

SNOWFALL (IN)
  YESTERDAY        0.0           2.0  2013   0.2   -0.2      2.0
  MONTH TO DATE    0.3                       2.3   -2.0      9.4
  SINCE OCT 1      1.7                       2.7   -1.0      9.4
  SINCE JUL 1      1.7                       2.7   -1.0      9.4
  SNOW DEPTH       0

DEGREE DAYS
 HEATING
  YESTERDAY       17                        29    -12       38
  MONTH TO DATE  424                       448    -24      498
  SINCE DEC 1    424                       448    -24      498
  SINCE JUL 1   1256                      1316    -60     1368

 COOLING
  YESTERDAY        0                         0      0        0
  MONTH TO DATE    0                         0      0        0
  SINCE DEC 1      0                         0      0        0
  SINCE JAN 1   1175                      1192    -17     1337
..................................................................


WIND (MPH)
  HIGHEST WIND SPEED    24   HIGHEST WIND DIRECTION     W (270)
  HIGHEST GUST SPEED    31   HIGHEST GUST DIRECTION     W (280)
  AVERAGE WIND SPEED    11.1


SKY COVER
  AVERAGE SKY COVER 0.8


WEATHER CONDITIONS
 THE FOLLOWING WEATHER WAS RECORDED YESTERDAY.
  LIGHT RAIN
  FOG


RELATIVE HUMIDITY (PERCENT)
 HIGHEST   100          1200 AM
 LOWEST     53           900 PM
 AVERAGE    77

..........................................................


THE NEWARK NJ CLIMATE NORMALS FOR TODAY
                         NORMAL    RECORD    YEAR
 MAXIMUM TEMPERATURE (F)   43        64      1937
 MINIMUM TEMPERATURE (F)   29        13      1953
                                             1945


SUNRISE AND SUNSET
DECEMBER 18 2014......SUNRISE   715 AM EST   SUNSET   431 PM EST
DECEMBER 19 2014......SUNRISE   716 AM EST   SUNSET   432 PM EST


-  INDICATES NEGATIVE NUMBERS.
R  INDICATES RECORD WAS SET OR TIED.
MM INDICATES DATA IS MISSING.
T  INDICATES TRACE AMOUNT.




$$
