000
CDUS43 KIND 290531
CLIEYE


CLIMATE REPORT
NATIONAL WEATHER SERVICE INDIANAPOLIS IN
131 AM EDT FRI APR 29 2016


...................................

...THE INDIANAPOLIS EAGLE CREEK IN CLIMATE SUMMARY FOR APRIL 28 2016...

CLIMATE NORMAL PERIOD 1981 TO 2010
CLIMATE RECORD PERIOD 9999 TO 9999


WEATHER ITEM   OBSERVED TIME   NORMAL DEPARTURE LAST
                VALUE   (LST)  VALUE  FROM      YEAR
                                      NORMAL
......................................................
TEMPERATURE (F)
 YESTERDAY
  MAXIMUM         74    144 PM  67      7       62
  MINIMUM         50    702 AM  47      3       36
  AVERAGE         62            57      5       49

PRECIPITATION (IN)
  YESTERDAY        0.33          0.17   0.16     0.00
  MONTH TO DATE    3.07          3.52  -0.45     5.06
  SINCE MAR 1      5.51          6.82  -1.31     8.13
  SINCE JAN 1      7.47         11.16  -3.69    10.61

DEGREE DAYS
 HEATING
  YESTERDAY        3             8     -5       16
  MONTH TO DATE  336           353    -17      311
  SINCE MAR 1    822          1053   -231     1128
  SINCE JUL 1   4335          5178   -843     5814

 COOLING
  YESTERDAY        0             1     -1        0
  MONTH TO DATE   13            18     -5        4
  SINCE MAR 1     13            19     -6        4
  SINCE JAN 1     13            19     -6        4
......................................................


WIND (MPH)
  HIGHEST WIND SPEED    18   HIGHEST WIND DIRECTION    NW (320)
  HIGHEST GUST SPEED    25   HIGHEST GUST DIRECTION    NW (320)
  AVERAGE WIND SPEED     6.8


SKY COVER
  AVERAGE SKY COVER 0.8


WEATHER CONDITIONS
 THE FOLLOWING WEATHER WAS RECORDED YESTERDAY.
  THUNDERSTORM
  HEAVY RAIN
  RAIN
  LIGHT RAIN
  FOG


RELATIVE HUMIDITY (PERCENT)
 HIGHEST   100           800 AM
 LOWEST     64           200 PM
 AVERAGE    82

..........................................................


THE INDIANAPOLIS EAGLE CREEK IN CLIMATE NORMALS FOR TODAY
                         NORMAL
 MAXIMUM TEMPERATURE (F)   67
 MINIMUM TEMPERATURE (F)   48


SUNRISE AND SUNSET
APRIL 29 2016.........SUNRISE   647 AM EDT   SUNSET   838 PM EDT
APRIL 30 2016.........SUNRISE   646 AM EDT   SUNSET   839 PM EDT


-  INDICATES NEGATIVE NUMBERS.
R  INDICATES RECORD WAS SET OR TIED.
MM INDICATES DATA IS MISSING.
T  INDICATES TRACE AMOUNT.




$$
