000
CDUS43 KIND 030543
CLIEYE


CLIMATE REPORT
NATIONAL WEATHER SERVICE INDIANAPOLIS IN
142 AM EDT WED JUN 3 2015


...................................

...THE INDIANAPOLIS EAGLE CREEK IN CLIMATE SUMMARY FOR JUNE 2 2015...

CLIMATE NORMAL PERIOD 1981 TO 2010
CLIMATE RECORD PERIOD 9999 TO 9999


WEATHER ITEM   OBSERVED TIME   NORMAL DEPARTURE LAST
                VALUE   (LST)  VALUE  FROM      YEAR
                                      NORMAL
......................................................
TEMPERATURE (F)
 YESTERDAY
  MAXIMUM         70    233 PM  78     -8       77
  MINIMUM         48    543 AM  59    -11       67
  AVERAGE         59            68     -9       72

PRECIPITATION (IN)
  YESTERDAY        0.00          0.14  -0.14     1.38
  MONTH TO DATE    T             0.28  -0.28     1.38
  SINCE JUN 1      T             0.28  -0.28     1.38
  SINCE JAN 1     12.35         17.09  -4.74    17.83

DEGREE DAYS
 HEATING
  YESTERDAY        6             1      5        0
  MONTH TO DATE   14             3     11        0
  SINCE JUN 1     14             3     11        0
  SINCE JUL 1   5936          5337    599     6226

 COOLING
  YESTERDAY        0             5     -5        7
  MONTH TO DATE    0            10    -10       15
  SINCE JUN 1      0            10    -10       15
  SINCE JAN 1    127            94     33      123
......................................................


WIND (MPH)
  HIGHEST WIND SPEED    13   HIGHEST WIND DIRECTION     E (100)
  HIGHEST GUST SPEED    18   HIGHEST GUST DIRECTION     E (70)
  AVERAGE WIND SPEED     5.9


SKY COVER
  AVERAGE SKY COVER 0.1


WEATHER CONDITIONS
 THE FOLLOWING WEATHER WAS RECORDED YESTERDAY.
  NO SIGNIFICANT WEATHER WAS OBSERVED.


RELATIVE HUMIDITY (PERCENT)
 HIGHEST    93           400 AM
 LOWEST     55           200 PM
 AVERAGE    74

..........................................................


THE INDIANAPOLIS EAGLE CREEK IN CLIMATE NORMALS FOR TODAY
                         NORMAL
 MAXIMUM TEMPERATURE (F)   78
 MINIMUM TEMPERATURE (F)   60


SUNRISE AND SUNSET
JUNE  3 2015..........SUNRISE   618 AM EDT   SUNSET   909 PM EDT
JUNE  4 2015..........SUNRISE   618 AM EDT   SUNSET   909 PM EDT


-  INDICATES NEGATIVE NUMBERS.
R  INDICATES RECORD WAS SET OR TIED.
MM INDICATES DATA IS MISSING.
T  INDICATES TRACE AMOUNT.




$$
