096
CDUS43 KIND 060531
CLIEYE


CLIMATE REPORT
NATIONAL WEATHER SERVICE INDIANAPOLIS IN
1231 AM EST SAT FEB 6 2016


...................................

...THE INDIANAPOLIS EAGLE CREEK IN CLIMATE SUMMARY FOR FEBRUARY 5 2016...

CLIMATE NORMAL PERIOD 1981 TO 2010
CLIMATE RECORD PERIOD 9999 TO 9999


WEATHER ITEM   OBSERVED TIME   NORMAL DEPARTURE LAST
                VALUE   (LST)  VALUE  FROM      YEAR
                                      NORMAL
......................................................
TEMPERATURE (F)
 YESTERDAY
  MAXIMUM         40    222 PM  37      3       21
  MINIMUM         17    506 AM  22     -5        5
  AVERAGE         29            30     -1       13

PRECIPITATION (IN)
  YESTERDAY        0.00          0.07  -0.07     0.00
  MONTH TO DATE    0.14          0.31  -0.17     0.28
  SINCE DEC 1      6.02          5.60   0.42     4.51
  SINCE JAN 1      0.79          2.52  -1.73     2.03

DEGREE DAYS
 HEATING
  YESTERDAY       36            35      1       52
  MONTH TO DATE  137           179    -42      208
  SINCE DEC 1   1948          2356   -408     2379
  SINCE JUL 1   2769          3380   -611     3618

 COOLING
  YESTERDAY        0             0      0        0
  MONTH TO DATE    0             0      0        0
  SINCE DEC 1      0             0      0        0
  SINCE JAN 1      0             0      0        0
......................................................


WIND (MPH)
  HIGHEST WIND SPEED    14   HIGHEST WIND DIRECTION    NW (310)
  HIGHEST GUST SPEED    17   HIGHEST GUST DIRECTION     W (260)
  AVERAGE WIND SPEED     4.6


SKY COVER
  AVERAGE SKY COVER 0.0


WEATHER CONDITIONS
 THE FOLLOWING WEATHER WAS RECORDED YESTERDAY.
  NO SIGNIFICANT WEATHER WAS OBSERVED.


RELATIVE HUMIDITY (PERCENT)
 HIGHEST    84          1200 AM
 LOWEST     50           200 PM
 AVERAGE    67

..........................................................


THE INDIANAPOLIS EAGLE CREEK IN CLIMATE NORMALS FOR TODAY
                         NORMAL
 MAXIMUM TEMPERATURE (F)   37
 MINIMUM TEMPERATURE (F)   22


SUNRISE AND SUNSET
FEBRUARY  6 2016......SUNRISE   749 AM EST   SUNSET   610 PM EST
FEBRUARY  7 2016......SUNRISE   748 AM EST   SUNSET   611 PM EST


-  INDICATES NEGATIVE NUMBERS.
R  INDICATES RECORD WAS SET OR TIED.
MM INDICATES DATA IS MISSING.
T  INDICATES TRACE AMOUNT.




$$
