000
CDUS42 KKEY 242141
CLIEYW


CLIMATE REPORT
NATIONAL WEATHER SERVICE KEY WEST, FL
440 PM EST FRI FEB 24 2017


...................................

...THE KEY WEST CLIMATE SUMMARY FOR FEBRUARY 24 2017...
VALID TODAY AS OF 0400 PM LOCAL TIME.

CLIMATE NORMAL PERIOD 1981 TO 2010
CLIMATE RECORD PERIOD 1871 TO 2017


WEATHER ITEM   OBSERVED TIME   RECORD YEAR NORMAL DEPARTURE LAST
                VALUE   (LST)  VALUE       VALUE  FROM      YEAR
                                                  NORMAL
..................................................................
TEMPERATURE (F)
 TODAY
  MAXIMUM         79   1257 PM  84    2008  77      2       80
                                      1994
                                      1962
  MINIMUM         70    300 AM  53    1901  67      3       66
  AVERAGE         75                        72      3       73

PRECIPITATION (IN)
  TODAY            0.00          1.62 1892   0.06  -0.06     0.11
  MONTH TO DATE    2.05                      1.24   0.81     3.72
  SINCE DEC 1      4.79                      5.50  -0.71    11.66
  SINCE JAN 1      3.05                      3.28  -0.23     7.08

SNOWFALL (IN)
  TODAY            0.0
  MONTH TO DATE    0.0
  SINCE DEC 1      0.0
  SINCE JUL 1      0.0
  SNOW DEPTH       0

DEGREE DAYS
 HEATING
  TODAY            0                         0      0        0
  MONTH TO DATE    0                        19    -19        9
  SINCE DEC 1      5                        69    -64       22
  SINCE JUL 1      5                        70    -65       22

 COOLING
  TODAY           10                         7      3        8
  MONTH TO DATE  231                       155     76      140
  SINCE DEC 1    885                       537    348      715
  SINCE JAN 1    492                       320    172      316
..................................................................


WIND (MPH)
  HIGHEST WIND SPEED    12   HIGHEST WIND DIRECTION     N (340)
  HIGHEST GUST SPEED    16   HIGHEST GUST DIRECTION     N (10)
  AVERAGE WIND SPEED     7.6


SKY COVER
  POSSIBLE SUNSHINE  MM
  AVERAGE SKY COVER 0.3


WEATHER CONDITIONS
 THE FOLLOWING WEATHER WAS RECORDED TODAY.
  NO SIGNIFICANT WEATHER WAS OBSERVED.


RELATIVE HUMIDITY (PERCENT)
 HIGHEST    90
 LOWEST     67
 AVERAGE    79

..........................................................


THE KEY WEST CLIMATE NORMALS FOR TOMORROW
                         NORMAL    RECORD    YEAR
 MAXIMUM TEMPERATURE (F)   77        87      1874
 MINIMUM TEMPERATURE (F)   67        51      1989


SUNRISE AND SUNSET
FEBRUARY 24 2017......SUNRISE   654 AM EST   SUNSET   627 PM EST
FEBRUARY 25 2017......SUNRISE   653 AM EST   SUNSET   628 PM EST


-  INDICATES NEGATIVE NUMBERS.
R  INDICATES RECORD WAS SET OR TIED.
MM INDICATES DATA IS MISSING.
T  INDICATES TRACE AMOUNT.




$$
