000
CDUS42 KKEY 290533
CLIEYW


CLIMATE REPORT
NATIONAL WEATHER SERVICE KEY WEST, FL
132 AM EDT THU JUN 29 2017


...................................

...THE KEY WEST CLIMATE SUMMARY FOR JUNE 28 2017...

CLIMATE NORMAL PERIOD 1981 TO 2010
CLIMATE RECORD PERIOD 1871 TO 2017


WEATHER ITEM   OBSERVED TIME   RECORD YEAR NORMAL DEPARTURE LAST
                VALUE   (LST)  VALUE       VALUE  FROM      YEAR
                                                  NORMAL
..................................................................
TEMPERATURE (F)
 YESTERDAY
  MAXIMUM         88    624 PM  94    1950  89     -1       88
  MINIMUM         81    228 AM  68    1961  79      2       75
  AVERAGE         85                        84      1       82

PRECIPITATION (IN)
  YESTERDAY        0.00          3.87 1909   0.14  -0.14     0.07
  MONTH TO DATE    5.66                      3.84   1.82     1.12
  SINCE JUN 1      5.66                      3.84   1.82     1.12
  SINCE JAN 1     14.71                     14.47   0.24    12.77

SNOWFALL (IN)
  YESTERDAY        0.0
  MONTH TO DATE    0.0
  SINCE JUN 1      0.0
  SINCE JUL 1      0.0
  SNOW DEPTH       0

DEGREE DAYS
 HEATING
  YESTERDAY        0                         0      0        0
  MONTH TO DATE    0                         0      0        0
  SINCE JUN 1      0                         0      0        0
  SINCE JUL 1      5                        73    -68       24

 COOLING
  YESTERDAY       20                        19      1       17
  MONTH TO DATE  535                       512     23      532
  SINCE JUN 1    535                       512     23      532
  SINCE JAN 1   2290                      1942    348     2023
..................................................................


WIND (MPH)
  HIGHEST WIND SPEED    13   HIGHEST WIND DIRECTION    SE (130)
  HIGHEST GUST SPEED    16   HIGHEST GUST DIRECTION    NW (330)
  AVERAGE WIND SPEED     5.8


SKY COVER
  POSSIBLE SUNSHINE  MM
  AVERAGE SKY COVER 0.1


WEATHER CONDITIONS
 THE FOLLOWING WEATHER WAS RECORDED YESTERDAY.
  THUNDERSTORM


RELATIVE HUMIDITY (PERCENT)
 HIGHEST    85
 LOWEST     68
 AVERAGE    77

..........................................................


THE KEY WEST CLIMATE NORMALS FOR TODAY
                         NORMAL    RECORD    YEAR
 MAXIMUM TEMPERATURE (F)   89        94      1957
 MINIMUM TEMPERATURE (F)   79        69      1920


SUNRISE AND SUNSET
JUNE 29 2017..........SUNRISE   641 AM EDT   SUNSET   820 PM EDT
JUNE 30 2017..........SUNRISE   642 AM EDT   SUNSET   820 PM EDT


-  INDICATES NEGATIVE NUMBERS.
R  INDICATES RECORD WAS SET OR TIED.
MM INDICATES DATA IS MISSING.
T  INDICATES TRACE AMOUNT.

$$

CLR
