000
CDUS42 KKEY 010545
CLIEYW

CLIMATE REPORT
NATIONAL WEATHER SERVICE KEY WEST, FL
143 AM EDT WED JUN 1 2016

...................................

...THE KEY WEST CLIMATE SUMMARY FOR MAY 31 2016...

CLIMATE NORMAL PERIOD 1981 TO 2010
CLIMATE RECORD PERIOD 1871 TO 2016


WEATHER ITEM   OBSERVED TIME   RECORD YEAR NORMAL DEPARTURE LAST
                VALUE   (LST)  VALUE       VALUE  FROM      YEAR
                                                  NORMAL
..................................................................
TEMPERATURE (F)
 YESTERDAY
  MAXIMUM         88    432 PM  93    1881  87      1       86
  MINIMUM         78    158 PM  70    1934  78      0       79
                                      1912
  AVERAGE         83                        82      1       83

PRECIPITATION (IN)
  YESTERDAY        0.02          2.81 1871   0.14  -0.12      T
  MONTH TO DATE    2.87                      3.00  -0.13     1.12
  SINCE MAR 1      4.57                      7.10  -2.53     9.20
  SINCE JAN 1     11.65                     10.63   1.02    12.43

SNOWFALL (IN)
  YESTERDAY        0.0
  MONTH TO DATE    0.0
  SINCE MAR 1      0.0
  SINCE JUL 1      0.0
  SNOW DEPTH       0

DEGREE DAYS
 HEATING
  YESTERDAY        0                         0      0        0
  MONTH TO DATE    0                         0      0        0
  SINCE MAR 1      0                         7     -7        0
  SINCE JUL 1     24                        73    -49       27

 COOLING
  YESTERDAY       18                        17      1       18
  MONTH TO DATE  470                       476     -6      515
  SINCE MAR 1   1163                      1082     81     1359
  SINCE JAN 1   1491                      1430     61     1717
..................................................................


WIND (MPH)
  HIGHEST WIND SPEED    15   HIGHEST WIND DIRECTION     E (100)
  HIGHEST GUST SPEED    18   HIGHEST GUST DIRECTION     E (100)
  AVERAGE WIND SPEED     7.0


SKY COVER
  POSSIBLE SUNSHINE  MM
  AVERAGE SKY COVER 0.3


WEATHER CONDITIONS
 THE FOLLOWING WEATHER WAS RECORDED YESTERDAY.
  THUNDERSTORM
  LIGHT RAIN

RELATIVE HUMIDITY (PERCENT)
 HIGHEST    79
 LOWEST     59
 AVERAGE    69

..........................................................


THE KEY WEST CLIMATE NORMALS FOR TODAY
                         NORMAL    RECORD    YEAR
 MAXIMUM TEMPERATURE (F)   87        93      1874
 MINIMUM TEMPERATURE (F)   78        70      1908
                                             1902


SUNRISE AND SUNSET
JUNE  1 2016..........SUNRISE   638 AM EDT   SUNSET   812 PM EDT
JUNE  2 2016..........SUNRISE   638 AM EDT   SUNSET   812 PM EDT


-  INDICATES NEGATIVE NUMBERS.
R  INDICATES RECORD WAS SET OR TIED.
MM INDICATES DATA IS MISSING.
T  INDICATES TRACE AMOUNT.




$$
