000
CDUS42 KKEY 022031
CLIEYW

CLIMATE REPORT
NATIONAL WEATHER SERVICE KEY WEST, FL
429 PM EDT SUN AUG 2 2015


...................................

...THE KEY WEST CLIMATE SUMMARY FOR AUGUST 2 2015...
VALID TODAY AS OF 0400 PM LOCAL TIME.

CLIMATE NORMAL PERIOD 1981 TO 2010
CLIMATE RECORD PERIOD 1871 TO 2015


WEATHER ITEM   OBSERVED TIME   RECORD YEAR NORMAL DEPARTURE LAST
                VALUE   (LST)  VALUE       VALUE  FROM      YEAR
                                                  NORMAL
..................................................................
TEMPERATURE (F)
 TODAY
  MAXIMUM         89    244 PM  95    1883  90     -1       92
                                      1874
  MINIMUM         84    500 AM  69    1901  80      4       80
  AVERAGE         87                        85      2       86

PRECIPITATION (IN)
  TODAY            0.00          2.49 1999   0.14  -0.14     0.19
  MONTH TO DATE    0.00                      0.27  -0.27     0.19
  SINCE JUN 1      3.31                      7.93  -4.62     5.43
  SINCE JAN 1     15.74                     18.56  -2.82    18.28

SNOWFALL (IN)
  TODAY            0.0
  MONTH TO DATE    0.0
  SINCE JUN 1      0.0
  SINCE JUL 1      0.0
  SNOW DEPTH       0

DEGREE DAYS
 HEATING
  TODAY            0                         0      0        0
  MONTH TO DATE    0                         0      0        0
  SINCE JUN 1      0                         0      0        0
  SINCE JUL 1      0                         0      0        0

 COOLING
  TODAY           22                        20      2       21
  MONTH TO DATE   45                        40      5       45
  SINCE JUN 1   1268                      1195     73     1270
  SINCE JAN 1   2985                      2625    360     2892
..................................................................


WIND (MPH)
  HIGHEST WIND SPEED    10   HIGHEST WIND DIRECTION     S (180)
  HIGHEST GUST SPEED    13   HIGHEST GUST DIRECTION     S (190)
  AVERAGE WIND SPEED     6.8


SKY COVER
  POSSIBLE SUNSHINE  MM
  AVERAGE SKY COVER 0.1


WEATHER CONDITIONS
 THE FOLLOWING WEATHER WAS RECORDED TODAY.
  THUNDERSTORM


RELATIVE HUMIDITY (PERCENT)
 HIGHEST    80
 LOWEST     63
 AVERAGE    72

..........................................................


THE KEY WEST CLIMATE NORMALS FOR TOMORROW
                         NORMAL    RECORD    YEAR
 MAXIMUM TEMPERATURE (F)   90        95      1956
 MINIMUM TEMPERATURE (F)   80        72      1910


SUNRISE AND SUNSET
AUGUST  2 2015........SUNRISE   656 AM EDT   SUNSET   811 PM EDT
AUGUST  3 2015........SUNRISE   656 AM EDT   SUNSET   810 PM EDT


-  INDICATES NEGATIVE NUMBERS.
R  INDICATES RECORD WAS SET OR TIED.
MM INDICATES DATA IS MISSING.
T  INDICATES TRACE AMOUNT.


$$
