000
CDUS42 KKEY 300551
CLIEYW

CLIMATE REPORT
NATIONAL WEATHER SERVICE KEY WEST, FL
143 AM EDT SAT APR 30 2016

...................................

...THE KEY WEST CLIMATE SUMMARY FOR APRIL 29 2016...

CLIMATE NORMAL PERIOD 1981 TO 2010
CLIMATE RECORD PERIOD 1871 TO 2016

WEATHER ITEM   OBSERVED TIME   RECORD YEAR NORMAL DEPARTURE LAST
                VALUE   (LST)  VALUE       VALUE  FROM      YEAR
                                                  NORMAL
..................................................................
TEMPERATURE (F)
 YESTERDAY
  MAXIMUM         85    135 PM  89    1991  83      2       83
                                      1881
                                      1873
  MINIMUM         76    656 AM  61    1992  73      3       70
  AVERAGE         81                        78      3       77

PRECIPITATION (IN)
  YESTERDAY        0.00          6.04 1941   0.05  -0.05     5.28
  MONTH TO DATE    1.40                      2.00  -0.60     6.60
  SINCE MAR 1      1.70                      4.05  -2.35     8.08
  SINCE JAN 1      8.78                      7.58   1.20    11.31

SNOWFALL (IN)
  YESTERDAY        0.0
  MONTH TO DATE    0.0
  SINCE MAR 1      0.0
  SINCE JUL 1      0.0
  SNOW DEPTH       0

DEGREE DAYS
 HEATING
  YESTERDAY        0                         0      0        0
  MONTH TO DATE    0                         0      0        0
  SINCE MAR 1      0                         7     -7        0
  SINCE JUL 1     24                        73    -49       27

 COOLING
  YESTERDAY       16                        13      3       12
  MONTH TO DATE  353                       330     23      459
  SINCE MAR 1    678                       592     86      831
  SINCE JAN 1   1006                       940     66     1189
..................................................................

WIND (MPH)
  HIGHEST WIND SPEED    16   HIGHEST WIND DIRECTION    SE (120)
  HIGHEST GUST SPEED    21   HIGHEST GUST DIRECTION     E (110)
  AVERAGE WIND SPEED    10.9

SKY COVER
  POSSIBLE SUNSHINE  MM
  AVERAGE SKY COVER 0.1

WEATHER CONDITIONS
 THE FOLLOWING WEATHER WAS RECORDED YESTERDAY.
  NO SIGNIFICANT WEATHER WAS OBSERVED.

RELATIVE HUMIDITY (PERCENT)
 HIGHEST    87
 LOWEST     65
 AVERAGE    76
..........................................................

THE KEY WEST CLIMATE NORMALS FOR TODAY
                         NORMAL    RECORD    YEAR
 MAXIMUM TEMPERATURE (F)   83        90      1883
 MINIMUM TEMPERATURE (F)   74        59      1992

SUNRISE AND SUNSET
APRIL 30 2016.........SUNRISE   652 AM EDT   SUNSET   756 PM EDT
MAY  1 2016...........SUNRISE   652 AM EDT   SUNSET   757 PM EDT

-  INDICATES NEGATIVE NUMBERS.
R  INDICATES RECORD WAS SET OR TIED.
MM INDICATES DATA IS MISSING.
T  INDICATES TRACE AMOUNT.

$$

FLING
