000
CDAK49 PAFG 250043
CLIFAI

CLIMATE REPORT
NATIONAL WEATHER SERVICE FAIRBANKS AK
443 PM AKDT THU APR 24 2014

...................................

...THE FAIRBANKS AK CLIMATE SUMMARY FOR APRIL 24 2014...
VALID TODAY AS OF 0400 PM LOCAL TIME.

CLIMATE NORMAL PERIOD 1981 TO 2010
CLIMATE RECORD PERIOD 1904 TO 2014


WEATHER ITEM   OBSERVED TIME   RECORD YEAR NORMAL DEPARTURE LAST
                VALUE   (LST)  VALUE       VALUE  FROM      YEAR
                                                  NORMAL
..................................................................
TEMPERATURE (F)
 TODAY
  MAXIMUM         55    259 PM  67    1940  50      5       39
  MINIMUM         31    503 AM -10    1948  27      4       28
  AVERAGE         43                        39      4       34

PRECIPITATION (IN)
  TODAY            0.00          0.17 1937   0.01  -0.01     0.09
  MONTH TO DATE    0.20                      0.22  -0.02     0.40
  SINCE MAR 1      0.41                      0.47  -0.06     0.66
  SINCE JAN 1      1.03                      1.47  -0.44     1.93

SNOWFALL (IN)
  TODAY            0.0           1.9  1941   0.1   -0.1      1.1
  MONTH TO DATE    2.9                       2.5    0.4      6.5
  SINCE MAR 1      6.0                       7.4   -1.4     12.7
  SINCE JUL 1     48.9                      63.7  -14.8     63.2
  SNOW DEPTH       0

DEGREE DAYS
 HEATING
  TODAY           22                        26     -4       31
  MONTH TO DATE  810                       829    -19     1160
  SINCE MAR 1   2386                      2489   -103     2946
  SINCE JUL 1  11778                     12879  -1101    13915

 COOLING
  TODAY            0                         0      0        0
  MONTH TO DATE    0                         0      0        0
  SINCE MAR 1      0                         0      0        0
  SINCE JAN 1      0                         0      0        0
..................................................................


WIND (MPH)
  HIGHEST GUST SPEED    15   HIGHEST GUST DIRECTION     E (100)


SKY COVER
  AVERAGE SKY COVER 0.5


WEATHER CONDITIONS
 THE FOLLOWING WEATHER WAS RECORDED TODAY.
  NO SIGNIFICANT WEATHER WAS OBSERVED.


RELATIVE HUMIDITY (PERCENT)
 HIGHEST    78
 LOWEST     38
 AVERAGE    58

..........................................................


THE FAIRBANKS AK CLIMATE NORMALS FOR TOMORROW
                         NORMAL    RECORD    YEAR
 MAXIMUM TEMPERATURE (F)   51        69      1997
 MINIMUM TEMPERATURE (F)   28         0      1948


SUNRISE AND SUNSET
APRIL 24 2014..........SUNRISE  544 AM AKDT   SUNSET  959 PM AKDT
APRIL 25 2014..........SUNRISE  540 AM AKDT   SUNSET  1002 PM AKDT


-  INDICATES NEGATIVE NUMBERS.
R  INDICATES RECORD WAS SET OR TIED.
MM INDICATES DATA IS MISSING.
T  INDICATES TRACE AMOUNT.

&&

SNOW DEPTH IS MEASURED AT 3AM AKST/4AM AKDT

----------------------------
AVAILABLE DAYLIGHT

AMOUNT OF DAYLIGHT TODAY  (HOUR:MIN)........16:15
GAIN SINCE YESTERDAY........................7 MINUTES
----------------------------

$$
JL APR 14
