000
CDAK49 PAFG 300932
CLIFAI

CLIMATE REPORT
NATIONAL WEATHER SERVICE FAIRBANKS AK
132 AM AKDT WED JUL 30 2014

...................................

...THE FAIRBANKS AK CLIMATE SUMMARY FOR JULY 29 2014...

CLIMATE NORMAL PERIOD 1981 TO 2010
CLIMATE RECORD PERIOD 1904 TO 2014


WEATHER ITEM   OBSERVED TIME   RECORD YEAR NORMAL DEPARTURE LAST
                VALUE   (LST)  VALUE       VALUE  FROM      YEAR
                                                  NORMAL
..................................................................
TEMPERATURE (F)
 YESTERDAY
  MAXIMUM         74    326 PM  95    1919  70      4       80
  MINIMUM         53    351 AM  33    1929  51      2       63
  AVERAGE         64                        61      3       72

PRECIPITATION (IN)
  YESTERDAY        0.00          0.77 2008   0.07  -0.07     0.00
  MONTH TO DATE    5.78                      2.01   3.77     1.01
  SINCE JUN 1      9.34                      3.38   5.96     1.44
  SINCE JAN 1     10.43                      5.54   4.89     3.78

SNOWFALL (IN)
  YESTERDAY        0.0           0.0  2002   0.0    0.0      0.0
                                      2001
                                      2000
  MONTH TO DATE    0.0                       0.0    0.0      0.0
  SINCE JUN 1      0.0                       0.0    0.0      0.0
  SINCE JUL 1      0.0                       0.0    0.0      0.0
  SNOW DEPTH       0

DEGREE DAYS
 HEATING
  YESTERDAY        1                         5     -4        0
  MONTH TO DATE  132                       100     32       69
  SINCE JUN 1    324                       260     64      140
  SINCE JUL 1    132                       100     32       69

 COOLING
  YESTERDAY        0                         0      0        7
  MONTH TO DATE   19                        29    -10       50
  SINCE JUN 1     20                        52    -32      185
  SINCE JAN 1     20                        53    -33      198
..................................................................


WIND (MPH)
  HIGHEST GUST SPEED    22   HIGHEST GUST DIRECTION     N (20)


SKY COVER
  AVERAGE SKY COVER 0.6


WEATHER CONDITIONS
 THE FOLLOWING WEATHER WAS RECORDED YESTERDAY.
  NO SIGNIFICANT WEATHER WAS OBSERVED.


RELATIVE HUMIDITY (PERCENT)
 HIGHEST    72
 LOWEST     29
 AVERAGE    51

..........................................................


THE FAIRBANKS AK CLIMATE NORMALS FOR TODAY
                         NORMAL    RECORD    YEAR
 MAXIMUM TEMPERATURE (F)   70        90      1977
 MINIMUM TEMPERATURE (F)   51        32      1929


SUNRISE AND SUNSET
JULY 30 2014..........SUNRISE  446 AM AKDT   SUNSET  1109 PM AKDT
JULY 31 2014..........SUNRISE  449 AM AKDT   SUNSET  1105 PM AKDT


-  INDICATES NEGATIVE NUMBERS.
R  INDICATES RECORD WAS SET OR TIED.
MM INDICATES DATA IS MISSING.
T  INDICATES TRACE AMOUNT.

&&

SNOW DEPTH IS MEASURED AT 3AM AKST/4AM AKDT

----------------------------
AVAILABLE DAYLIGHT

AMOUNT OF DAYLIGHT TODAY  (HOUR:MIN)........18:23
LOSS SINCE YESTERDAY........................7 MINUTES
----------------------------

$$
SDB JUL 14
