000
CDAK49 PAFG 020932
CLIFAI

CLIMATE REPORT
NATIONAL WEATHER SERVICE FAIRBANKS AK
132 AM AKDT TUE JUN 2 2015

...................................

...THE FAIRBANKS AK CLIMATE SUMMARY FOR JUNE 1 2015...

CLIMATE NORMAL PERIOD 1981 TO 2010
CLIMATE RECORD PERIOD 1904 TO 2015


WEATHER ITEM   OBSERVED TIME   RECORD YEAR NORMAL DEPARTURE LAST
                VALUE   (LST)  VALUE       VALUE  FROM      YEAR
                                                  NORMAL
..................................................................
TEMPERATURE (F)
 YESTERDAY
  MAXIMUM         57    814 PM  87    1919  67    -10       60
  MINIMUM         37    703 AM  31    1947  44     -7       44
  AVERAGE         47                        56     -9       52

PRECIPITATION (IN)
  YESTERDAY        0.13          0.66 1992   0.03   0.10     0.00
  MONTH TO DATE    0.13                      0.03   0.10     0.00
  SINCE JUN 1      0.13                      0.03   0.10     0.00
  SINCE JAN 1      1.70                      2.19  -0.49     1.09

SNOWFALL (IN)
  YESTERDAY        0.0           0.0  2002   0.0    0.0      0.0
                                      2001
                                      2000
  MONTH TO DATE    0.0                       0.0    0.0      0.0
  SINCE JUN 1      0.0                       0.0    0.0      0.0
  SINCE JUL 1     43.8                      65.0  -21.2     48.9
  SNOW DEPTH       0

DEGREE DAYS
 HEATING
  YESTERDAY       18                         9      9       13
  MONTH TO DATE   18                         9      9       13
  SINCE JUN 1     18                         9      9       13
  SINCE JUL 1  12149                     13518  -1369    12322

 COOLING
  YESTERDAY        0                         0      0        0
  MONTH TO DATE    0                         0      0        0
  SINCE JUN 1      0                         0      0        0
  SINCE JAN 1      2                         1      1        0
..................................................................


WIND (MPH)
  HIGHEST GUST SPEED    20   HIGHEST GUST DIRECTION    NW (330)


SKY COVER
  AVERAGE SKY COVER 0.8


WEATHER CONDITIONS
 THE FOLLOWING WEATHER WAS RECORDED YESTERDAY.
  LIGHT RAIN
  FOG


RELATIVE HUMIDITY (PERCENT)
 HIGHEST    92
 LOWEST     36
 AVERAGE    64

..........................................................


THE FAIRBANKS AK CLIMATE NORMALS FOR TODAY
                         NORMAL    RECORD    YEAR
 MAXIMUM TEMPERATURE (F)   68        85      1920
 MINIMUM TEMPERATURE (F)   45        30      1950


SUNRISE AND SUNSET
JUNE 02 2015..........SUNRISE  331 AM AKDT   SUNSET  1211 AM AKDT
JUNE 03 2015..........SUNRISE  328 AM AKDT   SUNSET  1215 AM AKDT


-  INDICATES NEGATIVE NUMBERS.
R  INDICATES RECORD WAS SET OR TIED.
MM INDICATES DATA IS MISSING.
T  INDICATES TRACE AMOUNT.

&&

SNOW DEPTH IS MEASURED AT 3AM AKST/4AM AKDT

----------------------------
AVAILABLE DAYLIGHT

AMOUNT OF DAYLIGHT TODAY  (HOUR:MIN)........20:40
GAIN SINCE YESTERDAY........................6 MINUTES
----------------------------

$$
RF JUN 15
