000
CDAK49 PAFG 250059
CLIFAI

CLIMATE REPORT
NATIONAL WEATHER SERVICE FAIRBANKS AK
359 PM AKST FRI NOV 24 2017

...................................

...THE FAIRBANKS AK CLIMATE SUMMARY FOR NOVEMBER 24 2017...
VALID TODAY AS OF 0300 PM LOCAL TIME.

CLIMATE NORMAL PERIOD 1981 TO 2010
CLIMATE RECORD PERIOD 1904 TO 2017


WEATHER ITEM   OBSERVED TIME   RECORD YEAR NORMAL DEPARTURE LAST
                VALUE   (LST)  VALUE       VALUE  FROM      YEAR
                                                  NORMAL
..................................................................
TEMPERATURE (F)
 TODAY
  MAXIMUM          2   1112 AM  44    1992   8     -6       -2
                                      1943
  MINIMUM         -6   1204 AM -45    1994  -8      2      -18
  AVERAGE         -2                        -1     -1      -10

PRECIPITATION (IN)
  TODAY            0.02          0.44 1936   0.02   0.00      T
  MONTH TO DATE    1.36                      0.55   0.81     0.24
  SINCE SEP 1      5.22                      2.48   2.74     2.34
  SINCE JAN 1     14.09                     10.05   4.04    14.05

SNOWFALL (IN)
  TODAY            0.4           6.9  1970   0.4    0.0       T
  MONTH TO DATE   24.5                      10.7   13.8      3.3
  SINCE SEP 1     29.7                      23.3    6.4      4.1
  SINCE JUL 1     29.7                      23.3    6.4      4.1
  SNOW DEPTH      14

DEGREE DAYS
 HEATING
  TODAY           67                        66      1       75
  MONTH TO DATE 1344                      1472   -128     1384
  SINCE SEP 1   2888                      3342   -454     3120
  SINCE JUL 1   3111                      3731   -620     3322

 COOLING
  TODAY            0                         0      0        0
  MONTH TO DATE    0                         0      0        0
  SINCE SEP 1      0                         0      0        0
  SINCE JAN 1    104                        61     43       76
..................................................................


WIND (MPH)
  HIGHEST GUST SPEED     6   HIGHEST GUST DIRECTION     E (110)


SKY COVER
  AVERAGE SKY COVER 0.9


WEATHER CONDITIONS
 THE FOLLOWING WEATHER WAS RECORDED TODAY.
  LIGHT SNOW
  FOG


RELATIVE HUMIDITY (PERCENT)
 HIGHEST    91
 LOWEST     79
 AVERAGE    85

..........................................................


THE FAIRBANKS AK CLIMATE NORMALS FOR TOMORROW
                         NORMAL    RECORD    YEAR
 MAXIMUM TEMPERATURE (F)    7        54      1936
 MINIMUM TEMPERATURE (F)   -8       -43      1994


SUNRISE AND SUNSET
NOVEMBER 24 2017......SUNRISE   958 AM AKST  SUNSET   318 PM AKST
NOVEMBER 25 2017......SUNRISE  1002 AM AKST  SUNSET   315 PM AKST


-  INDICATES NEGATIVE NUMBERS.
R  INDICATES RECORD WAS SET OR TIED.
MM INDICATES DATA IS MISSING.
T  INDICATES TRACE AMOUNT.

&&

SNOW DEPTH IS MEASURED AT 3AM AKST/4AM AKDT

----------------------------
AVAILABLE DAYLIGHT

AMOUNT OF DAYLIGHT TODAY  (HOUR:MIN)........05:13
LOSS SINCE YESTERDAY........................6 MINUTES
----------------------------

$$
NOV 17
