000
CDAK49 PAFG 210932
CLIFAI

CLIMATE REPORT
NATIONAL WEATHER SERVICE FAIRBANKS AK
132 AM AKDT THU AUG 21 2014

...................................

...THE FAIRBANKS AK CLIMATE SUMMARY FOR AUGUST 20 2014...

CLIMATE NORMAL PERIOD 1981 TO 2010
CLIMATE RECORD PERIOD 1904 TO 2014


WEATHER ITEM   OBSERVED TIME   RECORD YEAR NORMAL DEPARTURE LAST
                VALUE   (LST)  VALUE       VALUE  FROM      YEAR
                                                  NORMAL
..................................................................
TEMPERATURE (F)
 YESTERDAY
  MAXIMUM         68    506 PM  90    1923  65      3       57
  MINIMUM         46    504 AM  28    1931  45      1       48
  AVERAGE         57                        55      2       53

PRECIPITATION (IN)
  YESTERDAY        T             0.92 1983   0.06  -0.06     0.68
  MONTH TO DATE    1.93                      1.28   0.65     1.20
  SINCE JUN 1     11.27                      4.81   6.46     2.64
  SINCE JAN 1     12.36                      6.97   5.39     4.98

SNOWFALL (IN)
  YESTERDAY       MM             0.0  2002   0.0   MM        0.0
                                      2001
                                      2000
  MONTH TO DATE    0.0                       0.0    0.0      0.0
  SINCE JUN 1      0.0                       0.0    0.0      0.0
  SINCE JUL 1      0.0                       0.0    0.0      0.0
  SNOW DEPTH       0

DEGREE DAYS
 HEATING
  YESTERDAY        8                        10     -2       12
  MONTH TO DATE   63                       151    -88       47
  SINCE JUN 1    392                       419    -27      187
  SINCE JUL 1    200                       259    -59      116

 COOLING
  YESTERDAY        0                         0      0        0
  MONTH TO DATE    7                         0      7       24
  SINCE JUN 1     27                        54    -27      213
  SINCE JAN 1     27                        55    -28      226
..................................................................


WIND (MPH)
  HIGHEST GUST SPEED    25   HIGHEST GUST DIRECTION     W (290)


SKY COVER
  AVERAGE SKY COVER 0.7


WEATHER CONDITIONS
 THE FOLLOWING WEATHER WAS RECORDED YESTERDAY.
  THUNDERSTORM


RELATIVE HUMIDITY (PERCENT)
 HIGHEST    93
 LOWEST     52
 AVERAGE    73

..........................................................


THE FAIRBANKS AK CLIMATE NORMALS FOR TODAY
                         NORMAL    RECORD    YEAR
 MAXIMUM TEMPERATURE (F)   65        87      1977
 MINIMUM TEMPERATURE (F)   45        30      1931


SUNRISE AND SUNSET
AUGUST 21 2014..........SUNRISE  558 AM AKDT   SUNSET  949 PM AKDT
AUGUST 22 2014..........SUNRISE  602 AM AKDT   SUNSET  946 PM AKDT


-  INDICATES NEGATIVE NUMBERS.
R  INDICATES RECORD WAS SET OR TIED.
MM INDICATES DATA IS MISSING.
T  INDICATES TRACE AMOUNT.

&&

SNOW DEPTH IS MEASURED AT 3AM AKST/4AM AKDT

----------------------------
AVAILABLE DAYLIGHT

AMOUNT OF DAYLIGHT TODAY  (HOUR:MIN)........15:51
LOSS SINCE YESTERDAY........................7 MINUTES
----------------------------

$$
RF AUG 14
