000
CDAK49 PAFG 280931
CLIFAI

CLIMATE REPORT
NATIONAL WEATHER SERVICE FAIRBANKS AK
131 AM AKDT TUE JUL 28 2015

...................................

...THE FAIRBANKS AK CLIMATE SUMMARY FOR JULY 27 2015...

CLIMATE NORMAL PERIOD 1981 TO 2010
CLIMATE RECORD PERIOD 1904 TO 2015


WEATHER ITEM   OBSERVED TIME   RECORD YEAR NORMAL DEPARTURE LAST
                VALUE   (LST)  VALUE       VALUE  FROM      YEAR
                                                  NORMAL
..................................................................
TEMPERATURE (F)
 YESTERDAY
  MAXIMUM         64    517 PM  91    1919  71     -7       64
  MINIMUM         56   1159 PM  35    1957  51      5       45
  AVERAGE         60                        61     -1       55

PRECIPITATION (IN)
  YESTERDAY        0.81          2.27 2003   0.07   0.74     0.00
  MONTH TO DATE    1.63                      1.87  -0.24     5.78
  SINCE JUN 1      2.66                      3.24  -0.58     9.34
  SINCE JAN 1      4.23                      5.40  -1.17    10.43

SNOWFALL (IN)
  YESTERDAY        0.0           0.0  2002   0.0    0.0      0.0
                                      2001
                                      2000
  MONTH TO DATE    0.0                       0.0    0.0      0.0
  SINCE JUN 1      0.0                       0.0    0.0      0.0
  SINCE JUL 1      0.0                       0.0    0.0      0.0
  SNOW DEPTH       0

DEGREE DAYS
 HEATING
  YESTERDAY        5                         5      0       10
  MONTH TO DATE   85                        90     -5      125
  SINCE JUN 1    266                       250     16      317
  SINCE JUL 1     85                        90     -5      125

 COOLING
  YESTERDAY        0                         0      0        0
  MONTH TO DATE   24                        29     -5       19
  SINCE JUN 1     55                        52      3       20
  SINCE JAN 1     57                        53      4       20
..................................................................


WIND (MPH)
  HIGHEST GUST SPEED    12   HIGHEST GUST DIRECTION    SW (240)


SKY COVER
  AVERAGE SKY COVER 0.9


WEATHER CONDITIONS
 THE FOLLOWING WEATHER WAS RECORDED YESTERDAY.
  HEAVY RAIN
  RAIN
  LIGHT RAIN
  FOG
  HAZE


RELATIVE HUMIDITY (PERCENT)
 HIGHEST    93
 LOWEST     78
 AVERAGE    86

..........................................................


THE FAIRBANKS AK CLIMATE NORMALS FOR TODAY
                         NORMAL    RECORD    YEAR
 MAXIMUM TEMPERATURE (F)   70        99      1919
 MINIMUM TEMPERATURE (F)   51        34      1943


SUNRISE AND SUNSET
JULY 28 2015..........SUNRISE  438 AM AKDT   SUNSET  1116 PM AKDT
JULY 29 2015..........SUNRISE  441 AM AKDT   SUNSET  1113 PM AKDT


-  INDICATES NEGATIVE NUMBERS.
R  INDICATES RECORD WAS SET OR TIED.
MM INDICATES DATA IS MISSING.
T  INDICATES TRACE AMOUNT.

&&

SNOW DEPTH IS MEASURED AT 3AM AKST/4AM AKDT

----------------------------
AVAILABLE DAYLIGHT

AMOUNT OF DAYLIGHT TODAY  (HOUR:MIN)........18:38
LOSS SINCE YESTERDAY........................6 MINUTES
----------------------------

$$
RF JUL 15
