000
CDAK49 PAFG 241003
CLIFAI

CLIMATE REPORT
NATIONAL WEATHER SERVICE FAIRBANKS AK
203 AM AKDT MON JUL 24 2017

...................................

...THE FAIRBANKS AK CLIMATE SUMMARY FOR JULY 23 2017...

CLIMATE NORMAL PERIOD 1981 TO 2010
CLIMATE RECORD PERIOD 1904 TO 2017


WEATHER ITEM   OBSERVED TIME   RECORD YEAR NORMAL DEPARTURE LAST
                VALUE   (LST)  VALUE       VALUE  FROM      YEAR
                                                  NORMAL
..................................................................
TEMPERATURE (F)
 YESTERDAY
  MAXIMUM         81    343 PM  88    1968  72      9       69
  MINIMUM         56    531 AM  36    1928  52      4       50
  AVERAGE         69                        62      7       60

PRECIPITATION (IN)
  YESTERDAY        0.08          0.77 1998   0.07   0.01     0.01
  MONTH TO DATE    1.59                      1.57   0.02     2.98
  SINCE JUN 1      3.32                      2.94   0.38     6.27
  SINCE JAN 1      6.37                      5.10   1.27     8.16

SNOWFALL (IN)
  YESTERDAY        0.0           0.0  2002   0.0    0.0      0.0
                                      2001
                                      2000
  MONTH TO DATE    0.0                       0.0    0.0      0.0
  SINCE JUN 1      0.0                       0.0    0.0      0.0
  SINCE JUL 1      0.0                       0.0    0.0      0.0
  SNOW DEPTH       0

DEGREE DAYS
 HEATING
  YESTERDAY        0                         4     -4        5
  MONTH TO DATE   14                        73    -59       56
  SINCE JUN 1    108                       233   -125      217
  SINCE JUL 1     14                        73    -59       56

 COOLING
  YESTERDAY        4                         1      3        0
  MONTH TO DATE   50                        27     23       41
  SINCE JUN 1     85                        50     35       60
  SINCE JAN 1     85                        51     34       66
..................................................................


WIND (MPH)
  HIGHEST GUST SPEED    36   HIGHEST GUST DIRECTION     W (250)


SKY COVER
  AVERAGE SKY COVER 0.8


WEATHER CONDITIONS
 THE FOLLOWING WEATHER WAS RECORDED YESTERDAY.
  LIGHT RAIN
  FOG
  HAZE


RELATIVE HUMIDITY (PERCENT)
 HIGHEST    93
 LOWEST     36
 AVERAGE    65

..........................................................


THE FAIRBANKS AK CLIMATE NORMALS FOR TODAY
                         NORMAL    RECORD    YEAR
 MAXIMUM TEMPERATURE (F)   71        89      1968
 MINIMUM TEMPERATURE (F)   52        35      1917


SUNRISE AND SUNSET
JULY 24 2017..........SUNRISE  426 AM AKDT   SUNSET  1128 PM AKDT
JULY 25 2017..........SUNRISE  429 AM AKDT   SUNSET  1124 PM AKDT


-  INDICATES NEGATIVE NUMBERS.
R  INDICATES RECORD WAS SET OR TIED.
MM INDICATES DATA IS MISSING.
T  INDICATES TRACE AMOUNT.

&&

SNOW DEPTH IS MEASURED AT 3AM AKST/4AM AKDT

----------------------------
AVAILABLE DAYLIGHT

AMOUNT OF DAYLIGHT TODAY  (HOUR:MIN)........19:02
LOSS SINCE YESTERDAY........................7 MINUTES
----------------------------

$$
JUL 17
