000
CDUS43 KFGF 200724
CLIFAR


CLIMATE REPORT
NATIONAL WEATHER SERVICE EASTERN NORTH DAKOTA/GRAND FORKS
224 AM CDT SAT SEP 20 2014


...................................

...THE FARGO HECTOR INTL AP ND CLIMATE SUMMARY FOR SEPTEMBER 19 2014...

CLIMATE NORMAL PERIOD 1981 TO 2010
CLIMATE RECORD PERIOD 1881 TO 2014


WEATHER ITEM   OBSERVED TIME   RECORD YEAR NORMAL DEPARTURE LAST
                VALUE   (LST)  VALUE       VALUE  FROM      YEAR
                                                  NORMAL
..................................................................
TEMPERATURE (F)
 YESTERDAY
  MAXIMUM         80    425 PM  96    1984  69     11       76
  MINIMUM         61   1159 PM  27    1896  46     15       55
  AVERAGE         71                        58     13       66

PRECIPITATION (IN)
  YESTERDAY        T             1.18 1907   0.07  -0.07     0.02
                                      1891
  MONTH TO DATE    2.17                      1.75   0.42     3.02
  SINCE SEP 1      2.17                      1.75   0.42     3.02
  SINCE JAN 1     18.63                     17.81   0.82    24.94

SNOWFALL (IN)
  YESTERDAY        0.0           0.0    MM   0.0    0.0      0.0
  MONTH TO DATE    0.0                       0.0    0.0      0.0
  SINCE SEP 1      0.0                       0.0    0.0      0.0
  SINCE JUL 1      0.0                       0.0    0.0      0.0
  SNOW DEPTH       0

DEGREE DAYS
 HEATING
  YESTERDAY        0                         8     -8        0
  MONTH TO DATE  121                       103     18       44
  SINCE SEP 1    121                       103     18       44
  SINCE JUL 1    153                       153      0       78

 COOLING
  YESTERDAY        6                         1      5        1
  MONTH TO DATE   15                        37    -22       62
  SINCE SEP 1     15                        37    -22       62
  SINCE JAN 1    516                       542    -26      680
..................................................................


WIND (MPH)
  HIGHEST WIND SPEED    23   HIGHEST WIND DIRECTION     S (170)
  HIGHEST GUST SPEED    30   HIGHEST GUST DIRECTION     S (160)
  AVERAGE WIND SPEED    14.7


SKY COVER
  POSSIBLE SUNSHINE  MM
  AVERAGE SKY COVER 0.3


WEATHER CONDITIONS
 THE FOLLOWING WEATHER WAS RECORDED YESTERDAY.
  LIGHT RAIN


RELATIVE HUMIDITY (PERCENT)
 HIGHEST    84           800 AM
 LOWEST     57           900 PM
 AVERAGE    71

..........................................................


THE FARGO HECTOR INTL AP ND CLIMATE NORMALS FOR TODAY
                         NORMAL    RECORD    YEAR
 MAXIMUM TEMPERATURE (F)   69        90      1941
 MINIMUM TEMPERATURE (F)   45        22      1918


SUNRISE AND SUNSET
SEPTEMBER 20 2014.....SUNRISE   711 AM CDT   SUNSET   729 PM CDT
SEPTEMBER 21 2014.....SUNRISE   713 AM CDT   SUNSET   727 PM CDT


-  INDICATES NEGATIVE NUMBERS.
R  INDICATES RECORD WAS SET OR TIED.
MM INDICATES DATA IS MISSING.
T  INDICATES TRACE AMOUNT.




$$
