000
CDUS43 KFGF 182254
CLIFAR


CLIMATE REPORT
NATIONAL WEATHER SERVICE EASTERN NORTH DAKOTA/GRAND FORKS
453 PM CST WED JAN 18 2017


...................................

...THE FARGO HECTOR INTL AP ND CLIMATE SUMMARY FOR JANUARY 18 2017...
VALID TODAY AS OF 0400 PM LOCAL TIME.

CLIMATE NORMAL PERIOD 1981 TO 2010
CLIMATE RECORD PERIOD 1881 TO 2017


WEATHER ITEM   OBSERVED TIME   RECORD YEAR NORMAL DEPARTURE LAST
                VALUE   (LST)  VALUE       VALUE  FROM      YEAR
                                                  NORMAL
..................................................................
TEMPERATURE (F)
 TODAY
  MAXIMUM         36    359 PM  48    1908  18     18        5
  MINIMUM         19    717 AM -42    1887  -1     20       -8
  AVERAGE         28                         9     19       -1

PRECIPITATION (IN)
  TODAY            0.00          0.25 1996   0.02  -0.02      T
  MONTH TO DATE    0.92                      0.44   0.48     0.59
  SINCE DEC 1      2.19                      1.27   0.92     1.23
  SINCE JAN 1      0.92                      0.44   0.48     0.59

SNOWFALL (IN)
  TODAY            0.0           4.0  1996   0.3   -0.3       T
  MONTH TO DATE   12.9                       7.0    5.9      7.7
  SINCE DEC 1     21.2                      18.2    3.0     15.4
  SINCE JUL 1     24.9                      26.8   -1.9     18.3
  SNOW DEPTH       9

DEGREE DAYS
 HEATING
  TODAY           37                        56    -19       66
  MONTH TO DATE 1094                      1004     90     1034
  SINCE DEC 1   2604                      2582     22     2324
  SINCE JUL 1   3909                      4544   -635     3765

 COOLING
  TODAY            0                         0      0        0
  MONTH TO DATE    0                         0      0        0
  SINCE DEC 1      0                         0      0        0
  SINCE JAN 1      0                         0      0        0
..................................................................


WIND (MPH)
  HIGHEST WIND SPEED    15   HIGHEST WIND DIRECTION     S (190)
  HIGHEST GUST SPEED    18   HIGHEST GUST DIRECTION     S (180)
  AVERAGE WIND SPEED    10.3


SKY COVER
  POSSIBLE SUNSHINE  MM
  AVERAGE SKY COVER 0.0


WEATHER CONDITIONS
 THE FOLLOWING WEATHER WAS RECORDED TODAY.
  NO SIGNIFICANT WEATHER WAS OBSERVED.


RELATIVE HUMIDITY (PERCENT)
 HIGHEST    84           100 AM
 LOWEST     69           100 PM
 AVERAGE    77

..........................................................


THE FARGO HECTOR INTL AP ND CLIMATE NORMALS FOR TOMORROW
                         NORMAL    RECORD    YEAR
 MAXIMUM TEMPERATURE (F)   18        52      1900
 MINIMUM TEMPERATURE (F)   -1       -37      1892


SUNRISE AND SUNSET
JANUARY 18 2017.......SUNRISE   806 AM CST   SUNSET   510 PM CST
JANUARY 19 2017.......SUNRISE   805 AM CST   SUNSET   511 PM CST


-  INDICATES NEGATIVE NUMBERS.
R  INDICATES RECORD WAS SET OR TIED.
MM INDICATES DATA IS MISSING.
T  INDICATES TRACE AMOUNT.




$$
