000
CDUS43 KFGF 092252
CLIFAR


CLIMATE REPORT
NATIONAL WEATHER SERVICE EASTERN NORTH DAKOTA/GRAND FORKS
451 PM CST FRI DEC 9 2016


...................................

...THE FARGO HECTOR INTL AP ND CLIMATE SUMMARY FOR DECEMBER 9 2016...
VALID TODAY AS OF 0400 PM LOCAL TIME.

CLIMATE NORMAL PERIOD 1981 TO 2010
CLIMATE RECORD PERIOD 1881 TO 2016


WEATHER ITEM   OBSERVED TIME   RECORD YEAR NORMAL DEPARTURE LAST
                VALUE   (LST)  VALUE       VALUE  FROM      YEAR
                                                  NORMAL
..................................................................
TEMPERATURE (F)
 TODAY
  MAXIMUM          8    828 AM  56    1990  24    -16       43
  MINIMUM          4   1205 PM -26    1977   8     -4       25
  AVERAGE          6                        16    -10       34

PRECIPITATION (IN)
  TODAY            T             0.24 1918   0.02  -0.02     0.01
  MONTH TO DATE    0.23                      0.24  -0.01     0.20
  SINCE DEC 1      0.23                      0.24  -0.01     0.20
  SINCE JAN 1     22.49                     22.02   0.47    20.87

SNOWFALL (IN)
  TODAY            T             2.4  1936   0.3   -0.3      0.0
                                      1906
  MONTH TO DATE    3.0                       3.1   -0.1      2.1
  SINCE DEC 1      3.0                       3.1   -0.1      2.1
  SINCE JUL 1      6.7                      11.7   -5.0      5.0
  SNOW DEPTH       2

DEGREE DAYS
 HEATING
  TODAY           59                        49     10       31
  MONTH TO DATE  380                       424    -44      318
  SINCE DEC 1    380                       424    -44      318
  SINCE JUL 1   1685                      2386   -701     1759

 COOLING
  TODAY            0                         0      0        0
  MONTH TO DATE    0                         0      0        0
  SINCE DEC 1      0                         0      0        0
  SINCE JAN 1    661                       551    110      677
..................................................................


WIND (MPH)
  HIGHEST WIND SPEED    14   HIGHEST WIND DIRECTION     N (340)
  HIGHEST GUST SPEED    21   HIGHEST GUST DIRECTION     N (10)
  AVERAGE WIND SPEED     9.1


SKY COVER
  POSSIBLE SUNSHINE  MM
  AVERAGE SKY COVER 0.8


WEATHER CONDITIONS
 THE FOLLOWING WEATHER WAS RECORDED TODAY.
  HAZE


RELATIVE HUMIDITY (PERCENT)
 HIGHEST    76           900 AM
 LOWEST     69          1200 PM
 AVERAGE    73

..........................................................


THE FARGO HECTOR INTL AP ND CLIMATE NORMALS FOR TOMORROW
                         NORMAL    RECORD    YEAR
 MAXIMUM TEMPERATURE (F)   24        47      2002
 MINIMUM TEMPERATURE (F)    8       -26      1977


SUNRISE AND SUNSET
DECEMBER  9 2016......SUNRISE   801 AM CST   SUNSET   438 PM CST
DECEMBER 10 2016......SUNRISE   802 AM CST   SUNSET   438 PM CST


-  INDICATES NEGATIVE NUMBERS.
R  INDICATES RECORD WAS SET OR TIED.
MM INDICATES DATA IS MISSING.
T  INDICATES TRACE AMOUNT.




$$
