000
CDUS43 KFGF 270632
CLIFAR


CLIMATE REPORT
NATIONAL WEATHER SERVICE EASTERN NORTH DAKOTA/GRAND FORKS
131 AM CDT WED MAY 27 2015


...................................

...THE FARGO HECTOR INTL AP ND CLIMATE SUMMARY FOR MAY 26 2015...

CLIMATE NORMAL PERIOD 1981 TO 2010
CLIMATE RECORD PERIOD 1881 TO 2015


WEATHER ITEM   OBSERVED TIME   RECORD YEAR NORMAL DEPARTURE LAST
                VALUE   (LST)  VALUE       VALUE  FROM      YEAR
                                                  NORMAL
..................................................................
TEMPERATURE (F)
 YESTERDAY
  MAXIMUM         77    555 PM  93    1931  72      5       84
                                      1911
  MINIMUM         48    139 AM  29    1970  49     -1       57
  AVERAGE         63                        60      3       71

PRECIPITATION (IN)
  YESTERDAY        0.00          1.26 1932   0.10  -0.10     0.00
  MONTH TO DATE    6.14                      2.30   3.84     1.63
  SINCE MAR 1      7.42                      4.99   2.43     5.78
  SINCE JAN 1      8.39                      6.30   2.09     6.66

SNOWFALL (IN)
  YESTERDAY        0.0          MM      MM   0.0    0.0      0.0
  MONTH TO DATE    T                         0.0    0.0      0.0
  SINCE MAR 1      0.4                      12.4  -12.0      7.3
  SINCE JUL 1     16.0                      50.4  -34.4     34.9
  SNOW DEPTH       0

DEGREE DAYS
 HEATING
  YESTERDAY        2                         6     -4        0
  MONTH TO DATE  277                       245     32      323
  SINCE MAR 1   1774                      2023   -249     2372
  SINCE JUL 1   8190                      8701   -511     9649

 COOLING
  YESTERDAY        0                         1     -1        6
  MONTH TO DATE    4                        22    -18       30
  SINCE MAR 1      4                        25    -21       30
  SINCE JAN 1      4                        25    -21       30
..................................................................


WIND (MPH)
  HIGHEST WIND SPEED    13   HIGHEST WIND DIRECTION     S (190)
  HIGHEST GUST SPEED    19   HIGHEST GUST DIRECTION     S (170)
  AVERAGE WIND SPEED     6.9


SKY COVER
  POSSIBLE SUNSHINE  MM
  AVERAGE SKY COVER 0.1


WEATHER CONDITIONS
 THE FOLLOWING WEATHER WAS RECORDED YESTERDAY.
  FOG


RELATIVE HUMIDITY (PERCENT)
 HIGHEST   100           100 AM
 LOWEST     47           600 PM
 AVERAGE    74

..........................................................


THE FARGO HECTOR INTL AP ND CLIMATE NORMALS FOR TODAY
                         NORMAL    RECORD    YEAR
 MAXIMUM TEMPERATURE (F)   72        95      1969
                                             1913
 MINIMUM TEMPERATURE (F)   49        29      1907


SUNRISE AND SUNSET
MAY 27 2015...........SUNRISE   540 AM CDT   SUNSET   909 PM CDT
MAY 28 2015...........SUNRISE   539 AM CDT   SUNSET   910 PM CDT


-  INDICATES NEGATIVE NUMBERS.
R  INDICATES RECORD WAS SET OR TIED.
MM INDICATES DATA IS MISSING.
T  INDICATES TRACE AMOUNT.




$$
