000
CDUS43 KFGF 240728
CLIFAR


CLIMATE REPORT
NATIONAL WEATHER SERVICE EASTERN NORTH DAKOTA/GRAND FORKS
228 AM CDT TUE MAY 24 2016


...................................

...THE FARGO HECTOR INTL AP ND CLIMATE SUMMARY FOR MAY 23 2016...

CLIMATE NORMAL PERIOD 1981 TO 2010
CLIMATE RECORD PERIOD 1881 TO 2016


WEATHER ITEM   OBSERVED TIME   RECORD YEAR NORMAL DEPARTURE LAST
                VALUE   (LST)  VALUE       VALUE  FROM      YEAR
                                                  NORMAL
..................................................................
TEMPERATURE (F)
 YESTERDAY
  MAXIMUM         84    215 PM  92    1928  71     13       73
  MINIMUM         60   1159 PM  31    1924  48     12       49
  AVERAGE         72                        59     13       61

PRECIPITATION (IN)
  YESTERDAY        0.02          1.50 1962   0.10  -0.08     0.00
                                      1903
  MONTH TO DATE    0.10                      2.01  -1.91     5.82
  SINCE MAR 1      3.17                      4.70  -1.53     7.10
  SINCE JAN 1      4.16                      6.01  -1.85     8.07

SNOWFALL (IN)
  YESTERDAY        0.0           T    1924   0.0    0.0      0.0
                                      1897
  MONTH TO DATE    T                         0.0    0.0       T
  SINCE MAR 1      3.1                      12.4   -9.3      0.4
  SINCE JUL 1     27.4                      50.4  -23.0     16.0
  SNOW DEPTH       0

DEGREE DAYS
 HEATING
  YESTERDAY        0                         7     -7        4
  MONTH TO DATE  171                       227    -56      264
  SINCE MAR 1   1617                      2005   -388     1761
  SINCE JUL 1   7140                      8683  -1543     8177

 COOLING
  YESTERDAY        7                         1      6        0
  MONTH TO DATE   30                        19     11        4
  SINCE MAR 1     30                        22      8        4
  SINCE JAN 1     30                        22      8        4
..................................................................


WIND (MPH)
  HIGHEST WIND SPEED    26   HIGHEST WIND DIRECTION     W (280)
  HIGHEST GUST SPEED    31   HIGHEST GUST DIRECTION     W (280)
  AVERAGE WIND SPEED     9.5


SKY COVER
  POSSIBLE SUNSHINE  MM
  AVERAGE SKY COVER 0.5


WEATHER CONDITIONS
 THE FOLLOWING WEATHER WAS RECORDED YESTERDAY.
  LIGHT RAIN


RELATIVE HUMIDITY (PERCENT)
 HIGHEST    93           500 AM
 LOWEST     25           500 PM
 AVERAGE    59

..........................................................


THE FARGO HECTOR INTL AP ND CLIMATE NORMALS FOR TODAY
                         NORMAL    RECORD    YEAR
 MAXIMUM TEMPERATURE (F)   72        90      2014
                                             2010
 MINIMUM TEMPERATURE (F)   48        26      2002
                                             1897


SUNRISE AND SUNSET
MAY 24 2016...........SUNRISE   542 AM CDT   SUNSET   907 PM CDT
MAY 25 2016...........SUNRISE   541 AM CDT   SUNSET   908 PM CDT


-  INDICATES NEGATIVE NUMBERS.
R  INDICATES RECORD WAS SET OR TIED.
MM INDICATES DATA IS MISSING.
T  INDICATES TRACE AMOUNT.




$$
