000
CDUS43 KFGF 120636
CLIFAR


CLIMATE REPORT
NATIONAL WEATHER SERVICE EASTERN NORTH DAKOTA/GRAND FORKS
1232 AM CST FRI FEB 12 2016


...................................

...THE FARGO HECTOR INTL AP ND CLIMATE SUMMARY FOR FEBRUARY 11 2016...

CLIMATE NORMAL PERIOD 1981 TO 2010
CLIMATE RECORD PERIOD 1881 TO 2016


WEATHER ITEM   OBSERVED TIME   RECORD YEAR NORMAL DEPARTURE LAST
                VALUE   (LST)  VALUE       VALUE  FROM      YEAR
                                                  NORMAL
..................................................................
TEMPERATURE (F)
 YESTERDAY
  MAXIMUM         15    441 PM  55    2002  23     -8       17
  MINIMUM          0    428 AM -35    1899   4     -4       -7
  AVERAGE          8                        13     -5        5

PRECIPITATION (IN)
  YESTERDAY        T             0.32 1979   0.02  -0.02      T
  MONTH TO DATE    0.20                      0.19   0.01     0.42
  SINCE DEC 1      1.53                      1.72  -0.19     1.07
  SINCE JAN 1      0.89                      0.89   0.00     0.82

SNOWFALL (IN)
  YESTERDAY        T             4.4  1994   0.2   -0.2       T
  MONTH TO DATE    4.0                       2.5    1.5      4.3
  SINCE DEC 1     20.1                      24.9   -4.8      8.2
  SINCE JUL 1     23.0                      33.5  -10.5     11.8
  SNOW DEPTH       3

DEGREE DAYS
 HEATING
  YESTERDAY       57                        52      5       60
  MONTH TO DATE  505                       587    -82      560
  SINCE DEC 1   3392                      3893   -501     3422
  SINCE JUL 1   4833                      5855  -1022     5379

 COOLING
  YESTERDAY        0                         0      0        0
  MONTH TO DATE    0                         0      0        0
  SINCE DEC 1      0                         0      0        0
  SINCE JAN 1      0                         0      0        0
..................................................................


WIND (MPH)
  HIGHEST WIND SPEED    16   HIGHEST WIND DIRECTION     N (350)
  HIGHEST GUST SPEED    19   HIGHEST GUST DIRECTION     N (350)
  AVERAGE WIND SPEED     4.2


SKY COVER
  POSSIBLE SUNSHINE  MM
  AVERAGE SKY COVER 0.8


WEATHER CONDITIONS
 THE FOLLOWING WEATHER WAS RECORDED YESTERDAY.
  NO SIGNIFICANT WEATHER WAS OBSERVED.


RELATIVE HUMIDITY (PERCENT)
 HIGHEST    87           200 AM
 LOWEST     51           100 PM
 AVERAGE    69

..........................................................


THE FARGO HECTOR INTL AP ND CLIMATE NORMALS FOR TODAY
                         NORMAL    RECORD    YEAR
 MAXIMUM TEMPERATURE (F)   23        43      1935
 MINIMUM TEMPERATURE (F)    4       -30      1905
                                             1887


SUNRISE AND SUNSET
FEBRUARY 12 2016......SUNRISE   737 AM CST   SUNSET   547 PM CST
FEBRUARY 13 2016......SUNRISE   735 AM CST   SUNSET   548 PM CST


-  INDICATES NEGATIVE NUMBERS.
R  INDICATES RECORD WAS SET OR TIED.
MM INDICATES DATA IS MISSING.
T  INDICATES TRACE AMOUNT.




$$
