973
CDUS43 KFGF 260634
CLIFAR


CLIMATE REPORT
NATIONAL WEATHER SERVICE EASTERN NORTH DAKOTA/GRAND FORKS
133 AM CDT TUE JUL 26 2016


...................................

...THE FARGO HECTOR INTL AP ND CLIMATE SUMMARY FOR JULY 25 2016...

CLIMATE NORMAL PERIOD 1981 TO 2010
CLIMATE RECORD PERIOD 1881 TO 2016


WEATHER ITEM   OBSERVED TIME   RECORD YEAR NORMAL DEPARTURE LAST
                VALUE   (LST)  VALUE       VALUE  FROM      YEAR
                                                  NORMAL
..................................................................
TEMPERATURE (F)
 YESTERDAY
  MAXIMUM         91    343 PM 105    1931  83      8       87
  MINIMUM         57    455 AM  46    1900  60     -3       60
  AVERAGE         74                        72      2       74

PRECIPITATION (IN)
  YESTERDAY        0.00          1.01 1957   0.07  -0.07     0.01
  MONTH TO DATE    4.62                      2.35   2.27     2.13
  SINCE JUN 1      7.07                      6.25   0.82     4.88
  SINCE JAN 1     12.55                     13.06  -0.51    14.98

SNOWFALL (IN)
  YESTERDAY        0.0           0.0    MM   0.0    0.0      0.0
  MONTH TO DATE    0.0                       0.0    0.0      0.0
  SINCE JUN 1      0.0                       0.0    0.0      0.0
  SINCE JUL 1      0.0                       0.0    0.0      0.0
  SNOW DEPTH       0

DEGREE DAYS
 HEATING
  YESTERDAY        0                         0      0        0
  MONTH TO DATE    8                        12     -4       12
  SINCE JUN 1     35                        85    -50       35
  SINCE JUL 1      8                        12     -4       12

 COOLING
  YESTERDAY        9                         7      2        9
  MONTH TO DATE  179                       165     14      198
  SINCE JUN 1    326                       272     54      294
  SINCE JAN 1    374                       303     71      309
..................................................................


WIND (MPH)
  HIGHEST WIND SPEED    18   HIGHEST WIND DIRECTION     S (190)
  HIGHEST GUST SPEED    23   HIGHEST GUST DIRECTION     S (200)
  AVERAGE WIND SPEED     7.4


SKY COVER
  POSSIBLE SUNSHINE  MM
  AVERAGE SKY COVER 0.1


WEATHER CONDITIONS
 THE FOLLOWING WEATHER WAS RECORDED YESTERDAY.
  NO SIGNIFICANT WEATHER WAS OBSERVED.


RELATIVE HUMIDITY (PERCENT)
 HIGHEST    93           500 AM
 LOWEST     37           400 PM
 AVERAGE    65

..........................................................


THE FARGO HECTOR INTL AP ND CLIMATE NORMALS FOR TODAY
                         NORMAL    RECORD    YEAR
 MAXIMUM TEMPERATURE (F)   83       103      1929
 MINIMUM TEMPERATURE (F)   60        45      1962


SUNRISE AND SUNSET
JULY 26 2016..........SUNRISE   600 AM CDT   SUNSET   906 PM CDT
JULY 27 2016..........SUNRISE   602 AM CDT   SUNSET   905 PM CDT


-  INDICATES NEGATIVE NUMBERS.
R  INDICATES RECORD WAS SET OR TIED.
MM INDICATES DATA IS MISSING.
T  INDICATES TRACE AMOUNT.




$$
