000
CDUS43 KFGF 280658
CLIFAR


CLIMATE REPORT
NATIONAL WEATHER SERVICE EASTERN NORTH DAKOTA/GRAND FORKS
157 AM CDT FRI APR 28 2017


...................................

...THE FARGO HECTOR INTL AP ND CLIMATE SUMMARY FOR APRIL 27 2017...

CLIMATE NORMAL PERIOD 1981 TO 2010
CLIMATE RECORD PERIOD 1881 TO 2017


WEATHER ITEM   OBSERVED TIME   RECORD YEAR NORMAL DEPARTURE LAST
                VALUE   (LST)  VALUE       VALUE  FROM      YEAR
                                                  NORMAL
..................................................................
TEMPERATURE (F)
 YESTERDAY
  MAXIMUM         42    437 PM  92    1910  63    -21       57
  MINIMUM         26    810 AM  12    1909  38    -12       39
  AVERAGE         34                        50    -16       48

PRECIPITATION (IN)
  YESTERDAY        T             1.79 1942   0.06  -0.06     0.00
  MONTH TO DATE    1.40                      1.17   0.23     2.11
  SINCE MAR 1      1.73                      2.47  -0.74     3.07
  SINCE JAN 1      3.50                      3.78  -0.28     4.06

SNOWFALL (IN)
  YESTERDAY        T             2.0  1966   0.0    0.0      0.0
  MONTH TO DATE    2.2                       2.8   -0.6      0.6
  SINCE MAR 1      3.8                      11.9   -8.1      3.1
  SINCE JUL 1     33.1                      49.9  -16.8     27.4
  SNOW DEPTH       2

DEGREE DAYS
 HEATING
  YESTERDAY       31                        15     16       17
  MONTH TO DATE  514                       583    -69      585
  SINCE MAR 1   1604                      1735   -131     1405
  SINCE JUL 1   7102                      8413  -1311     6928

 COOLING
  YESTERDAY        0                         0      0        0
  MONTH TO DATE    0                         0      0        0
  SINCE MAR 1      0                         0      0        0
  SINCE JAN 1      0                         0      0        0
..................................................................


WIND (MPH)
  HIGHEST WIND SPEED    22   HIGHEST WIND DIRECTION     N (340)
  HIGHEST GUST SPEED    25   HIGHEST GUST DIRECTION     N (340)
  AVERAGE WIND SPEED    12.5


SKY COVER
  POSSIBLE SUNSHINE  MM
  AVERAGE SKY COVER 0.8


WEATHER CONDITIONS
 THE FOLLOWING WEATHER WAS RECORDED YESTERDAY.
  LIGHT SNOW
  FOG


RELATIVE HUMIDITY (PERCENT)
 HIGHEST    92          1200 AM
 LOWEST     64           200 PM
 AVERAGE    78

..........................................................


THE FARGO HECTOR INTL AP ND CLIMATE NORMALS FOR TODAY
                         NORMAL    RECORD    YEAR
 MAXIMUM TEMPERATURE (F)   63        91      2004
 MINIMUM TEMPERATURE (F)   38        16      1956


SUNRISE AND SUNSET
APRIL 28 2017.........SUNRISE   616 AM CDT   SUNSET   834 PM CDT
APRIL 29 2017.........SUNRISE   615 AM CDT   SUNSET   835 PM CDT


-  INDICATES NEGATIVE NUMBERS.
R  INDICATES RECORD WAS SET OR TIED.
MM INDICATES DATA IS MISSING.
T  INDICATES TRACE AMOUNT.




$$
