330
CDUS43 KFGF 292148
CLIFAR


CLIMATE REPORT
NATIONAL WEATHER SERVICE EASTERN NORTH DAKOTA/GRAND FORKS
448 PM CDT FRI APR 29 2016


...................................

...THE FARGO HECTOR INTL AP ND CLIMATE SUMMARY FOR APRIL 29 2016...
VALID TODAY AS OF 0400 PM LOCAL TIME.

CLIMATE NORMAL PERIOD 1981 TO 2010
CLIMATE RECORD PERIOD 1881 TO 2016


WEATHER ITEM   OBSERVED TIME   RECORD YEAR NORMAL DEPARTURE LAST
                VALUE   (LST)  VALUE       VALUE  FROM      YEAR
                                                  NORMAL
..................................................................
TEMPERATURE (F)
 TODAY
  MAXIMUM         66    248 PM  88    1934  64      2       73
  MINIMUM         34    536 AM  14    1958  38     -4       34
  AVERAGE         50                        51     -1       54

PRECIPITATION (IN)
  TODAY            0.00          1.86 1886   0.06  -0.06     0.00
  MONTH TO DATE    2.11                      1.29   0.82     0.90
  SINCE MAR 1      3.07                      2.59   0.48     1.20
  SINCE JAN 1      4.06                      3.90   0.16     2.17

SNOWFALL (IN)
  TODAY            0.0           3.8  1990   0.0    0.0      0.0
  MONTH TO DATE    0.6                       2.9   -2.3       T
  SINCE MAR 1      3.1                      12.0   -8.9      0.4
  SINCE JUL 1     27.4                      50.0  -22.6     16.0
  SNOW DEPTH       0

DEGREE DAYS
 HEATING
  TODAY           15                        14      1       11
  MONTH TO DATE  614                       612      2      528
  SINCE MAR 1   1434                      1764   -330     1495
  SINCE JUL 1   6957                      8442  -1485     7911

 COOLING
  TODAY            0                         0      0        0
  MONTH TO DATE    0                         0      0        0
  SINCE MAR 1      0                         0      0        0
  SINCE JAN 1      0                         0      0        0
..................................................................


WIND (MPH)
  HIGHEST WIND SPEED    24   HIGHEST WIND DIRECTION    NE (50)
  HIGHEST GUST SPEED    27   HIGHEST GUST DIRECTION    NE (50)
  AVERAGE WIND SPEED     5.7


SKY COVER
  POSSIBLE SUNSHINE  MM
  AVERAGE SKY COVER 0.0


WEATHER CONDITIONS
 THE FOLLOWING WEATHER WAS RECORDED TODAY.
  NO SIGNIFICANT WEATHER WAS OBSERVED.


RELATIVE HUMIDITY (PERCENT)
 HIGHEST    89           300 AM
 LOWEST     28           300 PM
 AVERAGE    59

..........................................................


THE FARGO HECTOR INTL AP ND CLIMATE NORMALS FOR TOMORROW
                         NORMAL    RECORD    YEAR
 MAXIMUM TEMPERATURE (F)   64        94      1992
 MINIMUM TEMPERATURE (F)   39        20      1905
                                             1903


SUNRISE AND SUNSET
APRIL 29 2016.........SUNRISE   614 AM CDT   SUNSET   836 PM CDT
APRIL 30 2016.........SUNRISE   613 AM CDT   SUNSET   837 PM CDT


-  INDICATES NEGATIVE NUMBERS.
R  INDICATES RECORD WAS SET OR TIED.
MM INDICATES DATA IS MISSING.
T  INDICATES TRACE AMOUNT.




$$
