000
CDUS43 KFGF 190633
CLIFAR


CLIMATE REPORT
NATIONAL WEATHER SERVICE EASTERN NORTH DAKOTA/GRAND FORKS
1231 AM CST FRI DEC 19 2014


...................................

...THE FARGO HECTOR INTL AP ND CLIMATE SUMMARY FOR DECEMBER 18 2014...

CLIMATE NORMAL PERIOD 1981 TO 2010
CLIMATE RECORD PERIOD 1881 TO 2014


WEATHER ITEM   OBSERVED TIME   RECORD YEAR NORMAL DEPARTURE LAST
                VALUE   (LST)  VALUE       VALUE  FROM      YEAR
                                                  NORMAL
..................................................................
TEMPERATURE (F)
 YESTERDAY
  MAXIMUM         22   1159 PM  55    2011  21      1       30
  MINIMUM          7    629 AM -29    1884   5      2        2
  AVERAGE         15                        13      2       16

PRECIPITATION (IN)
  YESTERDAY        T             0.34 1939   0.03  -0.03      T
  MONTH TO DATE    0.07                      0.47  -0.40     0.96
  SINCE DEC 1      0.07                      0.47  -0.40     0.96
  SINCE JAN 1     20.02                     22.25  -2.23    31.85

SNOWFALL (IN)
  YESTERDAY        T             2.9  1992   0.4   -0.4       T
  MONTH TO DATE    0.4                       6.2   -5.8     12.3
  SINCE DEC 1      0.4                       6.2   -5.8     12.3
  SINCE JUL 1      4.0                      14.8  -10.8     12.6
  SNOW DEPTH       T

DEGREE DAYS
 HEATING
  YESTERDAY       50                        52     -2       49
  MONTH TO DATE  777                       880   -103     1059
  SINCE DEC 1    777                       880   -103     1059
  SINCE JUL 1   2734                      2842   -108     2900

 COOLING
  YESTERDAY        0                         0      0        0
  MONTH TO DATE    0                         0      0        0
  SINCE DEC 1      0                         0      0        0
  SINCE JAN 1    544                       551     -7      699
..................................................................


WIND (MPH)
  HIGHEST WIND SPEED    16   HIGHEST WIND DIRECTION     S (160)
  HIGHEST GUST SPEED    22   HIGHEST GUST DIRECTION    SE (150)
  AVERAGE WIND SPEED     9.4


SKY COVER
  POSSIBLE SUNSHINE  MM
  AVERAGE SKY COVER 0.6


WEATHER CONDITIONS
 THE FOLLOWING WEATHER WAS RECORDED YESTERDAY.
  LIGHT SNOW
  HAZE


RELATIVE HUMIDITY (PERCENT)
 HIGHEST    84           900 AM
 LOWEST     73           200 PM
 AVERAGE    79

..........................................................


THE FARGO HECTOR INTL AP ND CLIMATE NORMALS FOR TODAY
                         NORMAL    RECORD    YEAR
 MAXIMUM TEMPERATURE (F)   21        46      1923
                                             1894
 MINIMUM TEMPERATURE (F)    5       -32      1883


SUNRISE AND SUNSET
DECEMBER 19 2014......SUNRISE   809 AM CST   SUNSET   440 PM CST
DECEMBER 20 2014......SUNRISE   809 AM CST   SUNSET   441 PM CST


-  INDICATES NEGATIVE NUMBERS.
R  INDICATES RECORD WAS SET OR TIED.
MM INDICATES DATA IS MISSING.
T  INDICATES TRACE AMOUNT.




$$
