000
CDUS46 KHNX 200835
CLIFAT


CLIMATE REPORT
NATIONAL WEATHER SERVICE SAN JOAQUIN VALLEY, CA
1234 AM PST FRI JAN 20 2017


...................................

...THE FRESNO CA CLIMATE SUMMARY FOR JANUARY 19 2017...

CLIMATE NORMAL PERIOD 1981 TO 2010
CLIMATE RECORD PERIOD 1887 TO 2017


WEATHER ITEM   OBSERVED TIME   RECORD YEAR NORMAL DEPARTURE
                VALUE   (LST)  VALUE       VALUE  FROM
                                                  NORMAL
...............................................................
TEMPERATURE (F)
 YESTERDAY
  MAXIMUM         59    350 PM  73    2014  55      4
                                      1981
  MINIMUM         46    711 AM  24    1943  38      8
                                      1922
  AVERAGE         53                        47      6

PRECIPITATION (IN)
  YESTERDAY        0.02          1.23 1969   0.07  -0.05
  MONTH TO DATE    4.34                      1.37   2.97
  SINCE OCT 1      8.90                      4.84   4.06
  SINCE JAN 1      4.34                      1.37   2.97

SNOWFALL (IN)
  YESTERDAY        0.0
  MONTH TO DATE    0.0
  SINCE DEC 1      0.0
  SINCE JUL 1      0.0
  SNOW DEPTH       0

DEGREE DAYS
 HEATING
  YESTERDAY       12                               -6
  MONTH TO DATE  303                              -60
  SINCE DEC 1    847                              -91
  SINCE JUL 1   1098                             -228

 COOLING
  YESTERDAY        0                                0
  MONTH TO DATE    0                                0
  SINCE DEC 1      0                                0
  SINCE JAN 1      0                                0
...............................................................


WIND (MPH)
  HIGHEST WIND SPEED    16   HIGHEST WIND DIRECTION    SE (140)
  HIGHEST GUST SPEED    20   HIGHEST GUST DIRECTION    SE (150)
  AVERAGE WIND SPEED     5.8




RELATIVE HUMIDITY (PERCENT)
 HIGHEST    93
 LOWEST     51
 AVERAGE    72

..........................................................


THE FRESNO CA CLIMATE NORMALS FOR TODAY
                         NORMAL    RECORD    YEAR
 MAXIMUM TEMPERATURE (F)   55        72      1994
 MINIMUM TEMPERATURE (F)   38        24      1963


SUNRISE AND SUNSET
JANUARY 20 2017.......SUNRISE   708 AM PST   SUNSET   512 PM PST
JANUARY 21 2017.......SUNRISE   708 AM PST   SUNSET   513 PM PST


-  INDICATES NEGATIVE NUMBERS.
R  INDICATES RECORD WAS SET OR TIED.
MM INDICATES DATA IS MISSING.
T  INDICATES TRACE AMOUNT.




$$
