606
CDUS46 KHNX 250824
CLIFAT


CLIMATE REPORT
NATIONAL WEATHER SERVICE SAN JOAQUIN VALLEY, CA
124 AM PDT WED MAY 25 2016


...................................

...THE FRESNO CA CLIMATE SUMMARY FOR MAY 24 2016...

CLIMATE NORMAL PERIOD 1981 TO 2010
CLIMATE RECORD PERIOD 1887 TO 2016


WEATHER ITEM   OBSERVED TIME   RECORD YEAR NORMAL DEPARTURE
                VALUE   (LST)  VALUE       VALUE  FROM
                                                  NORMAL
...............................................................
TEMPERATURE (F)
 YESTERDAY
  MAXIMUM         79    433 PM 103    1943  86     -7
                                      1890
  MINIMUM         55    600 AM  41    1953  58     -3
  AVERAGE         67                        72     -5

PRECIPITATION (IN)
  YESTERDAY        T             0.22 1931   0.01  -0.01
  MONTH TO DATE    0.29                      0.35  -0.06
  SINCE OCT 1     14.23                     11.02   3.21
  SINCE JAN 1      9.03                      7.55   1.48

SNOWFALL (IN)
  YESTERDAY        0.0
  MONTH TO DATE    0.0
  SINCE MAR 1      0.0
  SINCE JUL 1      0.0
  SNOW DEPTH       0

DEGREE DAYS
 HEATING
  YESTERDAY        0                                0
  MONTH TO DATE   10                              -19
  SINCE MAR 1    246                             -184
  SINCE JUL 1   1947                             -395

 COOLING
  YESTERDAY        2                               -6
  MONTH TO DATE  138                                7
  SINCE MAR 1    202                               20
  SINCE JAN 1    202                               20
...............................................................


WIND (MPH)
  HIGHEST WIND SPEED    21   HIGHEST WIND DIRECTION    NW (310)
  HIGHEST GUST SPEED    26   HIGHEST GUST DIRECTION    NW (310)
  AVERAGE WIND SPEED     9.5




RELATIVE HUMIDITY (PERCENT)
 HIGHEST    77
 LOWEST     24
 AVERAGE    51

..........................................................


THE FRESNO CA CLIMATE NORMALS FOR TODAY
                         NORMAL    RECORD    YEAR
 MAXIMUM TEMPERATURE (F)   87       102      1890
 MINIMUM TEMPERATURE (F)   58        42      1980


SUNRISE AND SUNSET
MAY 25 2016...........SUNRISE   544 AM PDT   SUNSET   808 PM PDT
MAY 26 2016...........SUNRISE   544 AM PDT   SUNSET   809 PM PDT


-  INDICATES NEGATIVE NUMBERS.
R  INDICATES RECORD WAS SET OR TIED.
MM INDICATES DATA IS MISSING.
T  INDICATES TRACE AMOUNT.




$$
