000
CDUS46 KHNX 310830
CLIFAT


CLIMATE REPORT
NATIONAL WEATHER SERVICE SAN JOAQUIN VALLEY, CA
130 AM PDT SUN AUG 31 2014


...................................

...THE FRESNO CA CLIMATE SUMMARY FOR AUGUST 30 2014...

CLIMATE NORMAL PERIOD 1981 TO 2010
CLIMATE RECORD PERIOD 1887 TO 2014


WEATHER ITEM   OBSERVED TIME   RECORD YEAR NORMAL DEPARTURE
                VALUE   (LST)  VALUE       VALUE  FROM
                                                  NORMAL
...............................................................
TEMPERATURE (F)
 YESTERDAY
  MAXIMUM        101    431 PM 109    1988  95      6
  MINIMUM         71    600 AM  49    1966  65      6
  AVERAGE         86                        80      6

PRECIPITATION (IN)
  YESTERDAY        0.00          0.15 1896   0.00   0.00
  MONTH TO DATE    T                         0.01  -0.01
  SINCE JUL 1      0.01                      0.02  -0.01
  SINCE JAN 1      4.09                      7.86  -3.77

SNOWFALL (IN)
  YESTERDAY        0.0
  MONTH TO DATE    0.0
  SINCE JUN 1      0.0
  SINCE JUL 1      0.0
  SNOW DEPTH       0

DEGREE DAYS
 HEATING
  YESTERDAY        0                                0
  MONTH TO DATE    0                                0
  SINCE JUN 1      0                               -3
  SINCE JUL 1      0                                0

 COOLING
  YESTERDAY       21                                6
  MONTH TO DATE  588                               88
  SINCE JUN 1   1760                              333
  SINCE JAN 1   2203                              535
...............................................................


WIND (MPH)
  HIGHEST WIND SPEED    17   HIGHEST WIND DIRECTION    NW (310)
  HIGHEST GUST SPEED    22   HIGHEST GUST DIRECTION    NW (320)
  AVERAGE WIND SPEED     7.6




RELATIVE HUMIDITY (PERCENT)
 HIGHEST    57
 LOWEST     10
 AVERAGE    34

..........................................................


THE FRESNO CA CLIMATE NORMALS FOR TODAY
                         NORMAL    RECORD    YEAR
 MAXIMUM TEMPERATURE (F)   95       107      2007
 MINIMUM TEMPERATURE (F)   65        50      1887


SUNRISE AND SUNSET
AUGUST 31 2014........SUNRISE   629 AM PDT   SUNSET   728 PM PDT
SEPTEMBER  1 2014.....SUNRISE   630 AM PDT   SUNSET   727 PM PDT


-  INDICATES NEGATIVE NUMBERS.
R  INDICATES RECORD WAS SET OR TIED.
MM INDICATES DATA IS MISSING.
T  INDICATES TRACE AMOUNT.




$$
