568
CDUS46 KHNX 220824
CLIFAT


CLIMATE REPORT
NATIONAL WEATHER SERVICE SAN JOAQUIN VALLEY, CA
1224 AM PST MON JAN 22 2018


...................................

...THE FRESNO CA CLIMATE SUMMARY FOR JANUARY 21 2018...

CLIMATE NORMAL PERIOD 1981 TO 2010
CLIMATE RECORD PERIOD 1887 TO 2018


WEATHER ITEM   OBSERVED TIME   RECORD YEAR NORMAL DEPARTURE
                VALUE   (LST)  VALUE       VALUE  FROM
                                                  NORMAL
...............................................................
TEMPERATURE (F)
 YESTERDAY
  MAXIMUM         56    340 PM  72    1994  55      1
  MINIMUM         35    720 AM  19    1937  38     -3
  AVERAGE         46                        47     -1

PRECIPITATION (IN)
  YESTERDAY        0.00          0.79 2012   0.07  -0.07
  MONTH TO DATE    0.95                      1.50  -0.55
  SINCE OCT 1      1.36                      4.97  -3.61
  SINCE JAN 1      0.95                      1.50  -0.55

SNOWFALL (IN)
  YESTERDAY        0.0
  MONTH TO DATE    0.0
  SINCE DEC 1      0.0
  SINCE JUL 1      0.0
  SNOW DEPTH       0

DEGREE DAYS
 HEATING
  YESTERDAY       19                                1
  MONTH TO DATE  243                             -156
  SINCE DEC 1    766                             -208
  SINCE JUL 1   1024                             -338

 COOLING
  YESTERDAY        0                                0
  MONTH TO DATE    0                                0
  SINCE DEC 1      0                                0
  SINCE JAN 1      0                                0
...............................................................


WIND (MPH)
  HIGHEST WIND SPEED     8   HIGHEST WIND DIRECTION    SE (130)
  HIGHEST GUST SPEED    11   HIGHEST GUST DIRECTION    SE (120)
  AVERAGE WIND SPEED     1.8




RELATIVE HUMIDITY (PERCENT)
 HIGHEST    92
 LOWEST     47
 AVERAGE    70

..........................................................


THE FRESNO CA CLIMATE NORMALS FOR TODAY
                         NORMAL    RECORD    YEAR
 MAXIMUM TEMPERATURE (F)   56        70      1994
                                             1970
 MINIMUM TEMPERATURE (F)   39        25      1945


SUNRISE AND SUNSET
JANUARY 22 2018.......SUNRISE   708 AM PST   SUNSET   514 PM PST
JANUARY 23 2018.......SUNRISE   707 AM PST   SUNSET   515 PM PST


-  INDICATES NEGATIVE NUMBERS.
R  INDICATES RECORD WAS SET OR TIED.
MM INDICATES DATA IS MISSING.
T  INDICATES TRACE AMOUNT.




$$
