000
CDUS46 KHNX 270822
CLIFAT


CLIMATE REPORT
NATIONAL WEATHER SERVICE SAN JOAQUIN VALLEY, CA
122 AM PDT TUE SEP 27 2016


...................................

...THE FRESNO CA CLIMATE SUMMARY FOR SEPTEMBER 26 2016...

CLIMATE NORMAL PERIOD 1981 TO 2010
CLIMATE RECORD PERIOD 1887 TO 2016


WEATHER ITEM   OBSERVED TIME   RECORD YEAR NORMAL DEPARTURE
                VALUE   (LST)  VALUE       VALUE  FROM
                                                  NORMAL
...............................................................
TEMPERATURE (F)
 YESTERDAY
  MAXIMUM         98    331 PM 107    1963  88     10
  MINIMUM         64    624 AM  43    1948  59      5
  AVERAGE         81                        74      7

PRECIPITATION (IN)
  YESTERDAY        0.00          1.12 1898   0.01  -0.01
  MONTH TO DATE    T                         0.13  -0.13
  SINCE OCT 1     14.29                     11.46   2.83
  SINCE JAN 1      9.09                      7.99   1.10

SNOWFALL (IN)
  YESTERDAY        0.0
  MONTH TO DATE    0.0
  SINCE SEP 1      0.0
  SINCE JUL 1      0.0
  SNOW DEPTH       0

DEGREE DAYS
 HEATING
  YESTERDAY        0                                0
  MONTH TO DATE    2                                2
  SINCE SEP 1      2                                2
  SINCE JUL 1      2                                2

 COOLING
  YESTERDAY       16                                7
  MONTH TO DATE  286                              -21
  SINCE SEP 1    286                              -21
  SINCE JAN 1   2201                              210
...............................................................


WIND (MPH)
  HIGHEST WIND SPEED    12   HIGHEST WIND DIRECTION     W (250)
  HIGHEST GUST SPEED    13   HIGHEST GUST DIRECTION     W (260)
  AVERAGE WIND SPEED     3.5




RELATIVE HUMIDITY (PERCENT)
 HIGHEST    44
 LOWEST     11
 AVERAGE    28

..........................................................


THE FRESNO CA CLIMATE NORMALS FOR TODAY
                         NORMAL    RECORD    YEAR
 MAXIMUM TEMPERATURE (F)   88       105      1888
 MINIMUM TEMPERATURE (F)   59        44      1948


SUNRISE AND SUNSET
SEPTEMBER 27 2016.....SUNRISE   651 AM PDT   SUNSET   647 PM PDT
SEPTEMBER 28 2016.....SUNRISE   652 AM PDT   SUNSET   646 PM PDT


-  INDICATES NEGATIVE NUMBERS.
R  INDICATES RECORD WAS SET OR TIED.
MM INDICATES DATA IS MISSING.
T  INDICATES TRACE AMOUNT.




$$
