000
CDUS46 KHNX 050823
CLIFAT


CLIMATE REPORT
NATIONAL WEATHER SERVICE SAN JOAQUIN VALLEY, CA
1223 AM PST THU MAR 5 2015


...................................

...THE FRESNO CA CLIMATE SUMMARY FOR MARCH 4 2015...

CLIMATE NORMAL PERIOD 1981 TO 2010
CLIMATE RECORD PERIOD 1887 TO 2015


WEATHER ITEM   OBSERVED TIME   RECORD YEAR NORMAL DEPARTURE
                VALUE   (LST)  VALUE       VALUE  FROM
                                                  NORMAL
...............................................................
TEMPERATURE (F)
 YESTERDAY
  MAXIMUM         69    345 PM  84    1929  66      3
  MINIMUM         43    659 AM  30    1966  44     -1
  AVERAGE         56                        55      1

PRECIPITATION (IN)
  YESTERDAY        0.00          0.98 1978   0.08  -0.08
  MONTH TO DATE    0.05                      0.29  -0.24
  SINCE OCT 1      4.58                      7.98  -3.40
  SINCE JAN 1      1.39                      4.51  -3.12

SNOWFALL (IN)
  YESTERDAY        0.0
  MONTH TO DATE    0.0
  SINCE MAR 1      0.0
  SINCE JUL 1      0.0
  SNOW DEPTH       0

DEGREE DAYS
 HEATING
  YESTERDAY        9                               -1
  MONTH TO DATE   45                                5
  SINCE MAR 1     45                                5
  SINCE JUL 1   1371                             -581

 COOLING
  YESTERDAY        0                                0
  MONTH TO DATE    0                                0
  SINCE MAR 1      0                                0
  SINCE JAN 1      0                                0
...............................................................


WIND (MPH)
  HIGHEST WIND SPEED    10   HIGHEST WIND DIRECTION    SE (140)
  HIGHEST GUST SPEED    13   HIGHEST GUST DIRECTION    SE (150)
  AVERAGE WIND SPEED     3.0




RELATIVE HUMIDITY (PERCENT)
 HIGHEST    89
 LOWEST     34
 AVERAGE    62

..........................................................


THE FRESNO CA CLIMATE NORMALS FOR TODAY
                         NORMAL    RECORD    YEAR
 MAXIMUM TEMPERATURE (F)   66        84      1929
 MINIMUM TEMPERATURE (F)   45        31      1971


SUNRISE AND SUNSET
MARCH  5 2015.........SUNRISE   624 AM PST   SUNSET   557 PM PST
MARCH  6 2015.........SUNRISE   623 AM PST   SUNSET   558 PM PST


-  INDICATES NEGATIVE NUMBERS.
R  INDICATES RECORD WAS SET OR TIED.
MM INDICATES DATA IS MISSING.
T  INDICATES TRACE AMOUNT.




$$
