000
CDUS42 KRAH 240803
CLIFAY


CLIMATE REPORT
NATIONAL WEATHER SERVICE RALEIGH NC
401 AM EDT THU APR 24 2014


...................................

...THE FAYETTEVILLE REGL AIRPORT NC CLIMATE SUMMARY FOR APRIL 23 2014...

CLIMATE NORMAL PERIOD 1981 TO 2010
CLIMATE RECORD PERIOD 1910 TO 2014


WEATHER ITEM   OBSERVED TIME   RECORD YEAR NORMAL DEPARTURE LAST
                VALUE   (LST)  VALUE       VALUE  FROM      YEAR
                                                  NORMAL
..................................................................
TEMPERATURE (F)
 YESTERDAY
  MAXIMUM         78    320 PM  93    1957  77      1       69
  MINIMUM         51   1137 PM  35    1927  52     -1       49
  AVERAGE         65                        65      0       59

PRECIPITATION (IN)
  YESTERDAY        0.00          1.01 1997   0.09  -0.09     0.00
  MONTH TO DATE    2.58                      2.34   0.24     2.01
  SINCE MAR 1      6.22                      5.89   0.33     3.68
  SINCE JAN 1     12.94                     11.95   0.99     9.32

DEGREE DAYS
 HEATING
  YESTERDAY        0                         3     -3        6
  MONTH TO DATE  101                       119    -18      116
  SINCE MAR 1    598                       463    135      622
  SINCE JUL 1   2923                      2688    235     2718

 COOLING
  YESTERDAY        0                         3     -3        0
  MONTH TO DATE   36                        44     -8       59
  SINCE MAR 1     37                        56    -19       62
  SINCE JAN 1     40                        60    -20       67
..................................................................


WIND (MPH)
  HIGHEST WIND SPEED    22   HIGHEST WIND DIRECTION     N (340)
  HIGHEST GUST SPEED    33   HIGHEST GUST DIRECTION     N (350)
  AVERAGE WIND SPEED     9.9


SKY COVER
  POSSIBLE SUNSHINE  MM
  AVERAGE SKY COVER 0.0


WEATHER CONDITIONS
 THE FOLLOWING WEATHER WAS RECORDED YESTERDAY.
  FOG


RELATIVE HUMIDITY (PERCENT)
 HIGHEST    93           400 AM
 LOWEST     14           400 PM
 AVERAGE    54

..........................................................


THE FAYETTEVILLE REGL AIRPORT NC CLIMATE NORMALS FOR TODAY
                         NORMAL    RECORD    YEAR
 MAXIMUM TEMPERATURE (F)   77        95      1925
 MINIMUM TEMPERATURE (F)   52        34      1986


SUNRISE AND SUNSET
APRIL 24 2014.........SUNRISE   633 AM EDT   SUNSET   755 PM EDT
APRIL 25 2014.........SUNRISE   631 AM EDT   SUNSET   756 PM EDT


-  INDICATES NEGATIVE NUMBERS.
R  INDICATES RECORD WAS SET OR TIED.
MM INDICATES DATA IS MISSING.
T  INDICATES TRACE AMOUNT.




$$
