000
CDUS42 KRAH 282042
CLIFAY


CLIMATE REPORT
NATIONAL WEATHER SERVICE RALEIGH NC
441 PM EDT THU APR 28 2016


...................................

...THE FAYETTEVILLE REGL AIRPORT NC CLIMATE SUMMARY FOR APRIL 28 2016...
VALID TODAY AS OF 0441 PM LOCAL TIME.

CLIMATE NORMAL PERIOD 1981 TO 2010
CLIMATE RECORD PERIOD 1910 TO 2016


WEATHER ITEM   OBSERVED TIME   RECORD YEAR NORMAL DEPARTURE LAST
                VALUE   (LST)  VALUE       VALUE  FROM      YEAR
                                                  NORMAL
..................................................................
TEMPERATURE (F)
 TODAY
  MAXIMUM         87    340 PM  93    1990  78      9       70
  MINIMUM         64    503 AM  37    1940  53     11       44
  AVERAGE         76                        66     10       57

PRECIPITATION (IN)
  TODAY            0.00          2.00 1949   0.06  -0.06     0.00
  MONTH TO DATE    2.16                      2.69  -0.53     2.55
  SINCE MAR 1      3.17                      6.24  -3.07     5.25
  SINCE JAN 1     11.01                     12.30  -1.29    12.90

DEGREE DAYS
 HEATING
  TODAY            0                         3     -3        8
  MONTH TO DATE  139                       134      5       87
  SINCE MAR 1    329                       478   -149      428
  SINCE JUL 1   2142                      2703   -561     2924

 COOLING
  TODAY           11                         3      8        0
  MONTH TO DATE   63                        59      4       75
  SINCE MAR 1    125                        71     54       92
  SINCE JAN 1    125                        75     50       92
..................................................................


WIND (MPH)
  HIGHEST WIND SPEED    20   HIGHEST WIND DIRECTION    SW (210)
  HIGHEST GUST SPEED    24   HIGHEST GUST DIRECTION    SW (210)
  AVERAGE WIND SPEED     8.8


SKY COVER
  POSSIBLE SUNSHINE  MM
  AVERAGE SKY COVER 0.2


WEATHER CONDITIONS
 THE FOLLOWING WEATHER WAS RECORDED TODAY.
  NO SIGNIFICANT WEATHER WAS OBSERVED.


RELATIVE HUMIDITY (PERCENT)
 HIGHEST    87           600 AM
 LOWEST     42           200 PM
 AVERAGE    65

..........................................................


THE FAYETTEVILLE REGL AIRPORT NC CLIMATE NORMALS FOR TOMORROW
                         NORMAL    RECORD    YEAR
 MAXIMUM TEMPERATURE (F)   78        95      1981
 MINIMUM TEMPERATURE (F)   54        35      1967


SUNRISE AND SUNSET
APRIL 28 2016.........SUNRISE   627 AM EDT   SUNSET   759 PM EDT
APRIL 29 2016.........SUNRISE   626 AM EDT   SUNSET   800 PM EDT


-  INDICATES NEGATIVE NUMBERS.
R  INDICATES RECORD WAS SET OR TIED.
MM INDICATES DATA IS MISSING.
T  INDICATES TRACE AMOUNT.




$$
