000
CDUS42 KRAH 290629
CLIFAY


CLIMATE REPORT
NATIONAL WEATHER SERVICE RALEIGH NC
227 AM EDT WED JUL 29 2015


...................................

...THE FAYETTEVILLE REGL AIRPORT NC CLIMATE SUMMARY FOR JULY 28 2015...

CLIMATE NORMAL PERIOD 1981 TO 2010
CLIMATE RECORD PERIOD 1910 TO 2015


WEATHER ITEM   OBSERVED TIME   RECORD YEAR NORMAL DEPARTURE LAST
                VALUE   (LST)  VALUE       VALUE  FROM      YEAR
                                                  NORMAL
..................................................................
TEMPERATURE (F)
 YESTERDAY
  MAXIMUM         93    309 PM 105    1940  91      2       97
  MINIMUM         71    543 AM  55    1920  71      0       77
  AVERAGE         82                        81      1       87

PRECIPITATION (IN)
  YESTERDAY        0.00          3.11 1943   0.18  -0.18     0.00
  MONTH TO DATE    3.38                      5.38  -2.00     1.83
  SINCE JUN 1     12.52                      9.73   2.79     4.52
  SINCE JAN 1     27.79                     25.40   2.39    22.97

DEGREE DAYS
 HEATING
  YESTERDAY        0                         0      0        0
  MONTH TO DATE    0                         0      0        0
  SINCE JUN 1      0                         0      0        0
  SINCE JUL 1      0                         0      0        0

 COOLING
  YESTERDAY       17                        16      1       22
  MONTH TO DATE  495                       459     36      447
  SINCE JUN 1    984                       855    129      904
  SINCE JAN 1   1314                      1139    175     1270
..................................................................


WIND (MPH)
  HIGHEST WIND SPEED    14   HIGHEST WIND DIRECTION    SE (140)
  HIGHEST GUST SPEED    17   HIGHEST GUST DIRECTION    SE (140)
  AVERAGE WIND SPEED     4.9


SKY COVER
  POSSIBLE SUNSHINE  MM
  AVERAGE SKY COVER 0.1


WEATHER CONDITIONS
 THE FOLLOWING WEATHER WAS RECORDED YESTERDAY.
  FOG


RELATIVE HUMIDITY (PERCENT)
 HIGHEST   100           600 AM
 LOWEST     44           300 PM
 AVERAGE    72

..........................................................


THE FAYETTEVILLE REGL AIRPORT NC CLIMATE NORMALS FOR TODAY
                         NORMAL    RECORD    YEAR
 MAXIMUM TEMPERATURE (F)   91       103      2011
 MINIMUM TEMPERATURE (F)   71        57      1920


SUNRISE AND SUNSET
JULY 29 2015..........SUNRISE   623 AM EDT   SUNSET   821 PM EDT
JULY 30 2015..........SUNRISE   623 AM EDT   SUNSET   820 PM EDT


-  INDICATES NEGATIVE NUMBERS.
R  INDICATES RECORD WAS SET OR TIED.
MM INDICATES DATA IS MISSING.
T  INDICATES TRACE AMOUNT.




$$
