000
CDUS42 KRAH 060645
CLIFAY


CLIMATE REPORT
NATIONAL WEATHER SERVICE RALEIGH NC
142 AM EST FRI MAR 6 2015


...................................

...THE FAYETTEVILLE REGL AIRPORT NC CLIMATE SUMMARY FOR MARCH 5 2015...

CLIMATE NORMAL PERIOD 1981 TO 2010
CLIMATE RECORD PERIOD 1910 TO 2015


WEATHER ITEM   OBSERVED TIME   RECORD YEAR NORMAL DEPARTURE LAST
                VALUE   (LST)  VALUE       VALUE  FROM      YEAR
                                                  NORMAL
..................................................................
TEMPERATURE (F)
 YESTERDAY
  MAXIMUM         73    209 PM  87    1976  63     10       47
  MINIMUM         35   1159 PM  17    1980  39     -4       31
  AVERAGE         54                        51      3       39

PRECIPITATION (IN)
  YESTERDAY        0.38          1.10 1929   0.09   0.29     0.10
  MONTH TO DATE    0.60                      0.51   0.09     0.54
  SINCE MAR 1      0.60                      0.51   0.09     0.54
  SINCE JAN 1      8.25                      6.57   1.68     7.26

DEGREE DAYS
 HEATING
  YESTERDAY       11                        14     -3       26
  MONTH TO DATE   84                        73     11      115
  SINCE MAR 1     84                        73     11      115
  SINCE JUL 1   2580                      2298    282     2440

 COOLING
  YESTERDAY        0                         0      0        0
  MONTH TO DATE    0                         0      0        0
  SINCE MAR 1      0                         0      0        0
  SINCE JAN 1      0                         4     -4        3
..................................................................


WIND (MPH)
  HIGHEST WIND SPEED    35   HIGHEST WIND DIRECTION     N (10)
  HIGHEST GUST SPEED    46   HIGHEST GUST DIRECTION     N (20)
  AVERAGE WIND SPEED    14.7


SKY COVER
  POSSIBLE SUNSHINE  MM
  AVERAGE SKY COVER 0.8


WEATHER CONDITIONS
 THE FOLLOWING WEATHER WAS RECORDED YESTERDAY.
  RAIN
  LIGHT RAIN
  FOG


RELATIVE HUMIDITY (PERCENT)
 HIGHEST   100           800 PM
 LOWEST     73          1200 PM
 AVERAGE    87

..........................................................


THE FAYETTEVILLE REGL AIRPORT NC CLIMATE NORMALS FOR TODAY
                         NORMAL    RECORD    YEAR
 MAXIMUM TEMPERATURE (F)   64        86      1918
 MINIMUM TEMPERATURE (F)   39        19      1960


SUNRISE AND SUNSET
MARCH  6 2015.........SUNRISE   639 AM EST   SUNSET   615 PM EST
MARCH  7 2015.........SUNRISE   637 AM EST   SUNSET   616 PM EST


-  INDICATES NEGATIVE NUMBERS.
R  INDICATES RECORD WAS SET OR TIED.
MM INDICATES DATA IS MISSING.
T  INDICATES TRACE AMOUNT.




$$
