000
CDUS42 KRAH 110547
CLIFAY


CLIMATE REPORT
NATIONAL WEATHER SERVICE RALEIGH NC
1245 AM EST MON DEC 11 2017


...................................

...THE FAYETTEVILLE REGL AIRPORT NC CLIMATE SUMMARY FOR DECEMBER 10 2017...

CLIMATE NORMAL PERIOD 1981 TO 2010
CLIMATE RECORD PERIOD 1910 TO 2017


WEATHER ITEM   OBSERVED TIME   RECORD YEAR NORMAL DEPARTURE LAST
                VALUE   (LST)  VALUE       VALUE  FROM      YEAR
                                                  NORMAL
..................................................................
TEMPERATURE (F)
 YESTERDAY
  MAXIMUM         47    335 PM  79    2007  57    -10       45
  MINIMUM         29    727 AM  16    1960  36     -7       25
  AVERAGE         38                        47     -9       35

PRECIPITATION (IN)
  YESTERDAY        0.00          1.13 1989   0.08  -0.08     0.00
  MONTH TO DATE    2.02                      1.04   0.98     0.99
  SINCE DEC 1      2.02                      1.04   0.98     0.99
  SINCE JAN 1     40.85                     42.85  -2.00    54.60

DEGREE DAYS
 HEATING
  YESTERDAY       27                        19      8       30
  MONTH TO DATE  156                       171    -15      177
  SINCE DEC 1    156                       171    -15      177
  SINCE JUL 1    589                       619    -30      528

 COOLING
  YESTERDAY        0                         0      0        0
  MONTH TO DATE    0                         0      0        0
  SINCE DEC 1      0                         0      0        0
  SINCE JAN 1   2455                      1991    464     2527
..................................................................


WIND (MPH)
  HIGHEST WIND SPEED    15   HIGHEST WIND DIRECTION    NW (320)
  HIGHEST GUST SPEED    20   HIGHEST GUST DIRECTION    NW (320)
  AVERAGE WIND SPEED     7.5


SKY COVER
  POSSIBLE SUNSHINE  MM
  AVERAGE SKY COVER 0.0


WEATHER CONDITIONS
 THE FOLLOWING WEATHER WAS RECORDED YESTERDAY.
  FOG


RELATIVE HUMIDITY (PERCENT)
 HIGHEST   100          1200 AM
 LOWEST     38           300 PM
 AVERAGE    69

..........................................................


THE FAYETTEVILLE REGL AIRPORT NC CLIMATE NORMALS FOR TODAY
                         NORMAL    RECORD    YEAR
 MAXIMUM TEMPERATURE (F)   57        80      2007
 MINIMUM TEMPERATURE (F)   36        15      1945


SUNRISE AND SUNSET
DECEMBER 11 2017......SUNRISE   713 AM EST   SUNSET   504 PM EST
DECEMBER 12 2017......SUNRISE   714 AM EST   SUNSET   505 PM EST


-  INDICATES NEGATIVE NUMBERS.
R  INDICATES RECORD WAS SET OR TIED.
MM INDICATES DATA IS MISSING.
T  INDICATES TRACE AMOUNT.




$$
