000
CDUS43 KLMK 230627
CLIFFT


CLIMATE REPORT
NATIONAL WEATHER SERVICE LOUISVILLE KY
227 AM EDT SUN APR 23 2017


...................................

...THE FRANKFORT KY CLIMATE SUMMARY FOR APRIL 22 2017...

CLIMATE NORMAL PERIOD 1981 TO 2010
CLIMATE RECORD PERIOD 1895 TO 2017


WEATHER ITEM   OBSERVED TIME   RECORD YEAR NORMAL DEPARTURE LAST
                VALUE   (LST)  VALUE       VALUE  FROM      YEAR
                                                  NORMAL
..................................................................
TEMPERATURE (F)
 YESTERDAY
  MAXIMUM         54    610 PM  93    1914  69    -15       69
  MINIMUM         47   1159 PM  29    1986  45      2       52
  AVERAGE         51                        57     -6       61

PRECIPITATION (IN)
  YESTERDAY        0.22          1.70 1972   0.13   0.09     0.09
  MONTH TO DATE    2.60                      2.55   0.05     0.97
  SINCE MAR 1      7.69                      6.93   0.76     7.05
  SINCE JAN 1     13.79                     13.48   0.31    13.07

SNOWFALL (IN)
  YESTERDAY       MM            MM      MM  MM     MM       MM
  MONTH TO DATE   MM                        MM     MM       MM
  SINCE MAR 1     MM                        MM     MM       MM
  SINCE JUL 1     MM                        MM     MM       MM
  SNOW DEPTH      MM

DEGREE DAYS
 HEATING
  YESTERDAY       14                         8      6        4
  MONTH TO DATE  114                       257   -143      240
  SINCE MAR 1    647                       882   -235      650
  SINCE JUL 1   3417                      4521  -1104     3722

 COOLING
  YESTERDAY        0                         1     -1        0
  MONTH TO DATE   43                        14     29       11
  SINCE MAR 1     49                        16     33       12
  SINCE JAN 1     52                        16     36       12
..................................................................


WIND (MPH)
  HIGHEST WIND SPEED    18   HIGHEST WIND DIRECTION     E (70)
  HIGHEST GUST SPEED    25   HIGHEST GUST DIRECTION    NE (30)
  AVERAGE WIND SPEED     8.8


SKY COVER
  POSSIBLE SUNSHINE  MM
  AVERAGE SKY COVER 0.7


WEATHER CONDITIONS
 THE FOLLOWING WEATHER WAS RECORDED YESTERDAY.
  RAIN
  LIGHT RAIN
  FOG
  HAZE


RELATIVE HUMIDITY (PERCENT)
 HIGHEST    89           100 AM
 LOWEST     59           600 PM
 AVERAGE    74

..........................................................


THE FRANKFORT KY CLIMATE NORMALS FOR TODAY
                         NORMAL    RECORD    YEAR
 MAXIMUM TEMPERATURE (F)   69        88      1914
 MINIMUM TEMPERATURE (F)   46        27      1986


SUNRISE AND SUNSET
APRIL 23 2017.........SUNRISE   653 AM EDT   SUNSET   824 PM EDT
APRIL 24 2017.........SUNRISE   651 AM EDT   SUNSET   824 PM EDT


-  INDICATES NEGATIVE NUMBERS.
R  INDICATES RECORD WAS SET OR TIED.
MM INDICATES DATA IS MISSING.
T  INDICATES TRACE AMOUNT.




$$
