000
CDUS43 KLMK 230628
CLIFFT


CLIMATE REPORT
NATIONAL WEATHER SERVICE LOUISVILLE KY
128 AM EST THU NOV 23 2017


...................................

...THE FRANKFORT KY CLIMATE SUMMARY FOR NOVEMBER 22 2017...

CLIMATE NORMAL PERIOD 1981 TO 2010
CLIMATE RECORD PERIOD 1895 TO 2017


WEATHER ITEM   OBSERVED TIME   RECORD YEAR NORMAL DEPARTURE LAST
                VALUE   (LST)  VALUE       VALUE  FROM      YEAR
                                                  NORMAL
..................................................................
TEMPERATURE (F)
 YESTERDAY
  MAXIMUM         47   1201 AM  78    1931  53     -6       51
  MINIMUM         25   1159 PM  10    1964  34     -9       22
  AVERAGE         36                        44     -8       37

PRECIPITATION (IN)
  YESTERDAY        0.00          1.53 1942   0.13  -0.13     0.00
  MONTH TO DATE    2.77                      2.63   0.14     0.41
  SINCE SEP 1     13.17                      9.20   3.97     3.11
  SINCE JAN 1     46.89                     40.51   6.38    39.16

SNOWFALL (IN)
  YESTERDAY       MM            MM      MM  MM     MM       MM
  MONTH TO DATE   MM                        MM     MM       MM
  SINCE SEP 1     MM                        MM     MM       MM
  SINCE JUL 1     MM                        MM     MM       MM
  SNOW DEPTH      MM

DEGREE DAYS
 HEATING
  YESTERDAY       29                        22      7       28
  MONTH TO DATE  387                       383      4      329
  SINCE SEP 1    646                       723    -77      474
  SINCE JUL 1    646                       724    -78      474

 COOLING
  YESTERDAY        0                         0      0        0
  MONTH TO DATE    6                         0      6       12
  SINCE SEP 1    192                       152     40      348
  SINCE JAN 1   1279                      1154    125     1639
..................................................................


WIND (MPH)
  HIGHEST WIND SPEED    18   HIGHEST WIND DIRECTION     N (340)
  HIGHEST GUST SPEED    29   HIGHEST GUST DIRECTION    NW (320)
  AVERAGE WIND SPEED     5.0


SKY COVER
  POSSIBLE SUNSHINE  MM
  AVERAGE SKY COVER 0.1


WEATHER CONDITIONS
 THE FOLLOWING WEATHER WAS RECORDED YESTERDAY.
  NO SIGNIFICANT WEATHER WAS OBSERVED.


RELATIVE HUMIDITY (PERCENT)
 HIGHEST    81           800 AM
 LOWEST     39           400 PM
 AVERAGE    60

..........................................................


THE FRANKFORT KY CLIMATE NORMALS FOR TODAY
                         NORMAL    RECORD    YEAR
 MAXIMUM TEMPERATURE (F)   53        77      1931
 MINIMUM TEMPERATURE (F)   33        10      1964


SUNRISE AND SUNSET
NOVEMBER 23 2017......SUNRISE   729 AM EST   SUNSET   522 PM EST
NOVEMBER 24 2017......SUNRISE   730 AM EST   SUNSET   522 PM EST


-  INDICATES NEGATIVE NUMBERS.
R  INDICATES RECORD WAS SET OR TIED.
MM INDICATES DATA IS MISSING.
T  INDICATES TRACE AMOUNT.




$$
