000
CDUS43 KLMK 242032
CLIFFT


CLIMATE REPORT
NATIONAL WEATHER SERVICE LOUISVILLE KY
430 PM EDT SUN SEP 24 2017


...................................

...THE FRANKFORT KY CLIMATE SUMMARY FOR SEPTEMBER 24 2017...
VALID TODAY AS OF 0400 PM LOCAL TIME.

CLIMATE NORMAL PERIOD 1981 TO 2010
CLIMATE RECORD PERIOD 1895 TO 2017


WEATHER ITEM   OBSERVED TIME   RECORD YEAR NORMAL DEPARTURE LAST
                VALUE   (LST)  VALUE       VALUE  FROM      YEAR
                                                  NORMAL
..................................................................
TEMPERATURE (F)
 TODAY
  MAXIMUM         89    259 PM  94    2007  76     13       91
                                      1941
  MINIMUM         62    651 AM  34    1928  52     10       63
  AVERAGE         76                        64     12       77

PRECIPITATION (IN)
  TODAY            0.00          1.69 1946   0.09  -0.09     0.00
                                      1936
  MONTH TO DATE    4.96                      2.63   2.33     0.92
  SINCE SEP 1      4.96                      2.63   2.33     0.92
  SINCE JAN 1     38.68                     33.94   4.74    36.97

SNOWFALL (IN)
  TODAY           MM            MM      MM  MM     MM       MM
  MONTH TO DATE   MM                        MM     MM       MM
  SINCE SEP 1     MM                        MM     MM       MM
  SINCE JUL 1     MM                        MM     MM       MM
  SNOW DEPTH      MM

DEGREE DAYS
 HEATING
  TODAY            0                         3     -3        0
  MONTH TO DATE   29                        27      2        0
  SINCE SEP 1     29                        27      2        0
  SINCE JUL 1     29                        28      1        0

 COOLING
  TODAY           11                         2      9       12
  MONTH TO DATE  109                       120    -11      248
  SINCE SEP 1    109                       120    -11      248
  SINCE JAN 1   1196                      1122     74     1539
..................................................................


WIND (MPH)
  HIGHEST WIND SPEED    12   HIGHEST WIND DIRECTION     E (100)
  HIGHEST GUST SPEED    17   HIGHEST GUST DIRECTION    SE (120)
  AVERAGE WIND SPEED     3.0


SKY COVER
  POSSIBLE SUNSHINE  MM
  AVERAGE SKY COVER 0.0


WEATHER CONDITIONS
 THE FOLLOWING WEATHER WAS RECORDED TODAY.
  NO SIGNIFICANT WEATHER WAS OBSERVED.


RELATIVE HUMIDITY (PERCENT)
 HIGHEST    93           300 AM
 LOWEST     32           200 PM
 AVERAGE    63

..........................................................


THE FRANKFORT KY CLIMATE NORMALS FOR TOMORROW
                         NORMAL    RECORD    YEAR
 MAXIMUM TEMPERATURE (F)   76        95      2007
 MINIMUM TEMPERATURE (F)   52        32      1896


SUNRISE AND SUNSET
SEPTEMBER 24 2017.....SUNRISE   729 AM EDT   SUNSET   733 PM EDT
SEPTEMBER 25 2017.....SUNRISE   730 AM EDT   SUNSET   731 PM EDT


-  INDICATES NEGATIVE NUMBERS.
R  INDICATES RECORD WAS SET OR TIED.
MM INDICATES DATA IS MISSING.
T  INDICATES TRACE AMOUNT.




$$
