000
CDUS43 KFGF 202152
CLIFGF


CLIMATE REPORT
NATIONAL WEATHER SERVICE EASTERN NORTH DAKOTA/GRAND FORKS
451 PM CDT MON OCT 20 2014


...................................

...THE GRAND FORKS UNIV. (NWS) ND CLIMATE SUMMARY FOR OCTOBER 20 2014...
VALID TODAY AS OF 0400 PM LOCAL TIME.

CLIMATE NORMAL PERIOD 1981 TO 2010
CLIMATE RECORD PERIOD 1890 TO 2014


WEATHER ITEM   OBSERVED TIME   RECORD YEAR NORMAL DEPARTURE LAST
                VALUE   (LST)  VALUE       VALUE  FROM      YEAR
                                                  NORMAL
..................................................................
TEMPERATURE (F)
 TODAY
  MAXIMUM         59        MM  79    1978  52      7       40
                                      1953
  MINIMUM         36        MM   9    1916  33      3       31
  AVERAGE         48                        42      6       36

PRECIPITATION (IN)
  TODAY            0.00          0.69   MM   0.06  -0.06     0.15
  MONTH TO DATE    0.49                      1.38  -0.89     2.82
  SINCE SEP 1      1.81                      3.43  -1.62     4.89
  SINCE JAN 1     22.23                     19.53   2.70    18.33

SNOWFALL (IN)
  TODAY            0.0           T    2013   0.1   -0.1       T
                                      2006
  MONTH TO DATE    T                         0.4   -0.4       T
  SINCE SEP 1      T                         0.4   -0.4       T
  SINCE JUL 1      T                         0.4   -0.4       T
  SNOW DEPTH       0

DEGREE DAYS
 HEATING
  TODAY           17                        23     -6       29
  MONTH TO DATE  342                       365    -23      351
  SINCE SEP 1    539                       605    -66      471
  SINCE JUL 1    595                       669    -74      530

 COOLING
  TODAY            0                         0      0        0
  MONTH TO DATE    0                         0      0        0
  SINCE SEP 1     31                        30      1       46
  SINCE JAN 1    395                       462    -67      528
..................................................................


WIND (MPH)
  HIGHEST WIND SPEED    MM   HIGHEST WIND DIRECTION    MM
  HIGHEST GUST SPEED    MM   HIGHEST GUST DIRECTION    MM
  AVERAGE WIND SPEED    MM


SKY COVER
  POSSIBLE SUNSHINE  MM
  AVERAGE SKY COVER  MM


WEATHER CONDITIONS
 THE FOLLOWING WEATHER WAS RECORDED TODAY.
  NO SIGNIFICANT WEATHER WAS OBSERVED.


RELATIVE HUMIDITY (PERCENT)
 HIGHEST    MM
 LOWEST     MM
 AVERAGE    MM

..........................................................


THE GRAND FORKS UNIV. (NWS) ND CLIMATE NORMALS FOR TOMORROW
                         NORMAL    RECORD    YEAR
 MAXIMUM TEMPERATURE (F)   51        79      1947
 MINIMUM TEMPERATURE (F)   32         9      1913


SUNRISE AND SUNSET
OCTOBER 20 2014.......SUNRISE   755 AM CDT   SUNSET   631 PM CDT
OCTOBER 21 2014.......SUNRISE   756 AM CDT   SUNSET   629 PM CDT


-  INDICATES NEGATIVE NUMBERS.
R  INDICATES RECORD WAS SET OR TIED.
MM INDICATES DATA IS MISSING.
T  INDICATES TRACE AMOUNT.




$$
