000
CSUS97 KFGF 100642
CLIFGF


CLIMATE REPORT
NATIONAL WEATHER SERVICE EASTERN NORTH DAKOTA/GRAND FORKS
136 AM CDT THU JUL 10 2014


...................................

...THE GRAND FORKS UNIV. (NWS) ND CLIMATE SUMMARY FOR JULY 9 2014...

CLIMATE NORMAL PERIOD 1981 TO 2010
CLIMATE RECORD PERIOD 1890 TO 2014


WEATHER ITEM   OBSERVED TIME   RECORD YEAR NORMAL DEPARTURE LAST
                VALUE   (LST)  VALUE       VALUE  FROM      YEAR
                                                  NORMAL
..................................................................
TEMPERATURE (F)
 YESTERDAY
  MAXIMUM         74        MM 101    1936  81     -7       73
  MINIMUM         55        MM  42    1968  58     -3       58
  AVERAGE         65                        70     -5       66

PRECIPITATION (IN)
  YESTERDAY        0.00          2.86   MM   0.11  -0.11     0.22
  MONTH TO DATE    0.65                      1.03  -0.38     0.50
  SINCE JUN 1      7.40                      4.77   2.63     3.28
  SINCE JAN 1     14.39                     10.82   3.57    11.49

SNOWFALL (IN)
  YESTERDAY        0.0           0.0    MM   0.0    0.0      0.0
  MONTH TO DATE    0.0                       0.0    0.0      0.0
  SINCE JUN 1      0.0                       0.0    0.0      0.0
  SINCE JUL 1      0.0                       0.0    0.0      0.0
  SNOW DEPTH       0

DEGREE DAYS
 HEATING
  YESTERDAY        0                         1     -1        0
  MONTH TO DATE   14                         9      5        0
  SINCE JUN 1     66                        92    -26       75
  SINCE JUL 1     14                         9      5        0

 COOLING
  YESTERDAY        0                         5     -5        1
  MONTH TO DATE   32                        45    -13       81
  SINCE JUN 1     95                       136    -41      196
  SINCE JAN 1    150                       162    -12      205
..................................................................


WIND (MPH)
  RESULTANT WIND SPEED  MM   RESULTANT WIND DIRECTION  MM
  HIGHEST WIND SPEED    MM   HIGHEST WIND DIRECTION    MM
  HIGHEST GUST SPEED    MM   HIGHEST GUST DIRECTION    MM
  AVERAGE WIND SPEED    MM


SKY COVER
  POSSIBLE SUNSHINE  MM
  AVERAGE SKY COVER  MM


WEATHER CONDITIONS
 THE FOLLOWING WEATHER WAS RECORDED YESTERDAY.
  NO SIGNIFICANT WEATHER WAS OBSERVED.


RELATIVE HUMIDITY (PERCENT)
 HIGHEST    MM
 LOWEST     MM
 AVERAGE    MM

..........................................................


THE GRAND FORKS UNIV. (NWS) ND CLIMATE NORMALS FOR TODAY
                         NORMAL    RECORD    YEAR
 MAXIMUM TEMPERATURE (F)   81       108      1936
 MINIMUM TEMPERATURE (F)   58        43      1965
                                             1910


SUNRISE AND SUNSET
JULY 10 2014..........SUNRISE   540 AM CDT   SUNSET   927 PM CDT
JULY 11 2014..........SUNRISE   541 AM CDT   SUNSET   926 PM CDT


-  INDICATES NEGATIVE NUMBERS.
R  INDICATES RECORD WAS SET OR TIED.
MM INDICATES DATA IS MISSING.
T  INDICATES TRACE AMOUNT.




$$
