413
CDUS43 KFGF 090655
CLIFGF


CLIMATE REPORT
NATIONAL WEATHER SERVICE EASTERN NORTH DAKOTA/GRAND FORKS
1254 AM CST TUE FEB 9 2016


...................................

...THE GRAND FORKS UNIV. (NWS) ND CLIMATE SUMMARY FOR FEBRUARY 8 2016...

CLIMATE NORMAL PERIOD 1981 TO 2010
CLIMATE RECORD PERIOD 1890 TO 2016


WEATHER ITEM   OBSERVED TIME   RECORD YEAR NORMAL DEPARTURE LAST
                VALUE   (LST)  VALUE       VALUE  FROM      YEAR
                                                  NORMAL
..................................................................
TEMPERATURE (F)
 YESTERDAY
  MAXIMUM         13        MM  48    2000  20     -7       17
  MINIMUM          5        MM -32    1914   2      3        7
  AVERAGE          9                        11     -2       12

PRECIPITATION (IN)
  YESTERDAY        0.04          0.20   MM   0.01   0.03      T
  MONTH TO DATE    0.35                      0.13   0.22     0.01
  SINCE DEC 1      1.77                      1.49   0.28     0.41
  SINCE JAN 1      0.65                      0.84  -0.19     0.28

SNOWFALL (IN)
  YESTERDAY        0.8           2.8    MM   0.2    0.6      0.2
  MONTH TO DATE    3.2                       1.9    1.3      0.5
  SINCE DEC 1     22.7                      23.2   -0.5      8.3
  SINCE JUL 1     26.1                      30.3   -4.2     12.1
  SNOW DEPTH       5

DEGREE DAYS
 HEATING
  YESTERDAY       56                        54      2       53
  MONTH TO DATE  351                       438    -87      443
  SINCE DEC 1   3388                      3862   -474     3484
  SINCE JUL 1   4997                      5956   -959     5604

 COOLING
  YESTERDAY        0                         0      0        0
  MONTH TO DATE    0                         0      0        0
  SINCE DEC 1      0                         0      0        0
  SINCE JAN 1      0                         0      0        0
..................................................................


WIND (MPH)
  RESULTANT WIND SPEED  MM   RESULTANT WIND DIRECTION  MM
  HIGHEST WIND SPEED    MM   HIGHEST WIND DIRECTION    MM
  HIGHEST GUST SPEED    MM   HIGHEST GUST DIRECTION    MM
  AVERAGE WIND SPEED    MM


SKY COVER
  POSSIBLE SUNSHINE  MM
  AVERAGE SKY COVER  MM


WEATHER CONDITIONS
 THE FOLLOWING WEATHER WAS RECORDED YESTERDAY.
  NO SIGNIFICANT WEATHER WAS OBSERVED.


RELATIVE HUMIDITY (PERCENT)
 HIGHEST    MM
 LOWEST     MM
 AVERAGE    MM

..........................................................


THE GRAND FORKS UNIV. (NWS) ND CLIMATE NORMALS FOR TODAY
                         NORMAL    RECORD    YEAR
 MAXIMUM TEMPERATURE (F)   21        42      1976
 MINIMUM TEMPERATURE (F)    2       -32      1914


SUNRISE AND SUNSET
FEBRUARY  9 2016......SUNRISE   745 AM CST   SUNSET   541 PM CST
FEBRUARY 10 2016......SUNRISE   743 AM CST   SUNSET   542 PM CST


-  INDICATES NEGATIVE NUMBERS.
R  INDICATES RECORD WAS SET OR TIED.
MM INDICATES DATA IS MISSING.
T  INDICATES TRACE AMOUNT.




$$
