000
CDUS43 KFGF 030642
CLIFGF


CLIMATE REPORT
NATIONAL WEATHER SERVICE EASTERN NORTH DAKOTA/GRAND FORKS
140 AM CDT FRI JUL 3 2015


...................................

...THE GRAND FORKS UNIV. (NWS) ND CLIMATE SUMMARY FOR JULY 2 2015...

CLIMATE NORMAL PERIOD 1981 TO 2010
CLIMATE RECORD PERIOD 1890 TO 2015


WEATHER ITEM   OBSERVED TIME   RECORD YEAR NORMAL DEPARTURE LAST
                VALUE   (LST)  VALUE       VALUE  FROM      YEAR
                                                  NORMAL
..................................................................
TEMPERATURE (F)
 YESTERDAY
  MAXIMUM         81        MM  94    1990  80      1       73
  MINIMUM         59        MM  40    1917  58      1       47
  AVERAGE         70                        69      1       60

PRECIPITATION (IN)
  YESTERDAY        0.00          2.35   MM   0.12  -0.12     0.00
  MONTH TO DATE    0.00                      0.23  -0.23     0.06
  SINCE JUN 1      2.32                      3.97  -1.65     6.81
  SINCE JAN 1      8.22                     10.02  -1.80    13.80

SNOWFALL (IN)
  YESTERDAY        0.0           0.0    MM   0.0    0.0      0.0
  MONTH TO DATE    0.0                       0.0    0.0      0.0
  SINCE JUN 1      0.1                       0.0    0.1      0.0
  SINCE JUL 1      0.0                       0.0    0.0      0.0
  SNOW DEPTH       0

DEGREE DAYS
 HEATING
  YESTERDAY        0                         1     -1        5
  MONTH TO DATE    0                         2     -2       12
  SINCE JUN 1     46                        85    -39       64
  SINCE JUL 1      0                         2     -2       12

 COOLING
  YESTERDAY        5                         5      0        0
  MONTH TO DATE    9                        10     -1        0
  SINCE JUN 1    110                       101      9       63
  SINCE JAN 1    121                       127     -6      118
..................................................................


WIND (MPH)
  RESULTANT WIND SPEED  MM   RESULTANT WIND DIRECTION  MM
  HIGHEST WIND SPEED    MM   HIGHEST WIND DIRECTION    MM
  HIGHEST GUST SPEED    MM   HIGHEST GUST DIRECTION    MM
  AVERAGE WIND SPEED    MM


SKY COVER
  POSSIBLE SUNSHINE  MM
  AVERAGE SKY COVER  MM


WEATHER CONDITIONS
 THE FOLLOWING WEATHER WAS RECORDED YESTERDAY.
  THUNDERSTORM
  FOG
  HAZE


RELATIVE HUMIDITY (PERCENT)
 HIGHEST    MM
 LOWEST     MM
 AVERAGE    MM

..........................................................


THE GRAND FORKS UNIV. (NWS) ND CLIMATE NORMALS FOR TODAY
                         NORMAL    RECORD    YEAR
 MAXIMUM TEMPERATURE (F)   80        92      1980
 MINIMUM TEMPERATURE (F)   58        34      1972


SUNRISE AND SUNSET
JULY  3 2015..........SUNRISE   534 AM CDT   SUNSET   930 PM CDT
JULY  4 2015..........SUNRISE   535 AM CDT   SUNSET   930 PM CDT


-  INDICATES NEGATIVE NUMBERS.
R  INDICATES RECORD WAS SET OR TIED.
MM INDICATES DATA IS MISSING.
T  INDICATES TRACE AMOUNT.




$$
