000
CDUS43 KFGF 270638
CLIFGF


CLIMATE REPORT
NATIONAL WEATHER SERVICE EASTERN NORTH DAKOTA/GRAND FORKS
1235 AM CST SAT DEC 27 2014


...................................

...THE GRAND FORKS UNIV. (NWS) ND CLIMATE SUMMARY FOR DECEMBER 26 2014...

CLIMATE NORMAL PERIOD 1981 TO 2010
CLIMATE RECORD PERIOD 1890 TO 2014


WEATHER ITEM   OBSERVED TIME   RECORD YEAR NORMAL DEPARTURE LAST
                VALUE   (LST)  VALUE       VALUE  FROM      YEAR
                                                  NORMAL
..................................................................
TEMPERATURE (F)
 YESTERDAY
  MAXIMUM         25        MM  49    2011  17      8       23
  MINIMUM          6        MM -29    1934   1      5        6
  AVERAGE         16                         9      7       15

PRECIPITATION (IN)
  YESTERDAY        T             0.65   MM   0.02  -0.02      T
  MONTH TO DATE    0.12                      0.54  -0.42     0.66
  SINCE DEC 1      0.12                      0.54  -0.42     0.66
  SINCE JAN 1     22.68                     21.51   1.17    19.11

SNOWFALL (IN)
  YESTERDAY        T             6.6    MM   0.4   -0.4      0.2
  MONTH TO DATE    0.8                       8.9   -8.1     22.0
  SINCE DEC 1      0.8                       8.9   -8.1     22.0
  SINCE JUL 1      4.6                      16.0  -11.4     23.6
  SNOW DEPTH       T

DEGREE DAYS
 HEATING
  YESTERDAY       49                        56     -7       50
  MONTH TO DATE 1119                      1354   -235     1657
  SINCE DEC 1   1119                      1354   -235     1657
  SINCE JUL 1   3239                      3448   -209     3708

 COOLING
  YESTERDAY        0                         0      0        0
  MONTH TO DATE    0                         0      0        0
  SINCE DEC 1      0                         0      0        0
  SINCE JAN 1    395                       463    -68      528
..................................................................


WIND (MPH)
  RESULTANT WIND SPEED  MM   RESULTANT WIND DIRECTION  MM
  HIGHEST WIND SPEED    MM   HIGHEST WIND DIRECTION    MM
  HIGHEST GUST SPEED    MM   HIGHEST GUST DIRECTION    MM
  AVERAGE WIND SPEED    MM


SKY COVER
  POSSIBLE SUNSHINE  MM
  AVERAGE SKY COVER  MM


WEATHER CONDITIONS
 THE FOLLOWING WEATHER WAS RECORDED YESTERDAY.
  LIGHT SNOW


RELATIVE HUMIDITY (PERCENT)
 HIGHEST    MM
 LOWEST     MM
 AVERAGE    MM

..........................................................


THE GRAND FORKS UNIV. (NWS) ND CLIMATE NORMALS FOR TODAY
                         NORMAL    RECORD    YEAR
 MAXIMUM TEMPERATURE (F)   17        43      1928
 MINIMUM TEMPERATURE (F)    1       -30      1917


SUNRISE AND SUNSET
DECEMBER 27 2014......SUNRISE   817 AM CST   SUNSET   442 PM CST
DECEMBER 28 2014......SUNRISE   818 AM CST   SUNSET   443 PM CST


-  INDICATES NEGATIVE NUMBERS.
R  INDICATES RECORD WAS SET OR TIED.
MM INDICATES DATA IS MISSING.
T  INDICATES TRACE AMOUNT.




$$
