000
CDUS43 KFGF 230640
CLIFGF


CLIMATE REPORT
NATIONAL WEATHER SERVICE EASTERN NORTH DAKOTA/GRAND FORKS
136 AM CDT SAT MAY 23 2015


...................................

...THE GRAND FORKS UNIV. (NWS) ND CLIMATE SUMMARY FOR MAY 22 2015...

CLIMATE NORMAL PERIOD 1981 TO 2010
CLIMATE RECORD PERIOD 1890 TO 2015


WEATHER ITEM   OBSERVED TIME   RECORD YEAR NORMAL DEPARTURE LAST
                VALUE   (LST)  VALUE       VALUE  FROM      YEAR
                                                  NORMAL
..................................................................
TEMPERATURE (F)
 YESTERDAY
  MAXIMUM         78        MM  95    1980  70      8       72
  MINIMUM         42        MM  25    1963  46     -4       37
  AVERAGE         60                        58      2       55

PRECIPITATION (IN)
  YESTERDAY        0.00          2.13 1992   0.10  -0.10     0.00
  MONTH TO DATE    4.01                      1.81   2.20     1.82
  SINCE MAR 1      5.03                      3.81   1.22     5.57
  SINCE JAN 1      5.56                      5.11   0.45     6.30

SNOWFALL (IN)
  YESTERDAY        0.0           0.0    MM   0.0    0.0      0.0
  MONTH TO DATE    T                         0.1   -0.1      0.0
  SINCE MAR 1      3.0                       8.1   -5.1     14.6
  SINCE JUL 1     19.3                      43.4  -24.1     60.3
  SNOW DEPTH       0

DEGREE DAYS
 HEATING
  YESTERDAY        5                         8     -3       10
  MONTH TO DATE  300                       250     50      372
  SINCE MAR 1   1904                      2105   -201     2623
  SINCE JUL 1   8753                      9065   -312    10369

 COOLING
  YESTERDAY        0                         1     -1        0
  MONTH TO DATE    2                        17    -15        0
  SINCE MAR 1      2                        20    -18        0
  SINCE JAN 1      2                        20    -18        0
..................................................................


WIND (MPH)
  RESULTANT WIND SPEED  MM   RESULTANT WIND DIRECTION  MM
  HIGHEST WIND SPEED    MM   HIGHEST WIND DIRECTION    MM
  HIGHEST GUST SPEED    MM   HIGHEST GUST DIRECTION    MM
  AVERAGE WIND SPEED    MM


SKY COVER
  POSSIBLE SUNSHINE  MM
  AVERAGE SKY COVER  MM


WEATHER CONDITIONS
 THE FOLLOWING WEATHER WAS RECORDED YESTERDAY.
  NO SIGNIFICANT WEATHER WAS OBSERVED.


RELATIVE HUMIDITY (PERCENT)
 HIGHEST    MM
 LOWEST     MM
 AVERAGE    MM

..........................................................


THE GRAND FORKS UNIV. (NWS) ND CLIMATE NORMALS FOR TODAY
                         NORMAL    RECORD    YEAR
 MAXIMUM TEMPERATURE (F)   70        95      1928
 MINIMUM TEMPERATURE (F)   46        27      1917


SUNRISE AND SUNSET
MAY 23 2015...........SUNRISE   541 AM CDT   SUNSET   910 PM CDT
MAY 24 2015...........SUNRISE   540 AM CDT   SUNSET   911 PM CDT


-  INDICATES NEGATIVE NUMBERS.
R  INDICATES RECORD WAS SET OR TIED.
MM INDICATES DATA IS MISSING.
T  INDICATES TRACE AMOUNT.




$$
