000
CSUS97 KFGF 180726
CLIFGF


CLIMATE REPORT
NATIONAL WEATHER SERVICE EASTERN NORTH DAKOTA/GRAND FORKS
223 AM CDT THU SEP 18 2014


...................................

...THE GRAND FORKS UNIV. (NWS) ND CLIMATE SUMMARY FOR SEPTEMBER 17 2014...

CLIMATE NORMAL PERIOD 1981 TO 2010
CLIMATE RECORD PERIOD 1890 TO 2014


WEATHER ITEM   OBSERVED TIME   RECORD YEAR NORMAL DEPARTURE LAST
                VALUE   (LST)  VALUE       VALUE  FROM      YEAR
                                                  NORMAL
..................................................................
TEMPERATURE (F)
 YESTERDAY
  MAXIMUM         65        MM  92    1998  69     -4       64
  MINIMUM         44        MM  28    1959  46     -2       51
                                      1929
                                      1916
  AVERAGE         55                        57     -2       58

PRECIPITATION (IN)
  YESTERDAY        0.00          1.20   MM   0.06  -0.06     0.00
  MONTH TO DATE    0.69                      1.23  -0.54     0.47
  SINCE SEP 1      0.69                      1.23  -0.54     0.47
  SINCE JAN 1     21.11                     17.33   3.78    13.91

SNOWFALL (IN)
  YESTERDAY        0.0           0.0    MM   0.0    0.0      0.0
  MONTH TO DATE    0.0                       0.0    0.0      0.0
  SINCE SEP 1      0.0                       0.0    0.0      0.0
  SINCE JUL 1      0.0                       0.0    0.0      0.0
  SNOW DEPTH       0

DEGREE DAYS
 HEATING
  YESTERDAY       10                         8      2        7
  MONTH TO DATE  130                        97     33       55
  SINCE SEP 1    130                        97     33       55
  SINCE JUL 1    186                       161     25      114

 COOLING
  YESTERDAY        0                         1     -1        0
  MONTH TO DATE    5                        26    -21       33
  SINCE SEP 1      5                        26    -21       33
  SINCE JAN 1    369                       458    -89      515
..................................................................


WIND (MPH)
  RESULTANT WIND SPEED  MM   RESULTANT WIND DIRECTION  MM
  HIGHEST WIND SPEED    MM   HIGHEST WIND DIRECTION    MM
  HIGHEST GUST SPEED    MM   HIGHEST GUST DIRECTION    MM
  AVERAGE WIND SPEED    MM


SKY COVER
  POSSIBLE SUNSHINE  MM
  AVERAGE SKY COVER  MM


WEATHER CONDITIONS
 THE FOLLOWING WEATHER WAS RECORDED YESTERDAY.
  NO SIGNIFICANT WEATHER WAS OBSERVED.


RELATIVE HUMIDITY (PERCENT)
 HIGHEST    MM
 LOWEST     MM
 AVERAGE    MM

..........................................................


THE GRAND FORKS UNIV. (NWS) ND CLIMATE NORMALS FOR TODAY
                         NORMAL    RECORD    YEAR
 MAXIMUM TEMPERATURE (F)   69        91      1914
 MINIMUM TEMPERATURE (F)   45        24      1929


SUNRISE AND SUNSET
SEPTEMBER 18 2014.....SUNRISE   710 AM CDT   SUNSET   734 PM CDT
SEPTEMBER 19 2014.....SUNRISE   711 AM CDT   SUNSET   732 PM CDT


-  INDICATES NEGATIVE NUMBERS.
R  INDICATES RECORD WAS SET OR TIED.
MM INDICATES DATA IS MISSING.
T  INDICATES TRACE AMOUNT.




$$
