046
CDUS43 KFGF 202153
CLIFGF


CLIMATE REPORT
NATIONAL WEATHER SERVICE EASTERN NORTH DAKOTA/GRAND FORKS
450 PM CDT FRI OCT 20 2017


...................................

...THE GRAND FORKS UNIV. (NWS) ND CLIMATE SUMMARY FOR OCTOBER 20 2017...
VALID TODAY AS OF 0400 PM LOCAL TIME.

CLIMATE NORMAL PERIOD 1981 TO 2010
CLIMATE RECORD PERIOD 1893 TO 2017


WEATHER ITEM   OBSERVED TIME   RECORD YEAR NORMAL DEPARTURE LAST
                VALUE   (LST)  VALUE       VALUE  FROM      YEAR
                                                  NORMAL
..................................................................
TEMPERATURE (F)
 TODAY
  MAXIMUM         77        MM  79    1978  52     25       42
  MINIMUM         49        MM   9    1916  33     16       32
  AVERAGE         63                        42     21       37

PRECIPITATION (IN)
  TODAY            0.00          0.69 1894   0.06  -0.06     0.00
  MONTH TO DATE    0.14                      1.38  -1.24     1.14
  SINCE SEP 1      5.02                      3.43   1.59     6.11
  SINCE JAN 1     17.51                     19.53  -2.02    27.84

SNOWFALL (IN)
  TODAY            0.0           T    2013   0.1   -0.1      0.0
                                      2006
  MONTH TO DATE    0.0                       0.4   -0.4      0.0
  SINCE SEP 1      0.0                       0.4   -0.4      0.0
  SINCE JUL 1      T                         0.4   -0.4       T
  SNOW DEPTH       0

DEGREE DAYS
 HEATING
  TODAY            2                        23    -21       28
  MONTH TO DATE  284                       365    -81      329
  SINCE SEP 1    459                       605   -146      484
  SINCE JUL 1    477                       669   -192      502

 COOLING
  TODAY            0                         0      0        0
  MONTH TO DATE    0                         0      0        5
  SINCE SEP 1     43                        30     13       27
  SINCE JAN 1    440                       462    -22      461
..................................................................


WIND (MPH)
  HIGHEST WIND SPEED    MM   HIGHEST WIND DIRECTION    MM
  HIGHEST GUST SPEED    MM   HIGHEST GUST DIRECTION    MM
  AVERAGE WIND SPEED    MM


SKY COVER
  POSSIBLE SUNSHINE  MM
  AVERAGE SKY COVER  MM


WEATHER CONDITIONS
 THE FOLLOWING WEATHER WAS RECORDED TODAY.
  NO SIGNIFICANT WEATHER WAS OBSERVED.


RELATIVE HUMIDITY (PERCENT)
 HIGHEST    MM
 LOWEST     MM
 AVERAGE    MM

..........................................................


THE GRAND FORKS UNIV. (NWS) ND CLIMATE NORMALS FOR TOMORROW
                         NORMAL    RECORD    YEAR
 MAXIMUM TEMPERATURE (F)   51        79      1947
 MINIMUM TEMPERATURE (F)   32         9      1913


SUNRISE AND SUNSET
OCTOBER 20 2017.......SUNRISE   755 AM CDT   SUNSET   630 PM CDT
OCTOBER 21 2017.......SUNRISE   757 AM CDT   SUNSET   628 PM CDT


-  INDICATES NEGATIVE NUMBERS.
R  INDICATES RECORD WAS SET OR TIED.
MM INDICATES DATA IS MISSING.
T  INDICATES TRACE AMOUNT.




$$
