000
CDUS45 KFGZ 250748
CLIFLG
CLIMATE REPORT
NATIONAL WEATHER SERVICE FLAGSTAFF, AZ
1247 AM MST SAT MAR 25 2017


...................................

...THE FLAGSTAFF AZ AIRPORT CLIMATE SUMMARY FOR MARCH 24 2017...

CLIMATE NORMAL PERIOD 1981 TO 2010
CLIMATE RECORD PERIOD 1898 TO 2017


WEATHER ITEM   OBSERVED TIME   RECORD YEAR NORMAL DEPARTURE LAST
                VALUE   (LST)  VALUE       VALUE  FROM      YEAR
                                                  NORMAL
..................................................................
TEMPERATURE (F)
 YESTERDAY
  MAXIMUM         54    512 PM  70    1956  52      2       58
  MINIMUM         27    424 AM   0    1904  25      2       15
  AVERAGE         41                        38      3

PRECIPITATION (IN)
  YESTERDAY        0.00          1.14 1902   0.07  -0.07     0.00
  MONTH TO DATE    1.21                      1.73  -0.52     0.22
  SINCE SEP 1     16.71                     13.61   3.10    12.83
  SINCE JAN 1      8.10                      5.94   2.16     4.00

SNOWFALL (IN)
  YESTERDAY        0.0          11.2  1902   0.6             0.0
  MONTH TO DATE    8.0                      17.3             0.5
  SINCE JUL 1     90.3                      90.5            72.2
  SNOW DEPTH       4

DEGREE DAYS
 HEATING
  YESTERDAY       24                        27     -3       28
  MONTH TO DATE  549                       686   -137      565
  SINCE JUL 1   5014                      5525   -511     5252

 COOLING
  YESTERDAY        0                         0      0        0
  MONTH TO DATE    0                         0      0        0
  SINCE JAN 1      0                         0      0        0
..................................................................


WIND (MPH)
  HIGHEST WIND SPEED    15   HIGHEST WIND DIRECTION    NW (300)
  HIGHEST GUST SPEED    31   HIGHEST GUST DIRECTION     W (260)
  AVERAGE WIND SPEED     4.5


SKY COVER
  POSSIBLE SUNSHINE  MM
  AVERAGE SKY COVER 0.0


WEATHER CONDITIONS
 THE FOLLOWING WEATHER WAS RECORDED YESTERDAY.
  NO SIGNIFICANT WEATHER WAS OBSERVED.


RELATIVE HUMIDITY (PERCENT)
 HIGHEST    92          1100 PM
 LOWEST     22           100 PM
 AVERAGE    57

..........................................................


THE FLAGSTAFF AZ AIRPORT CLIMATE NORMALS FOR TODAY
                         NORMAL    RECORD    YEAR
 MAXIMUM TEMPERATURE (F)   52        72      1988
 MINIMUM TEMPERATURE (F)   25         1      1913


SUNRISE AND SUNSET
MARCH 25 2017.........SUNRISE   623 AM MST   SUNSET   643 PM MST
MARCH 26 2017.........SUNRISE   621 AM MST   SUNSET   644 PM MST


-  INDICATES NEGATIVE NUMBERS.
R  INDICATES RECORD WAS SET OR TIED.
MM INDICATES DATA IS MISSING.
T  INDICATES TRACE AMOUNT.




$$
&&

-------------------------------------------------------------------
SNOW DEPTH DATA FOR FLAGSTAFF AIRPORT IS REPORTED AT 5 AM MST


-------------------------------------------------------------------
SUPPLEMENTARY CLIMATE DATA FOR NWS BELLEMONT, ARIZONA

SNOW DEPTH (IN) AT 11 AM.........................................4
WATER EQUIVALENT OF SNOW PACK (IN) AT 11 AM*...................0.9
* ONLY MEASURED IF SNOW DEPTH IS 2.0 INCHES OR GREATER
-------------------------------------------------------------------
