000
CDUS45 KFGZ 270838
CLIFLG
CLIMATE REPORT
NATIONAL WEATHER SERVICE FLAGSTAFF, AZ
137 AM MST MON FEB 27 2017


...................................

...THE FLAGSTAFF AZ AIRPORT CLIMATE SUMMARY FOR FEBRUARY 26 2017...

CLIMATE NORMAL PERIOD 1981 TO 2010
CLIMATE RECORD PERIOD 1898 TO 2017


WEATHER ITEM   OBSERVED TIME   RECORD YEAR NORMAL DEPARTURE LAST
                VALUE   (LST)  VALUE       VALUE  FROM      YEAR
                                                  NORMAL
..................................................................
TEMPERATURE (F)
 YESTERDAY
  MAXIMUM         37    229 PM  71    1986  47    -10       64
  MINIMUM         25    723 AM  -7    1977  21      4       21
  AVERAGE         31                        34     -3

PRECIPITATION (IN)
  YESTERDAY        T             1.17 1902   0.08  -0.08     0.00
  MONTH TO DATE    0.72                      2.00  -1.28     0.37
  SINCE SEP 1     13.89                     11.72   2.17    12.61
  SINCE JAN 1      5.28                      4.05   1.23     3.78

SNOWFALL (IN)
  YESTERDAY        T             6.1  1962   0.7             0.0
  MONTH TO DATE    1.9                      19.5             7.8
  SINCE JUL 1     66.0                      71.8            71.7
  SNOW DEPTH       0

DEGREE DAYS
 HEATING
  YESTERDAY       34                        31      3       22
  MONTH TO DATE  742                       859   -117      767
  SINCE JUL 1   4395                      4775   -380     4626

 COOLING
  YESTERDAY        0                         0      0        0
  MONTH TO DATE    0                         0      0        0
  SINCE JAN 1      0                         0      0        0
..................................................................


WIND (MPH)
  HIGHEST WIND SPEED    21   HIGHEST WIND DIRECTION    SW (230)
  HIGHEST GUST SPEED    27   HIGHEST GUST DIRECTION    SW (230)
  AVERAGE WIND SPEED     8.4


SKY COVER
  POSSIBLE SUNSHINE  MM
  AVERAGE SKY COVER 0.8


WEATHER CONDITIONS
 THE FOLLOWING WEATHER WAS RECORDED YESTERDAY.
  LIGHT SNOW
  FOG


RELATIVE HUMIDITY (PERCENT)
 HIGHEST    81           200 AM
 LOWEST     47          1100 AM
 AVERAGE    64

..........................................................


THE FLAGSTAFF AZ AIRPORT CLIMATE NORMALS FOR TODAY
                         NORMAL    RECORD    YEAR
 MAXIMUM TEMPERATURE (F)   47        64      1921
 MINIMUM TEMPERATURE (F)   21       -12      1962


SUNRISE AND SUNSET
FEBRUARY 27 2017......SUNRISE   658 AM MST   SUNSET   621 PM MST
FEBRUARY 28 2017......SUNRISE   657 AM MST   SUNSET   622 PM MST


-  INDICATES NEGATIVE NUMBERS.
R  INDICATES RECORD WAS SET OR TIED.
MM INDICATES DATA IS MISSING.
T  INDICATES TRACE AMOUNT.




$$
&&

-------------------------------------------------------------------
SNOW DEPTH DATA FOR FLAGSTAFF AIRPORT IS REPORTED AT 5 AM MST


-------------------------------------------------------------------
SUPPLEMENTARY CLIMATE DATA FOR NWS BELLEMONT, ARIZONA

SNOW DEPTH (IN) AT 11 AM..........................................0
WATER EQUIVALENT OF SNOW PACK (IN) AT 11 AM*......................
* ONLY MEASURED IF SNOW DEPTH IS 2.0 INCHES OR GREATER
-------------------------------------------------------------------
