000
CDUS45 KFGZ 030800
CLIFLG

CLIMATE REPORT
NATIONAL WEATHER SERVICE FLAGSTAFF, AZ
1258 AM MST MON AUG 3 2015


...................................

...THE FLAGSTAFF AZ AIRPORT CLIMATE SUMMARY FOR AUGUST 2 2015...

CLIMATE NORMAL PERIOD 1981 TO 2010
CLIMATE RECORD PERIOD 1898 TO 2015


WEATHER ITEM   OBSERVED TIME   RECORD YEAR NORMAL DEPARTURE LAST
                VALUE   (LST)  VALUE       VALUE  FROM      YEAR
                                                  NORMAL
..................................................................
TEMPERATURE (F)
 YESTERDAY
  MAXIMUM         76    211 PM  93    1902  80     -4       76
  MINIMUM         53   1159 PM  43    1976  52      1       49
                                      1915
  AVERAGE         65                        66     -1

PRECIPITATION (IN)
  YESTERDAY        0.02          1.71 1963   0.11  -0.09     0.23
  MONTH TO DATE    0.02                      0.22  -0.20     0.66
  SINCE SEP 1     23.25                     18.97   4.28    15.30
  SINCE JAN 1     15.42                     11.30   4.12     8.19

SNOWFALL (IN)
  YESTERDAY        0.0           0.0  2002   0.0             0.0
                                      2001
                                      2000
  MONTH TO DATE    0.0                       0.0             0.0
  SINCE JUL 1      0.0                       0.0             0.0
  SNOW DEPTH       0

DEGREE DAYS
 HEATING
  YESTERDAY        0                         1     -1        2
  MONTH TO DATE    0                         2     -2        3
  SINCE JUL 1     59                        34     25        4

 COOLING
  YESTERDAY        0                         2     -2        0
  MONTH TO DATE    1                         4     -3        0
  SINCE JAN 1     77                        85     -8       98
..................................................................


WIND (MPH)
  HIGHEST WIND SPEED    21   HIGHEST WIND DIRECTION    SW (220)
  HIGHEST GUST SPEED    30   HIGHEST GUST DIRECTION     W (260)
  AVERAGE WIND SPEED     4.4


SKY COVER
  POSSIBLE SUNSHINE  MM
  AVERAGE SKY COVER 0.4


WEATHER CONDITIONS
 THE FOLLOWING WEATHER WAS RECORDED YESTERDAY.
  THUNDERSTORM
  LIGHT RAIN


RELATIVE HUMIDITY (PERCENT)
 HIGHEST    93           100 AM
 LOWEST     41           200 PM
 AVERAGE    67

..........................................................


THE FLAGSTAFF AZ AIRPORT CLIMATE NORMALS FOR TODAY
                         NORMAL    RECORD    YEAR
 MAXIMUM TEMPERATURE (F)   80        91      1994
 MINIMUM TEMPERATURE (F)   52        37      1956


SUNRISE AND SUNSET
AUGUST  3 2015........SUNRISE   537 AM MST   SUNSET   728 PM MST
AUGUST  4 2015........SUNRISE   538 AM MST   SUNSET   727 PM MST


-  INDICATES NEGATIVE NUMBERS.
R  INDICATES RECORD WAS SET OR TIED.
MM INDICATES DATA IS MISSING.
T  INDICATES TRACE AMOUNT.




$$
