000
CDUS45 KFGZ 300055
CLIFLG
CLIMATE REPORT
NATIONAL WEATHER SERVICE FLAGSTAFF, AZ
554 PM MST FRI MAY 29 2015


...................................

...THE FLAGSTAFF AZ AIRPORT CLIMATE SUMMARY FOR MAY 29 2015...
VALID TODAY AS OF 0500 PM LOCAL TIME.

CLIMATE NORMAL PERIOD 1981 TO 2010
CLIMATE RECORD PERIOD 1898 TO 2015


WEATHER ITEM   OBSERVED TIME   RECORD YEAR NORMAL DEPARTURE LAST
                VALUE   (LST)  VALUE       VALUE  FROM      YEAR
                                                  NORMAL
..................................................................
TEMPERATURE (F)
 TODAY
  MAXIMUM         74    358 PM  86    2000  72      2       68
                                      1910
  MINIMUM         40    513 AM  22    1918  37      3       43
  AVERAGE         57                        55      2       56

PRECIPITATION (IN)
  TODAY            T             0.92 1992   0.02  -0.02     0.07
  MONTH TO DATE    1.80                      0.59   1.21     0.12
  SINCE SEP 1     18.76                     15.74   3.02    10.32
  SINCE JAN 1     10.93                      8.07   2.86     3.21

SNOWFALL (IN)
  TODAY            0.0           2.5  1971   0.0    0.0      0.0
  MONTH TO DATE    5.9                       0.7    5.2      0.4
  SINCE SEP 1     62.9                     101.7  -38.8     44.4
  SNOW DEPTH       0

DEGREE DAYS
 HEATING
  TODAY            8                        10     -2        9
  MONTH TO DATE  523                       396    127      406
  SINCE JUL 1   5923                      6752   -829     6407

 COOLING
  TODAY            0                         0      0        0
  MONTH TO DATE    0                         0      0        0
  SINCE JAN 1      0                         0      0        0
..................................................................


WIND (MPH)
  HIGHEST WIND SPEED    20   HIGHEST WIND DIRECTION    NE (50)
  HIGHEST GUST SPEED    26   HIGHEST GUST DIRECTION    NE (50)
  AVERAGE WIND SPEED     5.2


SKY COVER
  POSSIBLE SUNSHINE  MM
  AVERAGE SKY COVER 0.2


WEATHER CONDITIONS
 THE FOLLOWING WEATHER WAS RECORDED TODAY.
  NO SIGNIFICANT WEATHER WAS OBSERVED.


RELATIVE HUMIDITY (PERCENT)
 HIGHEST    62           600 AM
 LOWEST     23          1200 PM
 AVERAGE    43

..........................................................


THE FLAGSTAFF AZ AIRPORT CLIMATE NORMALS FOR TOMORROW
                         NORMAL    RECORD    YEAR
 MAXIMUM TEMPERATURE (F)   73        88      2002
 MINIMUM TEMPERATURE (F)   37        18      1918


SUNRISE AND SUNSET
MAY 29 2015...........SUNRISE   515 AM MST   SUNSET   734 PM MST
MAY 30 2015...........SUNRISE   514 AM MST   SUNSET   734 PM MST


-  INDICATES NEGATIVE NUMBERS.
R  INDICATES RECORD WAS SET OR TIED.
MM INDICATES DATA IS MISSING.
T  INDICATES TRACE AMOUNT.




$$
&&

-------------------------------------------------------------------
SNOW DEPTH DATA FOR FLAGSTAFF AIRPORT IS REPORTED AT 5 AM MST


-------------------------------------------------------------------
SUPPLEMENTARY CLIMATE DATA FOR NWS BELLEMONT, ARIZONA

SNOW DEPTH (IN) AT 11 AM........................................ 0
WATER EQUIVALENT OF SNOW PACK (IN) AT 11 AM*.....................
* ONLY MEASURED IF SNOW DEPTH IS 2.0 INCHES OR GREATER
-------------------------------------------------------------------
