000
CDUS42 KMFL 220838
CLIFLL


CLIMATE REPORT
NATIONAL WEATHER SERVICE MIAMI, FL
437 AM EDT MON SEP 22 2014


...................................

...THE FORT LAUDERDALE CLIMATE SUMMARY FOR SEPTEMBER 21 2014...

CLIMATE NORMAL PERIOD 1981 TO 2010
CLIMATE RECORD PERIOD 1839 TO 2014


WEATHER ITEM   OBSERVED TIME   RECORD YEAR NORMAL DEPARTURE LAST
                VALUE   (LST)  VALUE       VALUE  FROM      YEAR
                                                  NORMAL
..................................................................
TEMPERATURE (F)
 YESTERDAY
  MAXIMUM         89   1237 PM  94    1987  89      0       86
  MINIMUM         74    706 PM  68    1925  77     -3       75
                                      1913
  AVERAGE         82                        83     -1       81

PRECIPITATION (IN)
  YESTERDAY        0.19          3.20 1948   0.30  -0.11     0.08
  MONTH TO DATE    7.01                      6.11   0.90     2.70
  SINCE JUN 1     30.54                     29.69   0.85    34.95
  SINCE JAN 1     51.14                     47.18   3.96    59.73

SNOWFALL (IN)
  YESTERDAY        0.0
  MONTH TO DATE    0.0
  SINCE SEP 1      0.0
  SINCE JUL 1      0.0
  SNOW DEPTH       0

DEGREE DAYS
 HEATING
  YESTERDAY        0                         0      0        0
  MONTH TO DATE    0                         0      0        0
  SINCE SEP 1      0                         0      0        0
  SINCE JUL 1      0                         0      0        0

 COOLING
  YESTERDAY       17                        18     -1       16
  MONTH TO DATE  396                       384     12      357
  SINCE SEP 1    396                       384     12      357
  SINCE JAN 1   3706                      3550    156     3404
..................................................................


WIND (MPH)
  HIGHEST WIND SPEED    22   HIGHEST WIND DIRECTION     N (10)
  HIGHEST GUST SPEED    28   HIGHEST GUST DIRECTION     N (360)
  AVERAGE WIND SPEED     4.2


SKY COVER
  AVERAGE SKY COVER 0.6


WEATHER CONDITIONS
 THE FOLLOWING WEATHER WAS RECORDED YESTERDAY.
  THUNDERSTORM
  HEAVY RAIN
  LIGHT RAIN
  FOG


RELATIVE HUMIDITY (PERCENT)
 HIGHEST    94
 LOWEST     65
 AVERAGE    80

..........................................................


THE FORT LAUDERDALE CLIMATE NORMALS FOR TODAY
                         NORMAL    RECORD    YEAR
 MAXIMUM TEMPERATURE (F)   89        94      1921
 MINIMUM TEMPERATURE (F)   77        65      1938


SUNRISE AND SUNSET
SEPTEMBER 22 2014.....SUNRISE   709 AM EDT   SUNSET   717 PM EDT
SEPTEMBER 23 2014.....SUNRISE   710 AM EDT   SUNSET   716 PM EDT


-  INDICATES NEGATIVE NUMBERS.
R  INDICATES RECORD WAS SET OR TIED.
MM INDICATES DATA IS MISSING.
T  INDICATES TRACE AMOUNT.




$$
