000
CDUS42 KMFL 060824
CLIFLL


CLIMATE REPORT
NATIONAL WEATHER SERVICE MIAMI, FL
423 AM EDT MON JUL 6 2015


...................................

...THE FORT LAUDERDALE CLIMATE SUMMARY FOR JULY 5 2015...

CLIMATE NORMAL PERIOD 1981 TO 2010
CLIMATE RECORD PERIOD 1839 TO 2015


WEATHER ITEM   OBSERVED TIME   RECORD YEAR NORMAL DEPARTURE LAST
                VALUE   (LST)  VALUE       VALUE  FROM      YEAR
                                                  NORMAL
..................................................................
TEMPERATURE (F)
 YESTERDAY
  MAXIMUM         91   1243 PM  95    1949  90      1       89
                                      1914
  MINIMUM         78   1159 PM  69    1938  78      0       77
                                      1929
                                      1924
  AVERAGE         85                        84      1       83

PRECIPITATION (IN)
  YESTERDAY        0.00          1.89 2010   0.22  -0.22     0.92
  MONTH TO DATE    T                         1.15  -1.15     3.13
  SINCE JUN 1      1.09                     11.31 -10.22    11.77
  SINCE JAN 1     15.14                     28.80 -13.66    32.37

SNOWFALL (IN)
  YESTERDAY        0.0
  MONTH TO DATE    0.0
  SINCE JUN 1      0.0
  SINCE JUL 1      0.0
  SNOW DEPTH       0

DEGREE DAYS
 HEATING
  YESTERDAY        0                         0      0        0
  MONTH TO DATE    0                         0      0        0
  SINCE JUN 1      0                         0      0        0
  SINCE JUL 1      0                         0      0        0

 COOLING
  YESTERDAY       20                        19      1       18
  MONTH TO DATE  103                        95      8       98
  SINCE JUN 1    665                       638     27      614
  SINCE JAN 1   2201                      2056    145     2149
..................................................................


WIND (MPH)
  HIGHEST WIND SPEED    18   HIGHEST WIND DIRECTION     N (360)
  HIGHEST GUST SPEED    25   HIGHEST GUST DIRECTION     N (360)
  AVERAGE WIND SPEED    11.9


SKY COVER
  AVERAGE SKY COVER 0.4


WEATHER CONDITIONS
 THE FOLLOWING WEATHER WAS RECORDED YESTERDAY.
  HEAVY RAIN
  RAIN
  FOG


RELATIVE HUMIDITY (PERCENT)
 HIGHEST    80
 LOWEST     56
 AVERAGE    68

..........................................................


THE FORT LAUDERDALE CLIMATE NORMALS FOR TODAY
                         NORMAL    RECORD    YEAR
 MAXIMUM TEMPERATURE (F)   90        97      1954
 MINIMUM TEMPERATURE (F)   78        69      1949
                                             1922


SUNRISE AND SUNSET
JULY  6 2015..........SUNRISE   634 AM EDT   SUNSET   817 PM EDT
JULY  7 2015..........SUNRISE   634 AM EDT   SUNSET   816 PM EDT


-  INDICATES NEGATIVE NUMBERS.
R  INDICATES RECORD WAS SET OR TIED.
MM INDICATES DATA IS MISSING.
T  INDICATES TRACE AMOUNT.




$$
