000
CDUS42 KMFL 302126
CLIFLL


CLIMATE REPORT
NATIONAL WEATHER SERVICE MIAMI, FL
425 PM EST FRI JAN 30 2015


...................................

...THE FORT LAUDERDALE CLIMATE SUMMARY FOR JANUARY 30 2015...
VALID TODAY AS OF 0400 PM LOCAL TIME.

CLIMATE NORMAL PERIOD 1981 TO 2010
CLIMATE RECORD PERIOD 1839 TO 2015


WEATHER ITEM   OBSERVED TIME   RECORD YEAR NORMAL DEPARTURE LAST
                VALUE   (LST)  VALUE       VALUE  FROM      YEAR
                                                  NORMAL
..................................................................
TEMPERATURE (F)
 TODAY
  MAXIMUM         75    314 PM  85    1991  77     -2       69
                                      1923
  MINIMUM         59    806 AM  38    1978  63     -4       60
  AVERAGE         67                        70     -3       65

PRECIPITATION (IN)
  TODAY            0.00          1.30 1953   0.18  -0.18     0.68
  MONTH TO DATE    3.39                      3.45  -0.06     3.21
  SINCE NOV 1      8.50                      9.15  -0.65    15.33
  SINCE JAN 1      3.39                      3.45  -0.06     3.21

SNOWFALL (IN)
  TODAY            0.0
  MONTH TO DATE    0.0
  SINCE DEC 1      0.0
  SINCE JUL 1      0.0
  SNOW DEPTH       0

DEGREE DAYS
 HEATING
  TODAY            0                         1     -1
  MONTH TO DATE   23                        46    -23
  SINCE DEC 1     39                        76    -37
  SINCE JUL 1     49                        78    -29

 COOLING
  TODAY            2                         6     -4
  MONTH TO DATE  165                       166     -1
  SINCE DEC 1    377                       382     -5
  SINCE JAN 1    165                       166     -1
..................................................................


WIND (MPH)
  HIGHEST WIND SPEED    14   HIGHEST WIND DIRECTION    NW (300)
  HIGHEST GUST SPEED    17   HIGHEST GUST DIRECTION     W (250)
  AVERAGE WIND SPEED     5.6


SKY COVER
  AVERAGE SKY COVER 0.6


WEATHER CONDITIONS
 THE FOLLOWING WEATHER WAS RECORDED TODAY.
  NO SIGNIFICANT WEATHER WAS OBSERVED.


RELATIVE HUMIDITY (PERCENT)
 HIGHEST    80
 LOWEST     41
 AVERAGE    61

..........................................................


THE FORT LAUDERDALE CLIMATE NORMALS FOR TOMORROW
                         NORMAL    RECORD    YEAR
 MAXIMUM TEMPERATURE (F)   77        86      1991
                                             1973
 MINIMUM TEMPERATURE (F)   63        32      1966


SUNRISE AND SUNSET
JANUARY 30 2015.......SUNRISE   706 AM EST   SUNSET   602 PM EST
JANUARY 31 2015.......SUNRISE   705 AM EST   SUNSET   603 PM EST


-  INDICATES NEGATIVE NUMBERS.
R  INDICATES RECORD WAS SET OR TIED.
MM INDICATES DATA IS MISSING.
T  INDICATES TRACE AMOUNT.




$$
