000
CDUS42 KMFL 040925
CLIFLL


CLIMATE REPORT
NATIONAL WEATHER SERVICE MIAMI, FL
422 AM EST SUN DEC 4 2016


...................................

...THE FORT LAUDERDALE CLIMATE SUMMARY FOR DECEMBER 3 2016...

CLIMATE NORMAL PERIOD 1981 TO 2010
CLIMATE RECORD PERIOD 1912 TO 2016


WEATHER ITEM   OBSERVED TIME   RECORD YEAR NORMAL DEPARTURE LAST
                VALUE   (LST)  VALUE       VALUE  FROM      YEAR
                                                  NORMAL
..................................................................
TEMPERATURE (F)
 YESTERDAY
  MAXIMUM         79    217 PM  89    2009  80     -1       78
  MINIMUM         74    738 PM  42    1935  67      7       70
  AVERAGE         77                        73      4       74

PRECIPITATION (IN)
  YESTERDAY        0.00          0.85 1948   0.09  -0.09     0.59
  MONTH TO DATE    0.67                      0.23   0.44     1.65
  SINCE NOV 1      1.71                      3.47  -1.76     6.53
  SINCE JAN 1     47.38                     59.95 -12.57    43.26

SNOWFALL (IN)
  YESTERDAY        0.0
  MONTH TO DATE    0.0
  SINCE DEC 1      0.0
  SINCE JUL 1      0.0
  SNOW DEPTH       0

DEGREE DAYS
 HEATING
  YESTERDAY        0                         0      0        0
  MONTH TO DATE    0                         0      0        0
  SINCE DEC 1      0                         0      0        0
  SINCE JUL 1      0                         2     -2        0

 COOLING
  YESTERDAY       12                         8      4        9
  MONTH TO DATE   34                        25      9       31
  SINCE DEC 1     34                        25      9       31
  SINCE JAN 1   4560                      4538     22     4824
..................................................................


WIND (MPH)
  HIGHEST WIND SPEED    17   HIGHEST WIND DIRECTION     E (100)
  HIGHEST GUST SPEED    22   HIGHEST GUST DIRECTION     E (70)
  AVERAGE WIND SPEED    11.5


SKY COVER
  AVERAGE SKY COVER 0.7


WEATHER CONDITIONS
 THE FOLLOWING WEATHER WAS RECORDED YESTERDAY.
  NO SIGNIFICANT WEATHER WAS OBSERVED.


RELATIVE HUMIDITY (PERCENT)
 HIGHEST    82
 LOWEST     58
 AVERAGE    70

..........................................................


THE FORT LAUDERDALE CLIMATE NORMALS FOR TODAY
                         NORMAL    RECORD    YEAR
 MAXIMUM TEMPERATURE (F)   79        88      1983
 MINIMUM TEMPERATURE (F)   66        43      1954


SUNRISE AND SUNSET
DECEMBER  4 2016......SUNRISE   653 AM EST   SUNSET   529 PM EST
DECEMBER  5 2016......SUNRISE   654 AM EST   SUNSET   529 PM EST


-  INDICATES NEGATIVE NUMBERS.
R  INDICATES RECORD WAS SET OR TIED.
MM INDICATES DATA IS MISSING.
T  INDICATES TRACE AMOUNT.




$$
