000
CDUS42 KMFL 250821
CLIFLL


CLIMATE REPORT
NATIONAL WEATHER SERVICE MIAMI, FL
421 AM EDT MON JUL 25 2016


...................................

...THE FORT LAUDERDALE CLIMATE SUMMARY FOR JULY 24 2016...

CLIMATE NORMAL PERIOD 1981 TO 2010
CLIMATE RECORD PERIOD 1912 TO 2016


WEATHER ITEM   OBSERVED TIME   RECORD YEAR NORMAL DEPARTURE LAST
                VALUE   (LST)  VALUE       VALUE  FROM      YEAR
                                                  NORMAL
..................................................................
TEMPERATURE (F)
 YESTERDAY
  MAXIMUM         86    903 AM  97    1924  91     -5       96
  MINIMUM         76   1044 AM  69    1933  79     -3       80
  AVERAGE         81                        85     -4       88

PRECIPITATION (IN)
  YESTERDAY        0.04          1.70 1985   0.17  -0.13     0.00
  MONTH TO DATE    1.50                      4.74  -3.24     1.64
  SINCE JUN 1     10.55                     14.90  -4.35     2.73
  SINCE JAN 1     29.50                     32.39  -2.89    16.78

SNOWFALL (IN)
  YESTERDAY        0.0
  MONTH TO DATE    0.0
  SINCE JUN 1      0.0
  SINCE JUL 1      0.0
  SNOW DEPTH       0

DEGREE DAYS
 HEATING
  YESTERDAY        0                         0      0        0
  MONTH TO DATE    0                         0      0        0
  SINCE JUN 1      0                         0      0        0
  SINCE JUL 1      0                         0      0        0

 COOLING
  YESTERDAY       16                        20     -4       23
  MONTH TO DATE  490                       461     29      481
  SINCE JUN 1   1051                      1004     47     1043
  SINCE JAN 1   2465                      2422     43     2579
..................................................................


WIND (MPH)
  HIGHEST WIND SPEED    26   HIGHEST WIND DIRECTION    SE (130)
  HIGHEST GUST SPEED    30   HIGHEST GUST DIRECTION    SE (130)
  AVERAGE WIND SPEED     5.1


SKY COVER
  AVERAGE SKY COVER 0.8


WEATHER CONDITIONS
 THE FOLLOWING WEATHER WAS RECORDED YESTERDAY.
  THUNDERSTORM
  FOG
  HAZE


RELATIVE HUMIDITY (PERCENT)
 HIGHEST    85
 LOWEST     61
 AVERAGE    73

..........................................................


THE FORT LAUDERDALE CLIMATE NORMALS FOR TODAY
                         NORMAL    RECORD    YEAR
 MAXIMUM TEMPERATURE (F)   91        98      1975
 MINIMUM TEMPERATURE (F)   79        69      1988
                                             1928


SUNRISE AND SUNSET
JULY 25 2016..........SUNRISE   643 AM EDT   SUNSET   811 PM EDT
JULY 26 2016..........SUNRISE   644 AM EDT   SUNSET   810 PM EDT


-  INDICATES NEGATIVE NUMBERS.
R  INDICATES RECORD WAS SET OR TIED.
MM INDICATES DATA IS MISSING.
T  INDICATES TRACE AMOUNT.




$$
