000
CDUS42 KMFL 240936
CLIFLL


CLIMATE REPORT
NATIONAL WEATHER SERVICE MIAMI, FL
435 AM EST TUE JAN 24 2017


...................................

...THE FORT LAUDERDALE CLIMATE SUMMARY FOR JANUARY 23 2017...

CLIMATE NORMAL PERIOD 1981 TO 2010
CLIMATE RECORD PERIOD 1912 TO 2017


WEATHER ITEM   OBSERVED TIME   RECORD YEAR NORMAL DEPARTURE LAST
                VALUE   (LST)  VALUE       VALUE  FROM      YEAR
                                                  NORMAL
..................................................................
TEMPERATURE (F)
 YESTERDAY
  MAXIMUM         79    248 AM  86    2007  77      2       67
                                      1973
  MINIMUM         66   1159 PM  33    1960  62      4       51
  AVERAGE         73                        69      4       59

PRECIPITATION (IN)
  YESTERDAY        0.58          2.62 1983   0.17   0.41     0.00
  MONTH TO DATE    1.23                      2.23  -1.00     5.00
  SINCE NOV 1      5.86                      7.93  -2.07    16.22
  SINCE JAN 1      1.23                      2.23  -1.00     5.00

SNOWFALL (IN)
  YESTERDAY        0.0
  MONTH TO DATE    0.0
  SINCE DEC 1      0.0
  SINCE JUL 1      0.0
  SNOW DEPTH      MM

DEGREE DAYS
 HEATING
  YESTERDAY        0                         1     -1        6
  MONTH TO DATE   11                        39    -28       21
  SINCE DEC 1     13                        69    -56       21
  SINCE JUL 1     13                        71    -58       21

 COOLING
  YESTERDAY        8                         5      3        0
  MONTH TO DATE  189                       124     65       98
  SINCE DEC 1    532                       340    192      495
  SINCE JAN 1    189                       124     65       98
..................................................................


WIND (MPH)
  HIGHEST WIND SPEED    33   HIGHEST WIND DIRECTION     W (270)
  HIGHEST GUST SPEED    43   HIGHEST GUST DIRECTION     W (260)
  AVERAGE WIND SPEED    17.7


SKY COVER
  AVERAGE SKY COVER  MM


WEATHER CONDITIONS
 THE FOLLOWING WEATHER WAS RECORDED YESTERDAY.
  THUNDERSTORM
  FOG


RELATIVE HUMIDITY (PERCENT)
 HIGHEST    MM
 LOWEST     MM
 AVERAGE    MM

..........................................................


THE FORT LAUDERDALE CLIMATE NORMALS FOR TODAY
                         NORMAL    RECORD    YEAR
 MAXIMUM TEMPERATURE (F)   77        86      1965
 MINIMUM TEMPERATURE (F)   62        34      1960


SUNRISE AND SUNSET
JANUARY 24 2017.......SUNRISE   708 AM EST   SUNSET   558 PM EST
JANUARY 25 2017.......SUNRISE   707 AM EST   SUNSET   559 PM EST


-  INDICATES NEGATIVE NUMBERS.
R  INDICATES RECORD WAS SET OR TIED.
MM INDICATES DATA IS MISSING.
T  INDICATES TRACE AMOUNT.




$$
