000
CDUS42 KILM 262041
CLIFLO


CLIMATE REPORT
NATIONAL WEATHER SERVICE WILMINGTON NC
440 PM EDT THU MAR 26 2015


...................................

...THE FLORENCE SC CLIMATE SUMMARY FOR MARCH 26 2015...
VALID TODAY AS OF 0400 PM LOCAL TIME.

CLIMATE NORMAL PERIOD 1981 TO 2010
CLIMATE RECORD PERIOD 1948 TO 2015


WEATHER ITEM   OBSERVED TIME   RECORD YEAR NORMAL DEPARTURE LAST
                VALUE   (LST)  VALUE       VALUE  FROM      YEAR
                                                  NORMAL
..................................................................
TEMPERATURE (F)
 TODAY
  MAXIMUM         78    259 PM  86    1967  71      7       53
  MINIMUM         62    615 AM  29    2014  46     16       29
  AVERAGE         70                        58     12       41

PRECIPITATION (IN)
  TODAY            0.01          0.91 1964   0.11  -0.10     0.00
  MONTH TO DATE    2.61                      2.80  -0.19     2.66
  SINCE MAR 1      2.61                      2.80  -0.19     2.66
  SINCE JAN 1      9.54                      8.95   0.59     8.38

SNOWFALL (IN)
  TODAY           MM
  MONTH TO DATE   MM
  SINCE MAR 1     MM
  SINCE JUL 1     MM
  SNOW DEPTH      MM

DEGREE DAYS
 HEATING
  TODAY            0                         8     -8       24
  MONTH TO DATE  190                       274    -84      401
  SINCE MAR 1    190                       274    -84      401
  SINCE JUL 1   2428                      2340     88     2530

 COOLING
  TODAY            5                         1      4        0
  MONTH TO DATE   24                        13     11        0
  SINCE MAR 1     24                        13     11        0
  SINCE JAN 1     27                        19      8        6
..................................................................


WIND (MPH)
  HIGHEST WIND SPEED    18   HIGHEST WIND DIRECTION    SW (220)
  HIGHEST GUST SPEED    22   HIGHEST GUST DIRECTION     W (260)
  AVERAGE WIND SPEED     8.8


SKY COVER
  POSSIBLE SUNSHINE  MM
  AVERAGE SKY COVER 0.8


WEATHER CONDITIONS
 THE FOLLOWING WEATHER WAS RECORDED TODAY.
  LIGHT RAIN
  FOG


RELATIVE HUMIDITY (PERCENT)
 HIGHEST   100           300 AM
 LOWEST     47           200 PM
 AVERAGE    74

..........................................................


THE FLORENCE SC CLIMATE NORMALS FOR TOMORROW
                         NORMAL    RECORD    YEAR
 MAXIMUM TEMPERATURE (F)   71        86      1949
 MINIMUM TEMPERATURE (F)   46        22      1955


SUNRISE AND SUNSET
MARCH 26 2015.........SUNRISE   715 AM EDT   SUNSET   735 PM EDT
MARCH 27 2015.........SUNRISE   713 AM EDT   SUNSET   736 PM EDT


-  INDICATES NEGATIVE NUMBERS.
R  INDICATES RECORD WAS SET OR TIED.
MM INDICATES DATA IS MISSING.
T  INDICATES TRACE AMOUNT.




$$
