088
CDUS42 KILM 182200
CLIFLO


CLIMATE REPORT
NATIONAL WEATHER SERVICE WILMINGTON NC
500 PM EST WED JAN 18 2017


...................................

...THE FLORENCE SC CLIMATE SUMMARY FOR JANUARY 18 2017...
VALID TODAY AS OF 0400 PM LOCAL TIME.

CLIMATE NORMAL PERIOD 1981 TO 2010
CLIMATE RECORD PERIOD 1948 TO 2017


WEATHER ITEM   OBSERVED TIME   RECORD YEAR NORMAL DEPARTURE LAST
                VALUE   (LST)  VALUE       VALUE  FROM      YEAR
                                                  NORMAL
..................................................................
TEMPERATURE (F)
 TODAY
  MAXIMUM         79R   246 PM  79    1996  55     24       45
  MINIMUM         61    336 AM  17    2003  35     26       26
                                      1959
  AVERAGE         70                        45     25       36

PRECIPITATION (IN)
  TODAY            0.00          1.22 1963   0.10  -0.10     0.00
  MONTH TO DATE    2.13                      1.90   0.23     0.81
  SINCE DEC 1      6.70                      4.91   1.79     7.90
  SINCE JAN 1      2.13                      1.90   0.23     0.81

SNOWFALL (IN)
  TODAY           MM
  MONTH TO DATE   MM
  SINCE DEC 1     MM
  SINCE JUL 1     MM
  SNOW DEPTH      MM

DEGREE DAYS
 HEATING
  TODAY            0                        20    -20       29
  MONTH TO DATE  240                       367   -127      373
  SINCE DEC 1    735                       924   -189      594
  SINCE JUL 1   1048                      1346   -298      858

 COOLING
  TODAY            5                         0      5        0
  MONTH TO DATE    5                         0      5        0
  SINCE DEC 1      9                         4      5       57
  SINCE JAN 1      5                         0      5        0
..................................................................


WIND (MPH)
  HIGHEST WIND SPEED    20   HIGHEST WIND DIRECTION    SW (240)
  HIGHEST GUST SPEED    27   HIGHEST GUST DIRECTION     W (290)
  AVERAGE WIND SPEED    12.6


SKY COVER
  POSSIBLE SUNSHINE  MM
  AVERAGE SKY COVER 0.1


WEATHER CONDITIONS
 THE FOLLOWING WEATHER WAS RECORDED TODAY.
  NO SIGNIFICANT WEATHER WAS OBSERVED.


RELATIVE HUMIDITY (PERCENT)
 HIGHEST    84          1200 AM
 LOWEST     37           400 PM
 AVERAGE    61

..........................................................


THE FLORENCE SC CLIMATE NORMALS FOR TOMORROW
                         NORMAL    RECORD    YEAR
 MAXIMUM TEMPERATURE (F)   55        78      2001
 MINIMUM TEMPERATURE (F)   35        12      1994


SUNRISE AND SUNSET
JANUARY 18 2017.......SUNRISE   724 AM EST   SUNSET   536 PM EST
JANUARY 19 2017.......SUNRISE   723 AM EST   SUNSET   537 PM EST


-  INDICATES NEGATIVE NUMBERS.
R  INDICATES RECORD WAS SET OR TIED.
MM INDICATES DATA IS MISSING.
T  INDICATES TRACE AMOUNT.




$$
