000
CDUS42 KILM 042049
CLIFLO


CLIMATE REPORT
NATIONAL WEATHER SERVICE WILMINGTON NC
447 PM EDT TUE AUG 4 2015


...................................

...THE FLORENCE SC CLIMATE SUMMARY FOR AUGUST 4 2015...
VALID TODAY AS OF 0400 PM LOCAL TIME.

CLIMATE NORMAL PERIOD 1981 TO 2010
CLIMATE RECORD PERIOD 1948 TO 2015


WEATHER ITEM   OBSERVED TIME   RECORD YEAR NORMAL DEPARTURE LAST
                VALUE   (LST)  VALUE       VALUE  FROM      YEAR
                                                  NORMAL
..................................................................
TEMPERATURE (F)
 TODAY
  MAXIMUM         96    259 PM 104    1954  90      6       86
  MINIMUM         75    636 AM  60    1985  71      4       70
  AVERAGE         86                        81      5       78

PRECIPITATION (IN)
  TODAY            T             1.68 1974   0.18  -0.18     0.00
  MONTH TO DATE    0.51                      0.72  -0.21     0.11
  SINCE JUN 1      7.41                     10.60  -3.19     6.85
  SINCE JAN 1     22.43                     25.96  -3.53    24.21

DEGREE DAYS
 HEATING
  TODAY            0                         0      0        0
  MONTH TO DATE    0                         0      0        0
  SINCE JUN 1      0                         1     -1        0
  SINCE JUL 1      0                         0      0        0

 COOLING
  TODAY           21                        16      5       13
  MONTH TO DATE   78                        64     14       42
  SINCE JUN 1   1211                       963    248     1028
  SINCE JAN 1   1596                      1270    326     1410
..................................................................


WIND (MPH)
  HIGHEST WIND SPEED    15   HIGHEST WIND DIRECTION    NE (60)
  HIGHEST GUST SPEED    22   HIGHEST GUST DIRECTION     N (360)
  AVERAGE WIND SPEED     6.6


SKY COVER
  POSSIBLE SUNSHINE  MM
  AVERAGE SKY COVER 0.5


WEATHER CONDITIONS
 THE FOLLOWING WEATHER WAS RECORDED TODAY.
  NO SIGNIFICANT WEATHER WAS OBSERVED.


RELATIVE HUMIDITY (PERCENT)
 HIGHEST    94           200 AM
 LOWEST     42           300 PM
 AVERAGE    68

..........................................................


THE FLORENCE SC CLIMATE NORMALS FOR TOMORROW
                         NORMAL    RECORD    YEAR
 MAXIMUM TEMPERATURE (F)   90       106      1954
 MINIMUM TEMPERATURE (F)   71        61      1950


SUNRISE AND SUNSET
AUGUST  4 2015........SUNRISE   632 AM EDT   SUNSET   818 PM EDT
AUGUST  5 2015........SUNRISE   633 AM EDT   SUNSET   817 PM EDT


-  INDICATES NEGATIVE NUMBERS.
R  INDICATES RECORD WAS SET OR TIED.
MM INDICATES DATA IS MISSING.
T  INDICATES TRACE AMOUNT.




$$
