000
CDUS42 KILM 292040
CLIFLO


CLIMATE REPORT
NATIONAL WEATHER SERVICE WILMINGTON NC
440 PM EDT FRI MAY 29 2015


...................................

...THE FLORENCE SC CLIMATE SUMMARY FOR MAY 29 2015...
VALID TODAY AS OF 0400 PM LOCAL TIME.

CLIMATE NORMAL PERIOD 1981 TO 2010
CLIMATE RECORD PERIOD 1948 TO 2015


WEATHER ITEM   OBSERVED TIME   RECORD YEAR NORMAL DEPARTURE LAST
                VALUE   (LST)  VALUE       VALUE  FROM      YEAR
                                                  NORMAL
..................................................................
TEMPERATURE (F)
 TODAY
  MAXIMUM         89    241 PM  95    1991  85      4       92
  MINIMUM         63    330 AM  51    1961  64     -1       67
  AVERAGE         76                        74      2       80

PRECIPITATION (IN)
  TODAY            0.00          1.14 2001   0.13  -0.13     0.06
  MONTH TO DATE    1.29                      3.00  -1.71     2.60
  SINCE MAR 1      8.09                      8.95  -0.86    11.62
  SINCE JAN 1     15.02                     15.10  -0.08    17.34

DEGREE DAYS
 HEATING
  TODAY            0                         0      0        0
  MONTH TO DATE    1                        22    -21        9
  SINCE MAR 1    306                       456   -150      540
  SINCE JUL 1   2544                      2522     22     2669

 COOLING
  TODAY           11                        10      1       15
  MONTH TO DATE  241                       190     51      264
  SINCE MAR 1    355                       280     75      357
  SINCE JAN 1    358                       286     72      363
..................................................................


WIND (MPH)
  HIGHEST WIND SPEED    13   HIGHEST WIND DIRECTION    SE (130)
  HIGHEST GUST SPEED    16   HIGHEST GUST DIRECTION    SE (120)
  AVERAGE WIND SPEED     2.6


SKY COVER
  POSSIBLE SUNSHINE  MM
  AVERAGE SKY COVER 0.1


WEATHER CONDITIONS
 THE FOLLOWING WEATHER WAS RECORDED TODAY.
  NO SIGNIFICANT WEATHER WAS OBSERVED.


RELATIVE HUMIDITY (PERCENT)
 HIGHEST    93           300 AM
 LOWEST     31           100 PM
 AVERAGE    62

..........................................................


THE FLORENCE SC CLIMATE NORMALS FOR TOMORROW
                         NORMAL    RECORD    YEAR
 MAXIMUM TEMPERATURE (F)   86        96      1953
 MINIMUM TEMPERATURE (F)   64        53      1984


SUNRISE AND SUNSET
MAY 29 2015...........SUNRISE   609 AM EDT   SUNSET   823 PM EDT
MAY 30 2015...........SUNRISE   609 AM EDT   SUNSET   824 PM EDT


-  INDICATES NEGATIVE NUMBERS.
R  INDICATES RECORD WAS SET OR TIED.
MM INDICATES DATA IS MISSING.
T  INDICATES TRACE AMOUNT.




$$
