000
CDUS42 KILM 292048
CLIFLO


CLIMATE REPORT
NATIONAL WEATHER SERVICE WILMINGTON NC
447 PM EDT SUN MAY 29 2016


...................................

...THE FLORENCE SC CLIMATE SUMMARY FOR MAY 29 2016...
VALID TODAY AS OF 0400 PM LOCAL TIME.

CLIMATE NORMAL PERIOD 1981 TO 2010
CLIMATE RECORD PERIOD 1948 TO 2016


WEATHER ITEM   OBSERVED TIME   RECORD YEAR NORMAL DEPARTURE LAST
                VALUE   (LST)  VALUE       VALUE  FROM      YEAR
                                                  NORMAL
..................................................................
TEMPERATURE (F)
 TODAY
  MAXIMUM         85    153 PM  95    1991  85      0       90
  MINIMUM         72    746 AM  51    1961  64      8       63
  AVERAGE         79                        74      5       77

PRECIPITATION (IN)
  TODAY            0.19          1.14 2001   0.13   0.06     0.00
  MONTH TO DATE    6.56                      3.00   3.56     1.29
  SINCE MAR 1     13.53                      8.95   4.58     8.09
  SINCE JAN 1     20.99                     15.10   5.89    15.02

DEGREE DAYS
 HEATING
  TODAY            0                         0      0        0
  MONTH TO DATE   10                        22    -12        1
  SINCE MAR 1    288                       456   -168      306
  SINCE JUL 1   1948                      2522   -574     2544

 COOLING
  TODAY           14                        10      4       12
  MONTH TO DATE  188                       190     -2      242
  SINCE MAR 1    319                       280     39      356
  SINCE JAN 1    320                       286     34      359
..................................................................


WIND (MPH)
  HIGHEST WIND SPEED    24   HIGHEST WIND DIRECTION    SE (120)
  HIGHEST GUST SPEED    35   HIGHEST GUST DIRECTION    SE (130)
  AVERAGE WIND SPEED    11.9


SKY COVER
  POSSIBLE SUNSHINE  MM
  AVERAGE SKY COVER 0.9


WEATHER CONDITIONS
 THE FOLLOWING WEATHER WAS RECORDED TODAY.
  RAIN
  LIGHT RAIN
  FOG


RELATIVE HUMIDITY (PERCENT)
 HIGHEST    93          1200 AM
 LOWEST     65           100 PM
 AVERAGE    79

..........................................................


THE FLORENCE SC CLIMATE NORMALS FOR TOMORROW
                         NORMAL    RECORD    YEAR
 MAXIMUM TEMPERATURE (F)   86        96      1953
 MINIMUM TEMPERATURE (F)   64        53      1984


SUNRISE AND SUNSET
MAY 29 2016...........SUNRISE   609 AM EDT   SUNSET   824 PM EDT
MAY 30 2016...........SUNRISE   609 AM EDT   SUNSET   825 PM EDT


-  INDICATES NEGATIVE NUMBERS.
R  INDICATES RECORD WAS SET OR TIED.
MM INDICATES DATA IS MISSING.
T  INDICATES TRACE AMOUNT.




$$
