000
CDUS42 KILM 020840
CLIFLO


CLIMATE REPORT
NATIONAL WEATHER SERVICE WILMINGTON NC
440 AM EDT THU JUL 2 2015


...................................

...THE FLORENCE SC CLIMATE SUMMARY FOR JULY 1 2015...

CLIMATE NORMAL PERIOD 1981 TO 2010
CLIMATE RECORD PERIOD 1948 TO 2015


WEATHER ITEM   OBSERVED TIME   RECORD YEAR NORMAL DEPARTURE LAST
                VALUE   (LST)  VALUE       VALUE  FROM      YEAR
                                                  NORMAL
..................................................................
TEMPERATURE (F)
 YESTERDAY
  MAXIMUM         87    251 PM 103    2012  91     -4       95
  MINIMUM         71    525 AM  59    1955  71      0       71
  AVERAGE         79                        81     -2       83

PRECIPITATION (IN)
  YESTERDAY        0.00          4.65 1951   0.15  -0.15     0.00
  MONTH TO DATE    0.00                      0.15  -0.15     0.00
  SINCE JUN 1      3.50                      4.77  -1.27     0.98
  SINCE JAN 1     18.52                     20.13  -1.61    18.34

DEGREE DAYS
 HEATING
  YESTERDAY        0                         0      0        0
  MONTH TO DATE    0                         0      0        0
  SINCE JUN 1      0                         1     -1        0
  SINCE JUL 1      0                         0      0        0

 COOLING
  YESTERDAY       14                        16     -2       18
  MONTH TO DATE   14                        16     -2       18
  SINCE JUN 1    555                       413    142      500
  SINCE JAN 1    940                       720    220      882
..................................................................


WIND (MPH)
  HIGHEST WIND SPEED    14   HIGHEST WIND DIRECTION     W (250)
  HIGHEST GUST SPEED    17   HIGHEST GUST DIRECTION     W (250)
  AVERAGE WIND SPEED     7.4


SKY COVER
  POSSIBLE SUNSHINE  MM
  AVERAGE SKY COVER 0.5


WEATHER CONDITIONS
 THE FOLLOWING WEATHER WAS RECORDED YESTERDAY.
  NO SIGNIFICANT WEATHER WAS OBSERVED.


RELATIVE HUMIDITY (PERCENT)
 HIGHEST    93          1200 AM
 LOWEST     57           300 PM
 AVERAGE    75

..........................................................


THE FLORENCE SC CLIMATE NORMALS FOR TODAY
                         NORMAL    RECORD    YEAR
 MAXIMUM TEMPERATURE (F)   91       102      1954
 MINIMUM TEMPERATURE (F)   71        57      1988


SUNRISE AND SUNSET
JULY  2 2015..........SUNRISE   611 AM EDT   SUNSET   835 PM EDT
JULY  3 2015..........SUNRISE   612 AM EDT   SUNSET   834 PM EDT


-  INDICATES NEGATIVE NUMBERS.
R  INDICATES RECORD WAS SET OR TIED.
MM INDICATES DATA IS MISSING.
T  INDICATES TRACE AMOUNT.




$$
