000
CDUS42 KILM 282145
CLIFLO


CLIMATE REPORT
NATIONAL WEATHER SERVICE WILMINGTON NC
445 PM EST WED JAN 28 2015


...................................

...THE FLORENCE SC CLIMATE SUMMARY FOR JANUARY 28 2015...
VALID TODAY AS OF 0400 PM LOCAL TIME.

CLIMATE NORMAL PERIOD 1981 TO 2010
CLIMATE RECORD PERIOD 1948 TO 2015


WEATHER ITEM   OBSERVED TIME   RECORD YEAR NORMAL DEPARTURE LAST
                VALUE   (LST)  VALUE       VALUE  FROM      YEAR
                                                  NORMAL
..................................................................
TEMPERATURE (F)
 TODAY
  MAXIMUM         49    345 PM  82    1974  56     -7       51
  MINIMUM         28    747 AM  12    1986  35     -7       26
  AVERAGE         39                        46     -7       39

PRECIPITATION (IN)
  TODAY            0.00          0.89 1962   0.10  -0.10     0.28
  MONTH TO DATE    2.43                      2.92  -0.49     2.29
  SINCE DEC 1      5.63                      5.93  -0.30     6.62
  SINCE JAN 1      2.43                      2.92  -0.49     2.29

SNOWFALL (IN)
  TODAY           MM
  MONTH TO DATE   MM
  SINCE DEC 1     MM
  SINCE JUL 1     MM
  SNOW DEPTH      MM

DEGREE DAYS
 HEATING
  TODAY           26                        19      7       26
  MONTH TO DATE  552                       565    -13      632
  SINCE DEC 1   1021                      1122   -101     1074
  SINCE JUL 1   1521                      1544    -23     1544

 COOLING
  TODAY            0                         0      0        0
  MONTH TO DATE    3                         0      3        0
  SINCE DEC 1      3                         4     -1       18
  SINCE JAN 1      3                         0      3        0
..................................................................


WIND (MPH)
  HIGHEST WIND SPEED    20   HIGHEST WIND DIRECTION     N (360)
  HIGHEST GUST SPEED    23   HIGHEST GUST DIRECTION     N (360)
  AVERAGE WIND SPEED     9.6


SKY COVER
  POSSIBLE SUNSHINE  MM
  AVERAGE SKY COVER 0.0


WEATHER CONDITIONS
 THE FOLLOWING WEATHER WAS RECORDED TODAY.
  NO SIGNIFICANT WEATHER WAS OBSERVED.


RELATIVE HUMIDITY (PERCENT)
 HIGHEST    58           800 AM
 LOWEST     28           200 PM
 AVERAGE    43

..........................................................


THE FLORENCE SC CLIMATE NORMALS FOR TOMORROW
                         NORMAL    RECORD    YEAR
 MAXIMUM TEMPERATURE (F)   56        80      2002
 MINIMUM TEMPERATURE (F)   35        18      1963


SUNRISE AND SUNSET
JANUARY 28 2015.......SUNRISE   719 AM EST   SUNSET   545 PM EST
JANUARY 29 2015.......SUNRISE   718 AM EST   SUNSET   546 PM EST


-  INDICATES NEGATIVE NUMBERS.
R  INDICATES RECORD WAS SET OR TIED.
MM INDICATES DATA IS MISSING.
T  INDICATES TRACE AMOUNT.




$$
