000
CDUS42 KILM 252142
CLIFLO


CLIMATE REPORT
NATIONAL WEATHER SERVICE WILMINGTON NC
441 PM EST THU DEC 25 2014


...................................

...THE FLORENCE SC CLIMATE SUMMARY FOR DECEMBER 25 2014...
VALID TODAY AS OF 0400 PM LOCAL TIME.

CLIMATE NORMAL PERIOD 1981 TO 2010
CLIMATE RECORD PERIOD 1948 TO 2014


WEATHER ITEM   OBSERVED TIME   RECORD YEAR NORMAL DEPARTURE LAST
                VALUE   (LST)  VALUE       VALUE  FROM      YEAR
                                                  NORMAL
..................................................................
TEMPERATURE (F)
 TODAY
  MAXIMUM         66    119 AM  81    1955  56     10       46
  MINIMUM         51    848 AM   9    1989  35     16       27
  AVERAGE         59                        45     14       37

PRECIPITATION (IN)
  TODAY            0.01          2.20 2006   0.11  -0.10     0.00
  MONTH TO DATE    3.17                      2.41   0.76     3.05
  SINCE DEC 1      3.17                      2.41   0.76     3.05
  SINCE JAN 1     44.46                     42.31   2.15    53.39

SNOWFALL (IN)
  TODAY           MM
  MONTH TO DATE   MM
  SINCE DEC 1     MM
  SINCE JUL 1     MM
  SNOW DEPTH      MM

DEGREE DAYS
 HEATING
  TODAY            6                        20    -14       28
  MONTH TO DATE  375                       436    -61      336
  SINCE DEC 1    375                       436    -61      336
  SINCE JUL 1    875                       858     17      806

 COOLING
  TODAY            0                         0      0        0
  MONTH TO DATE    0                         0      0       18
  SINCE DEC 1      0                         0      0       18
  SINCE JAN 1   2282                      2059    223     2064
..................................................................


WIND (MPH)
  HIGHEST WIND SPEED    23   HIGHEST WIND DIRECTION     W (280)
  HIGHEST GUST SPEED    30   HIGHEST GUST DIRECTION     W (280)
  AVERAGE WIND SPEED    11.7


SKY COVER
  POSSIBLE SUNSHINE  MM
  AVERAGE SKY COVER 0.4


WEATHER CONDITIONS
 THE FOLLOWING WEATHER WAS RECORDED TODAY.
  LIGHT RAIN
  FOG


RELATIVE HUMIDITY (PERCENT)
 HIGHEST    87          1200 AM
 LOWEST     46           200 PM
 AVERAGE    67

..........................................................


THE FLORENCE SC CLIMATE NORMALS FOR TOMORROW
                         NORMAL    RECORD    YEAR
 MAXIMUM TEMPERATURE (F)   56        76      1987
 MINIMUM TEMPERATURE (F)   35         8      1983


SUNRISE AND SUNSET
DECEMBER 25 2014......SUNRISE   723 AM EST   SUNSET   515 PM EST
DECEMBER 26 2014......SUNRISE   723 AM EST   SUNSET   516 PM EST


-  INDICATES NEGATIVE NUMBERS.
R  INDICATES RECORD WAS SET OR TIED.
MM INDICATES DATA IS MISSING.
T  INDICATES TRACE AMOUNT.




$$
