206
CDUS42 KILM 262040
CLIFLO


CLIMATE REPORT
NATIONAL WEATHER SERVICE WILMINGTON NC
440 PM EDT FRI AUG 26 2016


...................................

...THE FLORENCE SC CLIMATE SUMMARY FOR AUGUST 26 2016...
VALID TODAY AS OF 0400 PM LOCAL TIME.

CLIMATE NORMAL PERIOD 1981 TO 2010
CLIMATE RECORD PERIOD 1948 TO 2016


WEATHER ITEM   OBSERVED TIME   RECORD YEAR NORMAL DEPARTURE LAST
                VALUE   (LST)  VALUE       VALUE  FROM      YEAR
                                                  NORMAL
..................................................................
TEMPERATURE (F)
 TODAY
  MAXIMUM         96    231 PM 100    1954  88      8       89
  MINIMUM         72    608 AM  55    1952  70      2       72
  AVERAGE         84                        79      5       81

PRECIPITATION (IN)
  TODAY            0.00          4.18 1995   0.17  -0.17      T
  MONTH TO DATE    1.23                      4.47  -3.24     5.28
  SINCE JUN 1     11.79                     14.35  -2.56    12.18
  SINCE JAN 1     32.88                     29.71   3.17    27.20

DEGREE DAYS
 HEATING
  TODAY            0                         0      0        0
  MONTH TO DATE    0                         0      0        0
  SINCE JUN 1      0                         1     -1        0
  SINCE JUL 1      0                         0      0        0

 COOLING
  TODAY           19                        14      5       16
  MONTH TO DATE  481                       396     85      440
  SINCE JUN 1   1597                      1295    302     1573
  SINCE JAN 1   1944                      1602    342     1958
..................................................................


WIND (MPH)
  HIGHEST WIND SPEED    13   HIGHEST WIND DIRECTION     E (100)
  HIGHEST GUST SPEED    16   HIGHEST GUST DIRECTION    NE (60)
  AVERAGE WIND SPEED     3.7


SKY COVER
  POSSIBLE SUNSHINE  MM
  AVERAGE SKY COVER 0.2


WEATHER CONDITIONS
 THE FOLLOWING WEATHER WAS RECORDED TODAY.
  NO SIGNIFICANT WEATHER WAS OBSERVED.


RELATIVE HUMIDITY (PERCENT)
 HIGHEST    93           600 AM
 LOWEST     46           100 PM
 AVERAGE    70

..........................................................


THE FLORENCE SC CLIMATE NORMALS FOR TOMORROW
                         NORMAL    RECORD    YEAR
 MAXIMUM TEMPERATURE (F)   88       101      1954
 MINIMUM TEMPERATURE (F)   70        58      1966


SUNRISE AND SUNSET
AUGUST 26 2016........SUNRISE   648 AM EDT   SUNSET   752 PM EDT
AUGUST 27 2016........SUNRISE   649 AM EDT   SUNSET   751 PM EDT


-  INDICATES NEGATIVE NUMBERS.
R  INDICATES RECORD WAS SET OR TIED.
MM INDICATES DATA IS MISSING.
T  INDICATES TRACE AMOUNT.




$$
