000
CDUS42 KTBW 212126
CLIFMY


CLIMATE REPORT
NATIONAL WEATHER SERVICE TAMPA BAY FL
521 PM EDT SUN SEP 21 2014


...................................

...THE FORT MYERS CLIMATE SUMMARY FOR SEPTEMBER 21 2014...
VALID TODAY AS OF 0500 PM LOCAL TIME.

CLIMATE NORMAL PERIOD 1981 TO 2010
CLIMATE RECORD PERIOD 1902 TO 2014


WEATHER ITEM   OBSERVED TIME   RECORD YEAR NORMAL DEPARTURE LAST
                VALUE   (LST)  VALUE       VALUE  FROM      YEAR
                                                  NORMAL
..................................................................
TEMPERATURE (F)
 TODAY
  MAXIMUM         88    302 PM  96    1987  90     -2       88
  MINIMUM         75    814 AM  67    1910  74      1       71
  AVERAGE         82                        82      0       80

PRECIPITATION (IN)
  TODAY            0.02          7.78 1962   0.25  -0.23     0.00
  MONTH TO DATE    4.15                      6.34  -2.19     4.60
  SINCE SEP 1      4.15                      6.34  -2.19     4.60
  SINCE JAN 1     33.39                     47.41 -14.02    44.20

DEGREE DAYS
 HEATING
  TODAY            0                         0      0        0
  MONTH TO DATE    0                         0      0        0
  SINCE SEP 1      0                         0      0        0
  SINCE JUL 1      0                         0      0        0

 COOLING
  TODAY           17                        17      0       15
  MONTH TO DATE  357                       373    -16      352
  SINCE SEP 1    357                       373    -16      352
  SINCE JAN 1   3268                      3097    171     3070
..................................................................


WIND (MPH)
  RESULTANT WIND SPEED   1   RESULTANT WIND DIRECTION  SW (240)
  HIGHEST WIND SPEED    13   HIGHEST WIND DIRECTION     W (260)
  HIGHEST GUST SPEED    17   HIGHEST GUST DIRECTION     W (260)
  AVERAGE WIND SPEED     3.7


SKY COVER
  POSSIBLE SUNSHINE  MM
  AVERAGE SKY COVER 0.2


WEATHER CONDITIONS
 THE FOLLOWING WEATHER WAS RECORDED TODAY.
  THUNDERSTORM
  LIGHT RAIN
  FOG


RELATIVE HUMIDITY (PERCENT)
 HIGHEST    94          1200 AM
 LOWEST     59           200 PM

..........................................................


THE FORT MYERS CLIMATE NORMALS FOR TOMORROW
                         NORMAL    RECORD    YEAR
 MAXIMUM TEMPERATURE (F)   90        95      1991
                                             1988
                                             1980
 MINIMUM TEMPERATURE (F)   74        63      1922


SUNRISE AND SUNSET
SEPTEMBER 21 2014.....SUNRISE   716 AM EDT   SUNSET   725 PM EDT
SEPTEMBER 22 2014.....SUNRISE   716 AM EDT   SUNSET   724 PM EDT


-  INDICATES NEGATIVE NUMBERS.
R  INDICATES RECORD WAS SET OR TIED.
MM INDICATES DATA IS MISSING.
T  INDICATES TRACE AMOUNT.




$$


&&
------------------------------------------------------------------
******************** SUPPLEMENTAL DATA ***************************

...GULF WATER TEMPERATURE NEAR FORT MYERS BEACH 84
