000
CDUS42 KTBW 062225
CLIFMY


CLIMATE REPORT
NATIONAL WEATHER SERVICE TAMPA BAY FL
524 PM EST TUE DEC 6 2016


...................................

...THE FORT MYERS CLIMATE SUMMARY FOR DECEMBER 6 2016...
VALID TODAY AS OF 0500 PM LOCAL TIME.

CLIMATE NORMAL PERIOD 1981 TO 2010
CLIMATE RECORD PERIOD 1902 TO 2016


WEATHER ITEM   OBSERVED TIME   RECORD YEAR NORMAL DEPARTURE LAST
                VALUE   (LST)  VALUE       VALUE  FROM      YEAR
                                                  NORMAL
..................................................................
TEMPERATURE (F)
 TODAY
  MAXIMUM         85   1233 PM  87    1978  78      7       76
  MINIMUM         75    240 AM  41    1987  58     17       67
                                      1957
  AVERAGE         80                        68     12       72

PRECIPITATION (IN)
  TODAY            0.20          1.45 1979   0.04   0.16      T
  MONTH TO DATE    0.20                      0.27  -0.07     2.95
  SINCE DEC 1      0.20                      0.27  -0.07     2.95
  SINCE JAN 1     63.82                     54.49   9.33    60.25

DEGREE DAYS
 HEATING
  TODAY            0                         2     -2        0
  MONTH TO DATE    0                         7     -7        0
  SINCE DEC 1      0                         7     -7        0
  SINCE JUL 1      5                        25    -20        0

 COOLING
  TODAY           15                         5     10        7
  MONTH TO DATE   67                        30     37       43
  SINCE DEC 1     67                        30     37       43
  SINCE JAN 1   4075                      3893    182     4369
..................................................................


WIND (MPH)
  RESULTANT WIND SPEED  11   RESULTANT WIND DIRECTION   S (200)
  HIGHEST WIND SPEED    20   HIGHEST WIND DIRECTION    SW (220)
  HIGHEST GUST SPEED    30   HIGHEST GUST DIRECTION     S (200)
  AVERAGE WIND SPEED    11.1


SKY COVER
  POSSIBLE SUNSHINE  MM
  AVERAGE SKY COVER 0.7


WEATHER CONDITIONS
 THE FOLLOWING WEATHER WAS RECORDED TODAY.
  HEAVY RAIN
  LIGHT RAIN
  FOG


RELATIVE HUMIDITY (PERCENT)
 HIGHEST    94           300 AM
 LOWEST     74          1200 PM

..........................................................


THE FORT MYERS CLIMATE NORMALS FOR TOMORROW
                         NORMAL    RECORD    YEAR
 MAXIMUM TEMPERATURE (F)   78        90      1978
 MINIMUM TEMPERATURE (F)   58        36      1937


SUNRISE AND SUNSET
DECEMBER  6 2016......SUNRISE   703 AM EST   SUNSET   535 PM EST
DECEMBER  7 2016......SUNRISE   703 AM EST   SUNSET   535 PM EST


-  INDICATES NEGATIVE NUMBERS.
R  INDICATES RECORD WAS SET OR TIED.
MM INDICATES DATA IS MISSING.
T  INDICATES TRACE AMOUNT.




$$


&&
------------------------------------------------------------------
******************** SUPPLEMENTAL DATA ***************************

...GULF WATER TEMPERATURE AT FORT MYERS BEACH 73 DEGREES
