600
CDUS42 KTBW 152215
CLIFMY


CLIMATE REPORT
NATIONAL WEATHER SERVICE TAMPA BAY FL
514 PM EST FRI DEC 15 2017


...................................

...THE FORT MYERS CLIMATE SUMMARY FOR DECEMBER 15 2017...
VALID TODAY AS OF 0500 PM LOCAL TIME.

CLIMATE NORMAL PERIOD 1981 TO 2010
CLIMATE RECORD PERIOD 1902 TO 2017


WEATHER ITEM   OBSERVED TIME   RECORD YEAR NORMAL DEPARTURE LAST
                VALUE   (LST)  VALUE       VALUE  FROM      YEAR
                                                  NORMAL
..................................................................
TEMPERATURE (F)
 TODAY
  MAXIMUM         77    225 PM  87    1940  77      0       83
  MINIMUM         56    552 AM  33    2010  57     -1       63
                                      1944
  AVERAGE         67                        67      0       73

PRECIPITATION (IN)
  TODAY            0.00          0.69 1947   0.05  -0.05     0.00
  MONTH TO DATE    1.45                      0.73   0.72     0.22
  SINCE DEC 1      1.45                      0.73   0.72     0.22
  SINCE JAN 1     61.54                     54.95   6.59    63.84

DEGREE DAYS
 HEATING
  TODAY            0                         2     -2        0
  MONTH TO DATE   39                        25     14        2
  SINCE DEC 1     39                        25     14        2
  SINCE JUL 1     44                        43      1        7

 COOLING
  TODAY            2                         4     -2        8
  MONTH TO DATE   77                        67     10      130
  SINCE DEC 1     77                        67     10      130
  SINCE JAN 1   4253                      3930    323     4138
..................................................................


WIND (MPH)
  RESULTANT WIND SPEED   4   RESULTANT WIND DIRECTION   S (200)
  HIGHEST WIND SPEED    12   HIGHEST WIND DIRECTION    SW (230)
  HIGHEST GUST SPEED    16   HIGHEST GUST DIRECTION    SW (240)
  AVERAGE WIND SPEED     4.7


SKY COVER
  POSSIBLE SUNSHINE  MM
  AVERAGE SKY COVER 0.2


WEATHER CONDITIONS
 THE FOLLOWING WEATHER WAS RECORDED TODAY.
  NO SIGNIFICANT WEATHER WAS OBSERVED.


RELATIVE HUMIDITY (PERCENT)
 HIGHEST   100           100 AM
 LOWEST     49          1200 PM

..........................................................


THE FORT MYERS CLIMATE NORMALS FOR TOMORROW
                         NORMAL    RECORD    YEAR
 MAXIMUM TEMPERATURE (F)   77        87      1948
 MINIMUM TEMPERATURE (F)   56        32      1968


SUNRISE AND SUNSET
DECEMBER 15 2017......SUNRISE   708 AM EST   SUNSET   537 PM EST
DECEMBER 16 2017......SUNRISE   709 AM EST   SUNSET   538 PM EST


-  INDICATES NEGATIVE NUMBERS.
R  INDICATES RECORD WAS SET OR TIED.
MM INDICATES DATA IS MISSING.
T  INDICATES TRACE AMOUNT.




$$


&&
------------------------------------------------------------------
******************** SUPPLEMENTAL DATA ***************************

...GULF WATER TEMPERATURE AT FORT MYERS BEACH 68 DEGREES
