000
CDUS42 KTBW 222119
CLIFMY


CLIMATE REPORT
NATIONAL WEATHER SERVICE TAMPA BAY FL
517 PM EDT MON MAY 22 2017


...................................

...THE FORT MYERS CLIMATE SUMMARY FOR MAY 22 2017...
VALID TODAY AS OF 0500 PM LOCAL TIME.

CLIMATE NORMAL PERIOD 1981 TO 2010
CLIMATE RECORD PERIOD 1902 TO 2017


WEATHER ITEM   OBSERVED TIME   RECORD YEAR NORMAL DEPARTURE LAST
                VALUE   (LST)  VALUE       VALUE  FROM      YEAR
                                                  NORMAL
..................................................................
TEMPERATURE (F)
 TODAY
  MAXIMUM         91    155 PM  96    2011  90      1       89
                                      1951
  MINIMUM         74    546 AM  56    1919  70      4       74
  AVERAGE         83                        80      3       82

PRECIPITATION (IN)
  TODAY            0.00          1.14 1991   0.10  -0.10      T
  MONTH TO DATE    0.54                      1.48  -0.94     2.98
  SINCE MAR 1      3.32                      6.54  -3.22     5.48
  SINCE JAN 1      5.57                     10.63  -5.06    20.59

DEGREE DAYS
 HEATING
  TODAY            0                         0      0        0
  MONTH TO DATE    0                         0      0        0
  SINCE MAR 1     11                        27    -16        9
  SINCE JUL 1     76                       287   -211      204

 COOLING
  TODAY           18                        15      3       17
  MONTH TO DATE  337                       292     45      297
  SINCE MAR 1    785                       737     48      845
  SINCE JAN 1   1127                       922    205      956
..................................................................


WIND (MPH)
  RESULTANT WIND SPEED   2   RESULTANT WIND DIRECTION   S (190)
  HIGHEST WIND SPEED    16   HIGHEST WIND DIRECTION     W (250)
  HIGHEST GUST SPEED    22   HIGHEST GUST DIRECTION    SW (230)
  AVERAGE WIND SPEED     5.0


SKY COVER
  POSSIBLE SUNSHINE  MM
  AVERAGE SKY COVER 0.6


WEATHER CONDITIONS
 THE FOLLOWING WEATHER WAS RECORDED TODAY.
  NO SIGNIFICANT WEATHER WAS OBSERVED.


RELATIVE HUMIDITY (PERCENT)
 HIGHEST   100           400 AM
 LOWEST     53           400 PM

..........................................................


THE FORT MYERS CLIMATE NORMALS FOR TOMORROW
                         NORMAL    RECORD    YEAR
 MAXIMUM TEMPERATURE (F)   90        96      1953
 MINIMUM TEMPERATURE (F)   70        59      1919


SUNRISE AND SUNSET
MAY 22 2017...........SUNRISE   637 AM EDT   SUNSET   812 PM EDT
MAY 23 2017...........SUNRISE   637 AM EDT   SUNSET   812 PM EDT


-  INDICATES NEGATIVE NUMBERS.
R  INDICATES RECORD WAS SET OR TIED.
MM INDICATES DATA IS MISSING.
T  INDICATES TRACE AMOUNT.




$$


&&
------------------------------------------------------------------
******************** SUPPLEMENTAL DATA ***************************

...GULF WATER TEMPERATURE AT FORT MYERS BEACH 85 DEGREES
