000
CDUS42 KTBW 242126
CLIFMY


CLIMATE REPORT
NATIONAL WEATHER SERVICE TAMPA BAY FL
524 PM EDT WED AUG 24 2016


...................................

...THE FORT MYERS CLIMATE SUMMARY FOR AUGUST 24 2016...
VALID TODAY AS OF 0500 PM LOCAL TIME.

CLIMATE NORMAL PERIOD 1981 TO 2010
CLIMATE RECORD PERIOD 1902 TO 2016


WEATHER ITEM   OBSERVED TIME   RECORD YEAR NORMAL DEPARTURE LAST
                VALUE   (LST)  VALUE       VALUE  FROM      YEAR
                                                  NORMAL
..................................................................
TEMPERATURE (F)
 TODAY
  MAXIMUM         93   1209 PM  97    2014  92      1       96
                                      1942
  MINIMUM         79    716 AM  65    1957  75      4       77
                                      1925
  AVERAGE         86                        83      3       87

PRECIPITATION (IN)
  TODAY            0.00          7.47 1913   0.34  -0.34     0.14
  MONTH TO DATE    8.28                      7.80   0.48     7.54
  SINCE JUN 1     29.88                     26.93   2.95    29.21
  SINCE JAN 1     50.75                     38.73  12.02    38.06

DEGREE DAYS
 HEATING
  TODAY            0                         0      0        0
  MONTH TO DATE    0                         0      0        0
  SINCE JUN 1      0                         0      0        0
  SINCE JUL 1      0                         0      0        0

 COOLING
  TODAY           21                        18      3       22
  MONTH TO DATE  464                       432     32      454
  SINCE JUN 1   1618                      1521     97     1543
  SINCE JAN 1   2716                      2587    129     2897
..................................................................


WIND (MPH)
  RESULTANT WIND SPEED   7   RESULTANT WIND DIRECTION  NE (50)
  HIGHEST WIND SPEED    17   HIGHEST WIND DIRECTION    NE (50)
  HIGHEST GUST SPEED    23   HIGHEST GUST DIRECTION    NE (50)
  AVERAGE WIND SPEED     8.0


SKY COVER
  POSSIBLE SUNSHINE  MM
  AVERAGE SKY COVER 0.3


WEATHER CONDITIONS
 THE FOLLOWING WEATHER WAS RECORDED TODAY.
  THUNDERSTORM


RELATIVE HUMIDITY (PERCENT)
 HIGHEST   100           700 AM
 LOWEST     56          1200 PM

..........................................................


THE FORT MYERS CLIMATE NORMALS FOR TOMORROW
                         NORMAL    RECORD    YEAR
 MAXIMUM TEMPERATURE (F)   92        96      1989
                                             1947
 MINIMUM TEMPERATURE (F)   75        69      1942
                                             1917


SUNRISE AND SUNSET
AUGUST 24 2016........SUNRISE   704 AM EDT   SUNSET   755 PM EDT
AUGUST 25 2016........SUNRISE   704 AM EDT   SUNSET   754 PM EDT


-  INDICATES NEGATIVE NUMBERS.
R  INDICATES RECORD WAS SET OR TIED.
MM INDICATES DATA IS MISSING.
T  INDICATES TRACE AMOUNT.




$$


&&
------------------------------------------------------------------
******************** SUPPLEMENTAL DATA ***************************

...GULF WATER TEMPERATURE AT FORT MYERS BEACH 89 DEGREES
