000
CDUS42 KTBW 242142
CLIFMY


CLIMATE REPORT
NATIONAL WEATHER SERVICE TAMPA BAY FL
540 PM EDT MON APR 24 2017


...................................

...THE FORT MYERS CLIMATE SUMMARY FOR APRIL 24 2017...
VALID TODAY AS OF 0500 PM LOCAL TIME.

CLIMATE NORMAL PERIOD 1981 TO 2010
CLIMATE RECORD PERIOD 1902 TO 2017


WEATHER ITEM   OBSERVED TIME   RECORD YEAR NORMAL DEPARTURE LAST
                VALUE   (LST)  VALUE       VALUE  FROM      YEAR
                                                  NORMAL
..................................................................
TEMPERATURE (F)
 TODAY
  MAXIMUM         MM        MM  92    2002  86     MM       90
                                      1975
                                      1963
  MINIMUM         MM        MM  51    1986  64     MM       65
  AVERAGE         MM                        75     MM       78

PRECIPITATION (IN)
  TODAY            0.13          4.67 1939   0.07   0.06      T
  MONTH TO DATE    2.62                      1.76   0.86     0.39
  SINCE MAR 1      2.78                      4.64  -1.86     1.45
  SINCE JAN 1      5.03                      8.73  -3.70    16.56

DEGREE DAYS
 HEATING
  TODAY           MM                         0     MM        0
  MONTH TO DATE    0                         0      0        0
  SINCE MAR 1     11                        24    -13        9
  SINCE JUL 1     76                       284   -208      204

 COOLING
  TODAY           MM                        10     MM       13
  MONTH TO DATE  133                       204    -71      219
  SINCE MAR 1    376                       380     -4      464
  SINCE JAN 1    718                       565    153      575
..................................................................


WIND (MPH)
  RESULTANT WIND SPEED   7   RESULTANT WIND DIRECTION   W (280)
  HIGHEST WIND SPEED    21   HIGHEST WIND DIRECTION     W (280)
  HIGHEST GUST SPEED    28   HIGHEST GUST DIRECTION     W (290)
  AVERAGE WIND SPEED     8.5


SKY COVER
  POSSIBLE SUNSHINE  MM
  AVERAGE SKY COVER 0.5


WEATHER CONDITIONS
 THE FOLLOWING WEATHER WAS RECORDED TODAY.
  RAIN
  LIGHT RAIN


RELATIVE HUMIDITY (PERCENT)
 HIGHEST    93           600 AM
 LOWEST     58           400 PM

..........................................................


THE FORT MYERS CLIMATE NORMALS FOR TOMORROW
                         NORMAL    RECORD    YEAR
 MAXIMUM TEMPERATURE (F)   86        93      2011
                                             1989
                                             1958
 MINIMUM TEMPERATURE (F)   64        51      2005


SUNRISE AND SUNSET
APRIL 24 2017.........SUNRISE   655 AM EDT   SUNSET   756 PM EDT
APRIL 25 2017.........SUNRISE   654 AM EDT   SUNSET   757 PM EDT


-  INDICATES NEGATIVE NUMBERS.
R  INDICATES RECORD WAS SET OR TIED.
MM INDICATES DATA IS MISSING.
T  INDICATES TRACE AMOUNT.




$$


&&
------------------------------------------------------------------
******************** SUPPLEMENTAL DATA ***************************

...GULF WATER TEMPERATURE AT FORT MYERS BEACH 77 DEGREES
