209
CDUS42 KTBW 232125
CLIFMY


CLIMATE REPORT
NATIONAL WEATHER SERVICE TAMPA BAY FL
521 PM EDT THU MAR 23 2017


...................................

...THE FORT MYERS CLIMATE SUMMARY FOR MARCH 23 2017...
VALID TODAY AS OF 0500 PM LOCAL TIME.

CLIMATE NORMAL PERIOD 1981 TO 2010
CLIMATE RECORD PERIOD 1902 TO 2017


WEATHER ITEM   OBSERVED TIME   RECORD YEAR NORMAL DEPARTURE LAST
                VALUE   (LST)  VALUE       VALUE  FROM      YEAR
                                                  NORMAL
..................................................................
TEMPERATURE (F)
 TODAY
  MAXIMUM         90R   144 PM  88    2007  81      9       82
                                      1982
                                      1975
  MINIMUM         66    657 AM  43    1922  60      6       55
  AVERAGE         78                        71      7       69

PRECIPITATION (IN)
  TODAY            T             2.99 1984   0.10  -0.10     0.00
  MONTH TO DATE    0.16                      2.17  -2.01     0.48
  SINCE MAR 1      0.16                      2.17  -2.01     0.48
  SINCE JAN 1      2.41                      6.26  -3.85    15.59

DEGREE DAYS
 HEATING
  TODAY            0                         0      0        0
  MONTH TO DATE   11                        21    -10        9
  SINCE MAR 1     11                        21    -10        9
  SINCE JUL 1     76                       281   -205      204

 COOLING
  TODAY           13                         6      7        4
  MONTH TO DATE  154                       124     30      157
  SINCE MAR 1    154                       124     30      157
  SINCE JAN 1    496                       309    187      268
..................................................................


WIND (MPH)
  RESULTANT WIND SPEED   6   RESULTANT WIND DIRECTION  NE (60)
  HIGHEST WIND SPEED    28   HIGHEST WIND DIRECTION    NE (60)
  HIGHEST GUST SPEED    38   HIGHEST GUST DIRECTION    NE (50)
  AVERAGE WIND SPEED     8.8


SKY COVER
  POSSIBLE SUNSHINE  MM
  AVERAGE SKY COVER 0.4


WEATHER CONDITIONS
 THE FOLLOWING WEATHER WAS RECORDED TODAY.
  THUNDERSTORM
  FOG
  HAZE


RELATIVE HUMIDITY (PERCENT)
 HIGHEST    93           200 AM
 LOWEST     36           200 PM

..........................................................


THE FORT MYERS CLIMATE NORMALS FOR TOMORROW
                         NORMAL    RECORD    YEAR
 MAXIMUM TEMPERATURE (F)   81        92      1949
 MINIMUM TEMPERATURE (F)   60        40      1950


SUNRISE AND SUNSET
MARCH 23 2017.........SUNRISE   728 AM EDT   SUNSET   740 PM EDT
MARCH 24 2017.........SUNRISE   727 AM EDT   SUNSET   741 PM EDT


-  INDICATES NEGATIVE NUMBERS.
R  INDICATES RECORD WAS SET OR TIED.
MM INDICATES DATA IS MISSING.
T  INDICATES TRACE AMOUNT.




$$


&&
------------------------------------------------------------------
******************** SUPPLEMENTAL DATA ***************************

...GULF WATER TEMPERATURE AT FORT MYERS BEACH 72 DEGREES
