000
CDUS43 KDTX 220536
CLIFNT


CLIMATE REPORT
NATIONAL WEATHER SERVICE DETROIT/PONTIAC MI
1236 AM EST THU FEB 22 2018


...................................

...THE FLINT MI CLIMATE SUMMARY FOR FEBRUARY 21 2018...

CLIMATE NORMAL PERIOD 1981 TO 2010
CLIMATE RECORD PERIOD 1921 TO 2018


WEATHER ITEM   OBSERVED TIME   RECORD YEAR NORMAL DEPARTURE LAST
                VALUE   (LST)  VALUE       VALUE  FROM      YEAR
                                                  NORMAL
..................................................................
TEMPERATURE (F)
 YESTERDAY
  MAXIMUM         55   1253 AM  63    1930  34     21       60
  MINIMUM         30   1159 PM  -9    1946  18     12       37
  AVERAGE         43                        26     17       49

PRECIPITATION (IN)
  YESTERDAY        0.37          1.36 1997   0.05   0.32     0.03
  MONTH TO DATE    3.97                      1.06   2.91     0.97
  SINCE DEC 1      7.21                      4.61   2.60     5.69
  SINCE JAN 1      5.83                      2.69   3.14     4.10

SNOWFALL (IN)
  YESTERDAY        T             4.1  2011   0.4   -0.4      0.0
                                      1962
  MONTH TO DATE   21.8                       8.3   13.5      1.8
  SINCE DEC 1     65.3                      33.2   32.1     32.4
  SINCE JUL 1     65.7                      36.1   29.6     32.4
  SNOW DEPTH       0

DEGREE DAYS
 HEATING
  YESTERDAY       22                        39    -17       16
  MONTH TO DATE  864                       859      5      695
  SINCE DEC 1   3482                      3342    140     2956
  SINCE JUL 1   4780                      4823    -43     3997

 COOLING
  YESTERDAY        0                         0      0        0
  MONTH TO DATE    0                         0      0        0
  SINCE DEC 1      0                         0      0        0
  SINCE JAN 1      0                         0      0        0
..................................................................


WIND (MPH)
  HIGHEST WIND SPEED    21   HIGHEST WIND DIRECTION    NW (300)
  HIGHEST GUST SPEED    28   HIGHEST GUST DIRECTION     W (290)
  AVERAGE WIND SPEED     9.0


SKY COVER
  POSSIBLE SUNSHINE  MM
  AVERAGE SKY COVER 0.8


WEATHER CONDITIONS
 THE FOLLOWING WEATHER WAS RECORDED YESTERDAY.
  RAIN
  LIGHT RAIN
  LIGHT SNOW
  FOG


RELATIVE HUMIDITY (PERCENT)
 HIGHEST   100           600 AM
 LOWEST     64           600 PM
 AVERAGE    82

..........................................................


THE FLINT MI CLIMATE NORMALS FOR TODAY
                         NORMAL    RECORD    YEAR
 MAXIMUM TEMPERATURE (F)   35        65      1930
 MINIMUM TEMPERATURE (F)   18        -5      1963


SUNRISE AND SUNSET
FEBRUARY 22 2018......SUNRISE   722 AM EST   SUNSET   615 PM EST
FEBRUARY 23 2018......SUNRISE   720 AM EST   SUNSET   617 PM EST


-  INDICATES NEGATIVE NUMBERS.
R  INDICATES RECORD WAS SET OR TIED.
MM INDICATES DATA IS MISSING.
T  INDICATES TRACE AMOUNT.




$$
