000
CDUS43 KFSD 190653
CLIFSD


CLIMATE REPORT
NATIONAL WEATHER SERVICE SIOUX FALLS SD
152 AM CDT SAT AUG 19 2017


...................................

...THE SIOUX FALLS SD CLIMATE SUMMARY FOR AUGUST 18 2017...

CLIMATE NORMAL PERIOD 1981 TO 2010
CLIMATE RECORD PERIOD 1893 TO 2017


WEATHER ITEM   OBSERVED TIME   RECORD YEAR NORMAL DEPARTURE LAST
                VALUE   (LST)  VALUE       VALUE  FROM      YEAR
                                                  NORMAL
..................................................................
TEMPERATURE (F)
 YESTERDAY
  MAXIMUM         81    443 PM 101    1983  82     -1       92
  MINIMUM         60    628 AM  44    2002  60      0       67
  AVERAGE         71                        71      0       80

PRECIPITATION (IN)
  YESTERDAY        0.07          1.24 1947   0.10  -0.03      T
  MONTH TO DATE    2.22                      1.81   0.41     1.49
  SINCE JUN 1      6.64                      8.82  -2.18     5.53
  SINCE JAN 1     14.39                     18.15  -3.76    17.03

SNOWFALL (IN)
  YESTERDAY        0.0           0.0    MM   0.0    0.0      0.0
  MONTH TO DATE    0.0                       0.0    0.0      0.0
  SINCE JUN 1      0.0                       0.0    0.0      0.0
  SINCE JUL 1      0.0                       0.0    0.0      0.0
  SNOW DEPTH       0

DEGREE DAYS
 HEATING
  YESTERDAY        0                         1     -1        0
  MONTH TO DATE    6                         5      1        0
  SINCE JUN 1     32                        64    -32       14
  SINCE JUL 1      6                        13     -7        5

 COOLING
  YESTERDAY        6                         6      0       15
  MONTH TO DATE   58                       130    -72      173
  SINCE JUN 1    593                       521     72      684
  SINCE JAN 1    619                       557     62      717
..................................................................


WIND (MPH)
  HIGHEST WIND SPEED    20   HIGHEST WIND DIRECTION    NW (300)
  HIGHEST GUST SPEED    26   HIGHEST GUST DIRECTION    NW (320)
  AVERAGE WIND SPEED     7.3


SKY COVER
  POSSIBLE SUNSHINE  MM
  AVERAGE SKY COVER 0.5


WEATHER CONDITIONS
 THE FOLLOWING WEATHER WAS RECORDED YESTERDAY.
  THUNDERSTORM
  RAIN
  LIGHT RAIN
  FOG


RELATIVE HUMIDITY (PERCENT)
 HIGHEST   100           600 AM
 LOWEST     56           600 PM
 AVERAGE    78

..........................................................


THE SIOUX FALLS SD CLIMATE NORMALS FOR TODAY
                         NORMAL    RECORD    YEAR
 MAXIMUM TEMPERATURE (F)   82        98      1955
 MINIMUM TEMPERATURE (F)   59        39      2004


SUNRISE AND SUNSET
AUGUST 19 2017........SUNRISE   636 AM CDT   SUNSET   824 PM CDT
AUGUST 20 2017........SUNRISE   638 AM CDT   SUNSET   822 PM CDT


-  INDICATES NEGATIVE NUMBERS.
R  INDICATES RECORD WAS SET OR TIED.
MM INDICATES DATA IS MISSING.
T  INDICATES TRACE AMOUNT.




$$
