000
CDUS43 KFSD 280641
CLIFSD


CLIMATE REPORT
NATIONAL WEATHER SERVICE SIOUX FALLS SD
140 AM CDT SAT MAR 28 2015


...................................

...THE SIOUX FALLS SD CLIMATE SUMMARY FOR MARCH 27 2015...

CLIMATE NORMAL PERIOD 1981 TO 2010
CLIMATE RECORD PERIOD 1893 TO 2015


WEATHER ITEM   OBSERVED TIME   RECORD YEAR NORMAL DEPARTURE LAST
                VALUE   (LST)  VALUE       VALUE  FROM      YEAR
                                                  NORMAL
..................................................................
TEMPERATURE (F)
 YESTERDAY
  MAXIMUM         37    337 PM  80    1905  49    -12       45
  MINIMUM         12    647 AM  -2    1899  27    -15       25
  AVERAGE         25                        38    -13       35

PRECIPITATION (IN)
  YESTERDAY        T             1.54 1998   0.07  -0.07     0.15
  MONTH TO DATE    0.33                      1.41  -1.08     0.70
  SINCE MAR 1      0.33                      1.41  -1.08     0.70
  SINCE JAN 1      1.55                      2.57  -1.02     1.69

SNOWFALL (IN)
  YESTERDAY        T             3.2  1894   0.3   -0.3      1.2
  MONTH TO DATE    1.7                       7.5   -5.8      7.5
  SINCE MAR 1      1.7                       7.5   -5.8      7.5
  SINCE JUL 1     31.9                      39.0   -7.1     41.7
  SNOW DEPTH       0

DEGREE DAYS
 HEATING
  YESTERDAY       40                        27     13       30
  MONTH TO DATE  754                       890   -136     1000
  SINCE MAR 1    754                       890   -136     1000
  SINCE JUL 1   6503                      6740   -237     7347

 COOLING
  YESTERDAY        0                         0      0        0
  MONTH TO DATE    0                         0      0        0
  SINCE MAR 1      0                         0      0        0
  SINCE JAN 1      0                         0      0        0
..................................................................


WIND (MPH)
  HIGHEST WIND SPEED    16   HIGHEST WIND DIRECTION    SE (140)
  HIGHEST GUST SPEED    19   HIGHEST GUST DIRECTION    SE (140)
  AVERAGE WIND SPEED     6.9


SKY COVER
  POSSIBLE SUNSHINE  MM
  AVERAGE SKY COVER 0.7


WEATHER CONDITIONS
 THE FOLLOWING WEATHER WAS RECORDED YESTERDAY.
  LIGHT SNOW


RELATIVE HUMIDITY (PERCENT)
 HIGHEST    80           200 AM
 LOWEST     32           200 PM
 AVERAGE    56

..........................................................


THE SIOUX FALLS SD CLIMATE NORMALS FOR TODAY
                         NORMAL    RECORD    YEAR
 MAXIMUM TEMPERATURE (F)   49        82      1910
 MINIMUM TEMPERATURE (F)   27        -5      1899


SUNRISE AND SUNSET
MARCH 28 2015.........SUNRISE   716 AM CDT   SUNSET   749 PM CDT
MARCH 29 2015.........SUNRISE   714 AM CDT   SUNSET   750 PM CDT


-  INDICATES NEGATIVE NUMBERS.
R  INDICATES RECORD WAS SET OR TIED.
MM INDICATES DATA IS MISSING.
T  INDICATES TRACE AMOUNT.




$$
