000
CDUS43 KFSD 300627
CLIFSD


CLIMATE REPORT
NATIONAL WEATHER SERVICE SIOUX FALLS SD
124 AM CDT FRI SEP 30 2016


...................................

...THE SIOUX FALLS SD CLIMATE SUMMARY FOR SEPTEMBER 29 2016...

CLIMATE NORMAL PERIOD 1981 TO 2010
CLIMATE RECORD PERIOD 1893 TO 2016


WEATHER ITEM   OBSERVED TIME   RECORD YEAR NORMAL DEPARTURE LAST
                VALUE   (LST)  VALUE       VALUE  FROM      YEAR
                                                  NORMAL
..................................................................
TEMPERATURE (F)
 YESTERDAY
  MAXIMUM         69    454 PM  90    1897  67      2       70
  MINIMUM         40    648 AM  13    1899  43     -3       46
  AVERAGE         55                        55      0       58

PRECIPITATION (IN)
  YESTERDAY        0.00          1.32 1962   0.08  -0.08     0.03
  MONTH TO DATE    7.55                      2.69   4.86     3.24
  SINCE SEP 1      7.55                      2.69   4.86     3.24
  SINCE JAN 1     25.41                     22.08   3.33    24.84

SNOWFALL (IN)
  YESTERDAY        0.0           0.0    MM   0.0    0.0      0.0
  MONTH TO DATE    0.0                       0.1   -0.1      0.0
  SINCE SEP 1      0.0                       0.1   -0.1      0.0
  SINCE JUL 1      0.0                       0.1   -0.1      0.0
  SNOW DEPTH       0

DEGREE DAYS
 HEATING
  YESTERDAY       10                        10      0        7
  MONTH TO DATE   63                       162    -99       56
  SINCE SEP 1     63                       162    -99       56
  SINCE JUL 1     71                       193   -122       96

 COOLING
  YESTERDAY        0                         0      0        0
  MONTH TO DATE   97                        61     36      133
  SINCE SEP 1     97                        61     36      133
  SINCE JAN 1    877                       686    191      708
..................................................................


WIND (MPH)
  HIGHEST WIND SPEED     9   HIGHEST WIND DIRECTION    SE (130)
  HIGHEST GUST SPEED    13   HIGHEST GUST DIRECTION    SE (130)
  AVERAGE WIND SPEED     3.1


SKY COVER
  POSSIBLE SUNSHINE  MM
  AVERAGE SKY COVER 0.1


WEATHER CONDITIONS
 THE FOLLOWING WEATHER WAS RECORDED YESTERDAY.
  FOG


RELATIVE HUMIDITY (PERCENT)
 HIGHEST   100           300 AM
 LOWEST     47           400 PM
 AVERAGE    74

..........................................................


THE SIOUX FALLS SD CLIMATE NORMALS FOR TODAY
                         NORMAL    RECORD    YEAR
 MAXIMUM TEMPERATURE (F)   67        90      1976
                                             1952
 MINIMUM TEMPERATURE (F)   42        20      1895


SUNRISE AND SUNSET
SEPTEMBER 30 2016.....SUNRISE   724 AM CDT   SUNSET   709 PM CDT
OCTOBER  1 2016.......SUNRISE   725 AM CDT   SUNSET   707 PM CDT


-  INDICATES NEGATIVE NUMBERS.
R  INDICATES RECORD WAS SET OR TIED.
MM INDICATES DATA IS MISSING.
T  INDICATES TRACE AMOUNT.




$$
