848
CDUS43 KFSD 302220
CLIFSD


CLIMATE REPORT
NATIONAL WEATHER SERVICE SIOUX FALLS SD
520 PM CDT THU MAR 30 2017


...................................

...THE SIOUX FALLS SD CLIMATE SUMMARY FOR MARCH 30 2017...
VALID TODAY AS OF 0500 PM LOCAL TIME.

CLIMATE NORMAL PERIOD 1981 TO 2010
CLIMATE RECORD PERIOD 1893 TO 2017


WEATHER ITEM   OBSERVED TIME   RECORD YEAR NORMAL DEPARTURE LAST
                VALUE   (LST)  VALUE       VALUE  FROM      YEAR
                                                  NORMAL
..................................................................
TEMPERATURE (F)
 TODAY
  MAXIMUM         45    350 PM  88    1943  50     -5       54
  MINIMUM         39    854 AM  -5    1969  28     11       44
  AVERAGE         42                        39      3       49

PRECIPITATION (IN)
  TODAY            T             1.39 1949   0.09  -0.09     0.38
  MONTH TO DATE    0.54                      1.67  -1.13     1.72
  SINCE MAR 1      0.54                      1.67  -1.13     1.72
  SINCE JAN 1      1.65                      2.83  -1.18     3.40

SNOWFALL (IN)
  TODAY            0.0           8.9  1949   0.3   -0.3      0.0
  MONTH TO DATE    8.0                       8.2   -0.2     12.2
  SINCE MAR 1      8.0                       8.2   -0.2     12.2
  SINCE JUL 1     39.4                      39.7   -0.3     68.5
  SNOW DEPTH       0

DEGREE DAYS
 HEATING
  TODAY           23                        26     -3       16
  MONTH TO DATE  894                       969    -75      743
  SINCE MAR 1    894                       969    -75      743
  SINCE JUL 1   5700                      6819  -1119     5779

 COOLING
  TODAY            0                         0      0        0
  MONTH TO DATE    0                         0      0        0
  SINCE MAR 1      0                         0      0        0
  SINCE JAN 1      0                         0      0        0
..................................................................


WIND (MPH)
  HIGHEST WIND SPEED    22   HIGHEST WIND DIRECTION     E (70)
  HIGHEST GUST SPEED    25   HIGHEST GUST DIRECTION     E (70)
  AVERAGE WIND SPEED    13.5


SKY COVER
  POSSIBLE SUNSHINE  MM
  AVERAGE SKY COVER 0.9


WEATHER CONDITIONS
 THE FOLLOWING WEATHER WAS RECORDED TODAY.
  LIGHT RAIN
  FOG


RELATIVE HUMIDITY (PERCENT)
 HIGHEST    92           100 AM
 LOWEST     76           100 PM
 AVERAGE    84

..........................................................


THE SIOUX FALLS SD CLIMATE NORMALS FOR TOMORROW
                         NORMAL    RECORD    YEAR
 MAXIMUM TEMPERATURE (F)   51        83      2012
 MINIMUM TEMPERATURE (F)   28         6      1899


SUNRISE AND SUNSET
MARCH 30 2017.........SUNRISE   712 AM CDT   SUNSET   752 PM CDT
MARCH 31 2017.........SUNRISE   710 AM CDT   SUNSET   753 PM CDT


-  INDICATES NEGATIVE NUMBERS.
R  INDICATES RECORD WAS SET OR TIED.
MM INDICATES DATA IS MISSING.
T  INDICATES TRACE AMOUNT.




$$
