000
CDUS43 KFSD 190630
CLIFSD


CLIMATE REPORT
NATIONAL WEATHER SERVICE SIOUX FALLS SD
130 AM CDT FRI SEP 19 2014


...................................

...THE SIOUX FALLS SD CLIMATE SUMMARY FOR SEPTEMBER 18 2014...

CLIMATE NORMAL PERIOD 1981 TO 2010
CLIMATE RECORD PERIOD 1893 TO 2014


WEATHER ITEM   OBSERVED TIME   RECORD YEAR NORMAL DEPARTURE LAST
                VALUE   (LST)  VALUE       VALUE  FROM      YEAR
                                                  NORMAL
..................................................................
TEMPERATURE (F)
 YESTERDAY
  MAXIMUM         77    328 PM  94    1947  72      5       88
  MINIMUM         52    426 AM  27    1902  48      4       66
  AVERAGE         65                        60      5       77

PRECIPITATION (IN)
  YESTERDAY        0.00          2.07 1986   0.08  -0.08     0.00
  MONTH TO DATE    1.92                      1.70   0.22     0.22
  SINCE SEP 1      1.92                      1.70   0.22     0.22
  SINCE JAN 1     26.35                     21.09   5.26    20.64

SNOWFALL (IN)
  YESTERDAY        0.0           T    1929   0.0    0.0      0.0
  MONTH TO DATE    0.0                       0.0    0.0      0.0
  SINCE SEP 1      0.0                       0.0    0.0      0.0
  SINCE JUL 1      T                         0.0    0.0      0.0
  SNOW DEPTH       0

DEGREE DAYS
 HEATING
  YESTERDAY        0                         6     -6        0
  MONTH TO DATE  106                        69     37       30
  SINCE SEP 1    106                        69     37       30
  SINCE JUL 1    124                       100     24       64

 COOLING
  YESTERDAY        0                         1     -1       12
  MONTH TO DATE   22                        51    -29      106
  SINCE SEP 1     22                        51    -29      106
  SINCE JAN 1    573                       676   -103      760
..................................................................


WIND (MPH)
  HIGHEST WIND SPEED    22   HIGHEST WIND DIRECTION     S (180)
  HIGHEST GUST SPEED    30   HIGHEST GUST DIRECTION    SE (150)
  AVERAGE WIND SPEED    12.3


SKY COVER
  POSSIBLE SUNSHINE  MM
  AVERAGE SKY COVER 0.4


WEATHER CONDITIONS
 THE FOLLOWING WEATHER WAS RECORDED YESTERDAY.
  NO SIGNIFICANT WEATHER WAS OBSERVED.


RELATIVE HUMIDITY (PERCENT)
 HIGHEST    93           400 AM
 LOWEST     43           200 PM
 AVERAGE    68

..........................................................


THE SIOUX FALLS SD CLIMATE NORMALS FOR TODAY
                         NORMAL    RECORD    YEAR
 MAXIMUM TEMPERATURE (F)   72       100      1895
 MINIMUM TEMPERATURE (F)   48        27      1991


SUNRISE AND SUNSET
SEPTEMBER 19 2014.....SUNRISE   711 AM CDT   SUNSET   730 PM CDT
SEPTEMBER 20 2014.....SUNRISE   712 AM CDT   SUNSET   728 PM CDT


-  INDICATES NEGATIVE NUMBERS.
R  INDICATES RECORD WAS SET OR TIED.
MM INDICATES DATA IS MISSING.
T  INDICATES TRACE AMOUNT.




$$
