000
CDUS44 KTSA 170805
CLIFSM

CLIMATE REPORT
NATIONAL WEATHER SERVICE TULSA OK
302 AM CDT WED SEP 17 2014


...................................

...THE FORT SMITH ARKANSAS CLIMATE SUMMARY FOR SEPTEMBER 16 2014...

CLIMATE NORMAL PERIOD 1981 TO 2010
CLIMATE RECORD PERIOD 1882 TO 2014


WEATHER ITEM   OBSERVED TIME   RECORD YEAR NORMAL DEPARTURE LAST
                VALUE   (LST)  VALUE       VALUE  FROM      YEAR
                                                  NORMAL
..................................................................
TEMPERATURE (F)
 YESTERDAY
  MAXIMUM         86    413 PM 101    1980  85      1       92
                                      1956
  MINIMUM         66    535 AM  44    1979  62      4       71
                                      1961
  AVERAGE         76                        74      2       82

PRECIPITATION (IN)
  YESTERDAY        T             2.30 1958   0.14  -0.14     0.00
  MONTH TO DATE    5.18                      2.08   3.10     0.14
  SINCE SEP 1      5.18                      2.08   3.10     0.14
  SINCE JAN 1     28.63                     31.44  -2.81    35.01

DEGREE DAYS
 HEATING
  YESTERDAY        0                         0      0        0
  MONTH TO DATE    4                         0      4        0
  SINCE SEP 1      4                         0      4        0
  SINCE JUL 1      4                         0      4        0

 COOLING
  YESTERDAY       11                         9      2       17
  MONTH TO DATE  187                       187      0      275
  SINCE SEP 1    187                       187      0      275
  SINCE JAN 1   1850                      1882    -32     2078
..................................................................


WIND (MPH)
  HIGHEST WIND SPEED    13   HIGHEST WIND DIRECTION     E (80)
  HIGHEST GUST SPEED    16   HIGHEST GUST DIRECTION     E (80)
  AVERAGE WIND SPEED     4.0


SKY COVER
  POSSIBLE SUNSHINE  MM
  AVERAGE SKY COVER 0.4


WEATHER CONDITIONS
 THE FOLLOWING WEATHER WAS RECORDED YESTERDAY.
  LIGHT RAIN
  FOG
  FOG W/VISIBILITY <= 1/4 MILE


RELATIVE HUMIDITY (PERCENT)
 HIGHEST    97           100 AM
 LOWEST     59           300 PM
 AVERAGE    78

..........................................................


THE FORT SMITH ARKANSAS CLIMATE NORMALS FOR TODAY
                         NORMAL    RECORD    YEAR
 MAXIMUM TEMPERATURE (F)   85       102      1896
 MINIMUM TEMPERATURE (F)   62        43      1903


SUNRISE AND SUNSET
SEPTEMBER 17 2014.....SUNRISE   702 AM CDT   SUNSET   721 PM CDT
SEPTEMBER 18 2014.....SUNRISE   702 AM CDT   SUNSET   720 PM CDT


-  INDICATES NEGATIVE NUMBERS.
R  INDICATES RECORD WAS SET OR TIED.
MM INDICATES DATA IS MISSING.
T  INDICATES TRACE AMOUNT.




$$

&&
...........................................................

THE ARKANSAS RIVER AT VAN BUREN

                   OBSERVED      24 HOUR     24 HOUR
                    VALUE        CHANGE      FORECAST

 STAGE (FEET)
  THIS MORNING       19.5         +0.2

MEAN FLOW (CFS)
  TODAY                                        7900
...........................................................
ALL DATA MEASURED AT THE FORT SMITH REGIONAL AIRPORT
