000
CDUS44 KTSA 232222
CLIFSM

CLIMATE REPORT
NATIONAL WEATHER SERVICE TULSA OK
422 PM CST THU FEB 23 2017


...................................

...THE FORT SMITH ARKANSAS CLIMATE SUMMARY FOR FEBRUARY 23 2017...
VALID TODAY AS OF 0400 PM LOCAL TIME.

CLIMATE NORMAL PERIOD 1981 TO 2010
CLIMATE RECORD PERIOD 1882 TO 2017


WEATHER ITEM   OBSERVED TIME   RECORD YEAR NORMAL DEPARTURE LAST
                VALUE   (LST)  VALUE       VALUE  FROM      YEAR
                                                  NORMAL
..................................................................
TEMPERATURE (F)
 TODAY
  MAXIMUM         88R   210 PM  81    1982  58     30       50
  MINIMUM         54    729 AM  13    1899  35     19       37
  AVERAGE         71                        47     24       44

PRECIPITATION (IN)
  TODAY            0.00          2.80 1985   0.10  -0.10     1.73
  MONTH TO DATE    2.48                      2.24   0.24     1.76
  SINCE DEC 1      5.59                      8.34  -2.75    12.96
  SINCE JAN 1      4.82                      5.05  -0.23     2.15

SNOWFALL (IN)
  TODAY            0.0                                       0.0
  MONTH TO DATE    0.0                                       0.0
  SINCE DEC 1      2.0                                        T
  SINCE JUL 1      2.0                                        T

DEGREE DAYS
 HEATING
  TODAY            0                        18    -18       21
  MONTH TO DATE  244                       495   -251      380
  SINCE DEC 1   1558                      2021   -463     1612
  SINCE JUL 1   1844                      2586   -742     1969
..................................................................


WIND (MPH)
  HIGHEST WIND SPEED    17   HIGHEST WIND DIRECTION     S (160)
  HIGHEST GUST SPEED    24   HIGHEST GUST DIRECTION     S (170)
  AVERAGE WIND SPEED     9.7


SKY COVER
  POSSIBLE SUNSHINE  MM
  AVERAGE SKY COVER 0.1


WEATHER CONDITIONS
 THE FOLLOWING WEATHER WAS RECORDED TODAY.
  FOG


RELATIVE HUMIDITY (PERCENT)
 HIGHEST    93          1200 AM
 LOWEST     22           200 PM
 AVERAGE    58

..........................................................


THE FORT SMITH ARKANSAS CLIMATE NORMALS FOR TOMORROW
                         NORMAL    RECORD    YEAR
 MAXIMUM TEMPERATURE (F)   58        84      1918
 MINIMUM TEMPERATURE (F)   36        18      1967
                                             1965


SUNRISE AND SUNSET
FEBRUARY 23 2017......SUNRISE   654 AM CST   SUNSET   608 PM CST
FEBRUARY 24 2017......SUNRISE   653 AM CST   SUNSET   609 PM CST


-  INDICATES NEGATIVE NUMBERS.
R  INDICATES RECORD WAS SET OR TIED.
MM INDICATES DATA IS MISSING.
T  INDICATES TRACE AMOUNT.




$$

&&
...........................................................

THE ARKANSAS RIVER AT VAN BUREN

                   OBSERVED      24 HOUR     24 HOUR
                    VALUE        CHANGE      FORECAST

 STAGE (FEET)
  THIS AFTERNOON     19.7         -0.1

MEAN FLOW (CFS)
  TODAY                                        -99
...........................................................
ALL DATA MEASURED AT THE FORT SMITH REGIONAL AIRPORT
