000
CDUS44 KTSA 290801
CLIFSM

CLIMATE REPORT
NATIONAL WEATHER SERVICE TULSA OK
147 AM CDT SUN MAR 29 2015


...................................

...THE FORT SMITH ARKANSAS CLIMATE SUMMARY FOR MARCH 28 2015...

CLIMATE NORMAL PERIOD 1981 TO 2010
CLIMATE RECORD PERIOD 1882 TO 2015


WEATHER ITEM   OBSERVED TIME   RECORD YEAR NORMAL DEPARTURE LAST
                VALUE   (LST)  VALUE       VALUE  FROM      YEAR
                                                  NORMAL
..................................................................
TEMPERATURE (F)
 YESTERDAY
  MAXIMUM         59   1159 AM  89    1963  69    -10       68
  MINIMUM         42   1159 PM  25    1931  44     -2       49
  AVERAGE         51                        56     -5       59

PRECIPITATION (IN)
  YESTERDAY        T             2.38 1989   0.13  -0.13     0.07
  MONTH TO DATE    4.50                      3.43   1.07     3.74
  SINCE MAR 1      4.50                      3.43   1.07     3.74
  SINCE JAN 1      9.11                      9.00   0.11     5.51

SNOWFALL (IN)
  YESTERDAY        0.0                                       0.0
  MONTH TO DATE    1.0                                       0.5
  SINCE MAR 1      1.0                                       0.5
  SINCE JUL 1      6.6                                      10.7

DEGREE DAYS
 HEATING
  YESTERDAY       14                         9      5        6
  MONTH TO DATE  379                       360     19      437
  SINCE MAR 1    379                       360     19      437
  SINCE JUL 1   3193                      3033    160     3382

 COOLING
  YESTERDAY        0                         1     -1        0
  MONTH TO DATE    9                         6      3        0
  SINCE MAR 1      9                         6      3        0
  SINCE JAN 1      9                         7      2        0
..................................................................


WIND (MPH)
  HIGHEST WIND SPEED    24   HIGHEST WIND DIRECTION     E (80)
  HIGHEST GUST SPEED    30   HIGHEST GUST DIRECTION     E (70)
  AVERAGE WIND SPEED    12.6


SKY COVER
  POSSIBLE SUNSHINE  MM
  AVERAGE SKY COVER 0.3


WEATHER CONDITIONS
 THE FOLLOWING WEATHER WAS RECORDED YESTERDAY.
  LIGHT RAIN


RELATIVE HUMIDITY (PERCENT)
 HIGHEST    70           700 AM
 LOWEST     49           100 AM
 AVERAGE    60

..........................................................


THE FORT SMITH ARKANSAS CLIMATE NORMALS FOR TODAY
                         NORMAL    RECORD    YEAR
 MAXIMUM TEMPERATURE (F)   69        91      1967
 MINIMUM TEMPERATURE (F)   44        26      1894


SUNRISE AND SUNSET
MARCH 29 2015.........SUNRISE   709 AM CDT   SUNSET   736 PM CDT
MARCH 30 2015.........SUNRISE   707 AM CDT   SUNSET   737 PM CDT


-  INDICATES NEGATIVE NUMBERS.
R  INDICATES RECORD WAS SET OR TIED.
MM INDICATES DATA IS MISSING.
T  INDICATES TRACE AMOUNT.




$$

&&
...........................................................

THE ARKANSAS RIVER AT VAN BUREN

                   OBSERVED      24 HOUR     24 HOUR
                    VALUE        CHANGE      FORECAST

 STAGE (FEET)
  THIS MORNING       19.2         -0.3

MEAN FLOW (CFS)
  TODAY                                        21800
...........................................................
ALL DATA MEASURED AT THE FORT SMITH REGIONAL AIRPORT
