000
CDUS44 KTSA 200814
CLIFSM

CLIMATE REPORT
NATIONAL WEATHER SERVICE TULSA OK
312 AM CDT THU JUL 20 2017


...................................

...THE FORT SMITH ARKANSAS CLIMATE SUMMARY FOR JULY 19 2017...

CLIMATE NORMAL PERIOD 1981 TO 2010
CLIMATE RECORD PERIOD 1882 TO 2017


WEATHER ITEM   OBSERVED TIME   RECORD YEAR NORMAL DEPARTURE LAST
                VALUE   (LST)  VALUE       VALUE  FROM      YEAR
                                                  NORMAL
..................................................................
TEMPERATURE (F)
 YESTERDAY
  MAXIMUM         96    315 PM 106    2012  93      3       95
                                      1936
                                      1934
  MINIMUM         75    554 AM  62    2014  72      3       77
                                      1984
  AVERAGE         86                        83      3       86

PRECIPITATION (IN)
  YESTERDAY        0.00          2.84 1908   0.10  -0.10     0.28
  MONTH TO DATE    4.06                      2.08   1.98     3.60
  SINCE JUN 1     12.56                      6.36   6.20     5.51
  SINCE JAN 1     34.64                     25.55   9.09    22.72

DEGREE DAYS
 COOLING
  YESTERDAY       21                        18      3       21
  MONTH TO DATE  337                       322     15      357
  SINCE JUN 1    737                       707     30      860
  SINCE JAN 1   1055                       951    104     1045
..................................................................


WIND (MPH)
  HIGHEST WIND SPEED    12   HIGHEST WIND DIRECTION    NW (300)
  HIGHEST GUST SPEED    17   HIGHEST GUST DIRECTION    NW (300)
  AVERAGE WIND SPEED     3.9


SKY COVER
  POSSIBLE SUNSHINE  MM
  AVERAGE SKY COVER 0.1


WEATHER CONDITIONS
 THE FOLLOWING WEATHER WAS RECORDED YESTERDAY.
  NO SIGNIFICANT WEATHER WAS OBSERVED.


RELATIVE HUMIDITY (PERCENT)
 HIGHEST   100           400 AM
 LOWEST     58           100 PM
 AVERAGE    79

..........................................................


THE FORT SMITH ARKANSAS CLIMATE NORMALS FOR TODAY
                         NORMAL    RECORD    YEAR
 MAXIMUM TEMPERATURE (F)   93       108      2012
 MINIMUM TEMPERATURE (F)   72        59      1947


SUNRISE AND SUNSET
JULY 20 2017..........SUNRISE   618 AM CDT   SUNSET   830 PM CDT
JULY 21 2017..........SUNRISE   618 AM CDT   SUNSET   829 PM CDT


-  INDICATES NEGATIVE NUMBERS.
R  INDICATES RECORD WAS SET OR TIED.
MM INDICATES DATA IS MISSING.
T  INDICATES TRACE AMOUNT.




$$

&&
...........................................................

THE ARKANSAS RIVER AT VAN BUREN

                   OBSERVED      24 HOUR     24 HOUR
                    VALUE        CHANGE      FORECAST

 STAGE (FEET)
  THIS MORNING       19.4         +0.3

 MEAN FLOW (CFS)
  TODAY                                        1088
...........................................................
ALL DATA MEASURED AT THE FORT SMITH REGIONAL AIRPORT
