000
CDUS44 KTSA 012128
CLIFSM

CLIMATE REPORT
NATIONAL WEATHER SERVICE TULSA OK
418 PM CDT SAT AUG 1 2015


...................................

...THE FORT SMITH ARKANSAS CLIMATE SUMMARY FOR AUGUST 1 2015...
VALID TODAY AS OF 0400 PM LOCAL TIME.

CLIMATE NORMAL PERIOD 1981 TO 2010
CLIMATE RECORD PERIOD 1882 TO 2015


WEATHER ITEM   OBSERVED TIME   RECORD YEAR NORMAL DEPARTURE LAST
                VALUE   (LST)  VALUE       VALUE  FROM      YEAR
                                                  NORMAL
..................................................................
TEMPERATURE (F)
 TODAY
  MAXIMUM         95    259 PM 111    2011  94      1       82
  MINIMUM         70    553 AM  60    1971  72     -2       69
                                      1925
  AVERAGE         83                        83      0       76

PRECIPITATION (IN)
  TODAY            0.00          1.63 1895   0.09  -0.09     0.00
  MONTH TO DATE    0.00                      0.09  -0.09     0.00
  SINCE JUN 1     11.92                      7.67   4.25     7.13
  SINCE JAN 1     45.17                     26.86  18.31    21.87

DEGREE DAYS
 COOLING
  TODAY           18                        18      0       11
  MONTH TO DATE   18                        18      0       11
  SINCE JUN 1   1115                       939    176      868
  SINCE JAN 1   1355                      1183    172     1146
..................................................................


WIND (MPH)
  HIGHEST WIND SPEED    10   HIGHEST WIND DIRECTION     N (350)
  HIGHEST GUST SPEED    12   HIGHEST GUST DIRECTION     N (10)
  AVERAGE WIND SPEED     2.5


SKY COVER
  POSSIBLE SUNSHINE  MM
  AVERAGE SKY COVER 0.0


WEATHER CONDITIONS
 THE FOLLOWING WEATHER WAS RECORDED TODAY.
  NO SIGNIFICANT WEATHER WAS OBSERVED.


RELATIVE HUMIDITY (PERCENT)
 HIGHEST    84           600 AM
 LOWEST     28           300 PM
 AVERAGE    56

..........................................................


THE FORT SMITH ARKANSAS CLIMATE NORMALS FOR TOMORROW
                         NORMAL    RECORD    YEAR
 MAXIMUM TEMPERATURE (F)   94       113      2011
 MINIMUM TEMPERATURE (F)   72        56      1965


SUNRISE AND SUNSET
AUGUST  1 2015........SUNRISE   626 AM CDT   SUNSET   821 PM CDT
AUGUST  2 2015........SUNRISE   627 AM CDT   SUNSET   820 PM CDT


-  INDICATES NEGATIVE NUMBERS.
R  INDICATES RECORD WAS SET OR TIED.
MM INDICATES DATA IS MISSING.
T  INDICATES TRACE AMOUNT.




$$

&&
...........................................................

THE ARKANSAS RIVER AT VAN BUREN

                   OBSERVED      24 HOUR     24 HOUR
                    VALUE        CHANGE      FORECAST

 STAGE (FEET)
  THIS AFTERNOON     19.9         +0.2

MEAN FLOW (CFS)
  TODAY                                        56700
...........................................................
ALL DATA MEASURED AT THE FORT SMITH REGIONAL AIRPORT
