000
CDUS44 KTSA 271049
CLIFSM

CLIMATE REPORT
NATIONAL WEATHER SERVICE TULSA OK
302 AM CST SAT DEC 27 2014


...................................

...THE FORT SMITH ARKANSAS CLIMATE SUMMARY FOR DECEMBER 26 2014...

CLIMATE NORMAL PERIOD 1981 TO 2010
CLIMATE RECORD PERIOD 1882 TO 2014


WEATHER ITEM   OBSERVED TIME   RECORD YEAR NORMAL DEPARTURE LAST
                VALUE   (LST)  VALUE       VALUE  FROM      YEAR
                                                  NORMAL
..................................................................
TEMPERATURE (F)
 YESTERDAY
  MAXIMUM         56    332 PM  79    1889  50      6       50
  MINIMUM         37    526 AM   2    1892  30      7       28
  AVERAGE         47                        40      7       39

PRECIPITATION (IN)
  YESTERDAY        0.01          3.73 1942   0.10  -0.09     0.00
  MONTH TO DATE    2.17                      2.85  -0.68     4.10
  SINCE DEC 1      2.17                      2.85  -0.68     4.10
  SINCE JAN 1     42.00                     45.02  -3.02    47.05

SNOWFALL (IN)
  YESTERDAY       MM                                         0.0
  MONTH TO DATE    T                                         5.0
  SINCE DEC 1      T                                         5.0
  SINCE JUL 1      T                                         5.0

DEGREE DAYS
 HEATING
  YESTERDAY       18                        25     -7       26
  MONTH TO DATE  519                       604    -85      662
  SINCE DEC 1    519                       604    -85      662
  SINCE JUL 1   1138                      1169    -31     1252
..................................................................


WIND (MPH)
  HIGHEST WIND SPEED    15   HIGHEST WIND DIRECTION    SE (120)
  HIGHEST GUST SPEED    19   HIGHEST GUST DIRECTION    SE (130)
  AVERAGE WIND SPEED     5.9


SKY COVER
  POSSIBLE SUNSHINE  MM
  AVERAGE SKY COVER 0.7


WEATHER CONDITIONS
 THE FOLLOWING WEATHER WAS RECORDED YESTERDAY.
  LIGHT RAIN
  FOG


RELATIVE HUMIDITY (PERCENT)
 HIGHEST    93           700 PM
 LOWEST     65           100 AM
 AVERAGE    79

..........................................................


THE FORT SMITH ARKANSAS CLIMATE NORMALS FOR TODAY
                         NORMAL    RECORD    YEAR
 MAXIMUM TEMPERATURE (F)   50        76      2005
                                             1889
 MINIMUM TEMPERATURE (F)   30         8      1892


SUNRISE AND SUNSET
DECEMBER 27 2014......SUNRISE   725 AM CST   SUNSET   512 PM CST
DECEMBER 28 2014......SUNRISE   725 AM CST   SUNSET   513 PM CST


-  INDICATES NEGATIVE NUMBERS.
R  INDICATES RECORD WAS SET OR TIED.
MM INDICATES DATA IS MISSING.
T  INDICATES TRACE AMOUNT.




$$

&&
...........................................................

THE ARKANSAS RIVER AT VAN BUREN

                   OBSERVED      24 HOUR     24 HOUR
                    VALUE        CHANGE      FORECAST

 STAGE (FEET)
  THIS MORNING       19.7         +0.3

MEAN FLOW (CFS)
  TODAY                                        7400
...........................................................
ALL DATA MEASURED AT THE FORT SMITH REGIONAL AIRPORT
