000
CDUS44 KTSA 160658
CLIFSM

CLIMATE REPORT
NATIONAL WEATHER SERVICE TULSA OK
1247 AM CST MON JAN 15 2018


...................................

...THE FORT SMITH ARKANSAS CLIMATE SUMMARY FOR JANUARY 14 2018...

CLIMATE NORMAL PERIOD 1981 TO 2010
CLIMATE RECORD PERIOD 1882 TO 2018


WEATHER ITEM   OBSERVED TIME   RECORD YEAR NORMAL DEPARTURE LAST
                VALUE   (LST)  VALUE       VALUE  FROM      YEAR
                                                  NORMAL
..................................................................
TEMPERATURE (F)
 YESTERDAY
  MAXIMUM         44    413 PM  78    1932  50     -6       45
  MINIMUM         27   1157 PM  -2    1892  29     -2       40
  AVERAGE         36                        39     -3       43

PRECIPITATION (IN)
  YESTERDAY        0.00          1.20 1898   0.08  -0.08     0.13
  MONTH TO DATE    0.54                      1.22  -0.68     0.80
  SINCE DEC 1      2.82                      4.51  -1.69     1.57
  SINCE JAN 1      0.54                      1.22  -0.68     0.80

SNOWFALL (IN)
  YESTERDAY        0.0                                       0.0
  MONTH TO DATE    T                                         2.0
  SINCE DEC 1      T                                         2.0
  SINCE JUL 1      T                                         2.0

DEGREE DAYS
 HEATING
  YESTERDAY       29                        26      3       22
  MONTH TO DATE  425                       364     61      341
  SINCE DEC 1   1102                      1098      4     1034
  SINCE JUL 1   1538                      1663   -125     1320
..................................................................


WIND (MPH)
  HIGHEST WIND SPEED    13   HIGHEST WIND DIRECTION     E (80)
  HIGHEST GUST SPEED    16   HIGHEST GUST DIRECTION     E (110)
  AVERAGE WIND SPEED     5.8


SKY COVER
  POSSIBLE SUNSHINE  MM
  AVERAGE SKY COVER 0.5


WEATHER CONDITIONS
 THE FOLLOWING WEATHER WAS RECORDED YESTERDAY.
  NO SIGNIFICANT WEATHER WAS OBSERVED.


RELATIVE HUMIDITY (PERCENT)
 HIGHEST    75           900 AM
 LOWEST     31           400 PM
 AVERAGE    53

..........................................................


THE FORT SMITH ARKANSAS CLIMATE NORMALS FOR TODAY
                         NORMAL    RECORD    YEAR
 MAXIMUM TEMPERATURE (F)   50        72      1990
                                             1928
                                             1901
 MINIMUM TEMPERATURE (F)   29         1      1888


SUNRISE AND SUNSET
JANUARY 15 2018.......SUNRISE   726 AM CST   SUNSET   528 PM CST
JANUARY 16 2018.......SUNRISE   725 AM CST   SUNSET   529 PM CST


-  INDICATES NEGATIVE NUMBERS.
R  INDICATES RECORD WAS SET OR TIED.
MM INDICATES DATA IS MISSING.
T  INDICATES TRACE AMOUNT.




$$

&&
...........................................................

THE ARKANSAS RIVER AT VAN BUREN

                   OBSERVED      24 HOUR     24 HOUR
                    VALUE        CHANGE      FORECAST

 STAGE (FEET)
  THIS MORNING       19.6         +0.1

 MEAN FLOW (CFS)
  TODAY                                        469
...........................................................
ALL DATA MEASURED AT THE FORT SMITH REGIONAL AIRPORT
CDUS44 KTSA 152218
CLIFYV
CLIMATE REPORT
NATIONAL WEATHER SERVICE TULSA OK
418 PM CST MON JAN 15 2018


...................................

...THE FAYETTEVILLE ARKANSAS CLIMATE SUMMARY FOR JANUARY 15 2018...
VALID TODAY AS OF 0400 PM LOCAL TIME.

CLIMATE NORMAL PERIOD 1981 TO 2010
CLIMATE RECORD PERIOD 1905 TO 2018


WEATHER ITEM   OBSERVED TIME   RECORD YEAR NORMAL DEPARTURE LAST
                VALUE   (LST)  VALUE       VALUE  FROM      YEAR
                                                  NORMAL
..................................................................
TEMPERATURE (F)
 TODAY
  MAXIMUM         36    959 AM  70    1952  46    -10       62
  MINIMUM         22    259 PM   2    1972  25     -3       40
  AVERAGE         29                        35     -6       51

PRECIPITATION (IN)
  TODAY            0.00                      0.09  -0.09     0.48
  MONTH TO DATE    0.54                      1.39  -0.85     0.97
  SINCE DEC 1      2.45                      4.63  -2.18     2.80
  SINCE JAN 1      0.54                      1.39  -0.85     0.97

SNOWFALL (IN)
  TODAY            0.0                                       0.0
  MONTH TO DATE    T                                         0.5
  SINCE DEC 1      0.4                                       0.8
  SINCE JUL 1      0.4                                       0.8

DEGREE DAYS
 HEATING
  TODAY           36                        30      6       14
  MONTH TO DATE  524                       450     74      421
  SINCE DEC 1   1360                      1304     56     1261
  SINCE JUL 1   2060                      2133    -73     1788
..................................................................


WIND (MPH)
  HIGHEST WIND SPEED    21   HIGHEST WIND DIRECTION     N (350)
  HIGHEST GUST SPEED    26   HIGHEST GUST DIRECTION     N (350)
  AVERAGE WIND SPEED     9.7


SKY COVER
  POSSIBLE SUNSHINE  MM
  AVERAGE SKY COVER 0.7


WEATHER CONDITIONS
 THE FOLLOWING WEATHER WAS RECORDED TODAY.
  NO SIGNIFICANT WEATHER WAS OBSERVED.


RELATIVE HUMIDITY (PERCENT)
 HIGHEST    84           400 PM
 LOWEST     56           200 AM
 AVERAGE    70

..........................................................


THE FAYETTEVILLE ARKANSAS CLIMATE NORMALS FOR TOMORROW
                         NORMAL    RECORD    YEAR
 MAXIMUM TEMPERATURE (F)   46        72      1952
 MINIMUM TEMPERATURE (F)   25         0      1997
                                             1977


SUNRISE AND SUNSET
JANUARY 15 2018.......SUNRISE   726 AM CST   SUNSET   526 PM CST
JANUARY 16 2018.......SUNRISE   726 AM CST   SUNSET   527 PM CST


-  INDICATES NEGATIVE NUMBERS.
R  INDICATES RECORD WAS SET OR TIED.
MM INDICATES DATA IS MISSING.
T  INDICATES TRACE AMOUNT.




$$
CDUS44 KTSA 152218
CLIFSM
CLIMATE REPORT
NATIONAL WEATHER SERVICE TULSA OK
418 PM CST MON JAN 15 2018


...................................

...THE FORT SMITH ARKANSAS CLIMATE SUMMARY FOR JANUARY 15 2018...
VALID TODAY AS OF 0400 PM LOCAL TIME.

CLIMATE NORMAL PERIOD 1981 TO 2010
CLIMATE RECORD PERIOD 1882 TO 2018


WEATHER ITEM   OBSERVED TIME   RECORD YEAR NORMAL DEPARTURE LAST
                VALUE   (LST)  VALUE       VALUE  FROM      YEAR
                                                  NORMAL
..................................................................
TEMPERATURE (F)
 TODAY
  MAXIMUM         46   1222 PM  72    1990  50     -4       50
                                      1928
                                      1901
  MINIMUM         25    516 AM   1    1888  29     -4       43
  AVERAGE         36                        39     -3       47

PRECIPITATION (IN)
  TODAY            0.00          1.11 1954   0.09  -0.09     0.11
  MONTH TO DATE    0.54                      1.31  -0.77     0.91
  SINCE DEC 1      2.82                      4.60  -1.78     1.68
  SINCE JAN 1      0.54                      1.31  -0.77     0.91

SNOWFALL (IN)
  TODAY            0.0                                       0.0
  MONTH TO DATE    T                                         2.0
  SINCE DEC 1      T                                         2.0
  SINCE JUL 1      T                                         2.0

DEGREE DAYS
 HEATING
  TODAY           29                        26      3       18
  MONTH TO DATE  454                       390     64      359
  SINCE DEC 1   1131                      1124      7     1052
  SINCE JUL 1   1567                      1689   -122     1338
..................................................................


WIND (MPH)
  HIGHEST WIND SPEED    22   HIGHEST WIND DIRECTION     N (350)
  HIGHEST GUST SPEED    26   HIGHEST GUST DIRECTION     N (340)
  AVERAGE WIND SPEED     7.5


SKY COVER
  POSSIBLE SUNSHINE  MM
  AVERAGE SKY COVER 0.4


WEATHER CONDITIONS
 THE FOLLOWING WEATHER WAS RECORDED TODAY.
  NO SIGNIFICANT WEATHER WAS OBSERVED.


RELATIVE HUMIDITY (PERCENT)
 HIGHEST    81           600 AM
 LOWEST     45          1100 AM
 AVERAGE    63

..........................................................


THE FORT SMITH ARKANSAS CLIMATE NORMALS FOR TOMORROW
                         NORMAL    RECORD    YEAR
 MAXIMUM TEMPERATURE (F)   50        77      1894
 MINIMUM TEMPERATURE (F)   29         6      1982


SUNRISE AND SUNSET
JANUARY 15 2018.......SUNRISE   726 AM CST   SUNSET   528 PM CST
JANUARY 16 2018.......SUNRISE   725 AM CST   SUNSET   529 PM CST


-  INDICATES NEGATIVE NUMBERS.
R  INDICATES RECORD WAS SET OR TIED.
MM INDICATES DATA IS MISSING.
T  INDICATES TRACE AMOUNT.




$$

&&
...........................................................

THE ARKANSAS RIVER AT VAN BUREN

                   OBSERVED      24 HOUR     24 HOUR
                    VALUE        CHANGE      FORECAST

 STAGE (FEET)
  THIS AFTERNOON     19.2         -0.3

 MEAN FLOW (CFS)
  TODAY                                        448
...........................................................
ALL DATA MEASURED AT THE FORT SMITH REGIONAL AIRPORT
CDUS44 KTSA 000000
CLITUL
CLIMATE REPORT
NATIONAL WEATHER SERVICE TULSA OK
1247 AM CST TUE JAN 16 2018


...................................

...THE TULSA OKLAHOMA CLIMATE SUMMARY FOR JANUARY 15 2018...

CLIMATE NORMAL PERIOD 1981 TO 2010
CLIMATE RECORD PERIOD 1882 TO 2018


WEATHER ITEM   OBSERVED TIME   RECORD YEAR NORMAL DEPARTURE LAST
                VALUE   (LST)  VALUE       VALUE  FROM      YEAR
                                                  NORMAL
..................................................................
TEMPERATURE (F)
 YESTERDAY
  MAXIMUM         39    231 AM  70    2006  48     -9       52
  MINIMUM         11   1159 PM   0    1905  27    -16       33
  AVERAGE         25                        38    -13       43

PRECIPITATION (IN)
  YESTERDAY        0.00          0.76 1949   0.05  -0.05     0.70
  MONTH TO DATE    0.25                      0.77  -0.52     1.49
  SINCE DEC 1      1.68                      3.26  -1.58     1.93
  SINCE JAN 1      0.25                      0.77  -0.52     1.49

SNOWFALL (IN)
  YESTERDAY        0.0                                       0.0
  MONTH TO DATE    T                                         0.2
  SINCE DEC 1      2.0                                       0.7
  SINCE JUL 1      2.0                                       0.7

DEGREE DAYS
 HEATING
  YESTERDAY       40                        28     12       22
  MONTH TO DATE  497                       420     77      415
  SINCE DEC 1   1216                      1212      4     1199
  SINCE JUL 1   1718                      1848   -130     1538
..................................................................


WIND (MPH)
  HIGHEST WIND SPEED    28   HIGHEST WIND DIRECTION     N (350)
  HIGHEST GUST SPEED    32   HIGHEST GUST DIRECTION     N (340)
  AVERAGE WIND SPEED    14.8


SKY COVER
  POSSIBLE SUNSHINE  MM
  AVERAGE SKY COVER 0.9


WEATHER CONDITIONS
 THE FOLLOWING WEATHER WAS RECORDED YESTERDAY.
  NO SIGNIFICANT WEATHER WAS OBSERVED.


RELATIVE HUMIDITY (PERCENT)
 HIGHEST    85           800 AM
 LOWEST     48           100 AM
 AVERAGE    67

..........................................................


THE TULSA OKLAHOMA CLIMATE NORMALS FOR TODAY
                         NORMAL    RECORD    YEAR
 MAXIMUM TEMPERATURE (F)   48        78      1938
 MINIMUM TEMPERATURE (F)   27         1      1930


SUNRISE AND SUNSET
JANUARY 16 2018.......SUNRISE   734 AM CST   SUNSET   534 PM CST
JANUARY 17 2018.......SUNRISE   733 AM CST   SUNSET   535 PM CST


-  INDICATES NEGATIVE NUMBERS.
R  INDICATES RECORD WAS SET OR TIED.
MM INDICATES DATA IS MISSING.
T  INDICATES TRACE AMOUNT.




$$

&&
...........................................................

THE TULSA PRECIPITATION NORMALS FOR TODAY
                       NORMAL    RECORD      YEAR
  TODAY                 0.06      1.90       1932
  MONTH TO DATE         0.83
  YEAR TO DATE          0.83
...........................................................
ALL DATA MEASURED AT THE TULSA INTERNATIONAL AIRPORT...
EXCEPT SNOWFALL...WHICH IS MEASURED AT THE NWS OFFICE.
CDUS44 KTSA 000000
CLITUL
CLIMATE REPORT
NATIONAL WEATHER SERVICE TULSA OK
1247 AM CST TUE JAN 16 2018


...................................

...THE TULSA OKLAHOMA CLIMATE SUMMARY FOR JANUARY 15 2018...

CLIMATE NORMAL PERIOD 1981 TO 2010
CLIMATE RECORD PERIOD 1882 TO 2018


WEATHER ITEM   OBSERVED TIME   RECORD YEAR NORMAL DEPARTURE LAST
                VALUE   (LST)  VALUE       VALUE  FROM      YEAR
                                                  NORMAL
..................................................................
TEMPERATURE (F)
 YESTERDAY
  MAXIMUM         39    231 AM  70    2006  48     -9       52
  MINIMUM         11   1159 PM   0    1905  27    -16       33
  AVERAGE         25                        38    -13       43

PRECIPITATION (IN)
  YESTERDAY        0.00          0.76 1949   0.05  -0.05     0.70
  MONTH TO DATE    0.25                      0.77  -0.52     1.49
  SINCE DEC 1      1.68                      3.26  -1.58     1.93
  SINCE JAN 1      0.25                      0.77  -0.52     1.49

SNOWFALL (IN)
  YESTERDAY        0.0                                       0.0
  MONTH TO DATE    T                                         0.2
  SINCE DEC 1      2.0                                       0.7
  SINCE JUL 1      2.0                                       0.7

DEGREE DAYS
 HEATING
  YESTERDAY       40                        28     12       22
  MONTH TO DATE  497                       420     77      415
  SINCE DEC 1   1216                      1212      4     1199
  SINCE JUL 1   1718                      1848   -130     1538
..................................................................


WIND (MPH)
  HIGHEST WIND SPEED    28   HIGHEST WIND DIRECTION     N (350)
  HIGHEST GUST SPEED    32   HIGHEST GUST DIRECTION     N (340)
  AVERAGE WIND SPEED    14.8


SKY COVER
  POSSIBLE SUNSHINE  MM
  AVERAGE SKY COVER 0.9


WEATHER CONDITIONS
 THE FOLLOWING WEATHER WAS RECORDED YESTERDAY.
  NO SIGNIFICANT WEATHER WAS OBSERVED.


RELATIVE HUMIDITY (PERCENT)
 HIGHEST    85           800 AM
 LOWEST     48           100 AM
 AVERAGE    67

..........................................................


THE TULSA OKLAHOMA CLIMATE NORMALS FOR TODAY
                         NORMAL    RECORD    YEAR
 MAXIMUM TEMPERATURE (F)   48        78      1938
 MINIMUM TEMPERATURE (F)   27         1      1930


SUNRISE AND SUNSET
JANUARY 16 2018.......SUNRISE   734 AM CST   SUNSET   534 PM CST
JANUARY 17 2018.......SUNRISE   733 AM CST   SUNSET   535 PM CST


-  INDICATES NEGATIVE NUMBERS.
R  INDICATES RECORD WAS SET OR TIED.
MM INDICATES DATA IS MISSING.
T  INDICATES TRACE AMOUNT.




$$

&&
...........................................................

THE TULSA PRECIPITATION NORMALS FOR TODAY
                       NORMAL    RECORD      YEAR
  TODAY                 0.06      1.90       1932
  MONTH TO DATE         0.83
  YEAR TO DATE          0.83
...........................................................
ALL DATA MEASURED AT THE TULSA INTERNATIONAL AIRPORT...
EXCEPT SNOWFALL...WHICH IS MEASURED AT THE NWS OFFICE.
