299
CDUS42 KFFC 270033
CLIFTY


CLIMATE REPORT
NATIONAL WEATHER SERVICE PEACHTREE CITY GA
832 PM EDT MON SEP 26 2016


...................................

...THE FULTON COUNTY AIRPORT CLIMATE SUMMARY FOR SEPTEMBER 26 2016...
VALID AS OF 0800 PM LOCAL TIME.

CLIMATE NORMAL PERIOD 1981 TO 2010
CLIMATE RECORD PERIOD 9999 TO 9999


WEATHER ITEM   OBSERVED TIME   RECORD YEAR NORMAL DEPARTURE LAST
                VALUE   (LST)  VALUE       VALUE  FROM      YEAR
                                                  NORMAL
..................................................................
TEMPERATURE (F)
 TODAY
  MAXIMUM         88    358 PM  MM      MM  80      8       70
  MINIMUM         66    648 AM  MM      MM  59      7       66
  AVERAGE         77                        70      7       68

PRECIPITATION (IN)
  TODAY            0.00         MM      MM   0.15  -0.15     0.57
  MONTH TO DATE    0.55                      3.37  -2.82     3.39
  SINCE SEP 1      0.55                      3.37  -2.82     3.39

SNOWFALL (IN)
  TODAY           MM            MM      MM  MM     MM       MM
  MONTH TO DATE    0.0                      MM     MM        0.0
  SINCE SEP 1      0.0                      MM     MM        0.0
  SINCE JUL 1      0.0                      MM     MM        0.1
  SNOW DEPTH      MM

DEGREE DAYS
 HEATING
  TODAY            0                         1     -1        0
  MONTH TO DATE    0                         5     -5        4
  SINCE SEP 1      0                         5     -5        4
  SINCE JUL 1      0                         5     -5        4

 COOLING
  TODAY           12                         5      7        3
  MONTH TO DATE  347                       225    122      204
  SINCE SEP 1    347                       225    122      204
  SINCE JAN 1   2098                      1662    436     1851
..................................................................


WIND (MPH)
  RESULTANT WIND SPEED   2   RESULTANT WIND DIRECTION  SE (130)
  HIGHEST WIND SPEED    13   HIGHEST WIND DIRECTION    NW (320)
  HIGHEST GUST SPEED    17   HIGHEST GUST DIRECTION    SE (150)
  AVERAGE WIND SPEED     3.1


SKY COVER
  AVERAGE SKY COVER 0.2


WEATHER CONDITIONS
 THE FOLLOWING WEATHER WAS RECORDED TODAY.
  NO SIGNIFICANT WEATHER WAS OBSERVED.


RELATIVE HUMIDITY (PERCENT)
 HIGHEST    93           600 AM
 LOWEST     40           300 PM
 AVERAGE    67

..........................................................


THE FULTON COUNTY AIRPORT CLIMATE NORMALS FOR TOMORROW
                         NORMAL    RECORD    YEAR
 MAXIMUM TEMPERATURE (F)   80        MM        MM
 MINIMUM TEMPERATURE (F)   58        MM        MM


SUNRISE AND SUNSET
SEPTEMBER 26 2016.....SUNRISE   729 AM EDT   SUNSET   729 PM EDT
SEPTEMBER 27 2016.....SUNRISE   730 AM EDT   SUNSET   727 PM EDT


-  INDICATES NEGATIVE NUMBERS.
R  INDICATES RECORD WAS SET OR TIED.
MM INDICATES DATA IS MISSING.
T  INDICATES TRACE AMOUNT.




$$
