000
CDUS42 KFFC 110919
CLIFTY


CLIMATE REPORT
NATIONAL WEATHER SERVICE PEACHTREE CITY GA
418 AM EST THU FEB 11 2016


...................................

...THE FULTON COUNTY AIRPORT CLIMATE SUMMARY FOR FEBRUARY 10 2016...

CLIMATE NORMAL PERIOD 1981 TO 2010
CLIMATE RECORD PERIOD 9999 TO 9999


WEATHER ITEM   OBSERVED TIME   RECORD YEAR NORMAL DEPARTURE LAST
                VALUE   (LST)  VALUE       VALUE  FROM      YEAR
                                                  NORMAL
..................................................................
TEMPERATURE (F)
 YESTERDAY
  MAXIMUM         38    439 PM  MM      MM  56    -18       53
  MINIMUM         23    827 AM  MM      MM  35    -12       38
  AVERAGE         31                        45    -14       46

PRECIPITATION (IN)
  YESTERDAY        T            MM      MM   0.17  -0.17     0.00
  MONTH TO DATE    1.94                      1.58   0.36     1.15
  SINCE DEC 1     15.64                      9.84   5.80     8.80
  SINCE JAN 1      6.76                      5.85   0.91     4.48

SNOWFALL (IN)
  YESTERDAY        T            MM      MM  MM     MM       MM
  MONTH TO DATE    T                        MM     MM        0.0
  SINCE DEC 1      T                        MM     MM        0.0
  SINCE JUL 1      0.1                      MM     MM        0.0
  SNOW DEPTH      MM

DEGREE DAYS
 HEATING
  YESTERDAY       34                        20     14       19
  MONTH TO DATE  192                       204    -12      214
  SINCE DEC 1   1227                      1510   -283     1438
  SINCE JUL 1   1584                      2020   -436     2076
..................................................................


WIND (MPH)
  RESULTANT WIND SPEED  11   RESULTANT WIND DIRECTION  NW (300)
  HIGHEST WIND SPEED    23   HIGHEST WIND DIRECTION     W (290)
  HIGHEST GUST SPEED    33   HIGHEST GUST DIRECTION     W (290)
  AVERAGE WIND SPEED    11.3


SKY COVER
  AVERAGE SKY COVER 0.7


WEATHER CONDITIONS
 THE FOLLOWING WEATHER WAS RECORDED YESTERDAY.
  NO SIGNIFICANT WEATHER WAS OBSERVED.


RELATIVE HUMIDITY (PERCENT)
 HIGHEST    63          1200 AM
 LOWEST     27           400 PM
 AVERAGE    45

..........................................................


THE FULTON COUNTY AIRPORT CLIMATE NORMALS FOR TODAY
                         NORMAL    RECORD    YEAR
 MAXIMUM TEMPERATURE (F)   56        MM        MM
 MINIMUM TEMPERATURE (F)   35        MM        MM


SUNRISE AND SUNSET
FEBRUARY 11 2016......SUNRISE   727 AM EST   SUNSET   618 PM EST
FEBRUARY 12 2016......SUNRISE   726 AM EST   SUNSET   619 PM EST


-  INDICATES NEGATIVE NUMBERS.
R  INDICATES RECORD WAS SET OR TIED.
MM INDICATES DATA IS MISSING.
T  INDICATES TRACE AMOUNT.




$$
