000
CDUS46 KSGX 190119
CLIFUL


CLIMATE REPORT
NATIONAL WEATHER SERVICE SAN DIEGO, CA
518 PM PST SAT NOV 18 2017


...................................

...THE FULLERTON AIRPORT CA CLIMATE SUMMARY FOR NOVEMBER 18 2017...
VALID TODAY AS OF 0500 PM LOCAL TIME.

CLIMATE NORMAL PERIOD 1981 TO 2010
CLIMATE RECORD PERIOD 1998 TO 2017


WEATHER ITEM   OBSERVED TIME   RECORD YEAR NORMAL DEPARTURE LAST
                VALUE   (LST)  VALUE       VALUE  FROM      YEAR
                                                  NORMAL
..................................................................
TEMPERATURE (F)
 TODAY
  MAXIMUM         82   1239 PM  88    2008  72     10       80
  MINIMUM         52    641 AM  39    2000  49      3       51
  AVERAGE         67                        60      7       66

PRECIPITATION (IN)
  TODAY            0.00          0.01 2001   0.03  -0.03     0.00
  MONTH TO DATE    0.03                      0.69  -0.66     0.00
  SINCE OCT 1      0.03                      1.44  -1.41     0.40
  SINCE JAN 1     11.21                     11.42  -0.21     4.61

DEGREE DAYS
 HEATING
  TODAY            0                         5     -5        0
  MONTH TO DATE    5                        62    -57        3
  SINCE SEP 1      5                        86    -81        3
  SINCE JUL 1      5                        86    -81        3

 COOLING
  TODAY            2                         0      2        1
  MONTH TO DATE   26                        19      7       98
  SINCE SEP 1    593                       387    206      616
  SINCE JAN 1   1823                      1250    573     1891
..................................................................


WIND (MPH)
  RESULTANT WIND SPEED   1   RESULTANT WIND DIRECTION   W (260)
  HIGHEST WIND SPEED     8   HIGHEST WIND DIRECTION     W (270)
  HIGHEST GUST SPEED    12   HIGHEST GUST DIRECTION     W (260)
  AVERAGE WIND SPEED     0.7


SKY COVER
  POSSIBLE SUNSHINE  MM
  AVERAGE SKY COVER 0.0


WEATHER CONDITIONS
 THE FOLLOWING WEATHER WAS RECORDED TODAY.
  HAZE


RELATIVE HUMIDITY (PERCENT)
 HIGHEST   100           100 AM
 LOWEST     23           100 PM
 AVERAGE    62

..........................................................


THE FULLERTON AIRPORT CA CLIMATE NORMALS FOR TOMORROW
                         NORMAL    RECORD    YEAR
 MAXIMUM TEMPERATURE (F)   71        92      2006
 MINIMUM TEMPERATURE (F)   49        38      2000


SUNRISE AND SUNSET
NOVEMBER 18 2017......SUNRISE   627 AM PST   SUNSET   447 PM PST
NOVEMBER 19 2017......SUNRISE   628 AM PST   SUNSET   446 PM PST


-  INDICATES NEGATIVE NUMBERS.
R  INDICATES RECORD WAS SET OR TIED.
MM INDICATES DATA IS MISSING.
T  INDICATES TRACE AMOUNT.




$$
