000
CDUS46 KSGX 010016
CLIFUL


CLIMATE REPORT
NATIONAL WEATHER SERVICE SAN DIEGO, CA
516 PM PDT FRI SEP 30 2016


...................................

...THE FULLERTON AIRPORT CA CLIMATE SUMMARY FOR SEPTEMBER 30 2016...
VALID TODAY AS OF 0500 PM LOCAL TIME.

CLIMATE NORMAL PERIOD 1981 TO 2010
CLIMATE RECORD PERIOD 1998 TO 2016


WEATHER ITEM   OBSERVED TIME   RECORD YEAR NORMAL DEPARTURE LAST
                VALUE   (LST)  VALUE       VALUE  FROM      YEAR
                                                  NORMAL
..................................................................
TEMPERATURE (F)
 TODAY
  MAXIMUM         94    220 PM 102    2008  81     13       89
  MINIMUM         66    545 AM  57    2007  61      5       66
  AVERAGE         80                        71      9       78

PRECIPITATION (IN)
  TODAY            0.00          T    2011   0.01  -0.01     0.00
  MONTH TO DATE    T                         0.24  -0.24     1.31
  SINCE OCT 1      5.26                     13.88  -8.62     8.14
  SINCE JAN 1      4.21                      9.98  -5.77     4.32

DEGREE DAYS
 HEATING
  TODAY            0                         0      0        0
  MONTH TO DATE    0                         0      0        0
  SINCE SEP 1      0                         1     -1        0
  SINCE JUL 1      0                         1     -1        0

 COOLING
  TODAY           15                         6      9       13
  MONTH TO DATE  322                       255     67      446
  SINCE SEP 1    322                       255     67      446
  SINCE JAN 1   1597                      1118    479     1825
..................................................................


WIND (MPH)
  RESULTANT WIND SPEED   2   RESULTANT WIND DIRECTION   W (250)
  HIGHEST WIND SPEED    10   HIGHEST WIND DIRECTION     W (290)
  HIGHEST GUST SPEED    16   HIGHEST GUST DIRECTION     W (280)
  AVERAGE WIND SPEED     2.9


SKY COVER
  POSSIBLE SUNSHINE  MM
  AVERAGE SKY COVER 0.0


WEATHER CONDITIONS
 THE FOLLOWING WEATHER WAS RECORDED TODAY.
  NO SIGNIFICANT WEATHER WAS OBSERVED.


RELATIVE HUMIDITY (PERCENT)
 HIGHEST    73           500 AM
 LOWEST     23           200 PM
 AVERAGE    48

..........................................................


THE FULLERTON AIRPORT CA CLIMATE NORMALS FOR TOMORROW
                         NORMAL    RECORD    YEAR
 MAXIMUM TEMPERATURE (F)   81       105      2012
 MINIMUM TEMPERATURE (F)   61        55      2009


SUNRISE AND SUNSET
SEPTEMBER 30 2016.....SUNRISE   646 AM PDT   SUNSET   637 PM PDT
OCTOBER  1 2016.......SUNRISE   647 AM PDT   SUNSET   635 PM PDT


-  INDICATES NEGATIVE NUMBERS.
R  INDICATES RECORD WAS SET OR TIED.
MM INDICATES DATA IS MISSING.
T  INDICATES TRACE AMOUNT.




$$
