235
CDUS46 KSGX 250016
CLIFUL


CLIMATE REPORT
NATIONAL WEATHER SERVICE SAN DIEGO, CA
516 PM PDT FRI MAR 24 2017


...................................

...THE FULLERTON AIRPORT CA CLIMATE SUMMARY FOR MARCH 24 2017...
VALID TODAY AS OF 0500 PM LOCAL TIME.

CLIMATE NORMAL PERIOD 1981 TO 2010
CLIMATE RECORD PERIOD 1998 TO 2017


WEATHER ITEM   OBSERVED TIME   RECORD YEAR NORMAL DEPARTURE LAST
                VALUE   (LST)  VALUE       VALUE  FROM      YEAR
                                                  NORMAL
..................................................................
TEMPERATURE (F)
 TODAY
  MAXIMUM         72    201 PM  87    2008  70      2       83
  MINIMUM         50    612 AM  42    2011  50      0       49
  AVERAGE         61                        60      1       66

PRECIPITATION (IN)
  TODAY            0.00          0.16 2011   0.03  -0.03     0.00
  MONTH TO DATE    0.26                      1.91  -1.65     0.88
  SINCE OCT 1     16.34                     12.09   4.25     5.06
  SINCE JAN 1     10.43                      8.19   2.24     4.01

DEGREE DAYS
 HEATING
  TODAY            4                         5     -1        0
  MONTH TO DATE   49                       135    -86       40
  SINCE MAR 1     49                       135    -86       40
  SINCE JUL 1    746                      1057   -311      719

 COOLING
  TODAY            0                         0      0        1
  MONTH TO DATE   34                         8     26       20
  SINCE MAR 1     34                         8     26       20
  SINCE JAN 1     37                        17     20       92
..................................................................


WIND (MPH)
  RESULTANT WIND SPEED   1   RESULTANT WIND DIRECTION   S (160)
  HIGHEST WIND SPEED    15   HIGHEST WIND DIRECTION    SW (220)
  HIGHEST GUST SPEED    21   HIGHEST GUST DIRECTION    SW (220)
  AVERAGE WIND SPEED     4.1


SKY COVER
  POSSIBLE SUNSHINE  MM
  AVERAGE SKY COVER 0.0


WEATHER CONDITIONS
 THE FOLLOWING WEATHER WAS RECORDED TODAY.
  NO SIGNIFICANT WEATHER WAS OBSERVED.


RELATIVE HUMIDITY (PERCENT)
 HIGHEST    86           400 AM
 LOWEST     38           100 PM
 AVERAGE    62

..........................................................


THE FULLERTON AIRPORT CA CLIMATE NORMALS FOR TOMORROW
                         NORMAL    RECORD    YEAR
 MAXIMUM TEMPERATURE (F)   70        87      2015
 MINIMUM TEMPERATURE (F)   50        45      2005


SUNRISE AND SUNSET
MARCH 24 2017.........SUNRISE   650 AM PDT   SUNSET   707 PM PDT
MARCH 25 2017.........SUNRISE   648 AM PDT   SUNSET   708 PM PDT


-  INDICATES NEGATIVE NUMBERS.
R  INDICATES RECORD WAS SET OR TIED.
MM INDICATES DATA IS MISSING.
T  INDICATES TRACE AMOUNT.




$$
