000
CDUS46 KSGX 310051
CLIFUL


CLIMATE REPORT
NATIONAL WEATHER SERVICE SAN DIEGO, CA
551 PM PDT SAT JUL 30 2016


...................................

...THE FULLERTON AIRPORT CA CLIMATE SUMMARY FOR JULY 30 2016...
VALID TODAY AS OF 0500 PM LOCAL TIME.

CLIMATE NORMAL PERIOD 1981 TO 2010
CLIMATE RECORD PERIOD 1998 TO 2016


WEATHER ITEM   OBSERVED TIME   RECORD YEAR NORMAL DEPARTURE LAST
                VALUE   (LST)  VALUE       VALUE  FROM      YEAR
                                                  NORMAL
..................................................................
TEMPERATURE (F)
 TODAY
  MAXIMUM         88    221 PM  90    2014  84      4       88
  MINIMUM         72    522 AM  61    2010  65      7       71
  AVERAGE         80                        75      5       80

PRECIPITATION (IN)
  TODAY            0.00          T    2015   0.00   0.00      T
  MONTH TO DATE    0.00                      0.04  -0.04     0.48
  SINCE OCT 1      5.26                     13.59  -8.33     6.83
  SINCE JAN 1      4.21                      9.69  -5.48     3.01

DEGREE DAYS
 HEATING
  TODAY            0                         0      0        0
  MONTH TO DATE    0                         0      0        0
  SINCE JUN 1      0                         2     -2        0
  SINCE JUL 1      0                         0      0        0

 COOLING
  TODAY           15                        10      5       15
  MONTH TO DATE  389                       264    125      335
  SINCE JUN 1    649                       409    240      589
  SINCE JAN 1    885                       532    353      931
..................................................................


WIND (MPH)
  RESULTANT WIND SPEED   3   RESULTANT WIND DIRECTION   S (190)
  HIGHEST WIND SPEED    13   HIGHEST WIND DIRECTION    SW (210)
  HIGHEST GUST SPEED    16   HIGHEST GUST DIRECTION    SW (220)
  AVERAGE WIND SPEED     4.9


SKY COVER
  POSSIBLE SUNSHINE  MM
  AVERAGE SKY COVER 0.2


WEATHER CONDITIONS
 THE FOLLOWING WEATHER WAS RECORDED TODAY.
  NO SIGNIFICANT WEATHER WAS OBSERVED.


RELATIVE HUMIDITY (PERCENT)
 HIGHEST    79          1200 AM
 LOWEST     43           200 PM
 AVERAGE    61

..........................................................


THE FULLERTON AIRPORT CA CLIMATE NORMALS FOR TOMORROW
                         NORMAL    RECORD    YEAR
 MAXIMUM TEMPERATURE (F)   84        92      2000
 MINIMUM TEMPERATURE (F)   65        61      1998


SUNRISE AND SUNSET
JULY 30 2016..........SUNRISE   603 AM PDT   SUNSET   754 PM PDT
JULY 31 2016..........SUNRISE   603 AM PDT   SUNSET   753 PM PDT


-  INDICATES NEGATIVE NUMBERS.
R  INDICATES RECORD WAS SET OR TIED.
MM INDICATES DATA IS MISSING.
T  INDICATES TRACE AMOUNT.




$$
