000
CDUS46 KSGX 301138
CLIFUL


CLIMATE REPORT
NATIONAL WEATHER SERVICE SAN DIEGO, CA
438 AM PDT TUE MAY 30 2017


...................................

...THE FULLERTON AIRPORT CA CLIMATE SUMMARY FOR MAY 29 2017...

CLIMATE NORMAL PERIOD 1981 TO 2010
CLIMATE RECORD PERIOD 1998 TO 2017


WEATHER ITEM   OBSERVED TIME   RECORD YEAR NORMAL DEPARTURE LAST
                VALUE   (LST)  VALUE       VALUE  FROM      YEAR
                                                  NORMAL
..................................................................
TEMPERATURE (F)
 YESTERDAY
  MAXIMUM         75    209 PM  89    2010  76     -1       75
  MINIMUM         60    405 AM  53    2010  59      1       61
  AVERAGE         68                        67      1       68

PRECIPITATION (IN)
  YESTERDAY        0.00          0.00   MM   0.01  -0.01     0.00
  MONTH TO DATE    0.54                      0.25   0.29     0.05
  SINCE OCT 1     16.91                     13.46   3.45     5.26
  SINCE JAN 1     11.00                      9.56   1.44     4.21

DEGREE DAYS
 HEATING
  YESTERDAY        0                         0      0        0
  MONTH TO DATE   26                        31     -5       10
  SINCE MAR 1     98                       303   -205       91
  SINCE JUL 1    795                      1225   -430      770

 COOLING
  YESTERDAY        3                         3      0        3
  MONTH TO DATE   95                        65     30       55
  SINCE MAR 1    233                       108    125      160
  SINCE JAN 1    236                       117    119      232
..................................................................


WIND (MPH)
  RESULTANT WIND SPEED   4   RESULTANT WIND DIRECTION   S (190)
  HIGHEST WIND SPEED    12   HIGHEST WIND DIRECTION    SW (210)
  HIGHEST GUST SPEED    16   HIGHEST GUST DIRECTION     S (190)
  AVERAGE WIND SPEED     5.1


SKY COVER
  POSSIBLE SUNSHINE  MM
  AVERAGE SKY COVER 0.6


WEATHER CONDITIONS
 THE FOLLOWING WEATHER WAS RECORDED YESTERDAY.
  NO SIGNIFICANT WEATHER WAS OBSERVED.


RELATIVE HUMIDITY (PERCENT)
 HIGHEST    90           200 AM
 LOWEST     57           100 PM
 AVERAGE    74

..........................................................


THE FULLERTON AIRPORT CA CLIMATE NORMALS FOR TODAY
                         NORMAL    RECORD    YEAR
 MAXIMUM TEMPERATURE (F)   76        87      2004
 MINIMUM TEMPERATURE (F)   59        52      2011


SUNRISE AND SUNSET
MAY 30 2017...........SUNRISE   543 AM PDT   SUNSET   757 PM PDT
MAY 31 2017...........SUNRISE   542 AM PDT   SUNSET   757 PM PDT


-  INDICATES NEGATIVE NUMBERS.
R  INDICATES RECORD WAS SET OR TIED.
MM INDICATES DATA IS MISSING.
T  INDICATES TRACE AMOUNT.




$$
