000
CDUS46 KSGX 211243
CLIFUL


CLIMATE REPORT
NATIONAL WEATHER SERVICE SAN DIEGO, CA
442 AM PST SUN JAN 21 2018


...................................

...THE FULLERTON AIRPORT CA CLIMATE SUMMARY FOR JANUARY 20 2018...

CLIMATE NORMAL PERIOD 1981 TO 2010
CLIMATE RECORD PERIOD 1998 TO 2018


WEATHER ITEM   OBSERVED TIME   RECORD YEAR NORMAL DEPARTURE LAST
                VALUE   (LST)  VALUE       VALUE  FROM      YEAR
                                                  NORMAL
..................................................................
TEMPERATURE (F)
 YESTERDAY
  MAXIMUM         65    231 PM  85    2013  68     -3       61
  MINIMUM         45    712 AM  37    2006  45      0       53
  AVERAGE         55                        56     -1       57

PRECIPITATION (IN)
  YESTERDAY        0.00          2.22 2010   0.10  -0.10     1.04
  MONTH TO DATE    1.13                      2.13  -1.00     4.31
  SINCE OCT 1      1.21                      6.03  -4.82    10.22
  SINCE JAN 1      1.13                      2.13  -1.00     4.31

DEGREE DAYS
 HEATING
  YESTERDAY       10                         9      1        8
  MONTH TO DATE   60                       180   -120      154
  SINCE DEC 1    200                       456   -256      360
  SINCE JUL 1    222                       620   -398      424

 COOLING
  YESTERDAY        0                         0      0        0
  MONTH TO DATE   11                         0     11        0
  SINCE DEC 1     22                         1     21        0
  SINCE JAN 1     11                         0     11        0
..................................................................


WIND (MPH)
  RESULTANT WIND SPEED   4   RESULTANT WIND DIRECTION  NW (300)
  HIGHEST WIND SPEED    15   HIGHEST WIND DIRECTION     W (290)
  HIGHEST GUST SPEED    25   HIGHEST GUST DIRECTION     W (290)
  AVERAGE WIND SPEED     4.9


SKY COVER
  POSSIBLE SUNSHINE  MM
  AVERAGE SKY COVER 0.2


WEATHER CONDITIONS
 THE FOLLOWING WEATHER WAS RECORDED YESTERDAY.
  NO SIGNIFICANT WEATHER WAS OBSERVED.


RELATIVE HUMIDITY (PERCENT)
 HIGHEST    89           200 AM
 LOWEST     19           300 PM
 AVERAGE    54

..........................................................


THE FULLERTON AIRPORT CA CLIMATE NORMALS FOR TODAY
                         NORMAL    RECORD    YEAR
 MAXIMUM TEMPERATURE (F)   68        86      2013
 MINIMUM TEMPERATURE (F)   45        35      2006


SUNRISE AND SUNSET
JANUARY 21 2018.......SUNRISE   655 AM PST   SUNSET   512 PM PST
JANUARY 22 2018.......SUNRISE   654 AM PST   SUNSET   513 PM PST


-  INDICATES NEGATIVE NUMBERS.
R  INDICATES RECORD WAS SET OR TIED.
MM INDICATES DATA IS MISSING.
T  INDICATES TRACE AMOUNT.




$$
