000
CDUS46 KSGX 301421
CLIFUL


CLIMATE REPORT
NATIONAL WEATHER SERVICE SAN DIEGO, CA
721 AM PDT THU OCT 30 2014


...................................

...THE FULLERTON AIRPORT CA CLIMATE SUMMARY FOR OCTOBER 29 2014...

CLIMATE NORMAL PERIOD 1981 TO 2010
CLIMATE RECORD PERIOD 1998 TO 2014


WEATHER ITEM   OBSERVED TIME   RECORD YEAR NORMAL DEPARTURE LAST
                VALUE   (LST)  VALUE       VALUE  FROM      YEAR
                                                  NORMAL
..................................................................
TEMPERATURE (F)
 YESTERDAY
  MAXIMUM         89R   225 PM  88    2012  77     12       68
  MINIMUM         57    554 AM  45    2009  54      3       52
  AVERAGE         73                        65      8       60

PRECIPITATION (IN)
  YESTERDAY        0.00          0.36 2000   0.03  -0.03     0.00
  MONTH TO DATE    0.00                      0.68  -0.68     0.13
  SINCE JUL 1      0.12                      1.01  -0.89     0.13
  SINCE JAN 1      3.58                     10.66  -7.08     2.66

SNOWFALL (IN)
  YESTERDAY        0.0
  MONTH TO DATE    0.0
  SINCE JAN 1      0.0
  SINCE JUL 1      0.0
  SNOW DEPTH       0

DEGREE DAYS
 HEATING
  YESTERDAY        0                         2     -2        5
  MONTH TO DATE    0                        17    -17       18
  SINCE SEP 1      0                        18    -18       18
  SINCE JUL 1      0                        18    -18       18

 COOLING
  YESTERDAY        8                         2      6        0
  MONTH TO DATE  256                       109    147      107
  SINCE SEP 1    679                       364    315      468
  SINCE JAN 1   2041                      1227    814     1858
..................................................................


WIND (MPH)
  RESULTANT WIND SPEED   1   RESULTANT WIND DIRECTION  SW (240)
  HIGHEST WIND SPEED     9   HIGHEST WIND DIRECTION     W (290)
  HIGHEST GUST SPEED    13   HIGHEST GUST DIRECTION     W (290)
  AVERAGE WIND SPEED     2.2


SKY COVER
  POSSIBLE SUNSHINE  MM
  AVERAGE SKY COVER 0.0


WEATHER CONDITIONS
 THE FOLLOWING WEATHER WAS RECORDED YESTERDAY.
  NO SIGNIFICANT WEATHER WAS OBSERVED.


RELATIVE HUMIDITY (PERCENT)
 HIGHEST    86           600 AM
 LOWEST     28           300 PM
 AVERAGE    57

..........................................................


THE FULLERTON AIRPORT CA CLIMATE NORMALS FOR TODAY
                         NORMAL    RECORD    YEAR
 MAXIMUM TEMPERATURE (F)   76        93      1999
 MINIMUM TEMPERATURE (F)   54        48      2004


SUNRISE AND SUNSET
OCTOBER 30 2014.......SUNRISE   709 AM PDT   SUNSET   601 PM PDT
OCTOBER 31 2014.......SUNRISE   710 AM PDT   SUNSET   600 PM PDT


-  INDICATES NEGATIVE NUMBERS.
R  INDICATES RECORD WAS SET OR TIED.
MM INDICATES DATA IS MISSING.
T  INDICATES TRACE AMOUNT.




$$
