000
CDUS46 KSGX 010021
CLIFUL


CLIMATE REPORT
NATIONAL WEATHER SERVICE SAN DIEGO, CA
521 PM PDT TUE JUN 30 2015


...................................

...THE FULLERTON AIRPORT CA CLIMATE SUMMARY FOR JUNE 30 2015...
VALID TODAY AS OF 0500 PM LOCAL TIME.

CLIMATE NORMAL PERIOD 1981 TO 2010
CLIMATE RECORD PERIOD 1998 TO 2015


WEATHER ITEM   OBSERVED TIME   RECORD YEAR NORMAL DEPARTURE LAST
                VALUE   (LST)  VALUE       VALUE  FROM      YEAR
                                                  NORMAL
..................................................................
TEMPERATURE (F)
 TODAY
  MAXIMUM         89   1122 AM  94    2006  81      8       80
  MINIMUM         68    437 AM  58    2005  63      5       67
  AVERAGE         79                        72      7       74

PRECIPITATION (IN)
  TODAY            T   R         0.00   MM   0.00   0.00     0.00
  MONTH TO DATE    T                         0.09  -0.09     0.00
  SINCE OCT 1      6.35                     13.55  -7.20     4.77
  SINCE JAN 1      2.53                      9.65  -7.12     3.46

SNOWFALL (IN)
  TODAY            0.0
  MONTH TO DATE    0.0
  SINCE JUN 1      0.0
  SINCE JUL 1      0.0
  SNOW DEPTH       0

DEGREE DAYS
 HEATING
  TODAY            0                         0      0        0
  MONTH TO DATE    0                         0      0        0
  SINCE JUN 1      0                         2     -2        0
  SINCE JUL 1    453                      1226   -773      591

 COOLING
  TODAY           14                         7      7        9
  MONTH TO DATE  254                       145    109      217
  SINCE JUN 1    254                       145    109      217
  SINCE JAN 1    596                       268    328      575
..................................................................


WIND (MPH)
  RESULTANT WIND SPEED   3   RESULTANT WIND DIRECTION   S (180)
  HIGHEST WIND SPEED    16   HIGHEST WIND DIRECTION     S (180)
  HIGHEST GUST SPEED    21   HIGHEST GUST DIRECTION     S (160)
  AVERAGE WIND SPEED     3.9


SKY COVER
  POSSIBLE SUNSHINE  MM
  AVERAGE SKY COVER 0.0


WEATHER CONDITIONS
 THE FOLLOWING WEATHER WAS RECORDED TODAY.
  LIGHT RAIN


RELATIVE HUMIDITY (PERCENT)
 HIGHEST    81           400 AM
 LOWEST     36           200 PM
 AVERAGE    59

..........................................................


THE FULLERTON AIRPORT CA CLIMATE NORMALS FOR TOMORROW
                         NORMAL    RECORD    YEAR
 MAXIMUM TEMPERATURE (F)   82        97      2013
                                             2006
 MINIMUM TEMPERATURE (F)   63        59      2005


SUNRISE AND SUNSET
JUNE 30 2015..........SUNRISE   544 AM PDT   SUNSET   807 PM PDT
JULY  1 2015..........SUNRISE   545 AM PDT   SUNSET   807 PM PDT


-  INDICATES NEGATIVE NUMBERS.
R  INDICATES RECORD WAS SET OR TIED.
MM INDICATES DATA IS MISSING.
T  INDICATES TRACE AMOUNT.




$$
