460
CDUS46 KSGX 090117
CLIFUL


CLIMATE REPORT
NATIONAL WEATHER SERVICE SAN DIEGO, CA
516 PM PST MON FEB 8 2016


...................................

...THE FULLERTON AIRPORT CA CLIMATE SUMMARY FOR FEBRUARY 8 2016...
VALID TODAY AS OF 0500 PM LOCAL TIME.

CLIMATE NORMAL PERIOD 1981 TO 2010
CLIMATE RECORD PERIOD 1998 TO 2016


WEATHER ITEM   OBSERVED TIME   RECORD YEAR NORMAL DEPARTURE LAST
                VALUE   (LST)  VALUE       VALUE  FROM      YEAR
                                                  NORMAL
..................................................................
TEMPERATURE (F)
 TODAY
  MAXIMUM         88    349 PM  90    2006  68     20       80
  MINIMUM         55    400 AM  38    2001  47      8       59
  AVERAGE         72                        57     15       70

PRECIPITATION (IN)
  TODAY            0.00          0.33 2013   0.11  -0.11     0.00
  MONTH TO DATE    0.00                      0.72  -0.72      T
  SINCE OCT 1      3.71                      7.65  -3.94     4.69
  SINCE JAN 1      2.66                      3.75  -1.09     0.87

DEGREE DAYS
 HEATING
  TODAY            0                         8     -8        0
  MONTH TO DATE   49                        64    -15        8
  SINCE DEC 1    555                       617    -62      297
  SINCE JUL 1    660                       781   -121      321

 COOLING
  TODAY            7                         0      7        5
  MONTH TO DATE   11                         0     11        6
  SINCE DEC 1     12                         5      7       29
  SINCE JAN 1     11                         4      7       25
..................................................................


WIND (MPH)
  RESULTANT WIND SPEED   8   RESULTANT WIND DIRECTION   E (90)
  HIGHEST WIND SPEED    26   HIGHEST WIND DIRECTION     E (90)
  HIGHEST GUST SPEED    32   HIGHEST GUST DIRECTION     E (90)
  AVERAGE WIND SPEED     9.7


SKY COVER
  POSSIBLE SUNSHINE  MM
  AVERAGE SKY COVER 0.0


WEATHER CONDITIONS
 THE FOLLOWING WEATHER WAS RECORDED TODAY.
  NO SIGNIFICANT WEATHER WAS OBSERVED.


RELATIVE HUMIDITY (PERCENT)
 HIGHEST    41           400 AM
 LOWEST      9          1200 PM
 AVERAGE    25

..........................................................


THE FULLERTON AIRPORT CA CLIMATE NORMALS FOR TOMORROW
                         NORMAL    RECORD    YEAR
 MAXIMUM TEMPERATURE (F)   68        86      2008
 MINIMUM TEMPERATURE (F)   47        39      2013


SUNRISE AND SUNSET
FEBRUARY  8 2016......SUNRISE   643 AM PST   SUNSET   529 PM PST
FEBRUARY  9 2016......SUNRISE   642 AM PST   SUNSET   530 PM PST


-  INDICATES NEGATIVE NUMBERS.
R  INDICATES RECORD WAS SET OR TIED.
MM INDICATES DATA IS MISSING.
T  INDICATES TRACE AMOUNT.




$$
