000
CDUS41 KCAR 192034
CLIFVE


CLIMATE REPORT
NATIONAL WEATHER SERVICE CARIBOU, ME
432 PM EDT SUN OCT 19 2014


...................................

...THE FRENCHVILLE ME CLIMATE SUMMARY FOR OCTOBER 19 2014...
VALID TODAY AS OF 0400 PM LOCAL TIME.

CLIMATE NORMAL PERIOD 1981 TO 2010
CLIMATE RECORD PERIOD 9999 TO 9999


WEATHER ITEM   OBSERVED TIME   RECORD YEAR NORMAL DEPARTURE LAST
                VALUE   (LST)  VALUE       VALUE  FROM      YEAR
                                                  NORMAL
..................................................................
TEMPERATURE (F)
 TODAY
  MAXIMUM         42   1200 AM              48     -6
  MINIMUM         34    726 AM              34      0
  AVERAGE         38                        41     -3

PRECIPITATION (IN)
  TODAY            0.01         MM      MM   0.07  -0.06      T
  MONTH TO DATE    4.23                      1.60   2.63     1.02
  SINCE SEP 1      7.13                      5.12   2.01     4.92
  SINCE JAN 1     29.92                     27.18   2.74    29.43

SNOWFALL (IN)
  TODAY           MM            MM      MM  MM     MM       MM
  MONTH TO DATE   MM                        MM     MM       MM
  SINCE SEP 1     MM                        MM     MM       MM
  SINCE JUL 1     MM                        MM     MM       MM
  SNOW DEPTH      MM

DEGREE DAYS
 HEATING
  TODAY           27                                3
  MONTH TO DATE  326                              -72
  SINCE JUL 1    819                             -123

 COOLING
  TODAY            0                                0
  MONTH TO DATE    0                                0
  SINCE JAN 1    139                                5
..................................................................


WIND (MPH)
  HIGHEST WIND SPEED    24   HIGHEST WIND DIRECTION    NW (330)
  HIGHEST GUST SPEED    32   HIGHEST GUST DIRECTION     N (340)
  AVERAGE WIND SPEED    14.6




..........................................................


THE FRENCHVILLE ME CLIMATE NORMALS FOR TOMORROW
                         NORMAL
 MAXIMUM TEMPERATURE (F)   48
 MINIMUM TEMPERATURE (F)   33


SUNRISE AND SUNSET
OCTOBER 19 2014.......SUNRISE   657 AM EDT   SUNSET   538 PM EDT
OCTOBER 20 2014.......SUNRISE   659 AM EDT   SUNSET   537 PM EDT


-  INDICATES NEGATIVE NUMBERS.
R  INDICATES RECORD WAS SET OR TIED.
MM INDICATES DATA IS MISSING.
T  INDICATES TRACE AMOUNT.




$$
