000
CDUS41 KCAR 010528
CLIFVE


CLIMATE REPORT
NATIONAL WEATHER SERVICE CARIBOU, ME
127 AM EDT WED JUN 1 2016


...................................

...THE FRENCHVILLE ME CLIMATE SUMMARY FOR MAY 31 2016...

CLIMATE NORMAL PERIOD 1981 TO 2010
CLIMATE RECORD PERIOD 9999 TO 9999


WEATHER ITEM   OBSERVED TIME   RECORD YEAR NORMAL DEPARTURE LAST
                VALUE   (LST)  VALUE       VALUE  FROM      YEAR
                                                  NORMAL
..................................................................
TEMPERATURE (F)
 YESTERDAY
  MAXIMUM         76   1214 PM              66     10
  MINIMUM         52   1159 PM              45      7
  AVERAGE         64                        55      9

PRECIPITATION (IN)
  YESTERDAY        0.09         MM      MM   0.11  -0.02     0.02
  MONTH TO DATE    2.82                      3.04  -0.22     2.50
  SINCE MAR 1      6.61                      7.33  -0.72     4.73
  SINCE JAN 1     10.09                      9.90   0.19     5.54

SNOWFALL (IN)
  YESTERDAY       MM            MM      MM  MM     MM       MM
  MONTH TO DATE   MM                        MM     MM       MM
  SINCE MAR 1     MM                        MM     MM       MM
  SINCE JUL 1     MM                        MM     MM       MM
  SNOW DEPTH      MM

DEGREE DAYS
 HEATING
  YESTERDAY        1                               -9
  MONTH TO DATE  390                              -65
  SINCE JUL 1   8772                             -815

 COOLING
  YESTERDAY        0                                0
  MONTH TO DATE    6                                2
  SINCE JAN 1      6                                2
..................................................................


WIND (MPH)
  HIGHEST WIND SPEED    29   HIGHEST WIND DIRECTION     W (280)
  HIGHEST GUST SPEED    40   HIGHEST GUST DIRECTION    NW (300)
  AVERAGE WIND SPEED    10.5




..........................................................


THE FRENCHVILLE ME CLIMATE NORMALS FOR TODAY
                         NORMAL
 MAXIMUM TEMPERATURE (F)   66
 MINIMUM TEMPERATURE (F)   45


SUNRISE AND SUNSET
JUNE  1 2016..........SUNRISE   441 AM EDT   SUNSET   822 PM EDT
JUNE  2 2016..........SUNRISE   440 AM EDT   SUNSET   823 PM EDT


-  INDICATES NEGATIVE NUMBERS.
R  INDICATES RECORD WAS SET OR TIED.
MM INDICATES DATA IS MISSING.
T  INDICATES TRACE AMOUNT.




$$
