000
CDUS41 KCAR 302031
CLIFVE


CLIMATE REPORT
NATIONAL WEATHER SERVICE CARIBOU, ME
431 PM EDT SAT JUL 30 2016


...................................

...THE FRENCHVILLE ME CLIMATE SUMMARY FOR JULY 30 2016...
VALID TODAY AS OF 0400 PM LOCAL TIME.

CLIMATE NORMAL PERIOD 1981 TO 2010
CLIMATE RECORD PERIOD 9999 TO 9999


WEATHER ITEM   OBSERVED TIME   RECORD YEAR NORMAL DEPARTURE LAST
                VALUE   (LST)  VALUE       VALUE  FROM      YEAR
                                                  NORMAL
..................................................................
TEMPERATURE (F)
 TODAY
  MAXIMUM         76    259 PM              74      2
  MINIMUM         53    435 AM              55     -2
  AVERAGE         65                        65      0

PRECIPITATION (IN)
  TODAY            0.00         MM      MM   0.11  -0.11     0.34
  MONTH TO DATE    5.08                      4.21   0.87     3.20
  SINCE JUN 1      9.83                      8.06   1.77     7.95
  SINCE JAN 1     19.92                     17.96   1.96    13.49

SNOWFALL (IN)
  TODAY           MM            MM      MM  MM     MM       MM
  MONTH TO DATE   MM                        MM     MM       MM
  SINCE JUN 1     MM                        MM     MM       MM
  SINCE JUL 1     MM                        MM     MM       MM
  SNOW DEPTH      MM

DEGREE DAYS
 HEATING
  TODAY            0                               -2
  MONTH TO DATE   61                               -6
  SINCE JUL 1     61                               -6

 COOLING
  TODAY            0                               -2
  MONTH TO DATE   75                               16
  SINCE JAN 1    130                               43
..................................................................


WIND (MPH)
  HIGHEST WIND SPEED    16   HIGHEST WIND DIRECTION    NW (320)
  HIGHEST GUST SPEED    22   HIGHEST GUST DIRECTION    NW (310)
  AVERAGE WIND SPEED     8.8




..........................................................


THE FRENCHVILLE ME CLIMATE NORMALS FOR TOMORROW
                         NORMAL
 MAXIMUM TEMPERATURE (F)   74
 MINIMUM TEMPERATURE (F)   55


SUNRISE AND SUNSET
JULY 30 2016..........SUNRISE   510 AM EDT   SUNSET   809 PM EDT
JULY 31 2016..........SUNRISE   511 AM EDT   SUNSET   807 PM EDT


-  INDICATES NEGATIVE NUMBERS.
R  INDICATES RECORD WAS SET OR TIED.
MM INDICATES DATA IS MISSING.
T  INDICATES TRACE AMOUNT.




$$
