390
CDUS41 KCAR 270532
CLIFVE


CLIMATE REPORT
NATIONAL WEATHER SERVICE CARIBOU, ME
132 AM EDT MON MAR 27 2017


...................................

...THE FRENCHVILLE ME CLIMATE SUMMARY FOR MARCH 26 2017...

CLIMATE NORMAL PERIOD 1981 TO 2010
CLIMATE RECORD PERIOD 9999 TO 9999


WEATHER ITEM   OBSERVED TIME   RECORD YEAR NORMAL DEPARTURE LAST
                VALUE   (LST)  VALUE       VALUE  FROM      YEAR
                                                  NORMAL
..................................................................
TEMPERATURE (F)
 YESTERDAY
  MAXIMUM         30    441 PM              35     -5
  MINIMUM          8    633 AM              19    -11
  AVERAGE         19                        27     -8

PRECIPITATION (IN)
  YESTERDAY        0.00         MM      MM   0.06  -0.06      T
  MONTH TO DATE    1.21                      1.12   0.09     1.65
  SINCE MAR 1      1.21                      1.12   0.09     1.65
  SINCE JAN 1      3.83                      3.69   0.14     5.13

SNOWFALL (IN)
  YESTERDAY       MM            MM      MM  MM     MM       MM
  MONTH TO DATE   MM                        MM     MM       MM
  SINCE MAR 1     MM                        MM     MM       MM
  SINCE JUL 1     MM                        MM     MM       MM
  SNOW DEPTH      MM

DEGREE DAYS
 HEATING
  YESTERDAY       46                                8
  MONTH TO DATE 1235                              127
  SINCE JUL 1   7419                             -689

 COOLING
  YESTERDAY        0                                0
  MONTH TO DATE    0                                0
  SINCE JAN 1      0                                0
..................................................................


WIND (MPH)
  HIGHEST WIND SPEED    18   HIGHEST WIND DIRECTION     N (340)
  HIGHEST GUST SPEED    25   HIGHEST GUST DIRECTION     N (360)
  AVERAGE WIND SPEED     8.7




..........................................................


THE FRENCHVILLE ME CLIMATE NORMALS FOR TODAY
                         NORMAL
 MAXIMUM TEMPERATURE (F)   36
 MINIMUM TEMPERATURE (F)   19


SUNRISE AND SUNSET
MARCH 27 2017.........SUNRISE   622 AM EDT   SUNSET   656 PM EDT
MARCH 28 2017.........SUNRISE   620 AM EDT   SUNSET   658 PM EDT


-  INDICATES NEGATIVE NUMBERS.
R  INDICATES RECORD WAS SET OR TIED.
MM INDICATES DATA IS MISSING.
T  INDICATES TRACE AMOUNT.




$$
