000
CDUS41 KCAR 232026
CLIFVE


CLIMATE REPORT
NATIONAL WEATHER SERVICE CARIBOU, ME
426 PM EDT WED JUL 23 2014


...................................

...THE FRENCHVILLE ME CLIMATE SUMMARY FOR JULY 23 2014...
VALID TODAY AS OF 0400 PM LOCAL TIME.

CLIMATE NORMAL PERIOD 1981 TO 2010
CLIMATE RECORD PERIOD 9999 TO 9999


WEATHER ITEM   OBSERVED TIME   RECORD YEAR NORMAL DEPARTURE LAST
                VALUE   (LST)  VALUE       VALUE  FROM      YEAR
                                                  NORMAL
..................................................................
TEMPERATURE (F)
 TODAY
  MAXIMUM         78    957 AM              75      3
  MINIMUM         64    450 AM              56      8
  AVERAGE         71                        65      6

PRECIPITATION (IN)
  TODAY            0.02         MM      MM   0.14  -0.12     0.60
  MONTH TO DATE    3.23                      3.40  -0.17     1.09
  SINCE JUN 1      7.34                      7.25   0.09     6.85
  SINCE JAN 1     17.71                     17.15   0.56    16.74

SNOWFALL (IN)
  TODAY           MM            MM      MM  MM     MM       MM
  MONTH TO DATE   MM                        MM     MM       MM
  SINCE JUN 1     MM                        MM     MM       MM
  SINCE JUL 1     MM                        MM     MM       MM
  SNOW DEPTH      MM

DEGREE DAYS
 HEATING
  TODAY            0                               -2
  MONTH TO DATE   33                              -20
  SINCE JUL 1     33                              -20

 COOLING
  TODAY            6                                4
  MONTH TO DATE   75                               30
  SINCE JAN 1    102                               29
..................................................................


WIND (MPH)
  HIGHEST WIND SPEED    20   HIGHEST WIND DIRECTION    SW (240)
  HIGHEST GUST SPEED    27   HIGHEST GUST DIRECTION    SW (240)
  AVERAGE WIND SPEED     9.3




..........................................................


THE FRENCHVILLE ME CLIMATE NORMALS FOR TOMORROW
                         NORMAL
 MAXIMUM TEMPERATURE (F)   74
 MINIMUM TEMPERATURE (F)   55


SUNRISE AND SUNSET
JULY 23 2014..........SUNRISE   501 AM EDT   SUNSET   818 PM EDT
JULY 24 2014..........SUNRISE   502 AM EDT   SUNSET   817 PM EDT


-  INDICATES NEGATIVE NUMBERS.
R  INDICATES RECORD WAS SET OR TIED.
MM INDICATES DATA IS MISSING.
T  INDICATES TRACE AMOUNT.




$$
