000
CDUS41 KCAR 312128
CLIFVE


CLIMATE REPORT
NATIONAL WEATHER SERVICE CARIBOU, ME
427 PM EST SAT JAN 31 2015


...................................

...THE FRENCHVILLE ME CLIMATE SUMMARY FOR JANUARY 31 2015...
VALID TODAY AS OF 0400 PM LOCAL TIME.

CLIMATE NORMAL PERIOD 1981 TO 2010
CLIMATE RECORD PERIOD 9999 TO 9999


WEATHER ITEM   OBSERVED TIME   RECORD YEAR NORMAL DEPARTURE LAST
                VALUE   (LST)  VALUE       VALUE  FROM      YEAR
                                                  NORMAL
..................................................................
TEMPERATURE (F)
 TODAY
  MAXIMUM         11    116 AM              17     -6
  MINIMUM          1   1056 AM               1      0
  AVERAGE          6                         9     -3

PRECIPITATION (IN)
  TODAY            T            MM      MM   0.03  -0.03      T
  MONTH TO DATE    0.71                      1.76  -1.05     2.00
  SINCE DEC 1      3.19                      4.30  -1.11     3.02
  SINCE JAN 1      0.71                      1.76  -1.05     2.00

SNOWFALL (IN)
  TODAY           MM            MM      MM  MM     MM       MM
  MONTH TO DATE   MM                        MM     MM       MM
  SINCE DEC 1     MM                        MM     MM       MM
  SINCE JUL 1     MM                        MM     MM       MM
  SNOW DEPTH      MM

DEGREE DAYS
 HEATING
  TODAY           59                                3
  MONTH TO DATE 1811                               72
  SINCE JUL 1   5375                             -169

 COOLING
  TODAY            0                                0
  MONTH TO DATE    0                                0
  SINCE JAN 1      0                                0
..................................................................


WIND (MPH)
  HIGHEST WIND SPEED    29   HIGHEST WIND DIRECTION    NW (330)
  HIGHEST GUST SPEED    35   HIGHEST GUST DIRECTION    NW (320)
  AVERAGE WIND SPEED    19.0




..........................................................


THE FRENCHVILLE ME CLIMATE NORMALS FOR TOMORROW
                         NORMAL
 MAXIMUM TEMPERATURE (F)   18
 MINIMUM TEMPERATURE (F)    1


SUNRISE AND SUNSET
JANUARY 31 2015.......SUNRISE   701 AM EST   SUNSET   433 PM EST
FEBRUARY  1 2015......SUNRISE   659 AM EST   SUNSET   435 PM EST


-  INDICATES NEGATIVE NUMBERS.
R  INDICATES RECORD WAS SET OR TIED.
MM INDICATES DATA IS MISSING.
T  INDICATES TRACE AMOUNT.




$$
