000
CDUS41 KCAR 300527
CLIFVE


CLIMATE REPORT
NATIONAL WEATHER SERVICE CARIBOU, ME
127 AM EDT WED JUL 30 2014


...................................

...THE FRENCHVILLE ME CLIMATE SUMMARY FOR JULY 29 2014...

CLIMATE NORMAL PERIOD 1981 TO 2010
CLIMATE RECORD PERIOD 9999 TO 9999


WEATHER ITEM   OBSERVED TIME   RECORD YEAR NORMAL DEPARTURE LAST
                VALUE   (LST)  VALUE       VALUE  FROM      YEAR
                                                  NORMAL
..................................................................
TEMPERATURE (F)
 YESTERDAY
  MAXIMUM         66    255 PM              74     -8
  MINIMUM         55   1151 PM              55      0
  AVERAGE         61                        65     -4

PRECIPITATION (IN)
  YESTERDAY        0.22         MM      MM   0.11   0.11     0.17
  MONTH TO DATE    6.04                      4.10   1.94     1.73
  SINCE JUN 1     10.15                      7.95   2.20     7.49
  SINCE JAN 1     20.52                     17.85   2.67    17.38

SNOWFALL (IN)
  YESTERDAY       MM            MM      MM  MM     MM       MM
  MONTH TO DATE   MM                        MM     MM       MM
  SINCE JUN 1     MM                        MM     MM       MM
  SINCE JUL 1     MM                        MM     MM       MM
  SNOW DEPTH      MM

DEGREE DAYS
 HEATING
  YESTERDAY        4                                2
  MONTH TO DATE   46                              -19
  SINCE JUL 1     46                              -19

 COOLING
  YESTERDAY        0                               -2
  MONTH TO DATE   73                               16
  SINCE JAN 1    100                               15
..................................................................


WIND (MPH)
  HIGHEST WIND SPEED    18   HIGHEST WIND DIRECTION     W (280)
  HIGHEST GUST SPEED    29   HIGHEST GUST DIRECTION     S (160)
  AVERAGE WIND SPEED     9.4




..........................................................


THE FRENCHVILLE ME CLIMATE NORMALS FOR TODAY
                         NORMAL
 MAXIMUM TEMPERATURE (F)   74
 MINIMUM TEMPERATURE (F)   55


SUNRISE AND SUNSET
JULY 30 2014..........SUNRISE   509 AM EDT   SUNSET   809 PM EDT
JULY 31 2014..........SUNRISE   510 AM EDT   SUNSET   808 PM EDT


-  INDICATES NEGATIVE NUMBERS.
R  INDICATES RECORD WAS SET OR TIED.
MM INDICATES DATA IS MISSING.
T  INDICATES TRACE AMOUNT.




$$
