000
CDUS41 KCAR 162031
CLIFVE


CLIMATE REPORT
NATIONAL WEATHER SERVICE CARIBOU, ME
431 PM EDT WED APR 16 2014


...................................

...THE FRENCHVILLE ME CLIMATE SUMMARY FOR APRIL 16 2014...
VALID TODAY AS OF 0400 PM LOCAL TIME.

CLIMATE NORMAL PERIOD 1981 TO 2010
CLIMATE RECORD PERIOD 9999 TO 9999


WEATHER ITEM   OBSERVED TIME   RECORD YEAR NORMAL DEPARTURE LAST
                VALUE   (LST)  VALUE       VALUE  FROM      YEAR
                                                  NORMAL
..................................................................
TEMPERATURE (F)
 TODAY
  MAXIMUM         35   1207 AM              45    -10
  MINIMUM         16    750 AM              29    -13
  AVERAGE         26                        37    -11

PRECIPITATION (IN)
  TODAY            0.24         MM      MM   0.10   0.14     0.13
  MONTH TO DATE    1.57                      1.50   0.07     0.63
  SINCE MAR 1      2.60                      2.98  -0.38     1.57
  SINCE JAN 1      5.52                      5.55  -0.03     3.79

SNOWFALL (IN)
  TODAY           MM            MM      MM  MM     MM       MM
  MONTH TO DATE    0.0                      MM     MM       MM
  SINCE MAR 1      0.0                      MM     MM       MM
  SINCE JUL 1      0.0                      MM     MM       MM
  SNOW DEPTH      MM

DEGREE DAYS
 HEATING
  TODAY           39                               11
  MONTH TO DATE  505                                0
  SINCE JUL 1   9021                              225

 COOLING
  TODAY            0                                0
  MONTH TO DATE    0                                0
  SINCE JAN 1      0                                0
..................................................................


WIND (MPH)
  HIGHEST WIND SPEED    31   HIGHEST WIND DIRECTION     W (290)
  HIGHEST GUST SPEED    36   HIGHEST GUST DIRECTION     W (290)
  AVERAGE WIND SPEED    17.4




..........................................................


THE FRENCHVILLE ME CLIMATE NORMALS FOR TOMORROW
                         NORMAL
 MAXIMUM TEMPERATURE (F)   46
 MINIMUM TEMPERATURE (F)   30


SUNRISE AND SUNSET
APRIL 16 2014.........SUNRISE   543 AM EDT   SUNSET   724 PM EDT
APRIL 17 2014.........SUNRISE   541 AM EDT   SUNSET   725 PM EDT


-  INDICATES NEGATIVE NUMBERS.
R  INDICATES RECORD WAS SET OR TIED.
MM INDICATES DATA IS MISSING.
T  INDICATES TRACE AMOUNT.




$$
