000
CDUS43 KIWX 030522
CLIFWA


CLIMATE REPORT
NATIONAL WEATHER SERVICE NORTHERN INDIANA
121 AM EDT WED JUN 3 2015


...................................

...THE FORT WAYNE CLIMATE SUMMARY FOR JUNE 2 2015...

CLIMATE NORMAL PERIOD 1981 TO 2010
CLIMATE RECORD PERIOD 1897 TO 2015


WEATHER ITEM   OBSERVED TIME   RECORD YEAR NORMAL DEPARTURE LAST
                VALUE   (LST)  VALUE       VALUE  FROM      YEAR
                                                  NORMAL
..................................................................
TEMPERATURE (F)
 YESTERDAY
  MAXIMUM         69    458 PM  99    1934  77     -8       82
  MINIMUM         44    524 AM  36    1910  55    -11       69
  AVERAGE         57                        66     -9       76

PRECIPITATION (IN)
  YESTERDAY        0.00          1.28 1947   0.16  -0.16     0.11
  MONTH TO DATE    0.00                      0.32  -0.32     0.11
  SINCE JUN 1      0.00                      0.32  -0.32     0.11
  SINCE JAN 1     14.13                     15.12  -0.99    16.81

SNOWFALL (IN)
  YESTERDAY        0.0                       0.0    0.0      0.0
  MONTH TO DATE    0.0                       0.0    0.0      0.0
  SINCE JUN 1      0.0                       0.0    0.0      0.0
  SINCE JUL 1     45.1                      33.5   11.6     76.1
  SNOW DEPTH       0

DEGREE DAYS
 HEATING
  YESTERDAY        8                         3      5        0
  MONTH TO DATE   18                         6     12        0
  SINCE JUN 1     18                         6     12        0
  SINCE JUL 1   6669                      6078    591     6951

 COOLING
  YESTERDAY        0                         4     -4       11
  MONTH TO DATE    0                         7     -7       19
  SINCE JUN 1      0                         7     -7       19
  SINCE JAN 1     96                        64     32      100
..................................................................


WIND (MPH)
  HIGHEST WIND SPEED    18   HIGHEST WIND DIRECTION     E (90)
  HIGHEST GUST SPEED    23   HIGHEST GUST DIRECTION     E (90)
  AVERAGE WIND SPEED     8.8


SKY COVER
  AVERAGE SKY COVER 0.4


WEATHER CONDITIONS
 THE FOLLOWING WEATHER WAS RECORDED YESTERDAY.
  FOG


RELATIVE HUMIDITY (PERCENT)
 HIGHEST   100           200 AM
 LOWEST     58           600 PM
 AVERAGE    79

..........................................................


THE FORT WAYNE CLIMATE NORMALS FOR TODAY
                         NORMAL    RECORD    YEAR
 MAXIMUM TEMPERATURE (F)   77        96      1934
 MINIMUM TEMPERATURE (F)   56        38      1929


SUNRISE AND SUNSET
JUNE  3 2015..........SUNRISE   610 AM EDT   SUNSET   908 PM EDT
JUNE  4 2015..........SUNRISE   610 AM EDT   SUNSET   909 PM EDT


-  INDICATES NEGATIVE NUMBERS.
R  INDICATES RECORD WAS SET OR TIED.
MM INDICATES DATA IS MISSING.
T  INDICATES TRACE AMOUNT.




$$
