000
CDUS43 KIWX 210551
CLIFWA


CLIMATE REPORT
NATIONAL WEATHER SERVICE NORTHERN INDIANA
149 AM EDT FRI JUL 21 2017


...................................

...THE FORT WAYNE CLIMATE SUMMARY FOR JULY 20 2017...

CLIMATE NORMAL PERIOD 1981 TO 2010
CLIMATE RECORD PERIOD 1897 TO 2017


WEATHER ITEM   OBSERVED TIME   RECORD YEAR NORMAL DEPARTURE LAST
                VALUE   (LST)  VALUE       VALUE  FROM      YEAR
                                                  NORMAL
..................................................................
TEMPERATURE (F)
 YESTERDAY
  MAXIMUM         88    449 PM 102    1934  84      4       89
  MINIMUM         71    504 AM  47    1941  63      8       63
  AVERAGE         80                        74      6       76

PRECIPITATION (IN)
  YESTERDAY        0.02          1.46 1946   0.14  -0.12     0.00
  MONTH TO DATE    3.27                      2.77   0.50     0.40
  SINCE JUN 1     10.58                      6.93   3.65     5.84
  SINCE JAN 1     34.03                     21.73  12.30    20.03

DEGREE DAYS
 HEATING
  YESTERDAY        0                         0      0        0
  MONTH TO DATE    0                         0      0        3
  SINCE JUN 1      6                        29    -23       14
  SINCE JUL 1      0                         0      0        3

 COOLING
  YESTERDAY       15                         9      6       11
  MONTH TO DATE  185                       180      5      164
  SINCE JUN 1    400                       362     38      370
  SINCE JAN 1    464                       419     45      444
..................................................................


WIND (MPH)
  HIGHEST WIND SPEED    26   HIGHEST WIND DIRECTION    SW (220)
  HIGHEST GUST SPEED    32   HIGHEST GUST DIRECTION     W (250)
  AVERAGE WIND SPEED     6.4


SKY COVER
  AVERAGE SKY COVER 0.9


WEATHER CONDITIONS
 THE FOLLOWING WEATHER WAS RECORDED YESTERDAY.
  THUNDERSTORM
  RAIN
  LIGHT RAIN


RELATIVE HUMIDITY (PERCENT)
 HIGHEST    87          1200 AM
 LOWEST     59           400 PM
 AVERAGE    73

..........................................................


THE FORT WAYNE CLIMATE NORMALS FOR TODAY
                         NORMAL    RECORD    YEAR
 MAXIMUM TEMPERATURE (F)   84       104      1934
 MINIMUM TEMPERATURE (F)   63        44      1944


SUNRISE AND SUNSET
JULY 21 2017..........SUNRISE   627 AM EDT   SUNSET   907 PM EDT
JULY 22 2017..........SUNRISE   628 AM EDT   SUNSET   906 PM EDT


-  INDICATES NEGATIVE NUMBERS.
R  INDICATES RECORD WAS SET OR TIED.
MM INDICATES DATA IS MISSING.
T  INDICATES TRACE AMOUNT.




$$
