000
CDUS43 KIWX 030522
CLIFWA


CLIMATE REPORT
NATIONAL WEATHER SERVICE NORTHERN INDIANA
122 AM EDT MON AUG 3 2015


...................................

...THE FORT WAYNE CLIMATE SUMMARY FOR AUGUST 2 2015...

CLIMATE NORMAL PERIOD 1981 TO 2010
CLIMATE RECORD PERIOD 1897 TO 2015


WEATHER ITEM   OBSERVED TIME   RECORD YEAR NORMAL DEPARTURE LAST
                VALUE   (LST)  VALUE       VALUE  FROM      YEAR
                                                  NORMAL
..................................................................
TEMPERATURE (F)
 YESTERDAY
  MAXIMUM         90    402 PM  98    1964  83      7       83
  MINIMUM         63    544 AM  47    1965  62      1       59
                                      1927
  AVERAGE         77                        72      5       71

PRECIPITATION (IN)
  YESTERDAY        0.00          3.59 2013   0.12  -0.12     0.13
  MONTH TO DATE    0.00                      0.25  -0.25     0.13
  SINCE JUN 1     17.95                      8.65   9.30     7.94
  SINCE JAN 1     32.08                     23.45   8.63    24.64

SNOWFALL (IN)
  YESTERDAY        0.0           0.0  2002   0.0    0.0      0.0
                                      2001
  MONTH TO DATE    0.0                       0.0    0.0      0.0
  SINCE JUN 1      0.0                       0.0    0.0       T
  SINCE JUL 1      0.0                       0.0    0.0       T
  SNOW DEPTH       0

DEGREE DAYS
 HEATING
  YESTERDAY        0                         0      0        0
  MONTH TO DATE    0                         0      0        0
  SINCE JUN 1     28                        32     -4       28
  SINCE JUL 1      0                         3     -3       14

 COOLING
  YESTERDAY       12                         8      4        6
  MONTH TO DATE   19                        16      3       12
  SINCE JUN 1    412                       465    -53      392
  SINCE JAN 1    508                       522    -14      473
..................................................................


WIND (MPH)
  HIGHEST WIND SPEED    26   HIGHEST WIND DIRECTION    SW (230)
  HIGHEST GUST SPEED    32   HIGHEST GUST DIRECTION    SW (220)
  AVERAGE WIND SPEED    13.2


SKY COVER
  AVERAGE SKY COVER 0.4


WEATHER CONDITIONS
 THE FOLLOWING WEATHER WAS RECORDED YESTERDAY.
  NO SIGNIFICANT WEATHER WAS OBSERVED.


RELATIVE HUMIDITY (PERCENT)
 HIGHEST    87           200 AM
 LOWEST     41           200 PM
 AVERAGE    64

..........................................................


THE FORT WAYNE CLIMATE NORMALS FOR TODAY
                         NORMAL    RECORD    YEAR
 MAXIMUM TEMPERATURE (F)   83        97      1964
                                             1944
 MINIMUM TEMPERATURE (F)   62        42      1965


SUNRISE AND SUNSET
AUGUST  3 2015........SUNRISE   638 AM EDT   SUNSET   855 PM EDT
AUGUST  4 2015........SUNRISE   639 AM EDT   SUNSET   854 PM EDT


-  INDICATES NEGATIVE NUMBERS.
R  INDICATES RECORD WAS SET OR TIED.
MM INDICATES DATA IS MISSING.
T  INDICATES TRACE AMOUNT.




$$
