000
CDUS43 KIWX 220535
CLIFWA


CLIMATE REPORT
NATIONAL WEATHER SERVICE NORTHERN INDIANA
1234 AM EST THU FEB 22 2018


...................................

...THE FORT WAYNE CLIMATE SUMMARY FOR FEBRUARY 21 2018...

CLIMATE NORMAL PERIOD 1981 TO 2010
CLIMATE RECORD PERIOD 1897 TO 2018


WEATHER ITEM   OBSERVED TIME   RECORD YEAR NORMAL DEPARTURE LAST
                VALUE   (LST)  VALUE       VALUE  FROM      YEAR
                                                  NORMAL
..................................................................
TEMPERATURE (F)
 YESTERDAY
  MAXIMUM         57    158 AM  68    1930  38     19       61
  MINIMUM         35   1018 AM  -8    1978  22     13       44
  AVERAGE         46                        30     16       53

PRECIPITATION (IN)
  YESTERDAY        0.69          1.20 1912   0.07   0.62      T
  MONTH TO DATE    3.34                      1.49   1.85     1.24
  SINCE DEC 1      5.60                      6.52  -0.92     8.26
  SINCE JAN 1      4.59                      3.75   0.84     5.95

SNOWFALL (IN)
  YESTERDAY        0.0          12.0  1912   0.3   -0.3      0.0
  MONTH TO DATE    9.6                       6.1    3.5      2.4
  SINCE DEC 1     28.2                      24.7    3.5     14.6
  SINCE JUL 1     28.2                      26.8    1.4     15.0
  SNOW DEPTH       0

DEGREE DAYS
 HEATING
  YESTERDAY       19                        35    -16       12
  MONTH TO DATE  733                       790    -57      574
  SINCE DEC 1   3130                      3144    -14     2724
  SINCE JUL 1   4183                      4361   -178     3569

 COOLING
  YESTERDAY        0                         0      0        0
  MONTH TO DATE    0                         0      0        0
  SINCE DEC 1      0                         0      0        0
  SINCE JAN 1      0                         0      0        0
..................................................................


WIND (MPH)
  HIGHEST WIND SPEED    20   HIGHEST WIND DIRECTION    NW (320)
  HIGHEST GUST SPEED    25   HIGHEST GUST DIRECTION    NW (330)
  AVERAGE WIND SPEED    10.1


SKY COVER
  AVERAGE SKY COVER 1.0


WEATHER CONDITIONS
 THE FOLLOWING WEATHER WAS RECORDED YESTERDAY.
  HEAVY RAIN
  RAIN
  LIGHT RAIN
  FOG


RELATIVE HUMIDITY (PERCENT)
 HIGHEST   100           100 AM
 LOWEST     82           700 PM
 AVERAGE    91

..........................................................


THE FORT WAYNE CLIMATE NORMALS FOR TODAY
                         NORMAL    RECORD    YEAR
 MAXIMUM TEMPERATURE (F)   39        67      1922
 MINIMUM TEMPERATURE (F)   22        -9      1963


SUNRISE AND SUNSET
FEBRUARY 22 2018......SUNRISE   725 AM EST   SUNSET   624 PM EST
FEBRUARY 23 2018......SUNRISE   724 AM EST   SUNSET   625 PM EST


-  INDICATES NEGATIVE NUMBERS.
R  INDICATES RECORD WAS SET OR TIED.
MM INDICATES DATA IS MISSING.
T  INDICATES TRACE AMOUNT.




$$
