000
CDUS43 KIWX 220522
CLIFWA


CLIMATE REPORT
NATIONAL WEATHER SERVICE NORTHERN INDIANA
122 AM EDT FRI SEP 22 2017


...................................

...THE FORT WAYNE CLIMATE SUMMARY FOR SEPTEMBER 21 2017...

CLIMATE NORMAL PERIOD 1981 TO 2010
CLIMATE RECORD PERIOD 1897 TO 2017


WEATHER ITEM   OBSERVED TIME   RECORD YEAR NORMAL DEPARTURE LAST
                VALUE   (LST)  VALUE       VALUE  FROM      YEAR
                                                  NORMAL
..................................................................
TEMPERATURE (F)
 YESTERDAY
  MAXIMUM         91    333 PM  93    2010  74     17       87
  MINIMUM         67    640 AM  32    1897  50     17       60
  AVERAGE         79                        62     17       74

PRECIPITATION (IN)
  YESTERDAY        0.00          2.00 1992   0.10  -0.10     0.00
  MONTH TO DATE    1.67                      1.97  -0.30     4.08
  SINCE SEP 1      1.67                      1.97  -0.30     4.08
  SINCE JAN 1     39.95                     28.81  11.14    27.89

DEGREE DAYS
 HEATING
  YESTERDAY        0                         5     -5        0
  MONTH TO DATE   60                        48     12        0
  SINCE SEP 1     60                        48     12        0
  SINCE JUL 1     75                        60     15        3

 COOLING
  YESTERDAY       14                         2     12        9
  MONTH TO DATE   57                        71    -14      115
  SINCE SEP 1     57                        71    -14      115
  SINCE JAN 1    745                       788    -43     1041
..................................................................


WIND (MPH)
  HIGHEST WIND SPEED    10   HIGHEST WIND DIRECTION     S (190)
  HIGHEST GUST SPEED    12   HIGHEST GUST DIRECTION     S (190)
  AVERAGE WIND SPEED     3.1


SKY COVER
  AVERAGE SKY COVER 0.4


WEATHER CONDITIONS
 THE FOLLOWING WEATHER WAS RECORDED YESTERDAY.
  FOG


RELATIVE HUMIDITY (PERCENT)
 HIGHEST    93           100 AM
 LOWEST     50           300 PM
 AVERAGE    72

..........................................................


THE FORT WAYNE CLIMATE NORMALS FOR TODAY
                         NORMAL    RECORD    YEAR
 MAXIMUM TEMPERATURE (F)   74        91      1908
 MINIMUM TEMPERATURE (F)   50        34      1995


SUNRISE AND SUNSET
SEPTEMBER 22 2017.....SUNRISE   729 AM EDT   SUNSET   738 PM EDT
SEPTEMBER 23 2017.....SUNRISE   730 AM EDT   SUNSET   736 PM EDT


-  INDICATES NEGATIVE NUMBERS.
R  INDICATES RECORD WAS SET OR TIED.
MM INDICATES DATA IS MISSING.
T  INDICATES TRACE AMOUNT.




$$
