000
CDUS43 KIWX 240020
CLIFWA


CLIMATE REPORT
NATIONAL WEATHER SERVICE NORTHERN INDIANA
720 PM EST THU NOV 23 2017


...................................

...THE FORT WAYNE CLIMATE SUMMARY FOR NOVEMBER 23 2017...
VALID AS OF 0700 PM LOCAL TIME.

CLIMATE NORMAL PERIOD 1981 TO 2010
CLIMATE RECORD PERIOD 1897 TO 2017


WEATHER ITEM   OBSERVED TIME   RECORD YEAR NORMAL DEPARTURE LAST
                VALUE   (LST)  VALUE       VALUE  FROM      YEAR
                                                  NORMAL
..................................................................
TEMPERATURE (F)
 TODAY
  MAXIMUM         43    415 PM  71    1931  46     -3       45
  MINIMUM         28    728 AM   3    1950  30     -2       34
  AVERAGE         36                        38     -2       40

PRECIPITATION (IN)
  TODAY            0.00          1.56 2014   0.11  -0.11     0.70
  MONTH TO DATE    5.41                      2.34   3.07     1.49
  SINCE SEP 1      9.32                      7.98   1.34    10.58
  SINCE JAN 1     47.60                     34.82  12.78    34.39

SNOWFALL (IN)
  TODAY            0.0           3.2  1938   0.0    0.0       T
  MONTH TO DATE    T                         1.0   -1.0      0.4
  SINCE SEP 1      T                         1.3   -1.3      0.4
  SINCE JUL 1      T                         1.3   -1.3      0.4

DEGREE DAYS
 HEATING
  TODAY           29                        27      2       25
  MONTH TO DATE  534                       507     27      407
  SINCE SEP 1    891                      1004   -113      680
  SINCE JUL 1    906                      1016   -110      683

 COOLING
  TODAY            0                         0      0        0
  MONTH TO DATE    0                         0      0        4
  SINCE SEP 1    148                        92     56      178
  SINCE JAN 1    836                       809     27     1104
..................................................................


WIND (MPH)
  RESULTANT WIND SPEED   9   RESULTANT WIND DIRECTION  SW (210)
  HIGHEST WIND SPEED    16   HIGHEST WIND DIRECTION    SW (220)
  HIGHEST GUST SPEED    19   HIGHEST GUST DIRECTION    SW (210)
  AVERAGE WIND SPEED     8.8


SKY COVER
  POSSIBLE SUNSHINE  MM
  AVERAGE SKY COVER 0.7


WEATHER CONDITIONS
 THE FOLLOWING WEATHER WAS RECORDED TODAY.
  NO SIGNIFICANT WEATHER WAS OBSERVED.


RELATIVE HUMIDITY (PERCENT)
 HIGHEST    85          1200 AM
 LOWEST     45           300 PM
 AVERAGE    65

..........................................................


THE FORT WAYNE CLIMATE NORMALS FOR TOMORROW
                         NORMAL    RECORD    YEAR
 MAXIMUM TEMPERATURE (F)   45        63      2001
                                             1973
                                             1931
 MINIMUM TEMPERATURE (F)   30        -1      1950


SUNRISE AND SUNSET
NOVEMBER 23 2017......SUNRISE   738 AM EST   SUNSET   516 PM EST
NOVEMBER 24 2017......SUNRISE   739 AM EST   SUNSET   516 PM EST


-  INDICATES NEGATIVE NUMBERS.
R  INDICATES RECORD WAS SET OR TIED.
MM INDICATES DATA IS MISSING.
T  INDICATES TRACE AMOUNT.




$$
