000
CDUS44 KTSA 240814 RRA
CLIFYV

CLIMATE REPORT
NATIONAL WEATHER SERVICE TULSA OK
147 AM CDT FRI MAR 24 2017


...................................

...THE FAYETTEVILLE ARKANSAS CLIMATE SUMMARY FOR MARCH 23 2017...

CLIMATE NORMAL PERIOD 1981 TO 2010
CLIMATE RECORD PERIOD 1905 TO 2017


WEATHER ITEM   OBSERVED TIME   RECORD YEAR NORMAL DEPARTURE LAST
                VALUE   (LST)  VALUE       VALUE  FROM      YEAR
                                                  NORMAL
..................................................................
TEMPERATURE (F)
 YESTERDAY
  MAXIMUM         75    526 PM  79    1975  62     13       74
                                      1967
  MINIMUM         44    606 AM  19    1974  38      6       57
  AVERAGE         60                        50     10       66

PRECIPITATION (IN)
  YESTERDAY        0.00                      0.12  -0.12     0.35
  MONTH TO DATE    2.54                      2.85  -0.31     3.66
  SINCE MAR 1      2.54                      2.85  -0.31     3.66
  SINCE JAN 1      6.04                      8.50  -2.46     4.81

SNOWFALL (IN)
  YESTERDAY        0.0                                       0.0
  MONTH TO DATE    0.2                                       0.0
  SINCE MAR 1      0.2                                       0.0
  SINCE JUL 1      1.0                                        T

DEGREE DAYS
 HEATING
  YESTERDAY        5                        15    -10        0
  MONTH TO DATE  326                       416    -90      308
  SINCE MAR 1    326                       416    -90      308
  SINCE JUL 1   2897                      3719   -822     3124

 COOLING
  YESTERDAY        0                         0      0        1
  MONTH TO DATE   13                         0     13        1
  SINCE MAR 1     13                         0     13        1
  SINCE JAN 1     18                         0     18        1
..................................................................


WIND (MPH)
  HIGHEST WIND SPEED    29   HIGHEST WIND DIRECTION     S (170)
  HIGHEST GUST SPEED    42   HIGHEST GUST DIRECTION     S (170)
  AVERAGE WIND SPEED    13.3


SKY COVER
  POSSIBLE SUNSHINE  MM
  AVERAGE SKY COVER 0.3


WEATHER CONDITIONS
 THE FOLLOWING WEATHER WAS RECORDED YESTERDAY.
  HAZE


RELATIVE HUMIDITY (PERCENT)
 HIGHEST    89           600 AM
 LOWEST     38           200 PM
 AVERAGE    64

..........................................................


THE FAYETTEVILLE ARKANSAS CLIMATE NORMALS FOR TODAY
                         NORMAL    RECORD    YEAR
 MAXIMUM TEMPERATURE (F)   63        79      2015
                                             1997
                                             1959
 MINIMUM TEMPERATURE (F)   38        19      1974


SUNRISE AND SUNSET
MARCH 24 2017.........SUNRISE   714 AM CDT   SUNSET   732 PM CDT
MARCH 25 2017.........SUNRISE   713 AM CDT   SUNSET   733 PM CDT


-  INDICATES NEGATIVE NUMBERS.
R  INDICATES RECORD WAS SET OR TIED.
MM INDICATES DATA IS MISSING.
T  INDICATES TRACE AMOUNT.




$$
