000
CDUS44 KTSA 270841 RRA
CLIFYV

CLIMATE REPORT
NATIONAL WEATHER SERVICE TULSA OK
341 AM CDT TUE JUN 27 2017


...................................

...THE FAYETTEVILLE ARKANSAS CLIMATE SUMMARY FOR JUNE 26 2017...

CLIMATE NORMAL PERIOD 1981 TO 2010
CLIMATE RECORD PERIOD 1905 TO 2017


WEATHER ITEM   OBSERVED TIME   RECORD YEAR NORMAL DEPARTURE LAST
                VALUE   (LST)  VALUE       VALUE  FROM      YEAR
                                                  NORMAL
..................................................................
TEMPERATURE (F)
 YESTERDAY
  MAXIMUM         82    429 PM 100    2012  86     -4       91
  MINIMUM         61    525 AM  44    1974  65     -4       70
  AVERAGE         72                        75     -3       81

PRECIPITATION (IN)
  YESTERDAY        0.00                      0.15  -0.15     0.38
  MONTH TO DATE    4.74                      4.38   0.36     2.80
  SINCE JUN 1      4.74                      4.38   0.36     2.80
  SINCE JAN 1     33.29                     24.59   8.70    17.14

DEGREE DAYS
 COOLING
  YESTERDAY        7                        10     -3       16
  MONTH TO DATE  201                       200      1      291
  SINCE JUN 1    201                       200      1      291
  SINCE JAN 1    305                       313     -8      358
..................................................................


WIND (MPH)
  HIGHEST WIND SPEED    15   HIGHEST WIND DIRECTION     S (180)
  HIGHEST GUST SPEED    20   HIGHEST GUST DIRECTION     S (170)
  AVERAGE WIND SPEED     3.7


SKY COVER
  POSSIBLE SUNSHINE  MM
  AVERAGE SKY COVER 0.2


WEATHER CONDITIONS
 THE FOLLOWING WEATHER WAS RECORDED YESTERDAY.
  NO SIGNIFICANT WEATHER WAS OBSERVED.


RELATIVE HUMIDITY (PERCENT)
 HIGHEST    93           100 AM
 LOWEST     37           100 PM
 AVERAGE    65

..........................................................


THE FAYETTEVILLE ARKANSAS CLIMATE NORMALS FOR TODAY
                         NORMAL    RECORD    YEAR
 MAXIMUM TEMPERATURE (F)   86       101      2012
 MINIMUM TEMPERATURE (F)   65        47      1974
                                             1968


SUNRISE AND SUNSET
JUNE 27 2017..........SUNRISE   602 AM CDT   SUNSET   837 PM CDT
JUNE 28 2017..........SUNRISE   602 AM CDT   SUNSET   837 PM CDT


-  INDICATES NEGATIVE NUMBERS.
R  INDICATES RECORD WAS SET OR TIED.
MM INDICATES DATA IS MISSING.
T  INDICATES TRACE AMOUNT.




$$
