000
CDUS44 KTSA 232121
CLIFYV

CLIMATE REPORT
NATIONAL WEATHER SERVICE TULSA OK
421 PM CDT SAT MAY 23 2015


...................................

...THE FAYETTEVILLE ARKANSAS CLIMATE SUMMARY FOR MAY 23 2015...
VALID TODAY AS OF 0400 PM LOCAL TIME.

CLIMATE NORMAL PERIOD 1981 TO 2010
CLIMATE RECORD PERIOD 1905 TO 2015


WEATHER ITEM   OBSERVED TIME   RECORD YEAR NORMAL DEPARTURE LAST
                VALUE   (LST)  VALUE       VALUE  FROM      YEAR
                                                  NORMAL
..................................................................
TEMPERATURE (F)
 TODAY
  MAXIMUM         75    250 PM  92    1962  78     -3       83
  MINIMUM         56    455 AM  35    1963  56      0       57
  AVERAGE         66                        67     -1       70

PRECIPITATION (IN)
  TODAY            0.26                      0.20   0.06     0.00
  MONTH TO DATE    9.72                      4.55   5.17     2.78
  SINCE MAR 1     17.11                     13.07   4.04    11.39
  SINCE JAN 1     20.17                     18.72   1.45    13.87

DEGREE DAYS
 COOLING
  TODAY            1                         4     -3        5
  MONTH TO DATE   49                        50     -1       94
  SINCE MAR 1     72                        78     -6      106
  SINCE JAN 1     72                        78     -6      106
..................................................................


WIND (MPH)
  HIGHEST WIND SPEED    18   HIGHEST WIND DIRECTION     S (180)
  HIGHEST GUST SPEED    29   HIGHEST GUST DIRECTION    SE (120)
  AVERAGE WIND SPEED     6.4


SKY COVER
  POSSIBLE SUNSHINE  MM
  AVERAGE SKY COVER 1.0


WEATHER CONDITIONS
 THE FOLLOWING WEATHER WAS RECORDED TODAY.
  HEAVY RAIN
  LIGHT RAIN
  FOG


RELATIVE HUMIDITY (PERCENT)
 HIGHEST    93           600 AM
 LOWEST     73          1100 AM
 AVERAGE    83

..........................................................


THE FAYETTEVILLE ARKANSAS CLIMATE NORMALS FOR TOMORROW
                         NORMAL    RECORD    YEAR
 MAXIMUM TEMPERATURE (F)   78        89      2000
 MINIMUM TEMPERATURE (F)   56        41      1983


SUNRISE AND SUNSET
MAY 23 2015...........SUNRISE   606 AM CDT   SUNSET   822 PM CDT
MAY 24 2015...........SUNRISE   605 AM CDT   SUNSET   822 PM CDT


-  INDICATES NEGATIVE NUMBERS.
R  INDICATES RECORD WAS SET OR TIED.
MM INDICATES DATA IS MISSING.
T  INDICATES TRACE AMOUNT.




$$
