000
CDUS44 KTSA 232122
CLIFYV

CLIMATE REPORT
NATIONAL WEATHER SERVICE TULSA OK
418 PM CDT WED AUG 23 2017


...................................

...THE FAYETTEVILLE ARKANSAS CLIMATE SUMMARY FOR AUGUST 23 2017...
VALID TODAY AS OF 0400 PM LOCAL TIME.

CLIMATE NORMAL PERIOD 1981 TO 2010
CLIMATE RECORD PERIOD 1905 TO 2017


WEATHER ITEM   OBSERVED TIME   RECORD YEAR NORMAL DEPARTURE LAST
                VALUE   (LST)  VALUE       VALUE  FROM      YEAR
                                                  NORMAL
..................................................................
TEMPERATURE (F)
 TODAY
  MAXIMUM         82    253 PM  98    2010  89     -7       85
                                      1989
                                      1963
  MINIMUM         69    704 AM  48    1949  64      5       70
  AVERAGE         76                        76      0       78

PRECIPITATION (IN)
  TODAY            0.01                      0.09  -0.08      T
  MONTH TO DATE    5.66                      2.36   3.30     0.97
  SINCE JUN 1     14.29                     10.80   3.49    10.72
  SINCE JAN 1     42.84                     31.01  11.83    25.06

DEGREE DAYS
 COOLING
  TODAY           11                        12     -1       13
  MONTH TO DATE  225                       292    -67      280
  SINCE JUN 1    864                       928    -64     1052
  SINCE JAN 1    968                      1041    -73     1119
..................................................................


WIND (MPH)
  HIGHEST WIND SPEED    12   HIGHEST WIND DIRECTION     E (80)
  HIGHEST GUST SPEED    15   HIGHEST GUST DIRECTION     E (80)
  AVERAGE WIND SPEED     4.7


SKY COVER
  POSSIBLE SUNSHINE  MM
  AVERAGE SKY COVER 0.7


WEATHER CONDITIONS
 THE FOLLOWING WEATHER WAS RECORDED TODAY.
  NO SIGNIFICANT WEATHER WAS OBSERVED.


RELATIVE HUMIDITY (PERCENT)
 HIGHEST   100          1200 AM
 LOWEST     58           200 PM
 AVERAGE    79

..........................................................


THE FAYETTEVILLE ARKANSAS CLIMATE NORMALS FOR TOMORROW
                         NORMAL    RECORD    YEAR
 MAXIMUM TEMPERATURE (F)   88        99      1983
                                             1982
                                             1978
 MINIMUM TEMPERATURE (F)   64        52      1949


SUNRISE AND SUNSET
AUGUST 23 2017........SUNRISE   642 AM CDT   SUNSET   756 PM CDT
AUGUST 24 2017........SUNRISE   642 AM CDT   SUNSET   755 PM CDT


-  INDICATES NEGATIVE NUMBERS.
R  INDICATES RECORD WAS SET OR TIED.
MM INDICATES DATA IS MISSING.
T  INDICATES TRACE AMOUNT.




$$
