000
CDUS44 KTSA 310817
CLIFYV

CLIMATE REPORT
NATIONAL WEATHER SERVICE TULSA OK
302 AM CDT SUN AUG 31 2014


...................................

...THE FAYETTEVILLE ARKANSAS CLIMATE SUMMARY FOR AUGUST 30 2014...

CLIMATE NORMAL PERIOD 1981 TO 2010
CLIMATE RECORD PERIOD 1905 TO 2014


WEATHER ITEM   OBSERVED TIME   RECORD YEAR NORMAL DEPARTURE LAST
                VALUE   (LST)  VALUE       VALUE  FROM      YEAR
                                                  NORMAL
..................................................................
TEMPERATURE (F)
 YESTERDAY
  MAXIMUM         85    407 PM 101    2000  87     -2       96
  MINIMUM         69   1159 PM  47    1988  63      6       67
  AVERAGE         77                        75      2       82

PRECIPITATION (IN)
  YESTERDAY        0.39                      0.11   0.28     0.00
  MONTH TO DATE    2.08                      3.12  -1.04     2.82
  SINCE JUN 1      8.61                     11.56  -2.95     6.97
  SINCE JAN 1     23.13                     31.77  -8.64    31.07

DEGREE DAYS
 COOLING
  YESTERDAY       12                        10      2       17
  MONTH TO DATE  361                       366     -5      330
  SINCE JUN 1    875                      1002   -127      975
  SINCE JAN 1   1023                      1115    -92     1111
..................................................................


WIND (MPH)
  HIGHEST WIND SPEED    16   HIGHEST WIND DIRECTION     S (200)
  HIGHEST GUST SPEED    19   HIGHEST GUST DIRECTION     S (190)
  AVERAGE WIND SPEED     5.3


SKY COVER
  POSSIBLE SUNSHINE  MM
  AVERAGE SKY COVER 0.3


WEATHER CONDITIONS
 THE FOLLOWING WEATHER WAS RECORDED YESTERDAY.
  THUNDERSTORM
  HEAVY RAIN
  RAIN
  LIGHT RAIN
  FOG


RELATIVE HUMIDITY (PERCENT)
 HIGHEST   100           900 PM
 LOWEST     61           400 PM
 AVERAGE    81

..........................................................


THE FAYETTEVILLE ARKANSAS CLIMATE NORMALS FOR TODAY
                         NORMAL    RECORD    YEAR
 MAXIMUM TEMPERATURE (F)   87       101      2000
 MINIMUM TEMPERATURE (F)   63        48      1967


SUNRISE AND SUNSET
AUGUST 31 2014........SUNRISE   648 AM CDT   SUNSET   746 PM CDT
SEPTEMBER  1 2014.....SUNRISE   648 AM CDT   SUNSET   744 PM CDT


-  INDICATES NEGATIVE NUMBERS.
R  INDICATES RECORD WAS SET OR TIED.
MM INDICATES DATA IS MISSING.
T  INDICATES TRACE AMOUNT.




$$
