000
CDUS44 KTSA 042127 RRA
CLIFYV

ZCZC OKCCLIFYV



CLIMATE REPORT
NATIONAL WEATHER SERVICE TULSA OK
427 PM CDT SAT JUL 4 2015


...................................

...THE FAYETTEVILLE ARKANSAS CLIMATE SUMMARY FOR JULY 4 2015...
VALID TODAY AS OF 0400 PM LOCAL TIME.

CLIMATE NORMAL PERIOD 1981 TO 2010
CLIMATE RECORD PERIOD 1905 TO 2015


WEATHER ITEM   OBSERVED TIME   RECORD YEAR NORMAL DEPARTURE LAST
                VALUE   (LST)  VALUE       VALUE  FROM      YEAR
                                                  NORMAL
..................................................................
TEMPERATURE (F)
 TODAY
  MAXIMUM         85    150 PM  99    2012  87     -2       82
  MINIMUM         63    438 AM  50    1968  66     -3       55
  AVERAGE         74                        77     -3       69

PRECIPITATION (IN)
  TODAY            0.00                      0.14  -0.14     0.00
  MONTH TO DATE    0.44                      0.56  -0.12      T
  SINCE JUN 1      7.21                      5.54   1.67     4.10
  SINCE JAN 1     30.67                     25.75   4.92    18.62

DEGREE DAYS
 COOLING
  TODAY            9                        12     -3        4
  MONTH TO DATE   46                        46      0       25
  SINCE JUN 1    364                       291     73      287
  SINCE JAN 1    461                       404     57      435
..................................................................


WIND (MPH)
  HIGHEST WIND SPEED     9   HIGHEST WIND DIRECTION    NE (60)
  HIGHEST GUST SPEED    12   HIGHEST GUST DIRECTION    NE (50)
  AVERAGE WIND SPEED     2.1


SKY COVER
  POSSIBLE SUNSHINE  MM
  AVERAGE SKY COVER 0.8


WEATHER CONDITIONS
 THE FOLLOWING WEATHER WAS RECORDED TODAY.
  FOG
  FOG W/VISIBILITY <= 1/4 MILE


RELATIVE HUMIDITY (PERCENT)
 HIGHEST   100          1200 AM
 LOWEST     59           200 PM
 AVERAGE    80

..........................................................


THE FAYETTEVILLE ARKANSAS CLIMATE NORMALS FOR TOMORROW
                         NORMAL    RECORD    YEAR
 MAXIMUM TEMPERATURE (F)   88       100      2012
                                             1954
 MINIMUM TEMPERATURE (F)   66        50      1972


SUNRISE AND SUNSET
JULY  4 2015..........SUNRISE   605 AM CDT   SUNSET   837 PM CDT
JULY  5 2015..........SUNRISE   605 AM CDT   SUNSET   837 PM CDT


-  INDICATES NEGATIVE NUMBERS.
R  INDICATES RECORD WAS SET OR TIED.
MM INDICATES DATA IS MISSING.
T  INDICATES TRACE AMOUNT.




$$
