000
CDUS44 KTSA 100940
CLIFYV

CLIMATE REPORT
NATIONAL WEATHER SERVICE TULSA OK
340 AM CST SAT DEC 10 2016


...................................

...THE FAYETTEVILLE ARKANSAS CLIMATE SUMMARY FOR DECEMBER 9 2016...

CLIMATE NORMAL PERIOD 1981 TO 2010
CLIMATE RECORD PERIOD 1905 TO 2016


WEATHER ITEM   OBSERVED TIME   RECORD YEAR NORMAL DEPARTURE LAST
                VALUE   (LST)  VALUE       VALUE  FROM      YEAR
                                                  NORMAL
..................................................................
TEMPERATURE (F)
 YESTERDAY
  MAXIMUM         38    311 PM  68    1970  49    -11       67
  MINIMUM         10    623 AM   2    2005  28    -18       32
  AVERAGE         24                        38    -14       50

PRECIPITATION (IN)
  YESTERDAY        0.00                      0.11  -0.11     0.00
  MONTH TO DATE    0.40                      1.06  -0.66     0.00
  SINCE DEC 1      0.40                      1.06  -0.66     0.00
  SINCE JAN 1     31.94                     46.33 -14.39    54.76

SNOWFALL (IN)
  YESTERDAY        0.0                                       0.0
  MONTH TO DATE    0.0                                       0.0
  SINCE DEC 1      0.0                                       0.0
  SINCE JUL 1      0.0                                        T

DEGREE DAYS
 HEATING
  YESTERDAY       41                        26     15       15
  MONTH TO DATE  263                       227     36      199
  SINCE DEC 1    263                       227     36      199
  SINCE JUL 1    790                      1056   -266      841
..................................................................


WIND (MPH)
  HIGHEST WIND SPEED    10   HIGHEST WIND DIRECTION     S (200)
  HIGHEST GUST SPEED    12   HIGHEST GUST DIRECTION     S (190)
  AVERAGE WIND SPEED     1.5


SKY COVER
  POSSIBLE SUNSHINE  MM
  AVERAGE SKY COVER 0.4


WEATHER CONDITIONS
 THE FOLLOWING WEATHER WAS RECORDED YESTERDAY.
  NO SIGNIFICANT WEATHER WAS OBSERVED.


RELATIVE HUMIDITY (PERCENT)
 HIGHEST   100           600 AM
 LOWEST     32           400 PM
 AVERAGE    66

..........................................................


THE FAYETTEVILLE ARKANSAS CLIMATE NORMALS FOR TODAY
                         NORMAL    RECORD    YEAR
 MAXIMUM TEMPERATURE (F)   49        72      1996
 MINIMUM TEMPERATURE (F)   28         5      1995


SUNRISE AND SUNSET
DECEMBER 10 2016......SUNRISE   717 AM CST   SUNSET   503 PM CST
DECEMBER 11 2016......SUNRISE   717 AM CST   SUNSET   503 PM CST


-  INDICATES NEGATIVE NUMBERS.
R  INDICATES RECORD WAS SET OR TIED.
MM INDICATES DATA IS MISSING.
T  INDICATES TRACE AMOUNT.




$$
