000
CDUS44 KTSA 300805
CLIFYV

CLIMATE REPORT
NATIONAL WEATHER SERVICE TULSA OK
306 AM CDT SUN APR 30 2017


...................................

...THE FAYETTEVILLE ARKANSAS CLIMATE SUMMARY FOR APRIL 29 2017...

CLIMATE NORMAL PERIOD 1981 TO 2010
CLIMATE RECORD PERIOD 1905 TO 2017


WEATHER ITEM   OBSERVED TIME   RECORD YEAR NORMAL DEPARTURE LAST
                VALUE   (LST)  VALUE       VALUE  FROM      YEAR
                                                  NORMAL
..................................................................
TEMPERATURE (F)
 YESTERDAY
  MAXIMUM         75    833 AM  88    1962  72      3       74
  MINIMUM         63   1102 PM  32    1965  49     14       53
  AVERAGE         69                        61      8       64

PRECIPITATION (IN)
  YESTERDAY        4.46                      0.17   4.29     2.12
  MONTH TO DATE   12.62                      4.39   8.23     3.84
  SINCE MAR 1     18.57                      8.34  10.23     7.55
  SINCE JAN 1     22.07                     13.99   8.08     8.70

SNOWFALL (IN)
  YESTERDAY        0.0                                       0.0
  MONTH TO DATE    0.0                                       0.0
  SINCE MAR 1      0.2                                       0.0
  SINCE JUL 1      1.0                                        T

DEGREE DAYS
 HEATING
  YESTERDAY        0                         5     -5        1
  MONTH TO DATE  151                       263   -112      210
  SINCE MAR 1    538                       789   -251      634
  SINCE JUL 1   3109                      4092   -983     3450

 COOLING
  YESTERDAY        4                         1      3        0
  MONTH TO DATE   19                        26     -7       11
  SINCE MAR 1     32                        30      2       13
  SINCE JAN 1     37                        30      7       13
..................................................................


WIND (MPH)
  HIGHEST WIND SPEED    30   HIGHEST WIND DIRECTION     S (180)
  HIGHEST GUST SPEED    38   HIGHEST GUST DIRECTION     S (180)
  AVERAGE WIND SPEED     8.6


SKY COVER
  POSSIBLE SUNSHINE  MM
  AVERAGE SKY COVER 0.9


WEATHER CONDITIONS
 THE FOLLOWING WEATHER WAS RECORDED YESTERDAY.
  THUNDERSTORM
  HEAVY RAIN
  RAIN
  LIGHT RAIN
  FOG


RELATIVE HUMIDITY (PERCENT)
 HIGHEST   100           300 AM
 LOWEST     93          1200 AM
 AVERAGE    97

..........................................................


THE FAYETTEVILLE ARKANSAS CLIMATE NORMALS FOR TODAY
                         NORMAL    RECORD    YEAR
 MAXIMUM TEMPERATURE (F)   73        88      1987
 MINIMUM TEMPERATURE (F)   49        34      1996


SUNRISE AND SUNSET
APRIL 30 2017.........SUNRISE   625 AM CDT   SUNSET   803 PM CDT
MAY  1 2017...........SUNRISE   624 AM CDT   SUNSET   804 PM CDT


-  INDICATES NEGATIVE NUMBERS.
R  INDICATES RECORD WAS SET OR TIED.
MM INDICATES DATA IS MISSING.
T  INDICATES TRACE AMOUNT.




$$
