122
CDUS44 KTSA 220907
CLIFYV

CLIMATE REPORT
NATIONAL WEATHER SERVICE TULSA OK
307 AM CST SUN JAN 22 2017


...................................

...THE FAYETTEVILLE ARKANSAS CLIMATE SUMMARY FOR JANUARY 21 2017...

CLIMATE NORMAL PERIOD 1981 TO 2010
CLIMATE RECORD PERIOD 1905 TO 2017


WEATHER ITEM   OBSERVED TIME   RECORD YEAR NORMAL DEPARTURE LAST
                VALUE   (LST)  VALUE       VALUE  FROM      YEAR
                                                  NORMAL
..................................................................
TEMPERATURE (F)
 YESTERDAY
  MAXIMUM         65    316 PM  71    1957  47     18       36
  MINIMUM         39    753 AM  -4    1984  25     14       27
  AVERAGE         52                        36     16       32

PRECIPITATION (IN)
  YESTERDAY        0.09                      0.09   0.00     0.10
  MONTH TO DATE    1.28                      1.95  -0.67     0.51
  SINCE DEC 1      3.11                      5.19  -2.08    11.46
  SINCE JAN 1      1.28                      1.95  -0.67     0.51

SNOWFALL (IN)
  YESTERDAY        0.0                                        T
  MONTH TO DATE    0.5                                        T
  SINCE DEC 1      0.8                                        T
  SINCE JUL 1      0.8                                        T

DEGREE DAYS
 HEATING
  YESTERDAY       13                        29    -16       33
  MONTH TO DATE  527                       627   -100      664
  SINCE DEC 1   1367                      1481   -114     1302
  SINCE JUL 1   1894                      2310   -416     1944
..................................................................


WIND (MPH)
  HIGHEST WIND SPEED    22   HIGHEST WIND DIRECTION     S (180)
  HIGHEST GUST SPEED    28   HIGHEST GUST DIRECTION     S (180)
  AVERAGE WIND SPEED     6.0


SKY COVER
  POSSIBLE SUNSHINE  MM
  AVERAGE SKY COVER 0.3


WEATHER CONDITIONS
 THE FOLLOWING WEATHER WAS RECORDED YESTERDAY.
  THUNDERSTORM
  HEAVY RAIN
  LIGHT RAIN
  FOG


RELATIVE HUMIDITY (PERCENT)
 HIGHEST   100           900 PM
 LOWEST     48           300 PM
 AVERAGE    74

..........................................................


THE FAYETTEVILLE ARKANSAS CLIMATE NORMALS FOR TODAY
                         NORMAL    RECORD    YEAR
 MAXIMUM TEMPERATURE (F)   47        73      1967
 MINIMUM TEMPERATURE (F)   25        -6      1959


SUNRISE AND SUNSET
JANUARY 22 2017.......SUNRISE   724 AM CST   SUNSET   533 PM CST
JANUARY 23 2017.......SUNRISE   723 AM CST   SUNSET   535 PM CST


-  INDICATES NEGATIVE NUMBERS.
R  INDICATES RECORD WAS SET OR TIED.
MM INDICATES DATA IS MISSING.
T  INDICATES TRACE AMOUNT.




$$
