619
CDUS44 KTSA 170905
CLIFYV

CLIMATE REPORT
NATIONAL WEATHER SERVICE TULSA OK
1247 AM CST SUN DEC 17 2017


...................................

...THE FAYETTEVILLE ARKANSAS CLIMATE SUMMARY FOR DECEMBER 16 2017...

CLIMATE NORMAL PERIOD 1981 TO 2010
CLIMATE RECORD PERIOD 1905 TO 2017


WEATHER ITEM   OBSERVED TIME   RECORD YEAR NORMAL DEPARTURE LAST
                VALUE   (LST)  VALUE       VALUE  FROM      YEAR
                                                  NORMAL
..................................................................
TEMPERATURE (F)
 YESTERDAY
  MAXIMUM         57    228 PM  70    2006  48      9       54
  MINIMUM         25   1248 AM  -1    1989  27     -2       30
  AVERAGE         41                        37      4       42

PRECIPITATION (IN)
  YESTERDAY        0.10                      0.10   0.00     0.00
  MONTH TO DATE    0.10                      1.78  -1.68     0.45
  SINCE DEC 1      0.10                      1.78  -1.68     0.45
  SINCE JAN 1     49.41                     47.05   2.36    32.07

SNOWFALL (IN)
  YESTERDAY        0.0                                       0.0
  MONTH TO DATE    0.0                                       0.0
  SINCE DEC 1      0.0                                       0.0
  SINCE JUL 1      0.0                                       0.0

DEGREE DAYS
 HEATING
  YESTERDAY       24                        28     -4       23
  MONTH TO DATE  396                       419    -23      444
  SINCE DEC 1    396                       419    -23      444
  SINCE JUL 1   1096                      1248   -152      971
..................................................................


WIND (MPH)
  HIGHEST WIND SPEED    20   HIGHEST WIND DIRECTION     S (200)
  HIGHEST GUST SPEED    29   HIGHEST GUST DIRECTION    SW (240)
  AVERAGE WIND SPEED    10.9


SKY COVER
  POSSIBLE SUNSHINE  MM
  AVERAGE SKY COVER 0.1


WEATHER CONDITIONS
 THE FOLLOWING WEATHER WAS RECORDED YESTERDAY.
  LIGHT RAIN
  FOG


RELATIVE HUMIDITY (PERCENT)
 HIGHEST    92          1200 AM
 LOWEST     32           100 PM
 AVERAGE    62

..........................................................


THE FAYETTEVILLE ARKANSAS CLIMATE NORMALS FOR TODAY
                         NORMAL    RECORD    YEAR
 MAXIMUM TEMPERATURE (F)   47        70      1976
 MINIMUM TEMPERATURE (F)   26         4      1979


SUNRISE AND SUNSET
DECEMBER 17 2017......SUNRISE   721 AM CST   SUNSET   505 PM CST
DECEMBER 18 2017......SUNRISE   722 AM CST   SUNSET   505 PM CST


-  INDICATES NEGATIVE NUMBERS.
R  INDICATES RECORD WAS SET OR TIED.
MM INDICATES DATA IS MISSING.
T  INDICATES TRACE AMOUNT.




$$
