000
CDUS43 KUNR 020832
CLIGCC


CLIMATE REPORT
NATIONAL WEATHER SERVICE RAPID CITY SD
232 AM MDT THU OCT 2 2014


...................................

...THE GILLETTE AIRPORT WY CLIMATE SUMMARY FOR OCTOBER 1 2014...

CLIMATE NORMAL PERIOD 1981 TO 2010
CLIMATE RECORD PERIOD 9999 TO 9999


WEATHER ITEM   OBSERVED TIME   NORMAL DEPARTURE LAST
                VALUE   (LST)  VALUE  FROM      YEAR
                                      NORMAL
......................................................
TEMPERATURE (F)
 YESTERDAY
  MAXIMUM         52    257 PM  65    -13       71
  MINIMUM         39   1117 PM  37      2       33
  AVERAGE         46            51     -5       52

PRECIPITATION (IN)
  YESTERDAY        0.01          0.05  -0.04     0.00
  MONTH TO DATE    0.01          0.05  -0.04     0.00
  SINCE SEP 1      1.30          1.24   0.06     2.38
  SINCE JAN 1     16.56         11.72   4.84    15.81

DEGREE DAYS
 HEATING
  YESTERDAY       19            14      5       13
  MONTH TO DATE   19            14      5       13
  SINCE SEP 1    246           252     -6      154
  SINCE JUL 1    295           309    -14      154

 COOLING
  YESTERDAY        0             0      0        0
  MONTH TO DATE    0             0      0        0
  SINCE SEP 1     57            40     17       93
  SINCE JAN 1    412           500    -88      615
......................................................


WIND (MPH)
  HIGHEST WIND SPEED    21   HIGHEST WIND DIRECTION    NW (330)
  HIGHEST GUST SPEED    25   HIGHEST GUST DIRECTION     N (340)
  AVERAGE WIND SPEED    11.9


SKY COVER
  AVERAGE SKY COVER 0.8


WEATHER CONDITIONS
 THE FOLLOWING WEATHER WAS RECORDED YESTERDAY.
  NO SIGNIFICANT WEATHER WAS OBSERVED.


RELATIVE HUMIDITY (PERCENT)
 HIGHEST    86          1200 AM
 LOWEST     59           200 PM
 AVERAGE    73

..........................................................




SUNRISE AND SUNSET
OCTOBER  2 2014.......SUNRISE   701 AM MDT   SUNSET   641 PM MDT
OCTOBER  3 2014.......SUNRISE   702 AM MDT   SUNSET   639 PM MDT


-  INDICATES NEGATIVE NUMBERS.
R  INDICATES RECORD WAS SET OR TIED.
MM INDICATES DATA IS MISSING.
T  INDICATES TRACE AMOUNT.




$$
