000
CDUS43 KUNR 260834
CLIGCC


CLIMATE REPORT
NATIONAL WEATHER SERVICE RAPID CITY SD
132 AM MST FRI DEC 26 2014


...................................

...THE GILLETTE AIRPORT WY CLIMATE SUMMARY FOR DECEMBER 25 2014...

CLIMATE NORMAL PERIOD 1981 TO 2010
CLIMATE RECORD PERIOD 9999 TO 9999


WEATHER ITEM   OBSERVED TIME   NORMAL DEPARTURE LAST
                VALUE   (LST)  VALUE  FROM      YEAR
                                      NORMAL
......................................................
TEMPERATURE (F)
 YESTERDAY
  MAXIMUM         30    136 AM  35     -5       33
  MINIMUM         18   1159 PM  13      5       15
  AVERAGE         24            24      0       24

PRECIPITATION (IN)
  YESTERDAY        0.12          0.01   0.11     0.00
  MONTH TO DATE    0.28          0.33  -0.05     0.57
  SINCE DEC 1      0.28          0.33  -0.05     0.57
  SINCE JAN 1     18.22         13.82   4.40    19.17

DEGREE DAYS
 HEATING
  YESTERDAY       41            41      0       41
  MONTH TO DATE  800          1022   -222     1187
  SINCE DEC 1    800          1022   -222     1187
  SINCE JUL 1   2583          2897   -314     2899

 COOLING
  YESTERDAY        0             0      0        0
  MONTH TO DATE    0             0      0        0
  SINCE DEC 1      0             0      0        0
  SINCE JAN 1    412           502    -90      615
......................................................


WIND (MPH)
  HIGHEST WIND SPEED    25   HIGHEST WIND DIRECTION     N (20)
  HIGHEST GUST SPEED    31   HIGHEST GUST DIRECTION     N (10)
  AVERAGE WIND SPEED    14.8


SKY COVER
  AVERAGE SKY COVER 1.0


WEATHER CONDITIONS
 THE FOLLOWING WEATHER WAS RECORDED YESTERDAY.
  SNOW
  LIGHT SNOW
  FOG


RELATIVE HUMIDITY (PERCENT)
 HIGHEST    92           400 AM
 LOWEST     78          1200 AM
 AVERAGE    85

..........................................................




SUNRISE AND SUNSET
DECEMBER 26 2014......SUNRISE   737 AM MST   SUNSET   429 PM MST
DECEMBER 27 2014......SUNRISE   737 AM MST   SUNSET   429 PM MST


-  INDICATES NEGATIVE NUMBERS.
R  INDICATES RECORD WAS SET OR TIED.
MM INDICATES DATA IS MISSING.
T  INDICATES TRACE AMOUNT.




$$
