000
CDUS43 KUNR 220833
CLIGCC


CLIMATE REPORT
NATIONAL WEATHER SERVICE RAPID CITY SD
233 AM MDT SUN OCT 22 2017


...................................

...THE GILLETTE AIRPORT WY CLIMATE SUMMARY FOR OCTOBER 21 2017...

CLIMATE NORMAL PERIOD 1981 TO 2010
CLIMATE RECORD PERIOD 9999 TO 9999


WEATHER ITEM   OBSERVED TIME   NORMAL DEPARTURE LAST
                VALUE   (LST)  VALUE  FROM      YEAR
                                      NORMAL
......................................................
TEMPERATURE (F)
 YESTERDAY
  MAXIMUM         53    305 PM  57     -4       65
  MINIMUM         26    930 PM  30     -4       34
  AVERAGE         40            44     -4       50

PRECIPITATION (IN)
  YESTERDAY        0.00          0.03  -0.03     0.00
  MONTH TO DATE    0.99          0.99   0.00     1.37
  SINCE SEP 1      2.57          2.18   0.39     3.87
  SINCE JAN 1     12.72         12.66   0.06    13.03

DEGREE DAYS
 HEATING
  YESTERDAY       25            22      3       15
  MONTH TO DATE  373           380     -7      354
  SINCE SEP 1    655           618     37      537
  SINCE JUL 1    690           675     15      591

 COOLING
  YESTERDAY        0             0      0        0
  MONTH TO DATE    0             0      0        0
  SINCE SEP 1     65            40     25       25
  SINCE JAN 1    617           500    117      569
......................................................


WIND (MPH)
  HIGHEST WIND SPEED    36   HIGHEST WIND DIRECTION    NW (310)
  HIGHEST GUST SPEED    45   HIGHEST GUST DIRECTION    NW (300)
  AVERAGE WIND SPEED    15.3


SKY COVER
  AVERAGE SKY COVER 0.1


WEATHER CONDITIONS
 THE FOLLOWING WEATHER WAS RECORDED YESTERDAY.
  NO SIGNIFICANT WEATHER WAS OBSERVED.


RELATIVE HUMIDITY (PERCENT)
 HIGHEST    63           900 PM
 LOWEST     19           400 PM
 AVERAGE    41

..........................................................




SUNRISE AND SUNSET
OCTOBER 22 2017.......SUNRISE   726 AM MDT   SUNSET   606 PM MDT
OCTOBER 23 2017.......SUNRISE   728 AM MDT   SUNSET   604 PM MDT


-  INDICATES NEGATIVE NUMBERS.
R  INDICATES RECORD WAS SET OR TIED.
MM INDICATES DATA IS MISSING.
T  INDICATES TRACE AMOUNT.




$$
