000
CDUS43 KUNR 230843
CLIGCC


CLIMATE REPORT
NATIONAL WEATHER SERVICE RAPID CITY SD
239 AM MDT SAT MAY 23 2015


...................................

...THE GILLETTE AIRPORT WY CLIMATE SUMMARY FOR MAY 22 2015...

CLIMATE NORMAL PERIOD 1981 TO 2010
CLIMATE RECORD PERIOD 9999 TO 9999


WEATHER ITEM   OBSERVED TIME   NORMAL DEPARTURE LAST
                VALUE   (LST)  VALUE  FROM      YEAR
                                      NORMAL
......................................................
TEMPERATURE (F)
 YESTERDAY
  MAXIMUM         58   1121 AM  68    -10       78
  MINIMUM         45    951 PM  42      3       47
  AVERAGE         52            55     -3       63

PRECIPITATION (IN)
  YESTERDAY        0.00          0.09  -0.09     0.15
  MONTH TO DATE    3.00          1.69   1.31     1.19
  SINCE MAR 1      4.65          4.12   0.53     3.08
  SINCE JAN 1      5.50          4.90   0.60     4.36

DEGREE DAYS
 HEATING
  YESTERDAY       13            11      2        2
  MONTH TO DATE  385           301     84      365
  SINCE MAR 1   1694          1909   -215     1970
  SINCE JUL 1   6784          7317   -533     7615

 COOLING
  YESTERDAY        0             0      0        0
  MONTH TO DATE    0             0      0        0
  SINCE MAR 1      0             0      0        0
  SINCE JAN 1      0             0      0        0
......................................................


WIND (MPH)
  HIGHEST WIND SPEED    26   HIGHEST WIND DIRECTION    SE (140)
  HIGHEST GUST SPEED    33   HIGHEST GUST DIRECTION    SE (150)
  AVERAGE WIND SPEED    15.7


SKY COVER
  AVERAGE SKY COVER 0.7


WEATHER CONDITIONS
 THE FOLLOWING WEATHER WAS RECORDED YESTERDAY.
  NO SIGNIFICANT WEATHER WAS OBSERVED.


RELATIVE HUMIDITY (PERCENT)
 HIGHEST    93           500 AM
 LOWEST     57          1000 AM
 AVERAGE    75

..........................................................




SUNRISE AND SUNSET
MAY 23 2015...........SUNRISE   527 AM MDT   SUNSET   831 PM MDT
MAY 24 2015...........SUNRISE   527 AM MDT   SUNSET   832 PM MDT


-  INDICATES NEGATIVE NUMBERS.
R  INDICATES RECORD WAS SET OR TIED.
MM INDICATES DATA IS MISSING.
T  INDICATES TRACE AMOUNT.




$$
