000
CDUS43 KUNR 090830
CLIGCC


CLIMATE REPORT
NATIONAL WEATHER SERVICE RAPID CITY SD
130 AM MST FRI DEC 9 2016


...................................

...THE GILLETTE AIRPORT WY CLIMATE SUMMARY FOR DECEMBER 8 2016...

CLIMATE NORMAL PERIOD 1981 TO 2010
CLIMATE RECORD PERIOD 9999 TO 9999


WEATHER ITEM   OBSERVED TIME   NORMAL DEPARTURE LAST
                VALUE   (LST)  VALUE  FROM      YEAR
                                      NORMAL
......................................................
TEMPERATURE (F)
 YESTERDAY
  MAXIMUM          8    325 PM  35    -27       54
  MINIMUM        -19    452 AM  14    -33       33
  AVERAGE         -5            24    -29       44

PRECIPITATION (IN)
  YESTERDAY        0.00          0.01  -0.01      T
  MONTH TO DATE    0.14          0.14   0.00      T
  SINCE DEC 1      0.14          0.14   0.00      T
  SINCE JAN 1     13.53         13.63  -0.10    14.64

DEGREE DAYS
 HEATING
  YESTERDAY       70            41     29       21
  MONTH TO DATE  390           320     70      244
  SINCE DEC 1    390           320     70      244
  SINCE JUL 1   1783          2195   -412     1804

 COOLING
  YESTERDAY        0             0      0        0
  MONTH TO DATE    0             0      0        0
  SINCE DEC 1      0             0      0        0
  SINCE JAN 1    569           502     67      545
......................................................


WIND (MPH)
  HIGHEST WIND SPEED    12   HIGHEST WIND DIRECTION     S (160)
  HIGHEST GUST SPEED    13   HIGHEST GUST DIRECTION     S (160)
  AVERAGE WIND SPEED     4.3


SKY COVER
  AVERAGE SKY COVER 0.0


WEATHER CONDITIONS
 THE FOLLOWING WEATHER WAS RECORDED YESTERDAY.
  NO SIGNIFICANT WEATHER WAS OBSERVED.


RELATIVE HUMIDITY (PERCENT)
 HIGHEST    91           400 AM
 LOWEST     69           100 PM
 AVERAGE    80

..........................................................




SUNRISE AND SUNSET
DECEMBER  9 2016......SUNRISE   727 AM MST   SUNSET   423 PM MST
DECEMBER 10 2016......SUNRISE   728 AM MST   SUNSET   423 PM MST


-  INDICATES NEGATIVE NUMBERS.
R  INDICATES RECORD WAS SET OR TIED.
MM INDICATES DATA IS MISSING.
T  INDICATES TRACE AMOUNT.




$$
