000
CDUS43 KUNR 290839
CLIGCC


CLIMATE REPORT
NATIONAL WEATHER SERVICE RAPID CITY SD
238 AM MDT THU SEP 29 2016


...................................

...THE GILLETTE AIRPORT WY CLIMATE SUMMARY FOR SEPTEMBER 28 2016...

CLIMATE NORMAL PERIOD 1981 TO 2010
CLIMATE RECORD PERIOD 9999 TO 9999


WEATHER ITEM   OBSERVED TIME   NORMAL DEPARTURE LAST
                VALUE   (LST)  VALUE  FROM      YEAR
                                      NORMAL
......................................................
TEMPERATURE (F)
 YESTERDAY
  MAXIMUM         78    327 PM  66     12       61
  MINIMUM         40    451 AM  38      2       48
  AVERAGE         59            52      7       55

PRECIPITATION (IN)
  YESTERDAY        0.00          0.04  -0.04      T
  MONTH TO DATE    2.50          1.10   1.40     0.16
  SINCE SEP 1      2.50          1.10   1.40     0.16
  SINCE JAN 1     11.66         11.58   0.08    13.30

DEGREE DAYS
 HEATING
  YESTERDAY        6            13     -7       10
  MONTH TO DATE  182           211    -29       82
  SINCE SEP 1    182           211    -29       82
  SINCE JUL 1    236           268    -32      147

 COOLING
  YESTERDAY        0             0      0        0
  MONTH TO DATE   25            40    -15       85
  SINCE SEP 1     25            40    -15       85
  SINCE JAN 1    569           500     69      538
......................................................


WIND (MPH)
  HIGHEST WIND SPEED    24   HIGHEST WIND DIRECTION     S (160)
  HIGHEST GUST SPEED    29   HIGHEST GUST DIRECTION     S (160)
  AVERAGE WIND SPEED     7.0


SKY COVER
  AVERAGE SKY COVER 0.0


WEATHER CONDITIONS
 THE FOLLOWING WEATHER WAS RECORDED YESTERDAY.
  NO SIGNIFICANT WEATHER WAS OBSERVED.


RELATIVE HUMIDITY (PERCENT)
 HIGHEST    96           400 AM
 LOWEST     28           300 PM
 AVERAGE    62

..........................................................




SUNRISE AND SUNSET
SEPTEMBER 29 2016.....SUNRISE   658 AM MDT   SUNSET   645 PM MDT
SEPTEMBER 30 2016.....SUNRISE   659 AM MDT   SUNSET   644 PM MDT


-  INDICATES NEGATIVE NUMBERS.
R  INDICATES RECORD WAS SET OR TIED.
MM INDICATES DATA IS MISSING.
T  INDICATES TRACE AMOUNT.




$$
