000
CDUS43 KUNR 280832
CLIGCC


CLIMATE REPORT
NATIONAL WEATHER SERVICE RAPID CITY SD
232 AM MDT THU AUG 28 2014


...................................

...THE GILLETTE AIRPORT WY CLIMATE SUMMARY FOR AUGUST 27 2014...

CLIMATE NORMAL PERIOD 1981 TO 2010
CLIMATE RECORD PERIOD 9999 TO 9999


WEATHER ITEM   OBSERVED TIME   NORMAL DEPARTURE LAST
                VALUE   (LST)  VALUE  FROM      YEAR
                                      NORMAL
......................................................
TEMPERATURE (F)
 YESTERDAY
  MAXIMUM         81    202 PM  83     -2       89
  MINIMUM         50    216 AM  50      0       63
  AVERAGE         66            67     -1       76

PRECIPITATION (IN)
  YESTERDAY        0.11          0.02   0.09     0.00
  MONTH TO DATE    1.95          0.83   1.12     0.99
  SINCE JUN 1      5.46          4.70   0.76     6.39
  SINCE JAN 1     15.06         10.36   4.70    13.43

DEGREE DAYS
 HEATING
  YESTERDAY        0             2     -2        0
  MONTH TO DATE   29            28      1        0
  SINCE JUN 1    234           189     45      117
  SINCE JUL 1     42            47     -5        0

 COOLING
  YESTERDAY        1             4     -3       11
  MONTH TO DATE  143           164    -21      209
  SINCE JUN 1    337           438   -101      473
  SINCE JAN 1    345           446   -101      481
......................................................


WIND (MPH)
  HIGHEST WIND SPEED    20   HIGHEST WIND DIRECTION    SW (210)
  HIGHEST GUST SPEED    24   HIGHEST GUST DIRECTION    SW (210)
  AVERAGE WIND SPEED     6.3


SKY COVER
  AVERAGE SKY COVER 0.3


WEATHER CONDITIONS
 THE FOLLOWING WEATHER WAS RECORDED YESTERDAY.
  THUNDERSTORM
  LIGHT RAIN
  FOG


RELATIVE HUMIDITY (PERCENT)
 HIGHEST    96           500 AM
 LOWEST     40           300 PM
 AVERAGE    68

..........................................................




SUNRISE AND SUNSET
AUGUST 28 2014........SUNRISE   620 AM MDT   SUNSET   745 PM MDT
AUGUST 29 2014........SUNRISE   622 AM MDT   SUNSET   744 PM MDT


-  INDICATES NEGATIVE NUMBERS.
R  INDICATES RECORD WAS SET OR TIED.
MM INDICATES DATA IS MISSING.
T  INDICATES TRACE AMOUNT.




$$
