000
CDUS43 KUNR 010853
CLIGCC


CLIMATE REPORT
NATIONAL WEATHER SERVICE RAPID CITY SD
151 AM MST WED MAR 1 2017


...................................

...THE GILLETTE AIRPORT WY CLIMATE SUMMARY FOR FEBRUARY 28 2017...

CLIMATE NORMAL PERIOD 1981 TO 2010
CLIMATE RECORD PERIOD 9999 TO 9999


WEATHER ITEM   OBSERVED TIME   NORMAL DEPARTURE LAST
                VALUE   (LST)  VALUE  FROM      YEAR
                                      NORMAL
......................................................
TEMPERATURE (F)
 YESTERDAY
  MAXIMUM         38    242 PM  42     -4       57
  MINIMUM         18    145 AM  19     -1       29
  AVERAGE         28            30     -2       43

PRECIPITATION (IN)
  YESTERDAY        T             0.01  -0.01     0.01
  MONTH TO DATE    0.30          0.39  -0.09     0.98
  SINCE DEC 1      1.69          1.18   0.51     1.86
  SINCE JAN 1      0.84          0.78   0.06     1.38

DEGREE DAYS
 HEATING
  YESTERDAY       37            35      2       22
  MONTH TO DATE  910          1054   -144      831
  SINCE DEC 1   3364          3533   -169     3142
  SINCE JUL 1   4757          5408   -651     4702

 COOLING
  YESTERDAY        0             0      0        0
  MONTH TO DATE    0             0      0        0
  SINCE DEC 1      0             0      0        0
  SINCE JAN 1      0             0      0        0
......................................................


WIND (MPH)
  HIGHEST WIND SPEED    26   HIGHEST WIND DIRECTION    NW (310)
  HIGHEST GUST SPEED    33   HIGHEST GUST DIRECTION    NW (310)
  AVERAGE WIND SPEED     9.9


SKY COVER
  AVERAGE SKY COVER 0.3


WEATHER CONDITIONS
 THE FOLLOWING WEATHER WAS RECORDED YESTERDAY.
  LIGHT SNOW
  FOG


RELATIVE HUMIDITY (PERCENT)
 HIGHEST    96           400 AM
 LOWEST     27           100 PM
 AVERAGE    62

..........................................................




SUNRISE AND SUNSET
MARCH  1 2017.........SUNRISE   639 AM MST   SUNSET   551 PM MST
MARCH  2 2017.........SUNRISE   637 AM MST   SUNSET   552 PM MST


-  INDICATES NEGATIVE NUMBERS.
R  INDICATES RECORD WAS SET OR TIED.
MM INDICATES DATA IS MISSING.
T  INDICATES TRACE AMOUNT.




$$
