465
CDUS43 KUNR 300834
CLIGCC


CLIMATE REPORT
NATIONAL WEATHER SERVICE RAPID CITY SD
233 AM MDT SAT JUL 30 2016


...................................

...THE GILLETTE AIRPORT WY CLIMATE SUMMARY FOR JULY 29 2016...

CLIMATE NORMAL PERIOD 1981 TO 2010
CLIMATE RECORD PERIOD 9999 TO 9999


WEATHER ITEM   OBSERVED TIME   NORMAL DEPARTURE LAST
                VALUE   (LST)  VALUE  FROM      YEAR
                                      NORMAL
......................................................
TEMPERATURE (F)
 YESTERDAY
  MAXIMUM         86    227 PM  88     -2       81
  MINIMUM         52    333 AM  57     -5       50
  AVERAGE         69            72     -3       66

PRECIPITATION (IN)
  YESTERDAY        0.00          0.05  -0.05     0.00
  MONTH TO DATE    0.62          1.56  -0.94     1.04
  SINCE JUN 1      1.06          3.77  -2.71     4.15
  SINCE JAN 1      6.90          9.43  -2.53    11.27

DEGREE DAYS
 HEATING
  YESTERDAY        0             0      0        0
  MONTH TO DATE    7            14     -7       22
  SINCE JUN 1     41           156   -115       61
  SINCE JUL 1      7            14     -7       22

 COOLING
  YESTERDAY        4             8     -4        1
  MONTH TO DATE  203           200      3      153
  SINCE JUN 1    367           260    107      227
  SINCE JAN 1    367           268     99      227
......................................................


WIND (MPH)
  HIGHEST WIND SPEED    17   HIGHEST WIND DIRECTION    NE (30)
  HIGHEST GUST SPEED    20   HIGHEST GUST DIRECTION     N (360)
  AVERAGE WIND SPEED     7.2


SKY COVER
  AVERAGE SKY COVER 0.0


WEATHER CONDITIONS
 THE FOLLOWING WEATHER WAS RECORDED YESTERDAY.
  NO SIGNIFICANT WEATHER WAS OBSERVED.


RELATIVE HUMIDITY (PERCENT)
 HIGHEST   100           300 AM
 LOWEST     26           200 PM
 AVERAGE    63

..........................................................




SUNRISE AND SUNSET
JULY 30 2016..........SUNRISE   548 AM MDT   SUNSET   829 PM MDT
JULY 31 2016..........SUNRISE   549 AM MDT   SUNSET   827 PM MDT


-  INDICATES NEGATIVE NUMBERS.
R  INDICATES RECORD WAS SET OR TIED.
MM INDICATES DATA IS MISSING.
T  INDICATES TRACE AMOUNT.




$$
