000
CDUS43 KUNR 210831
CLIGCC


CLIMATE REPORT
NATIONAL WEATHER SERVICE RAPID CITY SD
230 AM MDT MON AUG 21 2017


...................................

...THE GILLETTE AIRPORT WY CLIMATE SUMMARY FOR AUGUST 20 2017...

CLIMATE NORMAL PERIOD 1981 TO 2010
CLIMATE RECORD PERIOD 9999 TO 9999


WEATHER ITEM   OBSERVED TIME   NORMAL DEPARTURE LAST
                VALUE   (LST)  VALUE  FROM      YEAR
                                      NORMAL
......................................................
TEMPERATURE (F)
 YESTERDAY
  MAXIMUM         92    336 PM  85      7       71
  MINIMUM         48    502 AM  52     -4       42
  AVERAGE         70            69      1       57

PRECIPITATION (IN)
  YESTERDAY        0.00          0.03  -0.03     0.00
  MONTH TO DATE    0.34          0.67  -0.33     1.55
  SINCE JUN 1      2.88          4.54  -1.66     3.31
  SINCE JAN 1     10.07         10.20  -0.13     9.15

DEGREE DAYS
 HEATING
  YESTERDAY        0             1     -1        8
  MONTH TO DATE   33            17     16       27
  SINCE JUN 1    123           178    -55       68
  SINCE JUL 1     33            36     -3       34

 COOLING
  YESTERDAY        5             5      0        0
  MONTH TO DATE   64           133    -69      108
  SINCE JUN 1    476           407     69      502
  SINCE JAN 1    480           415     65      502
......................................................


WIND (MPH)
  HIGHEST WIND SPEED    30   HIGHEST WIND DIRECTION    SE (150)
  HIGHEST GUST SPEED    37   HIGHEST GUST DIRECTION     S (160)
  AVERAGE WIND SPEED     8.6


SKY COVER
  AVERAGE SKY COVER 0.0


WEATHER CONDITIONS
 THE FOLLOWING WEATHER WAS RECORDED YESTERDAY.
  NO SIGNIFICANT WEATHER WAS OBSERVED.


RELATIVE HUMIDITY (PERCENT)
 HIGHEST    77           600 AM
 LOWEST     10           400 PM
 AVERAGE    44

..........................................................




SUNRISE AND SUNSET
AUGUST 21 2017........SUNRISE   613 AM MDT   SUNSET   757 PM MDT
AUGUST 22 2017........SUNRISE   614 AM MDT   SUNSET   755 PM MDT


-  INDICATES NEGATIVE NUMBERS.
R  INDICATES RECORD WAS SET OR TIED.
MM INDICATES DATA IS MISSING.
T  INDICATES TRACE AMOUNT.




$$
