000
CDUS43 KDDC 232332
CLIGCK


CLIMATE REPORT
NATIONAL WEATHER SERVICE DODGE CITY KS
631 PM CDT WED AUG 23 2017


...................................

...THE GARDEN CITY REGIONAL ARPT KS CLIMATE SUMMARY FOR AUGUST 23 2017...
VALID TODAY AS OF 0500 PM LOCAL TIME.

CLIMATE NORMAL PERIOD 1981 TO 2010
CLIMATE RECORD PERIOD 1948 TO 2017


WEATHER ITEM   OBSERVED TIME   RECORD YEAR NORMAL DEPARTURE LAST
                VALUE   (LST)  VALUE       VALUE  FROM      YEAR
                                                  NORMAL
..................................................................
TEMPERATURE (F)
 TODAY
  MAXIMUM         84    359 PM 105    2011  89     -5       97
  MINIMUM         54    609 AM  50    1964  63     -9       67
  AVERAGE         69                        76     -7       82

PRECIPITATION (IN)
  TODAY            0.00          1.25 1990   0.07  -0.07     0.00
  MONTH TO DATE    2.44                      1.95   0.49     1.50
  SINCE JUN 1      6.46                      8.21  -1.75    14.15
  SINCE JAN 1     14.77                     15.15  -0.38    19.61

DEGREE DAYS
 HEATING
  TODAY            0                         0      0        0
  MONTH TO DATE    0                         0      0        0
  SINCE JUN 1      0                        17    -17        2
  SINCE JUL 1      0                         1     -1        0

 COOLING
  TODAY            4                        11     -7       17
  MONTH TO DATE  204                       284    -80      266
  SINCE JUN 1    998                       946     52     1043
  SINCE JAN 1   1088                      1035     53     1102
..................................................................


WIND (MPH)
  HIGHEST WIND SPEED    16   HIGHEST WIND DIRECTION     S (170)
  HIGHEST GUST SPEED    20   HIGHEST GUST DIRECTION     S (190)
  AVERAGE WIND SPEED     9.0



WEATHER CONDITIONS
 THE FOLLOWING WEATHER WAS RECORDED TODAY.
  NO SIGNIFICANT WEATHER WAS OBSERVED.


RELATIVE HUMIDITY (PERCENT)
 HIGHEST    83           400 AM
 LOWEST     45          1200 PM
 AVERAGE    64

..........................................................


THE GARDEN CITY REGIONAL ARPT KS CLIMATE NORMALS FOR TOMORROW
                         NORMAL    RECORD    YEAR
 MAXIMUM TEMPERATURE (F)   89       106      2011
                                             1964
 MINIMUM TEMPERATURE (F)   63        52      2015


SUNRISE AND SUNSET
AUGUST 23 2017........SUNRISE   705 AM CDT   SUNSET   825 PM CDT
AUGUST 24 2017........SUNRISE   706 AM CDT   SUNSET   823 PM CDT


-  INDICATES NEGATIVE NUMBERS.
R  INDICATES RECORD WAS SET OR TIED.
MM INDICATES DATA IS MISSING.
T  INDICATES TRACE AMOUNT.




$$
