000
CDUS43 KDDC 291006
CLIGCK


CLIMATE REPORT
NATIONAL WEATHER SERVICE DODGE CITY KS
506 AM CDT TUE JUL 29 2014


...................................

...THE GARDEN CITY REGIONAL ARPT KS CLIMATE SUMMARY FOR JULY 28 2014...

CLIMATE NORMAL PERIOD 1981 TO 2010
CLIMATE RECORD PERIOD 1948 TO 2014


WEATHER ITEM   OBSERVED TIME   RECORD YEAR NORMAL DEPARTURE LAST
                VALUE   (LST)  VALUE       VALUE  FROM      YEAR
                                                  NORMAL
..................................................................
TEMPERATURE (F)
 YESTERDAY
  MAXIMUM         85    308 PM 104    1980  92     -7       83
  MINIMUM         65   1159 PM  52    2005  65      0       62
  AVERAGE         75                        78     -3       73

PRECIPITATION (IN)
  YESTERDAY        T             2.78 1972   0.09  -0.09     0.05
  MONTH TO DATE    1.19                      2.52  -1.33     1.04
  SINCE JUN 1     12.07                      6.00   6.07     3.18
  SINCE JAN 1     13.43                     12.94   0.49     4.75

DEGREE DAYS
 HEATING
  YESTERDAY        0                         0      0
  MONTH TO DATE   10                         0     10
  SINCE JUN 1     21                        16      5
  SINCE JUL 1     10                         0     10

 COOLING
  YESTERDAY       10                        13     -3
  MONTH TO DATE  331                       372    -41
  SINCE JUN 1    605                       624    -19
  SINCE JAN 1    748                       713     35
..................................................................


WIND (MPH)
  HIGHEST WIND SPEED    17   HIGHEST WIND DIRECTION     S (200)
  HIGHEST GUST SPEED    23   HIGHEST GUST DIRECTION     S (200)
  AVERAGE WIND SPEED     6.9



WEATHER CONDITIONS
 THE FOLLOWING WEATHER WAS RECORDED YESTERDAY.
  LIGHT RAIN


RELATIVE HUMIDITY (PERCENT)
 HIGHEST    81           300 AM
 LOWEST     37           400 PM
 AVERAGE    59

..........................................................


THE GARDEN CITY REGIONAL ARPT KS CLIMATE NORMALS FOR TODAY
                         NORMAL    RECORD    YEAR
 MAXIMUM TEMPERATURE (F)   92       105      1980
 MINIMUM TEMPERATURE (F)   65        54      2005


SUNRISE AND SUNSET
JULY 29 2014..........SUNRISE   644 AM CDT   SUNSET   855 PM CDT
JULY 30 2014..........SUNRISE   644 AM CDT   SUNSET   854 PM CDT


-  INDICATES NEGATIVE NUMBERS.
R  INDICATES RECORD WAS SET OR TIED.
MM INDICATES DATA IS MISSING.
T  INDICATES TRACE AMOUNT.




$$
