000
CDUS43 KDDC 022327
CLIGCK


CLIMATE REPORT
NATIONAL WEATHER SERVICE DODGE CITY KS
526 PM CST FRI DEC 2 2016


...................................

...THE GARDEN CITY REGIONAL ARPT KS CLIMATE SUMMARY FOR DECEMBER 2 2016...
VALID TODAY AS OF 0500 PM LOCAL TIME.

CLIMATE NORMAL PERIOD 1981 TO 2010
CLIMATE RECORD PERIOD 1948 TO 2016


WEATHER ITEM   OBSERVED TIME   RECORD YEAR NORMAL DEPARTURE LAST
                VALUE   (LST)  VALUE       VALUE  FROM      YEAR
                                                  NORMAL
..................................................................
TEMPERATURE (F)
 TODAY
  MAXIMUM         51    244 PM  78    1973  47      4       51
  MINIMUM         14    753 AM  -3    1985  21     -7       23
  AVERAGE         33                        34     -1       37

PRECIPITATION (IN)
  TODAY            0.00          0.60 1953   0.02  -0.02     0.00
  MONTH TO DATE    0.00                      0.04  -0.04     0.00
  SINCE DEC 1      0.00                      0.04  -0.04     0.00
  SINCE JAN 1     20.09                     18.99   1.10    24.05

DEGREE DAYS
 HEATING
  TODAY           32                        31      1       28
  MONTH TO DATE   65                        61      4       61
  SINCE DEC 1     65                        61      4       61
  SINCE JUL 1    753                      1150   -397      898

 COOLING
  TODAY            0                         0      0        0
  MONTH TO DATE    0                         0      0        0
  SINCE DEC 1      0                         0      0        0
  SINCE JAN 1   1433                      1298    135     1453
..................................................................


WIND (MPH)
  HIGHEST WIND SPEED    12   HIGHEST WIND DIRECTION     N (10)
  HIGHEST GUST SPEED    15   HIGHEST GUST DIRECTION    NE (30)
  AVERAGE WIND SPEED     6.3



WEATHER CONDITIONS
 THE FOLLOWING WEATHER WAS RECORDED TODAY.
  HAZE


RELATIVE HUMIDITY (PERCENT)
 HIGHEST    73           600 AM
 LOWEST     20           300 PM
 AVERAGE    47

..........................................................


THE GARDEN CITY REGIONAL ARPT KS CLIMATE NORMALS FOR TOMORROW
                         NORMAL    RECORD    YEAR
 MAXIMUM TEMPERATURE (F)   47        72      1954
 MINIMUM TEMPERATURE (F)   21         8      1978


SUNRISE AND SUNSET
DECEMBER  2 2016......SUNRISE   741 AM CST   SUNSET   524 PM CST
DECEMBER  3 2016......SUNRISE   742 AM CST   SUNSET   523 PM CST


-  INDICATES NEGATIVE NUMBERS.
R  INDICATES RECORD WAS SET OR TIED.
MM INDICATES DATA IS MISSING.
T  INDICATES TRACE AMOUNT.




$$
