000
CDUS43 KDDC 301445
CLIGCK


CLIMATE REPORT
NATIONAL WEATHER SERVICE DODGE CITY KS
945 AM CDT SUN APR 30 2017


...................................

...THE GARDEN CITY REGIONAL ARPT KS CLIMATE SUMMARY FOR APRIL 30 2017...
VALID AS OF 0800 AM LOCAL TIME.

CLIMATE NORMAL PERIOD 1981 TO 2010
CLIMATE RECORD PERIOD 1948 TO 2017


WEATHER ITEM   OBSERVED TIME   RECORD YEAR NORMAL DEPARTURE LAST
                VALUE   (LST)  VALUE       VALUE  FROM      YEAR
                                                  NORMAL
..................................................................
TEMPERATURE (F)
 TODAY
  MAXIMUM         33   1254 AM  93    1992  72    -39       51
  MINIMUM         32    759 AM  26    2005  44    -12       35
  AVERAGE         33                        58    -25       43

PRECIPITATION (IN)
  TODAY            0.25          3.87 1978   0.07   0.18     0.00
  MONTH TO DATE    3.47                      1.72   1.75     4.54
  SINCE MAR 1      5.97                      3.18   2.79     4.54
  SINCE JAN 1      7.26                      4.06   3.20     4.76

..................................................................


WIND (MPH)
  HIGHEST WIND SPEED    41   HIGHEST WIND DIRECTION     N (10)
  HIGHEST GUST SPEED    51   HIGHEST GUST DIRECTION     N (10)



WEATHER CONDITIONS
 THE FOLLOWING WEATHER WAS RECORDED TODAY.
  HEAVY SNOW
  SNOW
  LIGHT SNOW
  FOG
  FOG W/VISIBILITY <= 1/4 MILE


RELATIVE HUMIDITY (PERCENT)
 HIGHEST    92           300 AM
 LOWEST     89          1200 AM

..........................................................


THE GARDEN CITY REGIONAL ARPT KS CLIMATE NORMALS FOR TOMORROW
                         NORMAL    RECORD    YEAR
 MAXIMUM TEMPERATURE (F)   72        98      1992
 MINIMUM TEMPERATURE (F)   45        26      1967


SUNRISE AND SUNSET
APRIL 30 2017.........SUNRISE   648 AM CDT   SUNSET   833 PM CDT
MAY  1 2017...........SUNRISE   647 AM CDT   SUNSET   834 PM CDT


-  INDICATES NEGATIVE NUMBERS.
R  INDICATES RECORD WAS SET OR TIED.
MM INDICATES DATA IS MISSING.
T  INDICATES TRACE AMOUNT.




$$
