000
CDUS43 KDDC 052331
CLIGCK


CLIMATE REPORT
NATIONAL WEATHER SERVICE DODGE CITY KS
627 PM CDT SUN JUL 5 2015


...................................

...THE GARDEN CITY REGIONAL ARPT KS CLIMATE SUMMARY FOR JULY 5 2015...
VALID TODAY AS OF 0500 PM LOCAL TIME.

CLIMATE NORMAL PERIOD 1981 TO 2010
CLIMATE RECORD PERIOD 1948 TO 2015


WEATHER ITEM   OBSERVED TIME   RECORD YEAR NORMAL DEPARTURE LAST
                VALUE   (LST)  VALUE       VALUE  FROM      YEAR
                                                  NORMAL
..................................................................
TEMPERATURE (F)
 TODAY
  MAXIMUM         94    308 PM 108    1966  91      3       97
  MINIMUM         69    612 AM  52    1972  64      5       68
  AVERAGE         82                        78      4       83

PRECIPITATION (IN)
  TODAY            0.00          0.96 1963   0.10  -0.10     0.00
  MONTH TO DATE    1.14                      0.49   0.65     0.04
  SINCE JUN 1      3.69                      3.97  -0.28    10.92
  SINCE JAN 1     12.51                     10.91   1.60    12.28

DEGREE DAYS
 HEATING
  TODAY            0                         0      0        0
  MONTH TO DATE    0                         0      0        0
  SINCE JUN 1      0                        16    -16       11
  SINCE JUL 1      0                         0      0        0

 COOLING
  TODAY           17                        13      4       18
  MONTH TO DATE   67                        62      5       44
  SINCE JUN 1    413                       314     99      318
  SINCE JAN 1    443                       403     40      461
..................................................................


WIND (MPH)
  HIGHEST WIND SPEED    29   HIGHEST WIND DIRECTION     S (180)
  HIGHEST GUST SPEED    35   HIGHEST GUST DIRECTION     S (180)
  AVERAGE WIND SPEED    18.3



WEATHER CONDITIONS
 THE FOLLOWING WEATHER WAS RECORDED TODAY.
  THUNDERSTORM


RELATIVE HUMIDITY (PERCENT)
 HIGHEST    84           600 AM
 LOWEST     33           300 PM
 AVERAGE    59

..........................................................


THE GARDEN CITY REGIONAL ARPT KS CLIMATE NORMALS FOR TOMORROW
                         NORMAL    RECORD    YEAR
 MAXIMUM TEMPERATURE (F)   92       106      1973
 MINIMUM TEMPERATURE (F)   64        54      1997


SUNRISE AND SUNSET
JULY  5 2015..........SUNRISE   626 AM CDT   SUNSET   909 PM CDT
JULY  6 2015..........SUNRISE   627 AM CDT   SUNSET   908 PM CDT


-  INDICATES NEGATIVE NUMBERS.
R  INDICATES RECORD WAS SET OR TIED.
MM INDICATES DATA IS MISSING.
T  INDICATES TRACE AMOUNT.




$$
