347
CDUS43 KDDC 160711
CLIGCK


CLIMATE REPORT
NATIONAL WEATHER SERVICE DODGE CITY KS
110 AM CST MON JAN 16 2017


...................................

...THE GARDEN CITY REGIONAL ARPT KS CLIMATE SUMMARY FOR JANUARY 15 2017...

CLIMATE NORMAL PERIOD 1981 TO 2010
CLIMATE RECORD PERIOD 1948 TO 2017


WEATHER ITEM   OBSERVED TIME   RECORD YEAR NORMAL DEPARTURE LAST
                VALUE   (LST)  VALUE       VALUE  FROM      YEAR
                                                  NORMAL
..................................................................
TEMPERATURE (F)
 YESTERDAY
  MAXIMUM         31   1159 PM  72    1999  44    -13       46
  MINIMUM         30   1143 PM -10    1972  18     12       20
  AVERAGE         31                        31      0       33

PRECIPITATION (IN)
  YESTERDAY        0.59R         0.17 1980   0.01   0.58     0.00
  MONTH TO DATE    0.79                      0.15   0.64     0.03
  SINCE DEC 1      1.09                      0.67   0.42     1.13
  SINCE JAN 1      0.79                      0.15   0.64     0.03

DEGREE DAYS
 HEATING
  YESTERDAY       34                        34      0
  MONTH TO DATE  592                       510     82
  SINCE DEC 1   1733                      1544    189
  SINCE JUL 1   2421                      2633   -212

 COOLING
  YESTERDAY        0                         0      0
  MONTH TO DATE    0                         0      0
  SINCE DEC 1      0                         0      0
  SINCE JAN 1      0                         0      0
..................................................................


WIND (MPH)
  HIGHEST WIND SPEED    18   HIGHEST WIND DIRECTION    NE (50)
  HIGHEST GUST SPEED    23   HIGHEST GUST DIRECTION    NE (40)
  AVERAGE WIND SPEED     8.3



WEATHER CONDITIONS
 THE FOLLOWING WEATHER WAS RECORDED YESTERDAY.
  FREEZING RAIN
  LT FREEZING RAIN
  FOG


RELATIVE HUMIDITY (PERCENT)
 HIGHEST   100          1100 AM
 LOWEST     92           100 AM
 AVERAGE    96

..........................................................


THE GARDEN CITY REGIONAL ARPT KS CLIMATE NORMALS FOR TODAY
                         NORMAL    RECORD    YEAR
 MAXIMUM TEMPERATURE (F)   44        68      1996
 MINIMUM TEMPERATURE (F)   18        -7      1978


SUNRISE AND SUNSET
JANUARY 16 2017.......SUNRISE   757 AM CST   SUNSET   549 PM CST
JANUARY 17 2017.......SUNRISE   757 AM CST   SUNSET   550 PM CST


-  INDICATES NEGATIVE NUMBERS.
R  INDICATES RECORD WAS SET OR TIED.
MM INDICATES DATA IS MISSING.
T  INDICATES TRACE AMOUNT.




$$
