000
CDUS43 KDDC 182329
CLIGCK


CLIMATE REPORT
NATIONAL WEATHER SERVICE DODGE CITY KS
529 PM CST THU DEC 18 2014


...................................

...THE GARDEN CITY REGIONAL ARPT KS CLIMATE SUMMARY FOR DECEMBER 18 2014...
VALID TODAY AS OF 0500 PM LOCAL TIME.

CLIMATE NORMAL PERIOD 1981 TO 2010
CLIMATE RECORD PERIOD 1948 TO 2014


WEATHER ITEM   OBSERVED TIME   RECORD YEAR NORMAL DEPARTURE LAST
                VALUE   (LST)  VALUE       VALUE  FROM      YEAR
                                                  NORMAL
..................................................................
TEMPERATURE (F)
 TODAY
  MAXIMUM         34    359 PM  73    1979  44    -10       65
  MINIMUM         27    631 AM  -6    1983  18      9       26
  AVERAGE         31                        31      0       46

PRECIPITATION (IN)
  TODAY            T             0.11 1995   0.02  -0.02     0.00
  MONTH TO DATE    0.05                      0.31  -0.26      T
  SINCE DEC 1      0.05                      0.31  -0.26      T
  SINCE JAN 1     21.44                     19.26   2.18    14.84

DEGREE DAYS
 HEATING
  TODAY           34                        34      0       19
  MONTH TO DATE  486                       586   -100      636
  SINCE DEC 1    486                       586   -100      636
  SINCE JUL 1   1525                      1675   -150     1680

 COOLING
  TODAY            0                         0      0        0
  MONTH TO DATE    0                         0      0        0
  SINCE DEC 1      0                         0      0        0
  SINCE JAN 1   1342                      1298     44     1591
..................................................................


WIND (MPH)
  HIGHEST WIND SPEED    10   HIGHEST WIND DIRECTION     E (80)
  HIGHEST GUST SPEED    12   HIGHEST GUST DIRECTION     E (80)
  AVERAGE WIND SPEED     5.2



WEATHER CONDITIONS
 THE FOLLOWING WEATHER WAS RECORDED TODAY.
  LIGHT SNOW
  FOG
  FOG W/VISIBILITY <= 1/4 MILE


RELATIVE HUMIDITY (PERCENT)
 HIGHEST   100           100 AM
 LOWEST     89           200 PM
 AVERAGE    95

..........................................................


THE GARDEN CITY REGIONAL ARPT KS CLIMATE NORMALS FOR TOMORROW
                         NORMAL    RECORD    YEAR
 MAXIMUM TEMPERATURE (F)   44        70      1978
 MINIMUM TEMPERATURE (F)   18        -6      1983


SUNRISE AND SUNSET
DECEMBER 18 2014......SUNRISE   753 AM CST   SUNSET   526 PM CST
DECEMBER 19 2014......SUNRISE   754 AM CST   SUNSET   526 PM CST


-  INDICATES NEGATIVE NUMBERS.
R  INDICATES RECORD WAS SET OR TIED.
MM INDICATES DATA IS MISSING.
T  INDICATES TRACE AMOUNT.




$$
