000
CDUS43 KDDC 250706
CLIGCK


CLIMATE REPORT
NATIONAL WEATHER SERVICE DODGE CITY KS
206 AM CDT WED MAY 25 2016


...................................

...THE GARDEN CITY REGIONAL ARPT KS CLIMATE SUMMARY FOR MAY 24 2016...

CLIMATE NORMAL PERIOD 1981 TO 2010
CLIMATE RECORD PERIOD 1948 TO 2016


WEATHER ITEM   OBSERVED TIME   RECORD YEAR NORMAL DEPARTURE LAST
                VALUE   (LST)  VALUE       VALUE  FROM      YEAR
                                                  NORMAL
..................................................................
TEMPERATURE (F)
 YESTERDAY
  MAXIMUM         90    506 PM 102    1967  79     11       68
  MINIMUM         61    542 AM  37    1979  53      8       54
  AVERAGE         76                        66     10       61

PRECIPITATION (IN)
  YESTERDAY        T             1.92 1999   0.10  -0.10     0.18
  MONTH TO DATE    0.38                      2.12  -1.74     6.26
  SINCE MAR 1      4.92                      5.30  -0.38     6.94
  SINCE JAN 1      5.14                      6.18  -1.04     7.71

DEGREE DAYS
 HEATING
  YESTERDAY        0                         3     -3
  MONTH TO DATE  164                       116     48
  SINCE MAR 1   1013                      1154   -141
  SINCE JUL 1   4426                      5178   -752

 COOLING
  YESTERDAY       11                         3      8
  MONTH TO DATE   37                        47    -10
  SINCE MAR 1     42                        59    -17
  SINCE JAN 1     43                        59    -16
..................................................................


WIND (MPH)
  HIGHEST WIND SPEED    32   HIGHEST WIND DIRECTION     S (190)
  HIGHEST GUST SPEED    43   HIGHEST GUST DIRECTION     S (190)
  AVERAGE WIND SPEED    16.4



WEATHER CONDITIONS
 THE FOLLOWING WEATHER WAS RECORDED YESTERDAY.
  HAZE


RELATIVE HUMIDITY (PERCENT)
 HIGHEST    97           500 AM
 LOWEST     17           500 PM
 AVERAGE    57

..........................................................


THE GARDEN CITY REGIONAL ARPT KS CLIMATE NORMALS FOR TODAY
                         NORMAL    RECORD    YEAR
 MAXIMUM TEMPERATURE (F)   79       103      1953
 MINIMUM TEMPERATURE (F)   53        36      2002


SUNRISE AND SUNSET
MAY 25 2016...........SUNRISE   625 AM CDT   SUNSET   855 PM CDT
MAY 26 2016...........SUNRISE   625 AM CDT   SUNSET   856 PM CDT


-  INDICATES NEGATIVE NUMBERS.
R  INDICATES RECORD WAS SET OR TIED.
MM INDICATES DATA IS MISSING.
T  INDICATES TRACE AMOUNT.




$$
