000
CDUS43 KDDC 262326
CLIGCK


CLIMATE REPORT
NATIONAL WEATHER SERVICE DODGE CITY KS
626 PM CDT MON JUN 26 2017


...................................

...THE GARDEN CITY REGIONAL ARPT KS CLIMATE SUMMARY FOR JUNE 26 2017...
VALID TODAY AS OF 0500 PM LOCAL TIME.

CLIMATE NORMAL PERIOD 1981 TO 2010
CLIMATE RECORD PERIOD 1948 TO 2017


WEATHER ITEM   OBSERVED TIME   RECORD YEAR NORMAL DEPARTURE LAST
                VALUE   (LST)  VALUE       VALUE  FROM      YEAR
                                                  NORMAL
..................................................................
TEMPERATURE (F)
 TODAY
  MAXIMUM         85    353 PM 108    2012  90     -5       87
                                      2011
  MINIMUM         55    552 AM  46    1968  62     -7       65
  AVERAGE         70                        76     -6       76

PRECIPITATION (IN)
  TODAY            0.00          3.37 1993   0.11  -0.11     0.10
  MONTH TO DATE    0.64                      3.03  -2.39     3.62
  SINCE JUN 1      0.64                      3.03  -2.39     3.62
  SINCE JAN 1      8.95                      9.97  -1.02     9.08

DEGREE DAYS
 HEATING
  TODAY            0                         0      0        0
  MONTH TO DATE    0                        14    -14        2
  SINCE JUN 1      0                        14    -14        2
  SINCE JUL 1   4431                      5205   -774     4433

 COOLING
  TODAY            5                        11     -6       11
  MONTH TO DATE  280                       207     73      296
  SINCE JUN 1    280                       207     73      296
  SINCE JAN 1    370                       296     74      355
..................................................................


WIND (MPH)
  HIGHEST WIND SPEED    13   HIGHEST WIND DIRECTION    SE (130)
  HIGHEST GUST SPEED    18   HIGHEST GUST DIRECTION    SE (130)
  AVERAGE WIND SPEED     5.9



WEATHER CONDITIONS
 THE FOLLOWING WEATHER WAS RECORDED TODAY.
  FOG
  FOG W/VISIBILITY <= 1/4 MILE


RELATIVE HUMIDITY (PERCENT)
 HIGHEST   100           600 AM
 LOWEST     43           500 PM
 AVERAGE    72

..........................................................


THE GARDEN CITY REGIONAL ARPT KS CLIMATE NORMALS FOR TOMORROW
                         NORMAL    RECORD    YEAR
 MAXIMUM TEMPERATURE (F)   90       109      2012
 MINIMUM TEMPERATURE (F)   63        45      1985


SUNRISE AND SUNSET
JUNE 26 2017..........SUNRISE   622 AM CDT   SUNSET   909 PM CDT
JUNE 27 2017..........SUNRISE   623 AM CDT   SUNSET   909 PM CDT


-  INDICATES NEGATIVE NUMBERS.
R  INDICATES RECORD WAS SET OR TIED.
MM INDICATES DATA IS MISSING.
T  INDICATES TRACE AMOUNT.




$$
