000
CDUS43 KDDC 052327
CLIGCK


CLIMATE REPORT
NATIONAL WEATHER SERVICE DODGE CITY KS
526 PM CST THU MAR 5 2015


...................................

...THE GARDEN CITY REGIONAL ARPT KS CLIMATE SUMMARY FOR MARCH 5 2015...
VALID TODAY AS OF 0500 PM LOCAL TIME.

CLIMATE NORMAL PERIOD 1981 TO 2010
CLIMATE RECORD PERIOD 1948 TO 2015


WEATHER ITEM   OBSERVED TIME   RECORD YEAR NORMAL DEPARTURE LAST
                VALUE   (LST)  VALUE       VALUE  FROM      YEAR
                                                  NORMAL
..................................................................
TEMPERATURE (F)
 TODAY
  MAXIMUM         45    359 PM  81    2009  54     -9       38
  MINIMUM         12    710 AM   1    1989  27    -15       24
  AVERAGE         29                        40    -11       31

PRECIPITATION (IN)
  TODAY            0.00          1.17 1992   0.03  -0.03     0.02
  MONTH TO DATE    T                         0.15  -0.15     0.03
  SINCE MAR 1      T                         0.15  -0.15     0.03
  SINCE JAN 1      0.77                      1.03  -0.26     0.19

DEGREE DAYS
 HEATING
  TODAY           36                        25     11       34
  MONTH TO DATE  189                       127     62      233
  SINCE MAR 1    189                       127     62      233
  SINCE JUL 1   4097                      4151    -54     4409

 COOLING
  TODAY            0                         0      0        0
  MONTH TO DATE    0                         0      0        0
  SINCE MAR 1      0                         0      0        0
  SINCE JAN 1      0                         0      0        0
..................................................................


WIND (MPH)
  HIGHEST WIND SPEED    15   HIGHEST WIND DIRECTION     W (250)
  HIGHEST GUST SPEED    19   HIGHEST GUST DIRECTION     W (260)
  AVERAGE WIND SPEED     8.1



WEATHER CONDITIONS
 THE FOLLOWING WEATHER WAS RECORDED TODAY.
  NO SIGNIFICANT WEATHER WAS OBSERVED.


RELATIVE HUMIDITY (PERCENT)
 HIGHEST    92           700 AM
 LOWEST     20           300 PM
 AVERAGE    56

..........................................................


THE GARDEN CITY REGIONAL ARPT KS CLIMATE NORMALS FOR TOMORROW
                         NORMAL    RECORD    YEAR
 MAXIMUM TEMPERATURE (F)   55        88      1972
 MINIMUM TEMPERATURE (F)   27        -1      1989


SUNRISE AND SUNSET
MARCH  5 2015.........SUNRISE   709 AM CST   SUNSET   640 PM CST
MARCH  6 2015.........SUNRISE   708 AM CST   SUNSET   641 PM CST


-  INDICATES NEGATIVE NUMBERS.
R  INDICATES RECORD WAS SET OR TIED.
MM INDICATES DATA IS MISSING.
T  INDICATES TRACE AMOUNT.




$$
