000
CDUS43 KDDC 311434
CLIGCK


CLIMATE REPORT
NATIONAL WEATHER SERVICE DODGE CITY KS
932 AM CDT FRI OCT 31 2014


...................................

...THE GARDEN CITY REGIONAL ARPT KS CLIMATE SUMMARY FOR OCTOBER 31 2014...
VALID AS OF 0800 AM LOCAL TIME.

CLIMATE NORMAL PERIOD 1981 TO 2010
CLIMATE RECORD PERIOD 1948 TO 2014


WEATHER ITEM   OBSERVED TIME   RECORD YEAR NORMAL DEPARTURE LAST
                VALUE   (LST)  VALUE       VALUE  FROM      YEAR
                                                  NORMAL
..................................................................
TEMPERATURE (F)
 TODAY
  MAXIMUM         44   1221 AM  88    1950  64    -20       63
  MINIMUM         29    619 AM  15    1991  35     -6       37
  AVERAGE         37                        49    -12       50

PRECIPITATION (IN)
  TODAY            0.00          0.65 1972   0.03  -0.03     0.02
  MONTH TO DATE    1.74                      1.28   0.46     1.27
  SINCE SEP 1      3.73                      2.75   0.98     3.69
  SINCE JAN 1     21.38                     18.40   2.98    13.86

..................................................................


WIND (MPH)
  HIGHEST WIND SPEED    16   HIGHEST WIND DIRECTION    NE (30)
  HIGHEST GUST SPEED    19   HIGHEST GUST DIRECTION    NE (30)



WEATHER CONDITIONS
 THE FOLLOWING WEATHER WAS RECORDED TODAY.
  FOG


RELATIVE HUMIDITY (PERCENT)
 HIGHEST    92

..........................................................


THE GARDEN CITY REGIONAL ARPT KS CLIMATE NORMALS FOR TOMORROW
                         NORMAL    RECORD    YEAR
 MAXIMUM TEMPERATURE (F)   63        85      1973
 MINIMUM TEMPERATURE (F)   35        12      1991


SUNRISE AND SUNSET
OCTOBER 31 2014.......SUNRISE   807 AM CDT   SUNSET   645 PM CDT
NOVEMBER  1 2014......SUNRISE   808 AM CDT   SUNSET   644 PM CDT


-  INDICATES NEGATIVE NUMBERS.
R  INDICATES RECORD WAS SET OR TIED.
MM INDICATES DATA IS MISSING.
T  INDICATES TRACE AMOUNT.




$$
