000
CDUS41 KPHI 282134
CLIGED


CLIMATE REPORT
NATIONAL WEATHER SERVICE MOUNT HOLLY NJ
533 PM EDT FRI APR 28 2017


...................................

...THE GEORGETOWN DE CLIMATE SUMMARY FOR APRIL 28 2017...
VALID TODAY AS OF 0500 PM LOCAL TIME.

CLIMATE NORMAL PERIOD 1981 TO 2010
CLIMATE RECORD PERIOD 1948 TO 2017


WEATHER ITEM   OBSERVED TIME   RECORD YEAR NORMAL DEPARTURE LAST
                VALUE   (LST)  VALUE       VALUE  FROM      YEAR
                                                  NORMAL
..................................................................
TEMPERATURE (F)
 TODAY
  MAXIMUM         87    251 PM  93    1957  68     19       53
  MINIMUM         67    124 AM  29    1972  47     20       47
  AVERAGE         77                        58     19       50

PRECIPITATION (IN)
  TODAY            T             1.38 2002   0.11  -0.11     0.40
  MONTH TO DATE    2.48                      3.45  -0.97     3.82
  SINCE MAR 1      6.85                      7.50  -0.65     5.36
  SINCE JAN 1     11.09                     13.21  -2.12    11.83

DEGREE DAYS
 HEATING
  TODAY            0                         8     -8       15
  MONTH TO DATE  165                       332   -167      345
  SINCE MAR 1    781                       964   -183      795
  SINCE JUL 1   3466                      4244   -778     3473

 COOLING
  TODAY           12                         1     11        0
  MONTH TO DATE   45                        18     27       19
  SINCE MAR 1     48                        20     28       21
  SINCE JAN 1     48                        20     28       21
..................................................................


WIND (MPH)
  HIGHEST WIND SPEED    14   HIGHEST WIND DIRECTION    SE (150)
  HIGHEST GUST SPEED    17   HIGHEST GUST DIRECTION    SE (150)
  AVERAGE WIND SPEED     7.2


SKY COVER
  POSSIBLE SUNSHINE  MM
  AVERAGE SKY COVER 0.3


WEATHER CONDITIONS
 THE FOLLOWING WEATHER WAS RECORDED TODAY.
  LIGHT RAIN


RELATIVE HUMIDITY (PERCENT)
 HIGHEST    81           200 AM
 LOWEST     35           200 PM
 AVERAGE    58

..........................................................


THE GEORGETOWN DE CLIMATE NORMALS FOR TOMORROW
                         NORMAL    RECORD    YEAR
 MAXIMUM TEMPERATURE (F)   69        88      1990
 MINIMUM TEMPERATURE (F)   47        28      1949


SUNRISE AND SUNSET
APRIL 28 2017.........SUNRISE   607 AM EDT   SUNSET   751 PM EDT
APRIL 29 2017.........SUNRISE   606 AM EDT   SUNSET   752 PM EDT


-  INDICATES NEGATIVE NUMBERS.
R  INDICATES RECORD WAS SET OR TIED.
MM INDICATES DATA IS MISSING.
T  INDICATES TRACE AMOUNT.




$$
