000
CDUS41 KPHI 010633
CLIGED


CLIMATE REPORT
NATIONAL WEATHER SERVICE MOUNT HOLLY NJ
231 AM EDT SAT AUG 1 2015


...................................

...THE GEORGETOWN DE CLIMATE SUMMARY FOR JULY 31 2015...

CLIMATE NORMAL PERIOD 1981 TO 2010
CLIMATE RECORD PERIOD 1948 TO 2015


WEATHER ITEM   OBSERVED TIME   RECORD YEAR NORMAL DEPARTURE LAST
                VALUE   (LST)  VALUE       VALUE  FROM      YEAR
                                                  NORMAL
..................................................................
TEMPERATURE (F)
 YESTERDAY
  MAXIMUM         89    403 PM 102    1954  86      3       85
  MINIMUM         69   1000 PM  51    1956  68      1       60
  AVERAGE         79                        77      2       73

PRECIPITATION (IN)
  YESTERDAY        0.00          2.90 1982   0.15  -0.15     0.00
  MONTH TO DATE    3.31                      4.19  -0.88     7.02
  SINCE JUN 1      8.14                      8.80  -0.66     8.79
  SINCE JAN 1     22.88                     25.74  -2.86    25.98

SNOWFALL (IN)
  YESTERDAY       MM            MM      MM  MM     MM       MM
  MONTH TO DATE   MM                        MM     MM       MM
  SINCE JUN 1     MM                        MM     MM       MM
  SINCE JUL 1     MM                        MM     MM       MM
  SNOW DEPTH      MM

DEGREE DAYS
 HEATING
  YESTERDAY        0                         0      0        0
  MONTH TO DATE    0                         0      0        0
  SINCE JUN 1     21                        13      8        5
  SINCE JUL 1      0                         0      0        0

 COOLING
  YESTERDAY       14                        12      2        8
  MONTH TO DATE  380                       367     13      344
  SINCE JUN 1    673                       606     67      598
  SINCE JAN 1    848                       700    148      699
..................................................................


WIND (MPH)
  HIGHEST WIND SPEED    13   HIGHEST WIND DIRECTION    NE (40)
  HIGHEST GUST SPEED    17   HIGHEST GUST DIRECTION     N (340)
  AVERAGE WIND SPEED     4.4


SKY COVER
  POSSIBLE SUNSHINE  MM
  AVERAGE SKY COVER 0.1


WEATHER CONDITIONS
 THE FOLLOWING WEATHER WAS RECORDED YESTERDAY.
  FOG


RELATIVE HUMIDITY (PERCENT)
 HIGHEST   100           300 AM
 LOWEST     34           100 PM
 AVERAGE    67

..........................................................


THE GEORGETOWN DE CLIMATE NORMALS FOR TODAY
                         NORMAL    RECORD    YEAR
 MAXIMUM TEMPERATURE (F)   86        97      1983
 MINIMUM TEMPERATURE (F)   68        50      1964


SUNRISE AND SUNSET
AUGUST  1 2015........SUNRISE   603 AM EDT   SUNSET   812 PM EDT
AUGUST  2 2015........SUNRISE   604 AM EDT   SUNSET   811 PM EDT


-  INDICATES NEGATIVE NUMBERS.
R  INDICATES RECORD WAS SET OR TIED.
MM INDICATES DATA IS MISSING.
T  INDICATES TRACE AMOUNT.




$$
