000
CDUS41 KPHI 230629
CLIGED


CLIMATE REPORT
NATIONAL WEATHER SERVICE MOUNT HOLLY NJ
229 AM EDT THU MAR 23 2017


...................................

...THE GEORGETOWN DE CLIMATE SUMMARY FOR MARCH 22 2017...

CLIMATE NORMAL PERIOD 1981 TO 2010
CLIMATE RECORD PERIOD 1948 TO 2017


WEATHER ITEM   OBSERVED TIME   RECORD YEAR NORMAL DEPARTURE LAST
                VALUE   (LST)  VALUE       VALUE  FROM      YEAR
                                                  NORMAL
..................................................................
TEMPERATURE (F)
 YESTERDAY
  MAXIMUM         53    437 AM  81    2012  56     -3       59
  MINIMUM         30   1144 PM  16    1988  37     -7       27
  AVERAGE         42                        46     -4       43

PRECIPITATION (IN)
  YESTERDAY        0.00          1.20 1964   0.14  -0.14     0.00
  MONTH TO DATE    3.35                      2.71   0.64     1.12
  SINCE MAR 1      3.35                      2.71   0.64     1.12
  SINCE JAN 1      7.59                      8.42  -0.83     7.59

DEGREE DAYS
 HEATING
  YESTERDAY       23                        19      4       22
  MONTH TO DATE  498                       479     19      369
  SINCE MAR 1    498                       479     19      369
  SINCE JUL 1   3183                      3759   -576     3047

 COOLING
  YESTERDAY        0                         0      0        0
  MONTH TO DATE    3                         0      3        2
  SINCE MAR 1      3                         0      3        2
  SINCE JAN 1      3                         0      3        2
..................................................................


WIND (MPH)
  HIGHEST WIND SPEED    26   HIGHEST WIND DIRECTION     N (360)
  HIGHEST GUST SPEED    40   HIGHEST GUST DIRECTION     N (360)
  AVERAGE WIND SPEED     9.8


SKY COVER
  POSSIBLE SUNSHINE  MM
  AVERAGE SKY COVER 0.3


WEATHER CONDITIONS
 THE FOLLOWING WEATHER WAS RECORDED YESTERDAY.
  NO SIGNIFICANT WEATHER WAS OBSERVED.


RELATIVE HUMIDITY (PERCENT)
 HIGHEST    66           200 AM
 LOWEST     21           100 PM
 AVERAGE    44

..........................................................


THE GEORGETOWN DE CLIMATE NORMALS FOR TODAY
                         NORMAL    RECORD    YEAR
 MAXIMUM TEMPERATURE (F)   57        81      2012
 MINIMUM TEMPERATURE (F)   37        16      1959


SUNRISE AND SUNSET
MARCH 23 2017.........SUNRISE   700 AM EDT   SUNSET   717 PM EDT
MARCH 24 2017.........SUNRISE   658 AM EDT   SUNSET   718 PM EDT


-  INDICATES NEGATIVE NUMBERS.
R  INDICATES RECORD WAS SET OR TIED.
MM INDICATES DATA IS MISSING.
T  INDICATES TRACE AMOUNT.




$$
