000
CDUS41 KPHI 292129
CLIGED


CLIMATE REPORT
NATIONAL WEATHER SERVICE MOUNT HOLLY NJ
529 PM EDT THU SEP 29 2016


...................................

...THE GEORGETOWN DE CLIMATE SUMMARY FOR SEPTEMBER 29 2016...
VALID TODAY AS OF 0500 PM LOCAL TIME.

CLIMATE NORMAL PERIOD 1981 TO 2010
CLIMATE RECORD PERIOD 1948 TO 2016


WEATHER ITEM   OBSERVED TIME   RECORD YEAR NORMAL DEPARTURE LAST
                VALUE   (LST)  VALUE       VALUE  FROM      YEAR
                                                  NORMAL
..................................................................
TEMPERATURE (F)
 TODAY
  MAXIMUM         69    830 AM  90    1954  74     -5       85
  MINIMUM         65    359 PM  37    1978  54     11       67
  AVERAGE         67                        64      3       76

PRECIPITATION (IN)
  TODAY            4.20R         1.35 2015   0.13   4.07     1.35
  MONTH TO DATE    9.28                      4.01   5.27     2.72
  SINCE SEP 1      9.28                      4.01   5.27     2.72
  SINCE JAN 1     38.64                     33.28   5.36    27.92

SNOWFALL (IN)
  TODAY           MM            MM      MM  MM     MM       MM
  MONTH TO DATE   MM                        MM     MM       MM
  SINCE SEP 1     MM                        MM     MM       MM
  SINCE JUL 1     MM                        MM     MM       MM
  SNOW DEPTH      MM

DEGREE DAYS
 HEATING
  TODAY            0                         3     -3        0
  MONTH TO DATE    7                        33    -26        1
  SINCE SEP 1      7                        33    -26        1
  SINCE JUL 1      7                        34    -27        1

 COOLING
  TODAY            2                         2      0       11
  MONTH TO DATE  230                       140     90      221
  SINCE SEP 1    230                       140     90      221
  SINCE JAN 1   1444                      1169    275     1390
..................................................................


WIND (MPH)
  HIGHEST WIND SPEED    30   HIGHEST WIND DIRECTION    NE (60)
  HIGHEST GUST SPEED    42   HIGHEST GUST DIRECTION     E (100)
  AVERAGE WIND SPEED    19.0


SKY COVER
  POSSIBLE SUNSHINE  MM
  AVERAGE SKY COVER 0.8


WEATHER CONDITIONS
 THE FOLLOWING WEATHER WAS RECORDED TODAY.
  THUNDERSTORM
  HEAVY RAIN
  RAIN
  LIGHT RAIN
  FOG


RELATIVE HUMIDITY (PERCENT)
 HIGHEST   100           400 AM
 LOWEST    100           400 AM
 AVERAGE   100

..........................................................


THE GEORGETOWN DE CLIMATE NORMALS FOR TOMORROW
                         NORMAL    RECORD    YEAR
 MAXIMUM TEMPERATURE (F)   73        88      1973
 MINIMUM TEMPERATURE (F)   53        33      1951


SUNRISE AND SUNSET
SEPTEMBER 29 2016.....SUNRISE   656 AM EDT   SUNSET   647 PM EDT
SEPTEMBER 30 2016.....SUNRISE   657 AM EDT   SUNSET   645 PM EDT


-  INDICATES NEGATIVE NUMBERS.
R  INDICATES RECORD WAS SET OR TIED.
MM INDICATES DATA IS MISSING.
T  INDICATES TRACE AMOUNT.




$$
