000
CDUS41 KPHI 290630
CLIGED


CLIMATE REPORT
NATIONAL WEATHER SERVICE MOUNT HOLLY NJ
127 AM EST SAT NOV 29 2014


...................................

...THE GEORGETOWN DE CLIMATE SUMMARY FOR NOVEMBER 28 2014...

CLIMATE NORMAL PERIOD 1981 TO 2010
CLIMATE RECORD PERIOD 1948 TO 2014


WEATHER ITEM   OBSERVED TIME   RECORD YEAR NORMAL DEPARTURE LAST
                VALUE   (LST)  VALUE       VALUE  FROM      YEAR
                                                  NORMAL
..................................................................
TEMPERATURE (F)
 YESTERDAY
  MAXIMUM         42   1245 PM  73    2011  54    -12       39
  MINIMUM         25   1125 PM  17    1951  35    -10       27
  AVERAGE         34                        44    -10       33

PRECIPITATION (IN)
  YESTERDAY        0.00          1.20 1993   0.11  -0.11     0.00
  MONTH TO DATE    3.53                      3.13   0.40     2.15
  SINCE SEP 1      9.94                     10.98  -1.04     7.57
  SINCE JAN 1     40.24                     40.25  -0.01    49.56

SNOWFALL (IN)
  YESTERDAY       MM            MM      MM  MM     MM       MM
  MONTH TO DATE   MM                        MM     MM       MM
  SINCE SEP 1     MM                        MM     MM       MM
  SINCE JUL 1     MM                        MM     MM       MM
  SNOW DEPTH      MM

DEGREE DAYS
 HEATING
  YESTERDAY       31                        20     11       32
  MONTH TO DATE  539                       456     83      500
  SINCE SEP 1    720                       741    -21      743
  SINCE JUL 1    720                       742    -22      743

 COOLING
  YESTERDAY        0                         0      0        0
  MONTH TO DATE    2                         0      2        5
  SINCE SEP 1    200                       165     35      209
  SINCE JAN 1   1151                      1194    -43     1396
..................................................................


WIND (MPH)
  HIGHEST WIND SPEED    17   HIGHEST WIND DIRECTION     N (360)
  HIGHEST GUST SPEED    27   HIGHEST GUST DIRECTION    NW (310)
  AVERAGE WIND SPEED     6.1


SKY COVER
  POSSIBLE SUNSHINE  MM
  AVERAGE SKY COVER 0.1


WEATHER CONDITIONS
 THE FOLLOWING WEATHER WAS RECORDED YESTERDAY.
  NO SIGNIFICANT WEATHER WAS OBSERVED.


RELATIVE HUMIDITY (PERCENT)
 HIGHEST    85           100 AM
 LOWEST     34           100 PM
 AVERAGE    60

..........................................................


THE GEORGETOWN DE CLIMATE NORMALS FOR TODAY
                         NORMAL    RECORD    YEAR
 MAXIMUM TEMPERATURE (F)   54        75      1990
 MINIMUM TEMPERATURE (F)   35        17      1955


SUNRISE AND SUNSET
NOVEMBER 29 2014......SUNRISE   658 AM EST   SUNSET   441 PM EST
NOVEMBER 30 2014......SUNRISE   659 AM EST   SUNSET   441 PM EST


-  INDICATES NEGATIVE NUMBERS.
R  INDICATES RECORD WAS SET OR TIED.
MM INDICATES DATA IS MISSING.
T  INDICATES TRACE AMOUNT.




$$
