000
CDUS46 KOTX 190823
CLIGEG


CLIMATE REPORT
NATIONAL WEATHER SERVICE SPOKANE, WA
1223 AM PST SUN FEB 19 2017


...................................

...THE SPOKANE WA AIRPORT CLIMATE SUMMARY FOR FEBRUARY 18 2017...

CLIMATE NORMAL PERIOD 1981 TO 2010
CLIMATE RECORD PERIOD 1881 TO 2017


WEATHER ITEM   OBSERVED TIME   RECORD YEAR NORMAL DEPARTURE LAST
                VALUE   (LST)  VALUE       VALUE  FROM      YEAR
                                                  NORMAL
..................................................................
TEMPERATURE (F)
 YESTERDAY
  MAXIMUM         38    428 PM  60    1930  40     -2       48
  MINIMUM         30    117 AM -14    1882  26      4       35
  AVERAGE         34                        33      1       42

PRECIPITATION (IN)
  YESTERDAY        0.17          0.66 1992   0.04   0.13     0.18
  MONTH TO DATE    3.34                      0.84   2.50     0.65
  SINCE OCT 1     14.48                      8.41   6.07     9.75
  SINCE JAN 1      5.19                      2.63   2.56     3.39

SNOWFALL (IN)
  YESTERDAY        T             2.9  1989   0.2   -0.2      0.0
  MONTH TO DATE   13.8                       4.7    9.1      1.3
  SINCE DEC 1     46.3                      30.7   15.6     32.1
  SINCE JUL 1     49.6                      38.2   11.4     33.6
  SNOW DEPTH       1

DEGREE DAYS
 HEATING
  YESTERDAY       31                        32     -1       23
  MONTH TO DATE  631                       590     41      479
  SINCE DEC 1   3299                      2856    443     2581
  SINCE JUL 1   4632                      4523    109     4015

 COOLING
  YESTERDAY        0                         0      0        0
  MONTH TO DATE    0                         0      0        0
  SINCE DEC 1      0                         0      0        0
  SINCE JAN 1      0                         0      0        0
..................................................................


WIND (MPH)
  HIGHEST WIND SPEED    15   HIGHEST WIND DIRECTION     S (200)
  HIGHEST GUST SPEED    19   HIGHEST GUST DIRECTION    SW (210)
  AVERAGE WIND SPEED     7.1


SKY COVER
  POSSIBLE SUNSHINE  MM
  AVERAGE SKY COVER 1.0


WEATHER CONDITIONS
 THE FOLLOWING WEATHER WAS RECORDED YESTERDAY.
  LIGHT RAIN
  LIGHT SNOW
  FOG


RELATIVE HUMIDITY (PERCENT)
 HIGHEST   100          1100 PM
 LOWEST     82           900 AM
 AVERAGE    91

..........................................................


THE SPOKANE WA AIRPORT CLIMATE NORMALS FOR TODAY
                         NORMAL    RECORD    YEAR
 MAXIMUM TEMPERATURE (F)   41        61      1958
 MINIMUM TEMPERATURE (F)   26       -13      1882


SUNRISE AND SUNSET
FEBRUARY 19 2017......SUNRISE   648 AM PST   SUNSET   520 PM PST
FEBRUARY 20 2017......SUNRISE   647 AM PST   SUNSET   522 PM PST


-  INDICATES NEGATIVE NUMBERS.
R  INDICATES RECORD WAS SET OR TIED.
MM INDICATES DATA IS MISSING.
T  INDICATES TRACE AMOUNT.




$$
