000
CDUS46 KOTX 262352
CLIGEG


CLIMATE REPORT
NATIONAL WEATHER SERVICE SPOKANE, WA
452 PM PDT FRI MAY 26 2017


...................................

...THE SPOKANE WA AIRPORT CLIMATE SUMMARY FOR MAY 26 2017...
VALID AS OF 0400 PM LOCAL TIME.

CLIMATE NORMAL PERIOD 1981 TO 2010
CLIMATE RECORD PERIOD 1881 TO 2017


WEATHER ITEM   OBSERVED TIME   RECORD YEAR NORMAL DEPARTURE LAST
                VALUE   (LST)  VALUE       VALUE  FROM      YEAR
                                                  NORMAL
..................................................................
TEMPERATURE (F)
 TODAY
  MAXIMUM         74    250 PM  93    1936  69      5       66
  MINIMUM         45    302 AM  35    1991  47     -2       48
                                      1973
                                      1954
  AVERAGE         60                        58      2       57

PRECIPITATION (IN)
  TODAY            0.00          1.01 1906   0.06  -0.06     0.00
  MONTH TO DATE    1.31                      1.31   0.00     0.78
  SINCE OCT 1     22.55                     13.10   9.45    14.22
  SINCE JAN 1     13.26                      7.32   5.94     7.86

SNOWFALL (IN)
  TODAY            0.0           0.0  2002   0.0    0.0      0.0
                                      2001
                                      2000
  MONTH TO DATE    0.0                       0.1   -0.1      0.0
  SINCE MAR 1      5.9                       4.6    1.3      0.6
  SINCE JUL 1     61.5                      44.9   16.6     34.2
  SNOW DEPTH       0

DEGREE DAYS
 HEATING
  TODAY            5                         8     -3        8
  MONTH TO DATE  272                       284    -12      159
  SINCE MAR 1   1569                      1591    -22     1150
  SINCE JUL 1   6562                      6420    142     5439

 COOLING
  TODAY            0                         1     -1        0
  MONTH TO DATE   10                         5      5        6
  SINCE MAR 1     10                         5      5       12
  SINCE JAN 1     10                         5      5       12
..................................................................


WIND (MPH)
  HIGHEST WIND SPEED    15   HIGHEST WIND DIRECTION    SW (240)
  HIGHEST GUST SPEED    18   HIGHEST GUST DIRECTION    SW (240)
  AVERAGE WIND SPEED     3.9


SKY COVER
  POSSIBLE SUNSHINE  MM
  AVERAGE SKY COVER 0.2


WEATHER CONDITIONS
 THE FOLLOWING WEATHER WAS RECORDED TODAY.
  NO SIGNIFICANT WEATHER WAS OBSERVED.


RELATIVE HUMIDITY (PERCENT)
 HIGHEST    82           500 AM
 LOWEST     20           200 PM
 AVERAGE    51

..........................................................


THE SPOKANE WA AIRPORT CLIMATE NORMALS FOR TOMORROW
                         NORMAL    RECORD    YEAR
 MAXIMUM TEMPERATURE (F)   69        92      1958
                                             1934
 MINIMUM TEMPERATURE (F)   47        34      1955


SUNRISE AND SUNSET
MAY 26 2017...........SUNRISE   501 AM PDT   SUNSET   834 PM PDT
MAY 27 2017...........SUNRISE   500 AM PDT   SUNSET   835 PM PDT


-  INDICATES NEGATIVE NUMBERS.
R  INDICATES RECORD WAS SET OR TIED.
MM INDICATES DATA IS MISSING.
T  INDICATES TRACE AMOUNT.




$$
