000
CDUS46 KOTX 270827
CLIGEG


CLIMATE REPORT
NATIONAL WEATHER SERVICE SPOKANE, WA
126 AM PDT WED MAY 27 2015


...................................

...THE SPOKANE WA AIRPORT CLIMATE SUMMARY FOR MAY 26 2015...

CLIMATE NORMAL PERIOD 1981 TO 2010
CLIMATE RECORD PERIOD 1881 TO 2015


WEATHER ITEM   OBSERVED TIME   RECORD YEAR NORMAL DEPARTURE LAST
                VALUE   (LST)  VALUE       VALUE  FROM      YEAR
                                                  NORMAL
..................................................................
TEMPERATURE (F)
 YESTERDAY
  MAXIMUM         66    241 PM  93    1936  69     -3       70
  MINIMUM         51   1159 PM  35    1991  47      4       51
                                      1973
                                      1954
  AVERAGE         59                        58      1       61

PRECIPITATION (IN)
  YESTERDAY        0.04          1.01 1906   0.06  -0.02      T
  MONTH TO DATE    0.85                      1.31  -0.46     0.46
  SINCE OCT 1     11.49                     13.10  -1.61     9.63
  SINCE JAN 1      6.76                      7.32  -0.56     7.30

SNOWFALL (IN)
  YESTERDAY        0.0           0.0  2002   0.0    0.0      0.0
                                      2001
                                      2000
  MONTH TO DATE    0.0                       0.1   -0.1      0.0
  SINCE MAR 1      1.9                       4.6   -2.7      5.8
  SINCE JUL 1     17.6                      44.9  -27.3     37.6
  SNOW DEPTH       0

DEGREE DAYS
 HEATING
  YESTERDAY        6                         8     -2        4
  MONTH TO DATE  154                       284   -130      187
  SINCE MAR 1   1270                      1591   -321     1504
  SINCE JUL 1   5392                      6420  -1028     6547

 COOLING
  YESTERDAY        0                         1     -1        0
  MONTH TO DATE   15                         5     10        6
  SINCE MAR 1     15                         5     10        6
  SINCE JAN 1     15                         5     10        6
..................................................................


WIND (MPH)
  HIGHEST WIND SPEED    15   HIGHEST WIND DIRECTION    SW (230)
  HIGHEST GUST SPEED    18   HIGHEST GUST DIRECTION    SW (230)
  AVERAGE WIND SPEED     3.9


SKY COVER
  POSSIBLE SUNSHINE  MM
  AVERAGE SKY COVER 0.6


WEATHER CONDITIONS
 THE FOLLOWING WEATHER WAS RECORDED YESTERDAY.
  THUNDERSTORM
  LIGHT RAIN
  FOG


RELATIVE HUMIDITY (PERCENT)
 HIGHEST    89           200 AM
 LOWEST     44           400 PM
 AVERAGE    67

..........................................................


THE SPOKANE WA AIRPORT CLIMATE NORMALS FOR TODAY
                         NORMAL    RECORD    YEAR
 MAXIMUM TEMPERATURE (F)   69        92      1958
                                             1934
 MINIMUM TEMPERATURE (F)   47        34      1955


SUNRISE AND SUNSET
MAY 27 2015...........SUNRISE   500 AM PDT   SUNSET   835 PM PDT
MAY 28 2015...........SUNRISE   459 AM PDT   SUNSET   836 PM PDT


-  INDICATES NEGATIVE NUMBERS.
R  INDICATES RECORD WAS SET OR TIED.
MM INDICATES DATA IS MISSING.
T  INDICATES TRACE AMOUNT.




$$
