000
CDUS46 KOTX 100431
CLIGEG


CLIMATE REPORT
NATIONAL WEATHER SERVICE SPOKANE, WA
931 PM PDT WED JUL 9 2014


...................................

...THE SPOKANE WA AIRPORT CLIMATE SUMMARY FOR JULY 9 2014...
VALID TODAY AS OF 0800 PM LOCAL TIME.

CLIMATE NORMAL PERIOD 1981 TO 2010
CLIMATE RECORD PERIOD 1881 TO 2014


WEATHER ITEM   OBSERVED TIME   RECORD YEAR NORMAL DEPARTURE LAST
                VALUE   (LST)  VALUE       VALUE  FROM      YEAR
                                                  NORMAL
..................................................................
TEMPERATURE (F)
 TODAY
  MAXIMUM         93    347 PM 100    1985  82     11       87
                                      1975
  MINIMUM         67    533 AM  44    1935  55     12       58
  AVERAGE         80                        68     12       73

PRECIPITATION (IN)
  TODAY            0.00          0.72 2005   0.02  -0.02     0.00
  MONTH TO DATE    0.00                      0.23  -0.23     0.00
  SINCE OCT 1     11.57                     14.89  -3.32    14.15
  SINCE JAN 1      9.24                      9.11   0.13     6.79

DEGREE DAYS
 HEATING
  TODAY            0                         1     -1        0
  MONTH TO DATE    0                        16    -16        0
  SINCE JUN 1    106                       152    -46      140
  SINCE JUL 1      0                        16    -16        0

 COOLING
  TODAY           15                         5     10        8
  MONTH TO DATE   99                        36     63       83
  SINCE JUN 1    113                        85     28      131
  SINCE JAN 1    119                        99     20      161
..................................................................


WIND (MPH)
  HIGHEST WIND SPEED    21   HIGHEST WIND DIRECTION     S (190)
  HIGHEST GUST SPEED    26   HIGHEST GUST DIRECTION     S (190)
  AVERAGE WIND SPEED    10.5


SKY COVER
  POSSIBLE SUNSHINE  MM
  AVERAGE SKY COVER 0.6


WEATHER CONDITIONS
 THE FOLLOWING WEATHER WAS RECORDED TODAY.
  NO SIGNIFICANT WEATHER WAS OBSERVED.


RELATIVE HUMIDITY (PERCENT)
 HIGHEST    58           400 AM
 LOWEST      8           500 PM
 AVERAGE    33

..........................................................


THE SPOKANE WA AIRPORT CLIMATE NORMALS FOR TOMORROW
                         NORMAL    RECORD    YEAR
 MAXIMUM TEMPERATURE (F)   82       102      1975
 MINIMUM TEMPERATURE (F)   55        46      1997
                                             1972
                                             1967


SUNRISE AND SUNSET
JULY  9 2014..........SUNRISE   502 AM PDT   SUNSET   848 PM PDT
JULY 10 2014..........SUNRISE   503 AM PDT   SUNSET   847 PM PDT


-  INDICATES NEGATIVE NUMBERS.
R  INDICATES RECORD WAS SET OR TIED.
MM INDICATES DATA IS MISSING.
T  INDICATES TRACE AMOUNT.




$$
