000
CDUS46 KOTX 300824
CLIGEG


CLIMATE REPORT
NATIONAL WEATHER SERVICE SPOKANE, WA
124 AM PDT MON MAY 30 2016


...................................

...THE SPOKANE WA AIRPORT CLIMATE SUMMARY FOR MAY 29 2016...

CLIMATE NORMAL PERIOD 1981 TO 2010
CLIMATE RECORD PERIOD 1881 TO 2016


WEATHER ITEM   OBSERVED TIME   RECORD YEAR NORMAL DEPARTURE LAST
                VALUE   (LST)  VALUE       VALUE  FROM      YEAR
                                                  NORMAL
..................................................................
TEMPERATURE (F)
 YESTERDAY
  MAXIMUM         71    424 PM  95    1986  70      1       82
                                      1897
  MINIMUM         49   1159 PM  34    1979  47      2       55
                                      1951
  AVERAGE         60                        58      2       69

PRECIPITATION (IN)
  YESTERDAY        0.00          0.52 1948   0.07  -0.07     0.00
  MONTH TO DATE    0.78                      1.50  -0.72     0.85
  SINCE OCT 1     14.22                     13.29   0.93    11.49
  SINCE JAN 1      7.86                      7.51   0.35     6.76

SNOWFALL (IN)
  YESTERDAY        0.0           0.0  2002   0.0    0.0      0.0
                                      2001
                                      2000
  MONTH TO DATE    0.0                       0.1   -0.1      0.0
  SINCE MAR 1      0.6                       4.6   -4.0      1.9
  SINCE JUL 1     34.2                      44.9  -10.7     17.6
  SNOW DEPTH       0

DEGREE DAYS
 HEATING
  YESTERDAY        5                         7     -2        0
  MONTH TO DATE  188                       306   -118      157
  SINCE MAR 1   1179                      1613   -434     1273
  SINCE JUL 1   5468                      6442   -974     5395

 COOLING
  YESTERDAY        0                         1     -1        4
  MONTH TO DATE    6                         8     -2       20
  SINCE MAR 1     12                         8      4       20
  SINCE JAN 1     12                         8      4       20
..................................................................


WIND (MPH)
  HIGHEST WIND SPEED    25   HIGHEST WIND DIRECTION    SW (240)
  HIGHEST GUST SPEED    33   HIGHEST GUST DIRECTION     W (260)
  AVERAGE WIND SPEED    11.6


SKY COVER
  POSSIBLE SUNSHINE  MM
  AVERAGE SKY COVER 0.6


WEATHER CONDITIONS
 THE FOLLOWING WEATHER WAS RECORDED YESTERDAY.
  NO SIGNIFICANT WEATHER WAS OBSERVED.


RELATIVE HUMIDITY (PERCENT)
 HIGHEST    71           300 AM
 LOWEST     23           500 PM
 AVERAGE    47

..........................................................


THE SPOKANE WA AIRPORT CLIMATE NORMALS FOR TODAY
                         NORMAL    RECORD    YEAR
 MAXIMUM TEMPERATURE (F)   70        95      1986
                                             1887
 MINIMUM TEMPERATURE (F)   48        34      1978


SUNRISE AND SUNSET
MAY 30 2016...........SUNRISE   457 AM PDT   SUNSET   839 PM PDT
MAY 31 2016...........SUNRISE   457 AM PDT   SUNSET   840 PM PDT


-  INDICATES NEGATIVE NUMBERS.
R  INDICATES RECORD WAS SET OR TIED.
MM INDICATES DATA IS MISSING.
T  INDICATES TRACE AMOUNT.




$$
