000
CDUS46 KOTX 220837
CLIGEG


CLIMATE REPORT
NATIONAL WEATHER SERVICE SPOKANE, WA
136 AM PDT FRI AUG 22 2014


...................................

...THE SPOKANE WA AIRPORT CLIMATE SUMMARY FOR AUGUST 21 2014...

CLIMATE NORMAL PERIOD 1981 TO 2010
CLIMATE RECORD PERIOD 1881 TO 2014


WEATHER ITEM   OBSERVED TIME   RECORD YEAR NORMAL DEPARTURE LAST
                VALUE   (LST)  VALUE       VALUE  FROM      YEAR
                                                  NORMAL
..................................................................
TEMPERATURE (F)
 YESTERDAY
  MAXIMUM         80    416 PM  99    1888  82     -2       87
  MINIMUM         57    623 AM  43    1945  55      2       53
  AVERAGE         69                        68      1       70

PRECIPITATION (IN)
  YESTERDAY        0.00          0.98 1943   0.02  -0.02     0.00
  MONTH TO DATE    0.17                      0.39  -0.22     0.64
  SINCE OCT 1     11.92                     15.69  -3.77    14.79
  SINCE JAN 1      9.59                      9.91  -0.32     7.43

SNOWFALL (IN)
  YESTERDAY        0.0           0.0  2002   0.0    0.0      0.0
                                      2001
                                      1999
  MONTH TO DATE    0.0                       0.0    0.0      0.0
  SINCE JUN 1      0.0                       0.0    0.0      0.0
  SINCE JUL 1      0.0                       0.0    0.0      0.0
  SNOW DEPTH       0

DEGREE DAYS
 HEATING
  YESTERDAY        0                         1     -1        0
  MONTH TO DATE    0                        16    -16        7
  SINCE JUN 1    113                       184    -71      147
  SINCE JUL 1      7                        48    -41        7

 COOLING
  YESTERDAY        4                         5     -1        5
  MONTH TO DATE  206                       131     75      178
  SINCE JUN 1    568                       360    208      510
  SINCE JAN 1    574                       374    200      540
..................................................................


WIND (MPH)
  HIGHEST WIND SPEED    23   HIGHEST WIND DIRECTION     N (360)
  HIGHEST GUST SPEED    27   HIGHEST GUST DIRECTION     N (350)
  AVERAGE WIND SPEED     6.5


SKY COVER
  POSSIBLE SUNSHINE  MM
  AVERAGE SKY COVER 0.6


WEATHER CONDITIONS
 THE FOLLOWING WEATHER WAS RECORDED YESTERDAY.
  THUNDERSTORM


RELATIVE HUMIDITY (PERCENT)
 HIGHEST    87           200 AM
 LOWEST     28           500 PM
 AVERAGE    58

..........................................................


THE SPOKANE WA AIRPORT CLIMATE NORMALS FOR TODAY
                         NORMAL    RECORD    YEAR
 MAXIMUM TEMPERATURE (F)   82       102      1888
 MINIMUM TEMPERATURE (F)   55        40      1992
                                             1883


SUNRISE AND SUNSET
AUGUST 22 2014........SUNRISE   555 AM PDT   SUNSET   750 PM PDT
AUGUST 23 2014........SUNRISE   557 AM PDT   SUNSET   748 PM PDT


-  INDICATES NEGATIVE NUMBERS.
R  INDICATES RECORD WAS SET OR TIED.
MM INDICATES DATA IS MISSING.
T  INDICATES TRACE AMOUNT.




$$
