000
CDUS46 KOTX 070841
CLIGEG


CLIMATE REPORT
NATIONAL WEATHER SERVICE SPOKANE, WA
1241 AM PST WED DEC 7 2016


...................................

...THE SPOKANE WA AIRPORT CLIMATE SUMMARY FOR DECEMBER 6 2016...

CLIMATE NORMAL PERIOD 1981 TO 2010
CLIMATE RECORD PERIOD 1881 TO 2016


WEATHER ITEM   OBSERVED TIME   RECORD YEAR NORMAL DEPARTURE LAST
                VALUE   (LST)  VALUE       VALUE  FROM      YEAR
                                                  NORMAL
..................................................................
TEMPERATURE (F)
 YESTERDAY
  MAXIMUM         30    216 PM  52    1946  33     -3       45
  MINIMUM         17   1011 PM  -3    1978  24     -7       38
  AVERAGE         24                        28     -4       42

PRECIPITATION (IN)
  YESTERDAY        T             0.87 1987   0.09  -0.09     0.31
  MONTH TO DATE    0.04                      0.51  -0.47     0.55
  SINCE OCT 1      7.84                      3.99   3.85     2.46
  SINCE JAN 1     16.85                     14.77   2.08    10.18

SNOWFALL (IN)
  YESTERDAY        T             5.5  1977   0.5   -0.5      0.0
  MONTH TO DATE    0.2                       2.5   -2.3      0.8
  SINCE DEC 1      0.2                       2.5   -2.3      0.8
  SINCE JUL 1      3.5                      10.0   -6.5      2.3
  SNOW DEPTH       0

DEGREE DAYS
 HEATING
  YESTERDAY       41                        37      4       23
  MONTH TO DATE  206                       215     -9      184
  SINCE DEC 1    206                       215     -9      184
  SINCE JUL 1   1539                      1882   -343     1618

 COOLING
  YESTERDAY        0                         0      0        0
  MONTH TO DATE    0                         0      0        0
  SINCE DEC 1      0                         0      0        0
  SINCE JAN 1    494                       450     44      828
..................................................................


WIND (MPH)
  HIGHEST WIND SPEED    16   HIGHEST WIND DIRECTION     N (20)
  HIGHEST GUST SPEED    19   HIGHEST GUST DIRECTION    NE (30)
  AVERAGE WIND SPEED     7.6


SKY COVER
  POSSIBLE SUNSHINE  MM
  AVERAGE SKY COVER 0.5


WEATHER CONDITIONS
 THE FOLLOWING WEATHER WAS RECORDED YESTERDAY.
  LIGHT SNOW


RELATIVE HUMIDITY (PERCENT)
 HIGHEST    81           100 AM
 LOWEST     47           200 PM
 AVERAGE    64

..........................................................


THE SPOKANE WA AIRPORT CLIMATE NORMALS FOR TODAY
                         NORMAL    RECORD    YEAR
 MAXIMUM TEMPERATURE (F)   33        54      1938
 MINIMUM TEMPERATURE (F)   24        -5      1972


SUNRISE AND SUNSET
DECEMBER  7 2016......SUNRISE   725 AM PST   SUNSET   359 PM PST
DECEMBER  8 2016......SUNRISE   726 AM PST   SUNSET   358 PM PST


-  INDICATES NEGATIVE NUMBERS.
R  INDICATES RECORD WAS SET OR TIED.
MM INDICATES DATA IS MISSING.
T  INDICATES TRACE AMOUNT.




$$
