000
CDUS45 KRIW 240738
CLIGEY


CLIMATE REPORT
NATIONAL WEATHER SERVICE RIVERTON WY
128 AM MDT TUE MAY 24 2016


...................................

...THE GREYBULL WY CLIMATE SUMMARY FOR MAY 23 2016...

CLIMATE NORMAL PERIOD 1981 TO 2010
CLIMATE RECORD PERIOD 1998 TO 2016


WEATHER ITEM   OBSERVED TIME   RECORD YEAR NORMAL DEPARTURE LAST
                VALUE   (LST)  VALUE       VALUE  FROM      YEAR
                                                  NORMAL
..................................................................
TEMPERATURE (F)
 YESTERDAY
  MAXIMUM         68    159 PM  86    2014  73     -5       65
  MINIMUM         41    518 AM  33    2002  45     -4       52
  AVERAGE         55                        59     -4       59

PRECIPITATION (IN)
  YESTERDAY        0.00          0.73 2006   0.06  -0.06     0.08
  MONTH TO DATE    0.92                      1.07  -0.15     0.97
  SINCE MAR 1      1.74                      2.18  -0.44     1.22
  SINCE JAN 1      1.85                      2.59  -0.74     1.48

DEGREE DAYS
 HEATING
  YESTERDAY       10                         7      3        6
  MONTH TO DATE  194                       233    -39      242
  SINCE MAR 1   1389                      1661   -272     1443
  SINCE JUL 1   6542                      7632  -1090     7087

 COOLING
  YESTERDAY        0                         1     -1        0
  MONTH TO DATE   11                         8      3        0
  SINCE MAR 1     11                         9      2        0
  SINCE JAN 1     11                         9      2        0
..................................................................


WIND (MPH)
  HIGHEST WIND SPEED    21   HIGHEST WIND DIRECTION    SW (210)
  HIGHEST GUST SPEED    29   HIGHEST GUST DIRECTION    SW (210)
  AVERAGE WIND SPEED     5.7


SKY COVER
  POSSIBLE SUNSHINE  MM
  AVERAGE SKY COVER 0.2


WEATHER CONDITIONS
 THE FOLLOWING WEATHER WAS RECORDED YESTERDAY.
  NO SIGNIFICANT WEATHER WAS OBSERVED.


RELATIVE HUMIDITY (PERCENT)
 HIGHEST    57           500 AM
 LOWEST     16           200 PM
 AVERAGE    37

..........................................................


THE GREYBULL WY CLIMATE NORMALS FOR TODAY
                         NORMAL    RECORD    YEAR
 MAXIMUM TEMPERATURE (F)   73        86      2001
 MINIMUM TEMPERATURE (F)   45        27      2002


SUNRISE AND SUNSET
MAY 24 2016...........SUNRISE   536 AM MDT   SUNSET   843 PM MDT
MAY 25 2016...........SUNRISE   535 AM MDT   SUNSET   844 PM MDT


-  INDICATES NEGATIVE NUMBERS.
R  INDICATES RECORD WAS SET OR TIED.
MM INDICATES DATA IS MISSING.
T  INDICATES TRACE AMOUNT.




$$
