000
CDUS45 KRIW 230746
CLIGEY


CLIMATE REPORT
NATIONAL WEATHER SERVICE RIVERTON WY
1246 AM MST SUN NOV 23 2014


...................................

...THE GREYBULL WY CLIMATE SUMMARY FOR NOVEMBER 22 2014...

CLIMATE NORMAL PERIOD 1981 TO 2010
CLIMATE RECORD PERIOD 1998 TO 2014


WEATHER ITEM   OBSERVED TIME   RECORD YEAR NORMAL DEPARTURE LAST
                VALUE   (LST)  VALUE       VALUE  FROM      YEAR
                                                  NORMAL
..................................................................
TEMPERATURE (F)
 YESTERDAY
  MAXIMUM         43    309 PM  64    2006  39      4       17
  MINIMUM          8   1224 AM  -7    2013  14     -6       -7
  AVERAGE         26                        26      0        5

PRECIPITATION (IN)
  YESTERDAY        T             0.04 2001   0.01  -0.01     0.00
  MONTH TO DATE    0.09                      0.21  -0.12      T
  SINCE SEP 1      0.96                      1.69  -0.73     2.23
  SINCE JAN 1      4.82                      7.14  -2.32     4.85

DEGREE DAYS
 HEATING
  YESTERDAY       39                        39      0       60
  MONTH TO DATE  941                       705    236      672
  SINCE SEP 1   1483                      1506    -23     1481
  SINCE JUL 1   1510                      1527    -17     1481

 COOLING
  YESTERDAY        0                         0      0        0
  MONTH TO DATE    0                         0      0        0
  SINCE SEP 1     43                        36      7       96
  SINCE JAN 1    698                       669     29     1005
..................................................................


WIND (MPH)
  HIGHEST WIND SPEED    33   HIGHEST WIND DIRECTION    NW (320)
  HIGHEST GUST SPEED    41   HIGHEST GUST DIRECTION    NW (310)
  AVERAGE WIND SPEED     4.7


SKY COVER
  POSSIBLE SUNSHINE  MM
  AVERAGE SKY COVER 0.2


WEATHER CONDITIONS
 THE FOLLOWING WEATHER WAS RECORDED YESTERDAY.
  FOG


RELATIVE HUMIDITY (PERCENT)
 HIGHEST   100           100 AM
 LOWEST     57           200 PM
 AVERAGE    79

..........................................................


THE GREYBULL WY CLIMATE NORMALS FOR TODAY
                         NORMAL    RECORD    YEAR
 MAXIMUM TEMPERATURE (F)   38        56      1998
 MINIMUM TEMPERATURE (F)   14       -14      2003


SUNRISE AND SUNSET
NOVEMBER 23 2014......SUNRISE   719 AM MST   SUNSET   438 PM MST
NOVEMBER 24 2014......SUNRISE   720 AM MST   SUNSET   437 PM MST


-  INDICATES NEGATIVE NUMBERS.
R  INDICATES RECORD WAS SET OR TIED.
MM INDICATES DATA IS MISSING.
T  INDICATES TRACE AMOUNT.




$$
