000
CDUS45 KRIW 250737
CLIGEY


CLIMATE REPORT
NATIONAL WEATHER SERVICE RIVERTON WY
1236 AM MST SUN JAN 25 2015


...................................

...THE GREYBULL WY CLIMATE SUMMARY FOR JANUARY 24 2015...

CLIMATE NORMAL PERIOD 1981 TO 2010
CLIMATE RECORD PERIOD 1998 TO 2015


WEATHER ITEM   OBSERVED TIME   RECORD YEAR NORMAL DEPARTURE LAST
                VALUE   (LST)  VALUE       VALUE  FROM      YEAR
                                                  NORMAL
..................................................................
TEMPERATURE (F)
 YESTERDAY
  MAXIMUM         34    333 PM  54    2005  29      5       35
  MINIMUM         10   1226 AM -23    2008   5      5        9
  AVERAGE         22                        17      5       22

PRECIPITATION (IN)
  YESTERDAY        T   R         T    2012   0.01  -0.01     0.00
                                      2010
                                      2009
  MONTH TO DATE    0.01                      0.18  -0.17     0.02
  SINCE DEC 1      0.22                      0.46  -0.24     0.05
  SINCE JAN 1      0.01                      0.18  -0.17     0.02

DEGREE DAYS
 HEATING
  YESTERDAY       43                        48     -5       43
  MONTH TO DATE 1208                      1163     45     1023
  SINCE DEC 1   2650                      2629     21     2330
  SINCE JUL 1   4483                      4486     -3     4138

 COOLING
  YESTERDAY        0                         0      0        0
  MONTH TO DATE    0                         0      0        0
  SINCE DEC 1      0                         0      0        0
  SINCE JAN 1      0                         0      0        0
..................................................................


WIND (MPH)
  HIGHEST WIND SPEED    10   HIGHEST WIND DIRECTION     E (90)
  HIGHEST GUST SPEED    12   HIGHEST GUST DIRECTION     E (100)
  AVERAGE WIND SPEED     3.2


SKY COVER
  POSSIBLE SUNSHINE  MM
  AVERAGE SKY COVER 0.4


WEATHER CONDITIONS
 THE FOLLOWING WEATHER WAS RECORDED YESTERDAY.
  FOG


RELATIVE HUMIDITY (PERCENT)
 HIGHEST   100          1000 PM
 LOWEST     69           200 PM
 AVERAGE    85

..........................................................


THE GREYBULL WY CLIMATE NORMALS FOR TODAY
                         NORMAL    RECORD    YEAR
 MAXIMUM TEMPERATURE (F)   29        54      2006
 MINIMUM TEMPERATURE (F)    5       -17      2008


SUNRISE AND SUNSET
JANUARY 25 2015.......SUNRISE   738 AM MST   SUNSET   511 PM MST
JANUARY 26 2015.......SUNRISE   737 AM MST   SUNSET   513 PM MST


-  INDICATES NEGATIVE NUMBERS.
R  INDICATES RECORD WAS SET OR TIED.
MM INDICATES DATA IS MISSING.
T  INDICATES TRACE AMOUNT.




$$
