126
CDUS45 KRIW 290742
CLIGEY


CLIMATE REPORT
NATIONAL WEATHER SERVICE RIVERTON WY
132 AM MDT FRI APR 29 2016


...................................

...THE GREYBULL WY CLIMATE SUMMARY FOR APRIL 28 2016...

CLIMATE NORMAL PERIOD 1981 TO 2010
CLIMATE RECORD PERIOD 1998 TO 2016


WEATHER ITEM   OBSERVED TIME   RECORD YEAR NORMAL DEPARTURE LAST
                VALUE   (LST)  VALUE       VALUE  FROM      YEAR
                                                  NORMAL
..................................................................
TEMPERATURE (F)
 YESTERDAY
  MAXIMUM         47    410 PM  87    2000  65    -18       72
  MINIMUM         34    543 AM  28    2005  36     -2       33
  AVERAGE         41                        50     -9       53

PRECIPITATION (IN)
  YESTERDAY        T             0.22 1999   0.03  -0.03     0.00
  MONTH TO DATE    0.46                      0.65  -0.19     0.08
  SINCE MAR 1      0.82                      1.05  -0.23     0.22
  SINCE JAN 1      0.93                      1.46  -0.53     0.48

DEGREE DAYS
 HEATING
  YESTERDAY       24                        15      9       12
  MONTH TO DATE  412                       529   -117      481
  SINCE MAR 1   1160                      1400   -240     1184
  SINCE JUL 1   6313                      7371  -1058     6828

 COOLING
  YESTERDAY        0                         0      0        0
  MONTH TO DATE    0                         0      0        0
  SINCE MAR 1      0                         0      0        0
  SINCE JAN 1      0                         0      0        0
..................................................................


WIND (MPH)
  HIGHEST WIND SPEED    18   HIGHEST WIND DIRECTION    NW (330)
  HIGHEST GUST SPEED    22   HIGHEST GUST DIRECTION    NW (330)
  AVERAGE WIND SPEED     4.8


SKY COVER
  POSSIBLE SUNSHINE  MM
  AVERAGE SKY COVER 1.0


WEATHER CONDITIONS
 THE FOLLOWING WEATHER WAS RECORDED YESTERDAY.
  LIGHT SNOW
  FOG


RELATIVE HUMIDITY (PERCENT)
 HIGHEST    82           200 AM
 LOWEST     49           500 PM
 AVERAGE    66

..........................................................


THE GREYBULL WY CLIMATE NORMALS FOR TODAY
                         NORMAL    RECORD    YEAR
 MAXIMUM TEMPERATURE (F)   65        88      2007
 MINIMUM TEMPERATURE (F)   37        24      2005


SUNRISE AND SUNSET
APRIL 29 2016.........SUNRISE   605 AM MDT   SUNSET   815 PM MDT
APRIL 30 2016.........SUNRISE   603 AM MDT   SUNSET   816 PM MDT


-  INDICATES NEGATIVE NUMBERS.
R  INDICATES RECORD WAS SET OR TIED.
MM INDICATES DATA IS MISSING.
T  INDICATES TRACE AMOUNT.




$$
