000
CDUS45 KRIW 240742
CLIGEY


CLIMATE REPORT
NATIONAL WEATHER SERVICE RIVERTON WY
132 AM MDT MON JUL 24 2017


...................................

...THE GREYBULL WY CLIMATE SUMMARY FOR JULY 23 2017...

CLIMATE NORMAL PERIOD 1981 TO 2010
CLIMATE RECORD PERIOD 1998 TO 2017


WEATHER ITEM   OBSERVED TIME   RECORD YEAR NORMAL DEPARTURE LAST
                VALUE   (LST)  VALUE       VALUE  FROM      YEAR
                                                  NORMAL
..................................................................
TEMPERATURE (F)
 YESTERDAY
  MAXIMUM         96    255 PM 105    2007  92      4       91
                                      2003
  MINIMUM         55    516 AM  54    2004  58     -3       67
  AVERAGE         76                        75      1       79

PRECIPITATION (IN)
  YESTERDAY        T             0.30 2004   0.01  -0.01     0.00
  MONTH TO DATE    0.06                      0.53  -0.47     0.06
  SINCE JUN 1      0.34                      1.73  -1.39     0.23
  SINCE JAN 1      1.88                      4.90  -3.02     2.52

DEGREE DAYS
 HEATING
  YESTERDAY        0                         0      0        0
  MONTH TO DATE    0                         1     -1        2
  SINCE JUN 1     17                        71    -54        7
  SINCE JUL 1      0                         1     -1        2

 COOLING
  YESTERDAY       11                        10      1       14
  MONTH TO DATE  313                       198    115      217
  SINCE JUN 1    455                       304    151      479
  SINCE JAN 1    467                       324    143      490
..................................................................


WIND (MPH)
  HIGHEST WIND SPEED    23   HIGHEST WIND DIRECTION     N (340)
  HIGHEST GUST SPEED    29   HIGHEST GUST DIRECTION    NW (320)
  AVERAGE WIND SPEED     5.3


SKY COVER
  POSSIBLE SUNSHINE  MM
  AVERAGE SKY COVER 0.0


WEATHER CONDITIONS
 THE FOLLOWING WEATHER WAS RECORDED YESTERDAY.
  LIGHT RAIN


RELATIVE HUMIDITY (PERCENT)
 HIGHEST    61           500 AM
 LOWEST      8           500 PM
 AVERAGE    35

..........................................................


THE GREYBULL WY CLIMATE NORMALS FOR TODAY
                         NORMAL    RECORD    YEAR
 MAXIMUM TEMPERATURE (F)   92       105      2014
 MINIMUM TEMPERATURE (F)   58        49      2004


SUNRISE AND SUNSET
JULY 24 2017..........SUNRISE   551 AM MDT   SUNSET   846 PM MDT
JULY 25 2017..........SUNRISE   552 AM MDT   SUNSET   845 PM MDT


-  INDICATES NEGATIVE NUMBERS.
R  INDICATES RECORD WAS SET OR TIED.
MM INDICATES DATA IS MISSING.
T  INDICATES TRACE AMOUNT.




$$
