000
CDUS45 KRIW 220743
CLIGEY


CLIMATE REPORT
NATIONAL WEATHER SERVICE RIVERTON WY
1241 AM MST WED NOV 22 2017


...................................

...THE GREYBULL WY CLIMATE SUMMARY FOR NOVEMBER 21 2017...

CLIMATE NORMAL PERIOD 1981 TO 2010
CLIMATE RECORD PERIOD 1998 TO 2017


WEATHER ITEM   OBSERVED TIME   RECORD YEAR NORMAL DEPARTURE LAST
                VALUE   (LST)  VALUE       VALUE  FROM      YEAR
                                                  NORMAL
..................................................................
TEMPERATURE (F)
 YESTERDAY
  MAXIMUM         45    307 PM  64    2012  39      6       45
  MINIMUM         27    816 AM  -5    2000  15     12       26
  AVERAGE         36                        27      9       36

PRECIPITATION (IN)
  YESTERDAY        T             0.15 2016   0.01  -0.01     0.15
  MONTH TO DATE    0.20                      0.20   0.00     0.22
  SINCE SEP 1      2.20                      1.68   0.52     4.16
  SINCE JAN 1      4.18                      7.13  -2.95     7.04

DEGREE DAYS
 HEATING
  YESTERDAY       29                        38     -9       29
  MONTH TO DATE  681                       666     15      475
  SINCE SEP 1   1524                      1467     57     1079
  SINCE JUL 1   1524                      1488     36     1098

 COOLING
  YESTERDAY        0                         0      0        0
  MONTH TO DATE    0                         0      0        0
  SINCE SEP 1     62                        36     26       42
  SINCE JAN 1    824                       669    155      887
..................................................................


WIND (MPH)
  HIGHEST WIND SPEED    26   HIGHEST WIND DIRECTION    NW (300)
  HIGHEST GUST SPEED    32   HIGHEST GUST DIRECTION    NW (300)
  AVERAGE WIND SPEED     6.2


SKY COVER
  POSSIBLE SUNSHINE  MM
  AVERAGE SKY COVER 0.2


WEATHER CONDITIONS
 THE FOLLOWING WEATHER WAS RECORDED YESTERDAY.
  LIGHT RAIN


RELATIVE HUMIDITY (PERCENT)
 HIGHEST    92           600 AM
 LOWEST     53           200 PM
 AVERAGE    73

..........................................................


THE GREYBULL WY CLIMATE NORMALS FOR TODAY
                         NORMAL    RECORD    YEAR
 MAXIMUM TEMPERATURE (F)   39        64      2006
 MINIMUM TEMPERATURE (F)   14        -7      2013


SUNRISE AND SUNSET
NOVEMBER 22 2017......SUNRISE   718 AM MST   SUNSET   438 PM MST
NOVEMBER 23 2017......SUNRISE   719 AM MST   SUNSET   438 PM MST


-  INDICATES NEGATIVE NUMBERS.
R  INDICATES RECORD WAS SET OR TIED.
MM INDICATES DATA IS MISSING.
T  INDICATES TRACE AMOUNT.




$$
