000
CDUS43 KIND 220532
CLIGEZ


CLIMATE REPORT
NATIONAL WEATHER SERVICE INDIANAPOLIS IN
131 AM EDT FRI AUG 22 2014


...................................

...THE SHELBYVILLE IN CLIMATE SUMMARY FOR AUGUST 21 2014...

CLIMATE NORMAL PERIOD 1981 TO 2010
CLIMATE RECORD PERIOD 9999 TO 9999


WEATHER ITEM   OBSERVED TIME   NORMAL DEPARTURE LAST
                VALUE   (LST)  VALUE  FROM      YEAR
                                      NORMAL
......................................................
TEMPERATURE (F)
 YESTERDAY
  MAXIMUM         87    457 PM  83      4       88
  MINIMUM         70    559 AM  61      9       64
  AVERAGE         79            72      7       76

PRECIPITATION (IN)
  YESTERDAY        0.48          0.12   0.36     0.00
  MONTH TO DATE    1.33          2.08  -0.75     1.95
  SINCE JUN 1     10.26         11.19  -0.93     7.78
  SINCE JAN 1     25.75         28.97  -3.22    20.09

DEGREE DAYS
 HEATING
  YESTERDAY        0             0      0        0
  MONTH TO DATE    3             0      3        6
  SINCE JUN 1      6            16    -10       13
  SINCE JUL 1      5             1      4        8

 COOLING
  YESTERDAY       14             7      7       11
  MONTH TO DATE  156           165     -9      127
  SINCE JUN 1    672           657     15      685
  SINCE JAN 1    835           738     97      853
......................................................


WIND (MPH)
  HIGHEST WIND SPEED    18   HIGHEST WIND DIRECTION     N (20)
  HIGHEST GUST SPEED    27   HIGHEST GUST DIRECTION     N (20)
  AVERAGE WIND SPEED     5.9


SKY COVER
  AVERAGE SKY COVER 0.4


WEATHER CONDITIONS
 THE FOLLOWING WEATHER WAS RECORDED YESTERDAY.
  THUNDERSTORM
  HEAVY RAIN
  RAIN
  LIGHT RAIN
  FOG
  HAZE


RELATIVE HUMIDITY (PERCENT)
 HIGHEST    87          1200 PM
 LOWEST     63           500 PM
 AVERAGE    75

..........................................................


THE SHELBYVILLE IN CLIMATE NORMALS FOR TODAY
                         NORMAL
 MAXIMUM TEMPERATURE (F)   83
 MINIMUM TEMPERATURE (F)   61


SUNRISE AND SUNSET
AUGUST 22 2014........SUNRISE   702 AM EDT   SUNSET   829 PM EDT
AUGUST 23 2014........SUNRISE   703 AM EDT   SUNSET   828 PM EDT


-  INDICATES NEGATIVE NUMBERS.
R  INDICATES RECORD WAS SET OR TIED.
MM INDICATES DATA IS MISSING.
T  INDICATES TRACE AMOUNT.




$$
