000
CDUS43 KIND 290537
CLIGEZ


CLIMATE REPORT
NATIONAL WEATHER SERVICE INDIANAPOLIS IN
136 AM EDT FRI MAY 29 2015


...................................

...THE SHELBYVILLE IN CLIMATE SUMMARY FOR MAY 28 2015...

CLIMATE NORMAL PERIOD 1981 TO 2010
CLIMATE RECORD PERIOD 9999 TO 9999


WEATHER ITEM   OBSERVED TIME   NORMAL DEPARTURE LAST
                VALUE   (LST)  VALUE  FROM      YEAR
                                      NORMAL
......................................................
TEMPERATURE (F)
 YESTERDAY
  MAXIMUM         87    446 PM  77     10       88
  MINIMUM         61    601 AM  56      5       65
  AVERAGE         74            67      7       77

PRECIPITATION (IN)
  YESTERDAY        0.00          0.12  -0.12     0.00
  MONTH TO DATE    1.80          4.85  -3.05     4.13
  SINCE MAR 1     10.33         12.60  -2.27    11.59
  SINCE JAN 1     13.35         17.35  -4.00    15.47

DEGREE DAYS
 HEATING
  YESTERDAY        0             2     -2        0
  MONTH TO DATE   59           130    -71      103
  SINCE MAR 1   1113          1227   -114     1204
  SINCE JUL 1   5554          5390    164     5702

 COOLING
  YESTERDAY        9             4      5       12
  MONTH TO DATE  156            58     98      120
  SINCE MAR 1    164            71     93      130
  SINCE JAN 1    164            71     93      130
......................................................


WIND (MPH)
  HIGHEST WIND SPEED    14   HIGHEST WIND DIRECTION     S (180)
  HIGHEST GUST SPEED    MM   HIGHEST GUST DIRECTION    MM
  AVERAGE WIND SPEED     6.1


SKY COVER
  AVERAGE SKY COVER 0.1


WEATHER CONDITIONS
 THE FOLLOWING WEATHER WAS RECORDED YESTERDAY.
  FOG
  HAZE


RELATIVE HUMIDITY (PERCENT)
 HIGHEST    93           400 AM
 LOWEST     44           200 PM
 AVERAGE    69

..........................................................


THE SHELBYVILLE IN CLIMATE NORMALS FOR TODAY
                         NORMAL
 MAXIMUM TEMPERATURE (F)   77
 MINIMUM TEMPERATURE (F)   57


SUNRISE AND SUNSET
MAY 29 2015...........SUNRISE   619 AM EDT   SUNSET   902 PM EDT
MAY 30 2015...........SUNRISE   619 AM EDT   SUNSET   903 PM EDT


-  INDICATES NEGATIVE NUMBERS.
R  INDICATES RECORD WAS SET OR TIED.
MM INDICATES DATA IS MISSING.
T  INDICATES TRACE AMOUNT.




$$
