000
CDUS43 KIND 230636
CLIGEZ


CLIMATE REPORT
NATIONAL WEATHER SERVICE INDIANAPOLIS IN
135 AM EST FRI FEB 23 2018


...................................

...THE SHELBYVILLE IN CLIMATE SUMMARY FOR FEBRUARY 22 2018...

CLIMATE NORMAL PERIOD 1981 TO 2010
CLIMATE RECORD PERIOD 9999 TO 9999


WEATHER ITEM   OBSERVED TIME   NORMAL DEPARTURE LAST
                VALUE   (LST)  VALUE  FROM      YEAR
                                      NORMAL
......................................................
TEMPERATURE (F)
 YESTERDAY
  MAXIMUM         46    644 PM  42      4       67
  MINIMUM         38   1001 AM  25     13       55
  AVERAGE         42            33      9       61

PRECIPITATION (IN)
  YESTERDAY        0.48          0.07   0.41     0.00
  MONTH TO DATE    3.45          1.87   1.58     0.74
  SINCE DEC 1      7.28          7.53  -0.25     6.99
  SINCE JAN 1      6.16          4.26   1.90     4.80

DEGREE DAYS
 HEATING
  YESTERDAY       23            32     -9        4
  MONTH TO DATE  640           751   -111      496
  SINCE DEC 1   2918          2905     13     2407
  SINCE JUL 1   3811          3980   -169     3093

 COOLING
  YESTERDAY        0             0      0        0
  MONTH TO DATE    5             0      5        0
  SINCE DEC 1      5             0      5        0
  SINCE JAN 1      5             0      5        0
......................................................


WIND (MPH)
  HIGHEST WIND SPEED    28   HIGHEST WIND DIRECTION     E (80)
  HIGHEST GUST SPEED    35   HIGHEST GUST DIRECTION     E (80)
  AVERAGE WIND SPEED    13.7


SKY COVER
  AVERAGE SKY COVER 1.0


WEATHER CONDITIONS
 THE FOLLOWING WEATHER WAS RECORDED YESTERDAY.
  RAIN
  LIGHT RAIN
  FOG


RELATIVE HUMIDITY (PERCENT)
 HIGHEST    92           900 PM
 LOWEST     76          1200 PM
 AVERAGE    84

..........................................................


THE SHELBYVILLE IN CLIMATE NORMALS FOR TODAY
                         NORMAL
 MAXIMUM TEMPERATURE (F)   42
 MINIMUM TEMPERATURE (F)   25


SUNRISE AND SUNSET
FEBRUARY 23 2018......SUNRISE   725 AM EST   SUNSET   629 PM EST
FEBRUARY 24 2018......SUNRISE   723 AM EST   SUNSET   630 PM EST


-  INDICATES NEGATIVE NUMBERS.
R  INDICATES RECORD WAS SET OR TIED.
MM INDICATES DATA IS MISSING.
T  INDICATES TRACE AMOUNT.




$$
