000
CDUS43 KIND 310535
CLIGEZ


CLIMATE REPORT
NATIONAL WEATHER SERVICE INDIANAPOLIS IN
134 AM EDT WED AUG 31 2016


...................................

...THE SHELBYVILLE IN CLIMATE SUMMARY FOR AUGUST 30 2016...

CLIMATE NORMAL PERIOD 1981 TO 2010
CLIMATE RECORD PERIOD 9999 TO 9999


WEATHER ITEM   OBSERVED TIME   NORMAL DEPARTURE LAST
                VALUE   (LST)  VALUE  FROM      YEAR
                                      NORMAL
......................................................
TEMPERATURE (F)
 YESTERDAY
  MAXIMUM         90    143 PM  83      7       88
  MINIMUM         69    632 AM  59     10       71
  AVERAGE         80            71      9       80

PRECIPITATION (IN)
  YESTERDAY        1.25          0.13   1.12     0.00
  MONTH TO DATE    7.20          3.25   3.95     1.17
  SINCE JUN 1     16.64         12.36   4.28    16.93
  SINCE JAN 1     33.18         30.14   3.04    30.97

DEGREE DAYS
 HEATING
  YESTERDAY        0             0      0        0
  MONTH TO DATE    0             0      0        2
  SINCE JUN 1      2            16    -14       23
  SINCE JUL 1      2             1      1        2

 COOLING
  YESTERDAY       15             6      9       15
  MONTH TO DATE  377           225    152      216
  SINCE JUN 1   1044           717    327      818
  SINCE JAN 1   1167           798    369     1006
......................................................


WIND (MPH)
  HIGHEST WIND SPEED    20   HIGHEST WIND DIRECTION     N (350)
  HIGHEST GUST SPEED    24   HIGHEST GUST DIRECTION    NE (30)
  AVERAGE WIND SPEED     3.7


SKY COVER
  AVERAGE SKY COVER 0.2


WEATHER CONDITIONS
 THE FOLLOWING WEATHER WAS RECORDED YESTERDAY.
  THUNDERSTORM
  HEAVY RAIN
  RAIN
  LIGHT RAIN
  FOG


RELATIVE HUMIDITY (PERCENT)
 HIGHEST    93          1100 PM
 LOWEST     53          1200 PM
 AVERAGE    73

..........................................................


THE SHELBYVILLE IN CLIMATE NORMALS FOR TODAY
                         NORMAL
 MAXIMUM TEMPERATURE (F)   82
 MINIMUM TEMPERATURE (F)   59


SUNRISE AND SUNSET
AUGUST 31 2016........SUNRISE   711 AM EDT   SUNSET   815 PM EDT
SEPTEMBER  1 2016.....SUNRISE   712 AM EDT   SUNSET   813 PM EDT


-  INDICATES NEGATIVE NUMBERS.
R  INDICATES RECORD WAS SET OR TIED.
MM INDICATES DATA IS MISSING.
T  INDICATES TRACE AMOUNT.




$$
