901
CDUS43 KFGF 040634
CLIGFK


CLIMATE REPORT
NATIONAL WEATHER SERVICE EASTERN NORTH DAKOTA/GRAND FORKS
133 AM CDT WED MAY 4 2016


...................................

...THE GRAND FORKS INTL AP ND CLIMATE SUMMARY FOR MAY 3 2016...

CLIMATE NORMAL PERIOD 1981 TO 2010
CLIMATE RECORD PERIOD 1941 TO 2016


WEATHER ITEM   OBSERVED TIME   RECORD YEAR NORMAL DEPARTURE LAST
                VALUE   (LST)  VALUE       VALUE  FROM      YEAR
                                                  NORMAL
..................................................................
TEMPERATURE (F)
 YESTERDAY
  MAXIMUM         68    304 PM  93    1952  64      4       70
  MINIMUM         38   1159 PM   5    1967  37      1       40
  AVERAGE         53                        50      3       55

PRECIPITATION (IN)
  YESTERDAY        0.00          1.18 1899   0.07  -0.07     0.00
  MONTH TO DATE    0.00                      0.19  -0.19     0.02
  SINCE MAR 1      2.11                      2.16  -0.05     1.06
  SINCE JAN 1      2.69                      3.23  -0.54     1.88

SNOWFALL (IN)
  YESTERDAY        0.0           0.1  1974   0.0    0.0      0.0
  MONTH TO DATE    0.0                       0.0    0.0      0.0
  SINCE MAR 1      2.5                      10.1   -7.6      2.7
  SINCE JUL 1     28.4                      47.3  -18.9     17.0
  SNOW DEPTH       0

DEGREE DAYS
 HEATING
  YESTERDAY       12                        15     -3       10
  MONTH TO DATE   39                        46     -7       18
  SINCE MAR 1   1652                      1974   -322     1676
  SINCE JUL 1   7631                      9124  -1493     8593

 COOLING
  YESTERDAY        0                         0      0        0
  MONTH TO DATE    0                         0      0        0
  SINCE MAR 1      0                         1     -1        0
  SINCE JAN 1      0                         1     -1        0
..................................................................


WIND (MPH)
  HIGHEST WIND SPEED    35   HIGHEST WIND DIRECTION     N (350)
  HIGHEST GUST SPEED    53   HIGHEST GUST DIRECTION    NW (320)
  AVERAGE WIND SPEED    17.6


SKY COVER
  POSSIBLE SUNSHINE  MM
  AVERAGE SKY COVER 0.2


WEATHER CONDITIONS
 THE FOLLOWING WEATHER WAS RECORDED YESTERDAY.
  NO SIGNIFICANT WEATHER WAS OBSERVED.


RELATIVE HUMIDITY (PERCENT)
 HIGHEST    66           400 AM
 LOWEST     24           500 PM
 AVERAGE    45

..........................................................


THE GRAND FORKS INTL AP ND CLIMATE NORMALS FOR TODAY
                         NORMAL    RECORD    YEAR
 MAXIMUM TEMPERATURE (F)   64        95      1985
 MINIMUM TEMPERATURE (F)   37        21      1921


SUNRISE AND SUNSET
MAY  4 2016...........SUNRISE   605 AM CDT   SUNSET   847 PM CDT
MAY  5 2016...........SUNRISE   603 AM CDT   SUNSET   848 PM CDT


-  INDICATES NEGATIVE NUMBERS.
R  INDICATES RECORD WAS SET OR TIED.
MM INDICATES DATA IS MISSING.
T  INDICATES TRACE AMOUNT.




$$
