000
CDUS43 KFGF 240633
CLIGFK


CLIMATE REPORT
NATIONAL WEATHER SERVICE EASTERN NORTH DAKOTA/GRAND FORKS
132 AM CDT SUN JUL 24 2016


...................................

...THE GRAND FORKS INTL AP ND CLIMATE SUMMARY FOR JULY 23 2016...

CLIMATE NORMAL PERIOD 1981 TO 2010
CLIMATE RECORD PERIOD 1941 TO 2016


WEATHER ITEM   OBSERVED TIME   RECORD YEAR NORMAL DEPARTURE LAST
                VALUE   (LST)  VALUE       VALUE  FROM      YEAR
                                                  NORMAL
..................................................................
TEMPERATURE (F)
 YESTERDAY
  MAXIMUM         74    444 PM  96    1945  82     -8       88
                                      1941
  MINIMUM         65   1126 PM  45    2004  57      8       66
                                      1953
  AVERAGE         70                        69      1       77

PRECIPITATION (IN)
  YESTERDAY        0.73          1.13 2011   0.09   0.64     0.81
  MONTH TO DATE    5.20                      2.45   2.75     4.94
  SINCE JUN 1      8.50                      5.93   2.57     7.45
  SINCE JAN 1     14.89                     11.65   3.24    13.76

SNOWFALL (IN)
  YESTERDAY        0.0          MM      MM   0.0    0.0      0.0
  MONTH TO DATE    0.0                       0.0    0.0      0.0
  SINCE JUN 1      0.0                       0.0    0.0      0.0
  SINCE JUL 1      0.0                       0.0    0.0      0.0
  SNOW DEPTH       0

DEGREE DAYS
 HEATING
  YESTERDAY        0                         1     -1        0
  MONTH TO DATE   12                        24    -12       14
  SINCE JUN 1     66                       127    -61       72
  SINCE JUL 1     12                        24    -12       14

 COOLING
  YESTERDAY        5                         5      0       12
  MONTH TO DATE  115                       105     10      129
  SINCE JUN 1    193                       180     13      194
  SINCE JAN 1    215                       197     18      200
..................................................................


WIND (MPH)
  HIGHEST WIND SPEED    30   HIGHEST WIND DIRECTION     E (80)
  HIGHEST GUST SPEED    37   HIGHEST GUST DIRECTION     E (80)
  AVERAGE WIND SPEED     7.1


SKY COVER
  POSSIBLE SUNSHINE  MM
  AVERAGE SKY COVER 0.6


WEATHER CONDITIONS
 THE FOLLOWING WEATHER WAS RECORDED YESTERDAY.
  THUNDERSTORM
  HEAVY RAIN
  RAIN
  LIGHT RAIN
  FOG


RELATIVE HUMIDITY (PERCENT)
 HIGHEST    97           800 PM
 LOWEST     64           300 AM
 AVERAGE    81

..........................................................


THE GRAND FORKS INTL AP ND CLIMATE NORMALS FOR TODAY
                         NORMAL    RECORD    YEAR
 MAXIMUM TEMPERATURE (F)   82        99      1951
 MINIMUM TEMPERATURE (F)   57        43      1946


SUNRISE AND SUNSET
JULY 24 2016..........SUNRISE   556 AM CDT   SUNSET   914 PM CDT
JULY 25 2016..........SUNRISE   557 AM CDT   SUNSET   913 PM CDT


-  INDICATES NEGATIVE NUMBERS.
R  INDICATES RECORD WAS SET OR TIED.
MM INDICATES DATA IS MISSING.
T  INDICATES TRACE AMOUNT.




$$
