000
CDUS43 KFGF 220650
CLIGFK


CLIMATE REPORT
NATIONAL WEATHER SERVICE EASTERN NORTH DAKOTA/GRAND FORKS
1249 AM CST MON DEC 22 2014


...................................

...THE GRAND FORKS INTL AP ND CLIMATE SUMMARY FOR DECEMBER 21 2014...

CLIMATE NORMAL PERIOD 1981 TO 2010
CLIMATE RECORD PERIOD 1941 TO 2014


WEATHER ITEM   OBSERVED TIME   RECORD YEAR NORMAL DEPARTURE LAST
                VALUE   (LST)  VALUE       VALUE  FROM      YEAR
                                                  NORMAL
..................................................................
TEMPERATURE (F)
 YESTERDAY
  MAXIMUM         34   1108 PM  44    1979  19     15        1
  MINIMUM         30    945 AM -28    1989   1     29      -11
  AVERAGE         32                        10     22       -5

PRECIPITATION (IN)
  YESTERDAY        T             0.16 1962   0.02  -0.02     0.00
  MONTH TO DATE    0.08                      0.41  -0.33     0.67
  SINCE DEC 1      0.08                      0.41  -0.33     0.67
  SINCE JAN 1     22.73                     20.61   2.12    19.50

SNOWFALL (IN)
  YESTERDAY        T             2.4  1990   0.4   -0.4      0.0
  MONTH TO DATE    0.6                       7.1   -6.5     17.7
  SINCE DEC 1      0.6                       7.1   -6.5     17.7
  SINCE JUL 1      4.6                      16.3  -11.7     19.3
  SNOW DEPTH       T

DEGREE DAYS
 HEATING
  YESTERDAY       33                        55    -22       70
  MONTH TO DATE  950                      1093   -143     1354
  SINCE DEC 1    950                      1093   -143     1354
  SINCE JUL 1   3094                      3292   -198     3465

 COOLING
  YESTERDAY        0                         0      0        0
  MONTH TO DATE    0                         0      0        0
  SINCE DEC 1      0                         0      0        0
  SINCE JAN 1    395                       379     16      487
..................................................................


WIND (MPH)
  HIGHEST WIND SPEED    22   HIGHEST WIND DIRECTION     S (190)
  HIGHEST GUST SPEED    25   HIGHEST GUST DIRECTION     S (180)
  AVERAGE WIND SPEED    13.6


SKY COVER
  POSSIBLE SUNSHINE  MM
  AVERAGE SKY COVER 0.9


WEATHER CONDITIONS
 THE FOLLOWING WEATHER WAS RECORDED YESTERDAY.
  LIGHT SNOW
  FOG


RELATIVE HUMIDITY (PERCENT)
 HIGHEST   100           200 PM
 LOWEST     89          1000 PM
 AVERAGE    95

..........................................................


THE GRAND FORKS INTL AP ND CLIMATE NORMALS FOR TODAY
                         NORMAL    RECORD    YEAR
 MAXIMUM TEMPERATURE (F)   18        40      1991
 MINIMUM TEMPERATURE (F)    0       -30      1945


SUNRISE AND SUNSET
DECEMBER 22 2014......SUNRISE   816 AM CST   SUNSET   439 PM CST
DECEMBER 23 2014......SUNRISE   816 AM CST   SUNSET   439 PM CST


-  INDICATES NEGATIVE NUMBERS.
R  INDICATES RECORD WAS SET OR TIED.
MM INDICATES DATA IS MISSING.
T  INDICATES TRACE AMOUNT.




$$
