000
CDUS43 KFGF 250704
CLIGFK


CLIMATE REPORT
NATIONAL WEATHER SERVICE EASTERN NORTH DAKOTA/GRAND FORKS
157 AM CDT MON SEP 25 2017


...................................

...THE GRAND FORKS INTL AP ND CLIMATE SUMMARY FOR SEPTEMBER 24 2017...

CLIMATE NORMAL PERIOD 1981 TO 2010
CLIMATE RECORD PERIOD 1948 TO 2017


WEATHER ITEM   OBSERVED TIME   RECORD YEAR NORMAL DEPARTURE LAST
                VALUE   (LST)  VALUE       VALUE  FROM      YEAR
                                                  NORMAL
..................................................................
TEMPERATURE (F)
 YESTERDAY
  MAXIMUM         54   1119 AM  87    1997  66    -12       78
  MINIMUM         50   1159 PM  25    1951  41      9       58
  AVERAGE         52                        53     -1       68

PRECIPITATION (IN)
  YESTERDAY        0.77          1.88 1973   0.06   0.71     0.02
  MONTH TO DATE    3.57                      1.66   1.91     4.08
  SINCE SEP 1      3.57                      1.66   1.91     4.08
  SINCE JAN 1     14.62                     16.89  -2.27    22.60

SNOWFALL (IN)
  YESTERDAY        0.0           T    1984   0.0    0.0      0.0
  MONTH TO DATE    0.0                       0.0    0.0      0.0
  SINCE SEP 1      0.0                       0.0    0.0      0.0
  SINCE JUL 1      0.0                       0.0    0.0      0.0
  SNOW DEPTH       0

DEGREE DAYS
 HEATING
  YESTERDAY       13                        12      1        0
  MONTH TO DATE  107                       186    -79      102
  SINCE SEP 1    107                       186    -79      102
  SINCE JUL 1    126                       268   -142      130

 COOLING
  YESTERDAY        0                         0      0        3
  MONTH TO DATE   36                        24     12       26
  SINCE SEP 1     36                        24     12       26
  SINCE JAN 1    411                       376     35      430
..................................................................


WIND (MPH)
  HIGHEST WIND SPEED    23   HIGHEST WIND DIRECTION    NW (320)
  HIGHEST GUST SPEED    28   HIGHEST GUST DIRECTION    NW (330)
  AVERAGE WIND SPEED    13.9


SKY COVER
  POSSIBLE SUNSHINE  MM
  AVERAGE SKY COVER 1.0


WEATHER CONDITIONS
 THE FOLLOWING WEATHER WAS RECORDED YESTERDAY.
  RAIN
  LIGHT RAIN
  FOG


RELATIVE HUMIDITY (PERCENT)
 HIGHEST   100          1200 AM
 LOWEST     89           600 PM
 AVERAGE    95

..........................................................


THE GRAND FORKS INTL AP ND CLIMATE NORMALS FOR TODAY
                         NORMAL    RECORD    YEAR
 MAXIMUM TEMPERATURE (F)   65        86      2014
 MINIMUM TEMPERATURE (F)   40        23      1985


SUNRISE AND SUNSET
SEPTEMBER 25 2017.....SUNRISE   720 AM CDT   SUNSET   720 PM CDT
SEPTEMBER 26 2017.....SUNRISE   721 AM CDT   SUNSET   718 PM CDT


-  INDICATES NEGATIVE NUMBERS.
R  INDICATES RECORD WAS SET OR TIED.
MM INDICATES DATA IS MISSING.
T  INDICATES TRACE AMOUNT.




$$
