000
CDUS43 KFGF 240638
CLIGFK


CLIMATE REPORT
NATIONAL WEATHER SERVICE EASTERN NORTH DAKOTA/GRAND FORKS
1238 AM CST FRI FEB 24 2017


...................................

...THE GRAND FORKS INTL AP ND CLIMATE SUMMARY FOR FEBRUARY 23 2017...

CLIMATE NORMAL PERIOD 1981 TO 2010
CLIMATE RECORD PERIOD 1941 TO 2017


WEATHER ITEM   OBSERVED TIME   RECORD YEAR NORMAL DEPARTURE LAST
                VALUE   (LST)  VALUE       VALUE  FROM      YEAR
                                                  NORMAL
..................................................................
TEMPERATURE (F)
 YESTERDAY
  MAXIMUM         30    833 AM  59    1958  24      6       34
  MINIMUM         18   1159 PM -22    1950   6     12       22
  AVERAGE         24                        15      9       28

PRECIPITATION (IN)
  YESTERDAY        0.00          0.51 1977   0.02  -0.02     0.01
  MONTH TO DATE    0.34                      0.39  -0.05     0.26
  SINCE DEC 1      2.40                      1.55   0.85     1.64
  SINCE JAN 1      0.79                      0.94  -0.15     0.58

SNOWFALL (IN)
  YESTERDAY        0.0           3.7  1991   0.2   -0.2       T
  MONTH TO DATE    3.7                       5.2   -1.5      2.6
  SINCE DEC 1     36.2                      26.6    9.6     23.2
  SINCE JUL 1     37.3                      35.8    1.5     25.9
  SNOW DEPTH       T

DEGREE DAYS
 HEATING
  YESTERDAY       41                        50     -9       37
  MONTH TO DATE 1017                      1239   -222     1025
  SINCE DEC 1   4262                      4706   -444     4082
  SINCE JUL 1   5730                      6905  -1175     5747

 COOLING
  YESTERDAY        0                         0      0        0
  MONTH TO DATE    0                         0      0        0
  SINCE DEC 1      0                         0      0        0
  SINCE JAN 1      0                         0      0        0
..................................................................


WIND (MPH)
  HIGHEST WIND SPEED    21   HIGHEST WIND DIRECTION     N (10)
  HIGHEST GUST SPEED    24   HIGHEST GUST DIRECTION     N (10)
  AVERAGE WIND SPEED    11.2


SKY COVER
  POSSIBLE SUNSHINE  MM
  AVERAGE SKY COVER 0.9


WEATHER CONDITIONS
 THE FOLLOWING WEATHER WAS RECORDED YESTERDAY.
  NO SIGNIFICANT WEATHER WAS OBSERVED.


RELATIVE HUMIDITY (PERCENT)
 HIGHEST    75          1200 AM
 LOWEST     55           400 PM
 AVERAGE    65

..........................................................


THE GRAND FORKS INTL AP ND CLIMATE NORMALS FOR TODAY
                         NORMAL    RECORD    YEAR
 MAXIMUM TEMPERATURE (F)   25        51      1976
 MINIMUM TEMPERATURE (F)    6       -30      1950


SUNRISE AND SUNSET
FEBRUARY 24 2017......SUNRISE   718 AM CST   SUNSET   606 PM CST
FEBRUARY 25 2017......SUNRISE   717 AM CST   SUNSET   608 PM CST


-  INDICATES NEGATIVE NUMBERS.
R  INDICATES RECORD WAS SET OR TIED.
MM INDICATES DATA IS MISSING.
T  INDICATES TRACE AMOUNT.




$$
