000
CDUS43 KFGF 250659
CLIGFK


CLIMATE REPORT
NATIONAL WEATHER SERVICE EASTERN NORTH DAKOTA/GRAND FORKS
1259 AM CST SAT NOV 25 2017


...................................

...THE GRAND FORKS INTL AP ND CLIMATE SUMMARY FOR NOVEMBER 24 2017...

CLIMATE NORMAL PERIOD 1981 TO 2010
CLIMATE RECORD PERIOD 1948 TO 2017


WEATHER ITEM   OBSERVED TIME   RECORD YEAR NORMAL DEPARTURE LAST
                VALUE   (LST)  VALUE       VALUE  FROM      YEAR
                                                  NORMAL
..................................................................
TEMPERATURE (F)
 YESTERDAY
  MAXIMUM         46    322 PM  56    2011  30     16       37
  MINIMUM         28   1159 PM -28    1985  12     16       33
  AVERAGE         37                        21     16       35

PRECIPITATION (IN)
  YESTERDAY        0.03          0.22 1973   0.02   0.01     0.00
  MONTH TO DATE    0.86                      0.82   0.04     0.41
  SINCE SEP 1      5.43                      4.84   0.59     5.67
  SINCE JAN 1     16.48                     20.07  -3.59    24.19

SNOWFALL (IN)
  YESTERDAY        0.0           3.7  1973   0.3   -0.3      0.0
  MONTH TO DATE    4.1                       5.7   -1.6      0.8
  SINCE SEP 1      4.3                       7.2   -2.9      0.8
  SINCE JUL 1      4.3                       7.2   -2.9      0.8
  SNOW DEPTH       2

DEGREE DAYS
 HEATING
  YESTERDAY       28                        44    -16       30
  MONTH TO DATE 1025                       892    133      548
  SINCE SEP 1   1768                      1841    -73     1272
  SINCE JUL 1   1787                      1923   -136     1300

 COOLING
  YESTERDAY        0                         0      0        0
  MONTH TO DATE    0                         0      0        0
  SINCE SEP 1     36                        27      9       30
  SINCE JAN 1    411                       379     32      434
..................................................................


WIND (MPH)
  HIGHEST WIND SPEED    21   HIGHEST WIND DIRECTION    NW (300)
  HIGHEST GUST SPEED    29   HIGHEST GUST DIRECTION    NW (310)
  AVERAGE WIND SPEED    11.5


SKY COVER
  POSSIBLE SUNSHINE  MM
  AVERAGE SKY COVER 0.3


WEATHER CONDITIONS
 THE FOLLOWING WEATHER WAS RECORDED YESTERDAY.
  LIGHT RAIN


RELATIVE HUMIDITY (PERCENT)
 HIGHEST    92           800 AM
 LOWEST     71           300 PM
 AVERAGE    82

..........................................................


THE GRAND FORKS INTL AP ND CLIMATE NORMALS FOR TODAY
                         NORMAL    RECORD    YEAR
 MAXIMUM TEMPERATURE (F)   29        51      1984
 MINIMUM TEMPERATURE (F)   12       -19      1996


SUNRISE AND SUNSET
NOVEMBER 25 2017......SUNRISE   750 AM CST   SUNSET   441 PM CST
NOVEMBER 26 2017......SUNRISE   751 AM CST   SUNSET   441 PM CST


-  INDICATES NEGATIVE NUMBERS.
R  INDICATES RECORD WAS SET OR TIED.
MM INDICATES DATA IS MISSING.
T  INDICATES TRACE AMOUNT.




$$
