000
CDUS43 KFGF 200634
CLIGFK


CLIMATE REPORT
NATIONAL WEATHER SERVICE EASTERN NORTH DAKOTA/GRAND FORKS
133 AM CDT SUN APR 20 2014


...................................

...THE GRAND FORKS INTL AP ND CLIMATE SUMMARY FOR APRIL 19 2014...

CLIMATE NORMAL PERIOD 1981 TO 2010
CLIMATE RECORD PERIOD 1941 TO 2014


WEATHER ITEM   OBSERVED TIME   RECORD YEAR NORMAL DEPARTURE LAST
                VALUE   (LST)  VALUE       VALUE  FROM      YEAR
                                                  NORMAL
..................................................................
TEMPERATURE (F)
 YESTERDAY
  MAXIMUM         63    343 PM  85    1985  57      6       34
                                      1952
  MINIMUM         34   1159 PM  19    1991  32      2       24
                                      1988
  AVERAGE         49                        44      5       29

PRECIPITATION (IN)
  YESTERDAY        T             0.41 1979   0.03  -0.03     0.00
  MONTH TO DATE    0.21                      0.55  -0.34     0.70
  SINCE MAR 1      1.14                      1.51  -0.37     1.68
  SINCE JAN 1      2.21                      2.58  -0.37     2.47

SNOWFALL (IN)
  YESTERDAY        0.0           3.1  1970   0.1   -0.1      0.0
  MONTH TO DATE    1.1                       2.0   -0.9      6.7
  SINCE MAR 1     14.6                       9.2    5.4     20.3
  SINCE JUL 1     60.3                      46.4   13.9     50.2
  SNOW DEPTH       0

DEGREE DAYS
 HEATING
  YESTERDAY       16                        21     -5       36
  MONTH TO DATE  589                       493     96      704
  SINCE MAR 1   2044                      1728    316     2270
  SINCE JUL 1   9939                      8878   1061     9271

 COOLING
  YESTERDAY        0                         0      0        0
  MONTH TO DATE    0                         0      0        0
  SINCE MAR 1      0                         0      0        0
  SINCE JAN 1      0                         0      0        0
..................................................................


WIND (MPH)
  HIGHEST WIND SPEED    33   HIGHEST WIND DIRECTION    SE (150)
  HIGHEST GUST SPEED    41   HIGHEST GUST DIRECTION    SE (140)
  AVERAGE WIND SPEED    15.5


SKY COVER
  POSSIBLE SUNSHINE  MM
  AVERAGE SKY COVER 0.3


WEATHER CONDITIONS
 THE FOLLOWING WEATHER WAS RECORDED YESTERDAY.
  LIGHT RAIN


RELATIVE HUMIDITY (PERCENT)
 HIGHEST    79          1000 PM
 LOWEST     39          1200 PM
 AVERAGE    59

..........................................................


THE GRAND FORKS INTL AP ND CLIMATE NORMALS FOR TODAY
                         NORMAL    RECORD    YEAR
 MAXIMUM TEMPERATURE (F)   57        90      1980
 MINIMUM TEMPERATURE (F)   32        17      1981


SUNRISE AND SUNSET
APRIL 20 2014.........SUNRISE   630 AM CDT   SUNSET   826 PM CDT
APRIL 21 2014.........SUNRISE   628 AM CDT   SUNSET   828 PM CDT


-  INDICATES NEGATIVE NUMBERS.
R  INDICATES RECORD WAS SET OR TIED.
MM INDICATES DATA IS MISSING.
T  INDICATES TRACE AMOUNT.




$$
