000
CDUS43 KFGF 250716
CLIGFK


CLIMATE REPORT
NATIONAL WEATHER SERVICE EASTERN NORTH DAKOTA/GRAND FORKS
216 AM CDT SAT OCT 25 2014


...................................

...THE GRAND FORKS INTL AP ND CLIMATE SUMMARY FOR OCTOBER 24 2014...

CLIMATE NORMAL PERIOD 1981 TO 2010
CLIMATE RECORD PERIOD 1941 TO 2014


WEATHER ITEM   OBSERVED TIME   RECORD YEAR NORMAL DEPARTURE LAST
                VALUE   (LST)  VALUE       VALUE  FROM      YEAR
                                                  NORMAL
..................................................................
TEMPERATURE (F)
 YESTERDAY
  MAXIMUM         74    151 PM  78    1989  50     24       45
  MINIMUM         37    636 AM  12    1955  29      8       29
  AVERAGE         56                        39     17       37

PRECIPITATION (IN)
  YESTERDAY        0.00          0.92 2001   0.05  -0.05     0.00
  MONTH TO DATE    0.37                      1.60  -1.23     2.48
  SINCE SEP 1      1.66                      3.65  -1.99     4.45
  SINCE JAN 1     22.34                     18.88   3.46    18.68

SNOWFALL (IN)
  YESTERDAY        0.0          10.8  2001   0.1   -0.1      0.0
  MONTH TO DATE    0.0                       0.9   -0.9       T
  SINCE SEP 1      0.0                       0.9   -0.9       T
  SINCE JUL 1      0.0                       0.9   -0.9       T
  SNOW DEPTH       0

DEGREE DAYS
 HEATING
  YESTERDAY        9                        26    -17       28
  MONTH TO DATE  389                       486    -97      480
  SINCE SEP 1    581                       755   -174      612
  SINCE JUL 1    635                       837   -202      694

 COOLING
  YESTERDAY        0                         0      0        0
  MONTH TO DATE    0                         0      0        0
  SINCE SEP 1     34                        26      8       39
  SINCE JAN 1    395                       378     17      487
..................................................................


WIND (MPH)
  HIGHEST WIND SPEED    25   HIGHEST WIND DIRECTION     W (270)
  HIGHEST GUST SPEED    33   HIGHEST GUST DIRECTION     W (280)
  AVERAGE WIND SPEED    10.4


SKY COVER
  POSSIBLE SUNSHINE  MM
  AVERAGE SKY COVER 0.3


WEATHER CONDITIONS
 THE FOLLOWING WEATHER WAS RECORDED YESTERDAY.
  NO SIGNIFICANT WEATHER WAS OBSERVED.


RELATIVE HUMIDITY (PERCENT)
 HIGHEST    85           400 AM
 LOWEST     26           400 PM
 AVERAGE    56

..........................................................


THE GRAND FORKS INTL AP ND CLIMATE NORMALS FOR TODAY
                         NORMAL    RECORD    YEAR
 MAXIMUM TEMPERATURE (F)   49        78      1989
                                             1977
 MINIMUM TEMPERATURE (F)   28        15      1988


SUNRISE AND SUNSET
OCTOBER 25 2014.......SUNRISE   803 AM CDT   SUNSET   622 PM CDT
OCTOBER 26 2014.......SUNRISE   804 AM CDT   SUNSET   620 PM CDT


-  INDICATES NEGATIVE NUMBERS.
R  INDICATES RECORD WAS SET OR TIED.
MM INDICATES DATA IS MISSING.
T  INDICATES TRACE AMOUNT.




$$
