921
CDUS43 KFGF 180641
CLIGFK


CLIMATE REPORT
NATIONAL WEATHER SERVICE EASTERN NORTH DAKOTA/GRAND FORKS
1237 AM CST SUN FEB 18 2018


...................................

...THE GRAND FORKS INTL AP ND CLIMATE SUMMARY FOR FEBRUARY 17 2018...

CLIMATE NORMAL PERIOD 1981 TO 2010
CLIMATE RECORD PERIOD 1948 TO 2018


WEATHER ITEM   OBSERVED TIME   RECORD YEAR NORMAL DEPARTURE LAST
                VALUE   (LST)  VALUE       VALUE  FROM      YEAR
                                                  NORMAL
..................................................................
TEMPERATURE (F)
 YESTERDAY
  MAXIMUM         25   1209 AM  46    2002  23      2       45
  MINIMUM          5   1055 PM -33    1979   3      2       30
  AVERAGE         15                        13      2       38

PRECIPITATION (IN)
  YESTERDAY        T             0.25 1998   0.02  -0.02     0.00
  MONTH TO DATE    0.06                      0.26  -0.20     0.15
  SINCE DEC 1      1.33                      1.42  -0.09     2.21
  SINCE JAN 1      0.56                      0.81  -0.25     0.60

SNOWFALL (IN)
  YESTERDAY        T             3.0  2003   0.2   -0.2      0.0
  MONTH TO DATE    1.6                       3.7   -2.1      3.7
  SINCE DEC 1     19.1                      25.1   -6.0     36.2
  SINCE JUL 1     29.3                      34.3   -5.0     37.3
  SNOW DEPTH       5

DEGREE DAYS
 HEATING
  YESTERDAY       50                        52     -2       27
  MONTH TO DATE 1058                       933    125      835
  SINCE DEC 1   4410                      4400     10     4080
  SINCE JUL 1   6395                      6599   -204     5548

 COOLING
  YESTERDAY        0                         0      0        0
  MONTH TO DATE    0                         0      0        0
  SINCE DEC 1      0                         0      0        0
  SINCE JAN 1      0                         0      0        0
..................................................................


WIND (MPH)
  HIGHEST WIND SPEED    22   HIGHEST WIND DIRECTION    NW (330)
  HIGHEST GUST SPEED    28   HIGHEST GUST DIRECTION    NW (300)
  AVERAGE WIND SPEED    10.1


SKY COVER
  POSSIBLE SUNSHINE  MM
  AVERAGE SKY COVER 0.3


WEATHER CONDITIONS
 THE FOLLOWING WEATHER WAS RECORDED YESTERDAY.
  LIGHT SNOW


RELATIVE HUMIDITY (PERCENT)
 HIGHEST    96          1100 PM
 LOWEST     54           300 PM
 AVERAGE    75

..........................................................


THE GRAND FORKS INTL AP ND CLIMATE NORMALS FOR TODAY
                         NORMAL    RECORD    YEAR
 MAXIMUM TEMPERATURE (F)   23        45      2002
 MINIMUM TEMPERATURE (F)    3       -35      1967


SUNRISE AND SUNSET
FEBRUARY 18 2018......SUNRISE   730 AM CST   SUNSET   556 PM CST
FEBRUARY 19 2018......SUNRISE   728 AM CST   SUNSET   558 PM CST


-  INDICATES NEGATIVE NUMBERS.
R  INDICATES RECORD WAS SET OR TIED.
MM INDICATES DATA IS MISSING.
T  INDICATES TRACE AMOUNT.




$$
