000
CDUS43 KFGF 010639
CLIGFK


CLIMATE REPORT
NATIONAL WEATHER SERVICE EASTERN NORTH DAKOTA/GRAND FORKS
138 AM CDT TUE SEP 1 2015


...................................

...THE GRAND FORKS INTL AP ND CLIMATE SUMMARY FOR AUGUST 31 2015...

CLIMATE NORMAL PERIOD 1981 TO 2010
CLIMATE RECORD PERIOD 1941 TO 2015


WEATHER ITEM   OBSERVED TIME   RECORD YEAR NORMAL DEPARTURE LAST
                VALUE   (LST)  VALUE       VALUE  FROM      YEAR
                                                  NORMAL
..................................................................
TEMPERATURE (F)
 YESTERDAY
  MAXIMUM         82    208 PM  97    1953  77      5       74
  MINIMUM         57   1114 PM  35    1987  50      7       55
  AVERAGE         70                        64      6       65

PRECIPITATION (IN)
  YESTERDAY        0.00          1.57 1957   0.09  -0.09     0.15
  MONTH TO DATE    2.89                      2.88   0.01     3.20
  SINCE JUN 1     10.50                      9.51   0.99    13.50
  SINCE JAN 1     16.81                     15.23   1.58    20.68

SNOWFALL (IN)
  YESTERDAY        0.0          MM      MM   0.0    0.0      0.0
  MONTH TO DATE    0.0                       0.0    0.0      0.0
  SINCE JUN 1      0.0                       0.0    0.0      0.0
  SINCE JUL 1      0.0                       0.0    0.0      0.0
  SNOW DEPTH       0

DEGREE DAYS
 HEATING
  YESTERDAY        0                         4     -4        0
  MONTH TO DATE   50                        55     -5       25
  SINCE JUN 1    122                       185    -63      100
  SINCE JUL 1     64                        82    -18       54

 COOLING
  YESTERDAY        5                         2      3        0
  MONTH TO DATE  131                       119     12      130
  SINCE JUN 1    391                       335     56      308
  SINCE JAN 1    397                       352     45      361
..................................................................


WIND (MPH)
  HIGHEST WIND SPEED    20   HIGHEST WIND DIRECTION    NW (310)
  HIGHEST GUST SPEED    25   HIGHEST GUST DIRECTION    NW (320)
  AVERAGE WIND SPEED     8.9


SKY COVER
  POSSIBLE SUNSHINE  MM
  AVERAGE SKY COVER 0.6


WEATHER CONDITIONS
 THE FOLLOWING WEATHER WAS RECORDED YESTERDAY.
  HAZE


RELATIVE HUMIDITY (PERCENT)
 HIGHEST    90           100 AM
 LOWEST     45           400 PM
 AVERAGE    68

..........................................................


THE GRAND FORKS INTL AP ND CLIMATE NORMALS FOR TODAY
                         NORMAL    RECORD    YEAR
 MAXIMUM TEMPERATURE (F)   76        98      1983
 MINIMUM TEMPERATURE (F)   50        32      1974


SUNRISE AND SUNSET
SEPTEMBER  1 2015.....SUNRISE   646 AM CDT   SUNSET   810 PM CDT
SEPTEMBER  2 2015.....SUNRISE   648 AM CDT   SUNSET   808 PM CDT


-  INDICATES NEGATIVE NUMBERS.
R  INDICATES RECORD WAS SET OR TIED.
MM INDICATES DATA IS MISSING.
T  INDICATES TRACE AMOUNT.




$$
