000
CDUS41 KALY 250622
CLIGFL


CLIMATE REPORT
NATIONAL WEATHER SERVICE ALBANY NY
220 AM EDT SUN JUN 25 2017


...................................

...THE GLENS FALLS NY CLIMATE SUMMARY FOR JUNE 24 2017...

CLIMATE NORMAL PERIOD 1981 TO 2010
CLIMATE RECORD PERIOD 1949 TO 2017


WEATHER ITEM   OBSERVED TIME   RECORD YEAR NORMAL DEPARTURE LAST
                VALUE   (LST)  VALUE       VALUE  FROM      YEAR
                                                  NORMAL
..................................................................
TEMPERATURE (F)
 YESTERDAY
  MAXIMUM         83    238 PM  91    2013  79      4       81
  MINIMUM         58   1011 PM  37    2007  54      4       49
  AVERAGE         71                        66      5       65

PRECIPITATION (IN)
  YESTERDAY        0.05          1.20 1952   0.11  -0.06     0.00
  MONTH TO DATE    2.73                      2.83  -0.10     2.43
  SINCE JUN 1      2.73                      2.83  -0.10     2.43
  SINCE JAN 1     19.07                     17.32   1.75    14.05

DEGREE DAYS
 HEATING
  YESTERDAY        0                         2     -2        0
  MONTH TO DATE   74                        83     -9       44
  SINCE JUN 1     74                        83     -9       44
  SINCE JUL 1   6391                      7669  -1278     5927

 COOLING
  YESTERDAY        6                         3      3        0
  MONTH TO DATE   82                        48     34       64
  SINCE JUN 1     82                        48     34       64
  SINCE JAN 1    103                        60     43      120
..................................................................


WIND (MPH)
  HIGHEST WIND SPEED    21   HIGHEST WIND DIRECTION    NW (310)
  HIGHEST GUST SPEED    28   HIGHEST GUST DIRECTION    NW (300)
  AVERAGE WIND SPEED     7.7


SKY COVER
  AVERAGE SKY COVER 0.2



RELATIVE HUMIDITY (PERCENT)
 HIGHEST    97           700 AM
 LOWEST     34           200 PM
 AVERAGE    66

..........................................................


THE GLENS FALLS NY CLIMATE NORMALS FOR TODAY
                         NORMAL    RECORD    YEAR
 MAXIMUM TEMPERATURE (F)   79        92      2005
 MINIMUM TEMPERATURE (F)   55        37      1979


SUNRISE AND SUNSET
JUNE 25 2017..........SUNRISE   515 AM EDT   SUNSET   839 PM EDT
JUNE 26 2017..........SUNRISE   516 AM EDT   SUNSET   839 PM EDT


-  INDICATES NEGATIVE NUMBERS.
R  INDICATES RECORD WAS SET OR TIED.
MM INDICATES DATA IS MISSING.
T  INDICATES TRACE AMOUNT.




$$
