000
CDUS41 KALY 030623
CLIGFL


CLIMATE REPORT
NATIONAL WEATHER SERVICE ALBANY NY
123 AM EST SAT DEC 3 2016


...................................

...THE GLENS FALLS NY CLIMATE SUMMARY FOR DECEMBER 2 2016...

CLIMATE NORMAL PERIOD 1981 TO 2010
CLIMATE RECORD PERIOD 1949 TO 2016


WEATHER ITEM   OBSERVED TIME   RECORD YEAR NORMAL DEPARTURE LAST
                VALUE   (LST)  VALUE       VALUE  FROM      YEAR
                                                  NORMAL
..................................................................
TEMPERATURE (F)
 YESTERDAY
  MAXIMUM         48    233 PM  62    1998  39      9       44
  MINIMUM         36   1158 PM   2    1989  22     14       35
  AVERAGE         42                        31     11       40

PRECIPITATION (IN)
  YESTERDAY        T             1.35 1996   0.11  -0.11     0.39
  MONTH TO DATE    0.42                      0.22   0.20     0.75
  SINCE DEC 1      0.42                      0.22   0.20     0.75
  SINCE JAN 1     28.72                     36.23  -7.51    27.72

DEGREE DAYS
 HEATING
  YESTERDAY       23                        34    -11       25
  MONTH TO DATE   42                        68    -26       62
  SINCE DEC 1     42                        68    -26       62
  SINCE JUL 1   1358                      1766   -408     1353

 COOLING
  YESTERDAY        0                         0      0        0
  MONTH TO DATE    0                         0      0        0
  SINCE DEC 1      0                         0      0        0
  SINCE JAN 1    643                       352    291      596
..................................................................


WIND (MPH)
  HIGHEST WIND SPEED    17   HIGHEST WIND DIRECTION    SW (240)
  HIGHEST GUST SPEED    26   HIGHEST GUST DIRECTION    SW (220)
  AVERAGE WIND SPEED     8.2


SKY COVER
  AVERAGE SKY COVER 0.9



RELATIVE HUMIDITY (PERCENT)
 HIGHEST    70           700 AM
 LOWEST     50           200 PM
 AVERAGE    60

..........................................................


THE GLENS FALLS NY CLIMATE NORMALS FOR TODAY
                         NORMAL    RECORD    YEAR
 MAXIMUM TEMPERATURE (F)   39        58      2009
 MINIMUM TEMPERATURE (F)   22       -16      1976


SUNRISE AND SUNSET
DECEMBER  3 2016......SUNRISE   710 AM EST   SUNSET   419 PM EST
DECEMBER  4 2016......SUNRISE   711 AM EST   SUNSET   419 PM EST


-  INDICATES NEGATIVE NUMBERS.
R  INDICATES RECORD WAS SET OR TIED.
MM INDICATES DATA IS MISSING.
T  INDICATES TRACE AMOUNT.




$$
