000
CDUS41 KALY 290621
CLIGFL


CLIMATE REPORT
NATIONAL WEATHER SERVICE ALBANY NY
221 AM EDT FRI AUG 29 2014


...................................

...THE GLENS FALLS NY CLIMATE SUMMARY FOR AUGUST 28 2014...

CLIMATE NORMAL PERIOD 1981 TO 2010
CLIMATE RECORD PERIOD 1949 TO 2014


WEATHER ITEM   OBSERVED TIME   RECORD YEAR NORMAL DEPARTURE LAST
                VALUE   (LST)  VALUE       VALUE  FROM      YEAR
                                                  NORMAL
..................................................................
TEMPERATURE (F)
 YESTERDAY
  MAXIMUM         75    152 PM  92    1977  77     -2       86
  MINIMUM         56    453 AM  39    1957  53      3       61
  AVERAGE         66                        65      1       74

PRECIPITATION (IN)
  YESTERDAY        0.00          3.67 2011   0.10  -0.10     0.00
  MONTH TO DATE    2.20                      3.38  -1.18     2.07
  SINCE JUN 1     12.30                     11.02   1.28    12.49
  SINCE JAN 1     25.41                     25.51  -0.10    24.42

DEGREE DAYS
 HEATING
  YESTERDAY        0                         2     -2        0
  MONTH TO DATE   13                        36    -23       33
  SINCE JUN 1     46                       147   -101      127
  SINCE JUL 1     14                        57    -43       38

 COOLING
  YESTERDAY        1                         2     -1        9
  MONTH TO DATE   78                        98    -20       73
  SINCE JUN 1    311                       306      5      436
  SINCE JAN 1    331                       318     13      469
..................................................................


WIND (MPH)
  HIGHEST WIND SPEED    18   HIGHEST WIND DIRECTION    NW (320)
  HIGHEST GUST SPEED    24   HIGHEST GUST DIRECTION    NW (330)
  AVERAGE WIND SPEED     7.5


SKY COVER
  AVERAGE SKY COVER 0.5



RELATIVE HUMIDITY (PERCENT)
 HIGHEST   100           500 AM
 LOWEST     41           200 PM
 AVERAGE    71

..........................................................


THE GLENS FALLS NY CLIMATE NORMALS FOR TODAY
                         NORMAL    RECORD    YEAR
 MAXIMUM TEMPERATURE (F)   77        93      1977
 MINIMUM TEMPERATURE (F)   53        31      1982


SUNRISE AND SUNSET
AUGUST 29 2014........SUNRISE   615 AM EDT   SUNSET   735 PM EDT
AUGUST 30 2014........SUNRISE   616 AM EDT   SUNSET   733 PM EDT


-  INDICATES NEGATIVE NUMBERS.
R  INDICATES RECORD WAS SET OR TIED.
MM INDICATES DATA IS MISSING.
T  INDICATES TRACE AMOUNT.




$$
