000
CDUS41 KALY 300622
CLIGFL


CLIMATE REPORT
NATIONAL WEATHER SERVICE ALBANY NY
222 AM EDT SAT JUL 30 2016


...................................

...THE GLENS FALLS NY CLIMATE SUMMARY FOR JULY 29 2016...

CLIMATE NORMAL PERIOD 1981 TO 2010
CLIMATE RECORD PERIOD 1949 TO 2016


WEATHER ITEM   OBSERVED TIME   RECORD YEAR NORMAL DEPARTURE LAST
                VALUE   (LST)  VALUE       VALUE  FROM      YEAR
                                                  NORMAL
..................................................................
TEMPERATURE (F)
 YESTERDAY
  MAXIMUM         86    338 PM  96    1959  81      5       91
  MINIMUM         63   1143 PM  45    1987  57      6       64
  AVERAGE         75                        69      6       78

PRECIPITATION (IN)
  YESTERDAY        0.00          1.89 1974   0.14  -0.14     0.00
  MONTH TO DATE    3.73                      3.82  -0.09     1.35
  SINCE JUN 1      6.84                      7.37  -0.53     7.57
  SINCE JAN 1     18.46                     21.86  -3.40    14.88

DEGREE DAYS
 HEATING
  YESTERDAY        0                         1     -1        0
  MONTH TO DATE    0                        29    -29       11
  SINCE JUN 1     44                       119    -75       90
  SINCE JUL 1      0                        29    -29       11

 COOLING
  YESTERDAY       10                         5      5       13
  MONTH TO DATE  207                       137     70      161
  SINCE JUN 1    310                       206    104      227
  SINCE JAN 1    366                       218    148      303
..................................................................


WIND (MPH)
  HIGHEST WIND SPEED    15   HIGHEST WIND DIRECTION    NE (50)
  HIGHEST GUST SPEED    25   HIGHEST GUST DIRECTION     N (20)
  AVERAGE WIND SPEED     6.1


SKY COVER
  AVERAGE SKY COVER 0.1



RELATIVE HUMIDITY (PERCENT)
 HIGHEST    93           300 AM
 LOWEST     37           300 PM
 AVERAGE    65

..........................................................


THE GLENS FALLS NY CLIMATE NORMALS FOR TODAY
                         NORMAL    RECORD    YEAR
 MAXIMUM TEMPERATURE (F)   81        94      1949
 MINIMUM TEMPERATURE (F)   57        43      1968


SUNRISE AND SUNSET
JULY 30 2016..........SUNRISE   543 AM EDT   SUNSET   818 PM EDT
JULY 31 2016..........SUNRISE   544 AM EDT   SUNSET   817 PM EDT


-  INDICATES NEGATIVE NUMBERS.
R  INDICATES RECORD WAS SET OR TIED.
MM INDICATES DATA IS MISSING.
T  INDICATES TRACE AMOUNT.




$$
