000
CDUS41 KALY 302052
CLIGFL


CLIMATE REPORT
NATIONAL WEATHER SERVICE ALBANY NY
452 PM EDT TUE AUG 30 2016


...................................

...THE GLENS FALLS NY CLIMATE SUMMARY FOR AUGUST 30 2016...
VALID TODAY AS OF 0400 PM LOCAL TIME.

CLIMATE NORMAL PERIOD 1981 TO 2010
CLIMATE RECORD PERIOD 1949 TO 2016


WEATHER ITEM   OBSERVED TIME   RECORD YEAR NORMAL DEPARTURE LAST
                VALUE   (LST)  VALUE       VALUE  FROM      YEAR
                                                  NORMAL
..................................................................
TEMPERATURE (F)
 TODAY
  MAXIMUM         80    349 PM  95    1973  76      4       80
  MINIMUM         52    556 AM  37    1982  52      0       60
  AVERAGE         66                        64      2       70

PRECIPITATION (IN)
  TODAY            0.00          0.71 1983   0.10  -0.10     0.00
  MONTH TO DATE    2.14                      3.58  -1.44     1.77
  SINCE JUN 1      8.98                     11.22  -2.24    10.21
  SINCE JAN 1     20.60                     25.71  -5.11    17.52

DEGREE DAYS
 HEATING
  TODAY            0                         3     -3        0
  MONTH TO DATE    6                        42    -36        2
  SINCE JUN 1     50                       153   -103       92
  SINCE JUL 1      6                        63    -57       13

 COOLING
  TODAY            1                         2     -1        5
  MONTH TO DATE  208                       102    106      172
  SINCE JUN 1    526                       310    216      415
  SINCE JAN 1    582                       322    260      491
..................................................................


WIND (MPH)
  HIGHEST WIND SPEED    14   HIGHEST WIND DIRECTION     S (170)
  HIGHEST GUST SPEED    17   HIGHEST GUST DIRECTION     S (160)
  AVERAGE WIND SPEED     3.2


SKY COVER
  AVERAGE SKY COVER 0.1



RELATIVE HUMIDITY (PERCENT)
 HIGHEST   100           600 AM
 LOWEST     48           200 PM
 AVERAGE    74

..........................................................


THE GLENS FALLS NY CLIMATE NORMALS FOR TOMORROW
                         NORMAL    RECORD    YEAR
 MAXIMUM TEMPERATURE (F)   76        92      1953
 MINIMUM TEMPERATURE (F)   52        34      1965


SUNRISE AND SUNSET
AUGUST 30 2016........SUNRISE   617 AM EDT   SUNSET   732 PM EDT
AUGUST 31 2016........SUNRISE   618 AM EDT   SUNSET   730 PM EDT


-  INDICATES NEGATIVE NUMBERS.
R  INDICATES RECORD WAS SET OR TIED.
MM INDICATES DATA IS MISSING.
T  INDICATES TRACE AMOUNT.




$$
