000
CDUS44 KSHV 220737
CLIGGG


CLIMATE REPORT
NATIONAL WEATHER SERVICE SHREVEPORT, LA
237 AM CDT MON MAY 22 2017


...................................

...THE LONGVIEW CLIMATE SUMMARY FOR MAY 21 2017...

CLIMATE NORMAL PERIOD 1981 TO 2010
CLIMATE RECORD PERIOD 1902 TO 2017


WEATHER ITEM   OBSERVED TIME   RECORD YEAR NORMAL DEPARTURE LAST
                VALUE   (LST)  VALUE       VALUE  FROM      YEAR
                                                  NORMAL
..................................................................
TEMPERATURE (F)
 YESTERDAY
  MAXIMUM         71    403 PM  97    1918  85    -14       84
  MINIMUM         61    139 PM  48    1931  64     -3       57
  AVERAGE         66                        74     -8       71

PRECIPITATION (IN)
  YESTERDAY        0.68          2.84 1967   0.13   0.55     0.00
  MONTH TO DATE    3.43                      3.22   0.21     1.83
  SINCE DEC 1     25.23                     22.64   2.59    32.18
  SINCE JAN 1     20.43                     18.15   2.28    26.12

SNOWFALL (IN)
  YESTERDAY        0.0
  MONTH TO DATE    0.0
  SINCE MAR 1      0.0
  SINCE JUL 1      0.0
  SNOW DEPTH       0

DEGREE DAYS
 HEATING
  YESTERDAY        0                         0      0        0
  MONTH TO DATE    6                         8     -2       15
  SINCE MAR 1    189                       353   -164      205
  SINCE JUL 1   1290                      2257   -967     1654

 COOLING
  YESTERDAY        1                         9     -8        6
  MONTH TO DATE  137                       150    -13      107
  SINCE MAR 1    375                       261    114      244
  SINCE JAN 1    446                       273    173      250
..................................................................


WIND (MPH)
  HIGHEST WIND SPEED    17   HIGHEST WIND DIRECTION    SW (220)
  HIGHEST GUST SPEED    22   HIGHEST GUST DIRECTION    SW (220)
  AVERAGE WIND SPEED     5.7


SKY COVER
  POSSIBLE SUNSHINE  MM
  AVERAGE SKY COVER 0.6


WEATHER CONDITIONS
 THE FOLLOWING WEATHER WAS RECORDED YESTERDAY.
  THUNDERSTORM
  HEAVY RAIN
  RAIN
  LIGHT RAIN
  FOG


RELATIVE HUMIDITY (PERCENT)
 HIGHEST   100           100 PM
 LOWEST     70           400 PM
 AVERAGE    85

..........................................................


THE LONGVIEW CLIMATE NORMALS FOR TODAY
                         NORMAL    RECORD    YEAR
 MAXIMUM TEMPERATURE (F)   85        96      2005
                                             1939
 MINIMUM TEMPERATURE (F)   64        51      1919


SUNRISE AND SUNSET
MAY 22 2017...........SUNRISE   616 AM CDT   SUNSET   815 PM CDT
MAY 23 2017...........SUNRISE   616 AM CDT   SUNSET   816 PM CDT


-  INDICATES NEGATIVE NUMBERS.
R  INDICATES RECORD WAS SET OR TIED.
MM INDICATES DATA IS MISSING.
T  INDICATES TRACE AMOUNT.




$$
