000
CDUS44 KSHV 182207
CLIGGG


CLIMATE REPORT
NATIONAL WEATHER SERVICE SHREVEPORT, LA
507 PM CDT WED OCT 18 2017


...................................

...THE LONGVIEW CLIMATE SUMMARY FOR OCTOBER 18 2017...
VALID TODAY AS OF 0500 PM LOCAL TIME.

CLIMATE NORMAL PERIOD 1981 TO 2010
CLIMATE RECORD PERIOD 1902 TO 2017


WEATHER ITEM   OBSERVED TIME   RECORD YEAR NORMAL DEPARTURE LAST
                VALUE   (LST)  VALUE       VALUE  FROM      YEAR
                                                  NORMAL
..................................................................
TEMPERATURE (F)
 TODAY
  MAXIMUM         82    259 PM  93    1934  78      4       88
  MINIMUM         43    640 AM  36    1948  53    -10       72
  AVERAGE         63                        65     -2       80

PRECIPITATION (IN)
  TODAY            0.00          2.30 1916   0.17  -0.17     0.00
  MONTH TO DATE    0.26                      2.73  -2.47     0.62
  SINCE DEC 1     40.61                     41.21  -0.60    47.69
  SINCE JAN 1     35.81                     36.72  -0.91    41.63

SNOWFALL (IN)
  TODAY            0.0
  MONTH TO DATE    0.0
  SINCE SEP 1      0.0
  SINCE JUL 1      0.0
  SNOW DEPTH       0

DEGREE DAYS
 HEATING
  TODAY            2                         3     -1        0
  MONTH TO DATE   10                        29    -19        2
  SINCE SEP 1     10                        35    -25        2
  SINCE JUL 1     10                        35    -25        2

 COOLING
  TODAY            0                         3     -3       15
  MONTH TO DATE  155                        81     74      151
  SINCE SEP 1    523                       420    103      573
  SINCE JAN 1   2591                      2360    231     2618
..................................................................


WIND (MPH)
  HIGHEST WIND SPEED    10   HIGHEST WIND DIRECTION    SE (130)
  HIGHEST GUST SPEED    14   HIGHEST GUST DIRECTION    SE (150)
  AVERAGE WIND SPEED     2.1


SKY COVER
  POSSIBLE SUNSHINE  MM
  AVERAGE SKY COVER 0.1


WEATHER CONDITIONS
 THE FOLLOWING WEATHER WAS RECORDED TODAY.
  FOG


RELATIVE HUMIDITY (PERCENT)
 HIGHEST   100           300 AM
 LOWEST     30           200 PM
 AVERAGE    65

..........................................................


THE LONGVIEW CLIMATE NORMALS FOR TOMORROW
                         NORMAL    RECORD    YEAR
 MAXIMUM TEMPERATURE (F)   77        95      1947
 MINIMUM TEMPERATURE (F)   53        30      1967


SUNRISE AND SUNSET
OCTOBER 18 2017.......SUNRISE   725 AM CDT   SUNSET   642 PM CDT
OCTOBER 19 2017.......SUNRISE   726 AM CDT   SUNSET   641 PM CDT


-  INDICATES NEGATIVE NUMBERS.
R  INDICATES RECORD WAS SET OR TIED.
MM INDICATES DATA IS MISSING.
T  INDICATES TRACE AMOUNT.




$$
