000
CDUS44 KSHV 260732
CLIGGG


CLIMATE REPORT
NATIONAL WEATHER SERVICE SHREVEPORT, LA
231 AM CDT MON JUN 26 2017


...................................

...THE LONGVIEW CLIMATE SUMMARY FOR JUNE 25 2017...

CLIMATE NORMAL PERIOD 1981 TO 2010
CLIMATE RECORD PERIOD 1902 TO 2017


WEATHER ITEM   OBSERVED TIME   RECORD YEAR NORMAL DEPARTURE LAST
                VALUE   (LST)  VALUE       VALUE  FROM      YEAR
                                                  NORMAL
..................................................................
TEMPERATURE (F)
 YESTERDAY
  MAXIMUM         84    432 PM 104    1918  92     -8       94
  MINIMUM         68    709 AM  56    1974  72     -4       75
  AVERAGE         76                        82     -6       85

PRECIPITATION (IN)
  YESTERDAY        0.01          1.65 1976   0.17  -0.16     0.00
  MONTH TO DATE    5.16                      4.21   0.95     4.69
  SINCE DEC 1     32.41                     28.43   3.98    39.07
  SINCE JAN 1     27.61                     23.94   3.67    33.01

SNOWFALL (IN)
  YESTERDAY        0.0
  MONTH TO DATE    0.0
  SINCE JUN 1      0.0
  SINCE JUL 1      0.0
  SNOW DEPTH       0

DEGREE DAYS
 HEATING
  YESTERDAY        0                         0      0        0
  MONTH TO DATE    0                         0      0        0
  SINCE JUN 1      0                         0      0        0
  SINCE JUL 1   1291                      2258   -967     1654

 COOLING
  YESTERDAY       11                        17     -6       20
  MONTH TO DATE  364                       355      9      389
  SINCE JUN 1    364                       355      9      389
  SINCE JAN 1    877                       734    143      751
..................................................................


WIND (MPH)
  HIGHEST WIND SPEED    13   HIGHEST WIND DIRECTION    SE (130)
  HIGHEST GUST SPEED    16   HIGHEST GUST DIRECTION    SE (120)
  AVERAGE WIND SPEED     6.3


SKY COVER
  POSSIBLE SUNSHINE  MM
  AVERAGE SKY COVER 0.6


WEATHER CONDITIONS
 THE FOLLOWING WEATHER WAS RECORDED YESTERDAY.
  LIGHT RAIN


RELATIVE HUMIDITY (PERCENT)
 HIGHEST    97           800 AM
 LOWEST     55           600 PM
 AVERAGE    76

..........................................................


THE LONGVIEW CLIMATE NORMALS FOR TODAY
                         NORMAL    RECORD    YEAR
 MAXIMUM TEMPERATURE (F)   92       104      1918
 MINIMUM TEMPERATURE (F)   72        55      1974


SUNRISE AND SUNSET
JUNE 26 2017..........SUNRISE   614 AM CDT   SUNSET   830 PM CDT
JUNE 27 2017..........SUNRISE   614 AM CDT   SUNSET   830 PM CDT


-  INDICATES NEGATIVE NUMBERS.
R  INDICATES RECORD WAS SET OR TIED.
MM INDICATES DATA IS MISSING.
T  INDICATES TRACE AMOUNT.




$$
