000
CDUS44 KSHV 180743
CLIGGG


CLIMATE REPORT
NATIONAL WEATHER SERVICE SHREVEPORT, LA
242 AM CDT FRI AUG 18 2017


...................................

...THE LONGVIEW CLIMATE SUMMARY FOR AUGUST 17 2017...

CLIMATE NORMAL PERIOD 1981 TO 2010
CLIMATE RECORD PERIOD 1902 TO 2017


WEATHER ITEM   OBSERVED TIME   RECORD YEAR NORMAL DEPARTURE LAST
                VALUE   (LST)  VALUE       VALUE  FROM      YEAR
                                                  NORMAL
..................................................................
TEMPERATURE (F)
 YESTERDAY
  MAXIMUM         88    557 PM 110    1909  94     -6       78
  MINIMUM         72    819 AM  54    1992  72      0       72
  AVERAGE         80                        83     -3       75

PRECIPITATION (IN)
  YESTERDAY        0.54          2.20 2016   0.10   0.44     2.20
  MONTH TO DATE    4.84                      1.57   3.27     3.82
  SINCE DEC 1     39.58                     33.69   5.89    44.71
  SINCE JAN 1     34.78                     29.20   5.58    38.65

SNOWFALL (IN)
  YESTERDAY        0.0
  MONTH TO DATE    0.0
  SINCE JUN 1      0.0
  SINCE JUL 1      0.0
  SNOW DEPTH       0

DEGREE DAYS
 HEATING
  YESTERDAY        0                         0      0        0
  MONTH TO DATE    0                         0      0        0
  SINCE JUN 1      0                         0      0        0
  SINCE JUL 1      0                         0      0        0

 COOLING
  YESTERDAY       15                        18     -3       10
  MONTH TO DATE  293                       313    -20      338
  SINCE JUN 1   1336                      1324     12     1456
  SINCE JAN 1   1849                      1703    146     1818
..................................................................


WIND (MPH)
  HIGHEST WIND SPEED    28   HIGHEST WIND DIRECTION     N (340)
  HIGHEST GUST SPEED    33   HIGHEST GUST DIRECTION     N (340)
  AVERAGE WIND SPEED     6.5


SKY COVER
  POSSIBLE SUNSHINE  MM
  AVERAGE SKY COVER 0.4


WEATHER CONDITIONS
 THE FOLLOWING WEATHER WAS RECORDED YESTERDAY.
  THUNDERSTORM
  RAIN
  LIGHT RAIN
  FOG
  HAZE


RELATIVE HUMIDITY (PERCENT)
 HIGHEST   100          1000 AM
 LOWEST     68           400 PM
 AVERAGE    84

..........................................................


THE LONGVIEW CLIMATE NORMALS FOR TODAY
                         NORMAL    RECORD    YEAR
 MAXIMUM TEMPERATURE (F)   94       110      1909
 MINIMUM TEMPERATURE (F)   71        56      1992


SUNRISE AND SUNSET
AUGUST 18 2017........SUNRISE   645 AM CDT   SUNSET   800 PM CDT
AUGUST 19 2017........SUNRISE   646 AM CDT   SUNSET   759 PM CDT


-  INDICATES NEGATIVE NUMBERS.
R  INDICATES RECORD WAS SET OR TIED.
MM INDICATES DATA IS MISSING.
T  INDICATES TRACE AMOUNT.




$$
