000
CDUS44 KSHV 250745
CLIGGG


CLIMATE REPORT
NATIONAL WEATHER SERVICE SHREVEPORT, LA
245 AM CDT MON MAY 25 2015


...................................

...THE LONGVIEW CLIMATE SUMMARY FOR MAY 24 2015...

CLIMATE NORMAL PERIOD 1981 TO 2010
CLIMATE RECORD PERIOD 1902 TO 2015


WEATHER ITEM   OBSERVED TIME   RECORD YEAR NORMAL DEPARTURE LAST
                VALUE   (LST)  VALUE       VALUE  FROM      YEAR
                                                  NORMAL
..................................................................
TEMPERATURE (F)
 YESTERDAY
  MAXIMUM         78    242 PM  99    1936  85     -7       83
  MINIMUM         70   1135 PM  50    1931  64      6       67
  AVERAGE         74                        75     -1       75

PRECIPITATION (IN)
  YESTERDAY        0.44          2.05 1952   0.15   0.29     0.00
  MONTH TO DATE    8.33                      3.66   4.67     5.82
  SINCE DEC 1     33.87                     23.08  10.79    19.01
  SINCE JAN 1     31.57                     18.59  12.98    14.86

SNOWFALL (IN)
  YESTERDAY        0.0
  MONTH TO DATE    0.0
  SINCE MAR 1      0.2
  SINCE JUL 1      3.1
  SNOW DEPTH       0

DEGREE DAYS
 HEATING
  YESTERDAY        0                         0      0        0
  MONTH TO DATE    0                         8     -8       23
  SINCE MAR 1    309                       353    -44      487
  SINCE JUL 1   2282                      2257     25     2611

 COOLING
  YESTERDAY        9                        10     -1       10
  MONTH TO DATE  214                       180     34      172
  SINCE MAR 1    377                       291     86      277
  SINCE JAN 1    377                       303     74      282
..................................................................


WIND (MPH)
  HIGHEST WIND SPEED    26   HIGHEST WIND DIRECTION    SE (150)
  HIGHEST GUST SPEED    32   HIGHEST GUST DIRECTION    SE (150)
  AVERAGE WIND SPEED    10.2


SKY COVER
  POSSIBLE SUNSHINE  MM
  AVERAGE SKY COVER 0.8


WEATHER CONDITIONS
 THE FOLLOWING WEATHER WAS RECORDED YESTERDAY.
  THUNDERSTORM
  HEAVY RAIN
  RAIN
  LIGHT RAIN
  FOG


RELATIVE HUMIDITY (PERCENT)
 HIGHEST    93           800 PM
 LOWEST     74           200 PM
 AVERAGE    84

..........................................................


THE LONGVIEW CLIMATE NORMALS FOR TODAY
                         NORMAL    RECORD    YEAR
 MAXIMUM TEMPERATURE (F)   86        99      1937
 MINIMUM TEMPERATURE (F)   65        50      1967


SUNRISE AND SUNSET
MAY 25 2015...........SUNRISE   615 AM CDT   SUNSET   817 PM CDT
MAY 26 2015...........SUNRISE   615 AM CDT   SUNSET   817 PM CDT


-  INDICATES NEGATIVE NUMBERS.
R  INDICATES RECORD WAS SET OR TIED.
MM INDICATES DATA IS MISSING.
T  INDICATES TRACE AMOUNT.




$$
