000
CDUS44 KSHV 022212
CLIGGG


CLIMATE REPORT
NATIONAL WEATHER SERVICE SHREVEPORT, LA
512 PM CDT MON MAY 2 2016


...................................

...THE LONGVIEW CLIMATE SUMMARY FOR MAY 2 2016...
VALID TODAY AS OF 0500 PM LOCAL TIME.

CLIMATE NORMAL PERIOD 1981 TO 2010
CLIMATE RECORD PERIOD 1902 TO 2016


WEATHER ITEM   OBSERVED TIME   RECORD YEAR NORMAL DEPARTURE LAST
                VALUE   (LST)  VALUE       VALUE  FROM      YEAR
                                                  NORMAL
..................................................................
TEMPERATURE (F)
 TODAY
  MAXIMUM         68    240 PM  92    1938  80    -12       84
  MINIMUM         57    704 AM  41    1909  58     -1       56
  AVERAGE         63                        69     -6       70

PRECIPITATION (IN)
  TODAY            0.41          4.42 1956   0.17   0.24     0.00
  MONTH TO DATE    0.49                      0.34   0.15     0.00
  SINCE DEC 1     30.84                     19.76  11.08    25.54
  SINCE JAN 1     24.78                     15.27   9.51    23.24

DEGREE DAYS
 HEATING
  TODAY            2                         1      1        0
  MONTH TO DATE    2                         2      0        0
  SINCE MAR 1    192                       347   -155      309
  SINCE JUL 1   1641                      2251   -610     2282

 COOLING
  TODAY            0                         5     -5        5
  MONTH TO DATE    7                        10     -3       10
  SINCE MAR 1    144                       121     23      173
  SINCE JAN 1    150                       133     17      173
..................................................................


WIND (MPH)
  HIGHEST WIND SPEED    16   HIGHEST WIND DIRECTION    NW (320)
  HIGHEST GUST SPEED    23   HIGHEST GUST DIRECTION    NW (320)
  AVERAGE WIND SPEED     7.1


SKY COVER
  POSSIBLE SUNSHINE  MM
  AVERAGE SKY COVER 0.9


WEATHER CONDITIONS
 THE FOLLOWING WEATHER WAS RECORDED TODAY.
  THUNDERSTORM
  HEAVY RAIN
  RAIN
  LIGHT RAIN
  FOG
  HAZE


RELATIVE HUMIDITY (PERCENT)
 HIGHEST    86           500 AM
 LOWEST     67           300 AM
 AVERAGE    77

..........................................................


THE LONGVIEW CLIMATE NORMALS FOR TOMORROW
                         NORMAL    RECORD    YEAR
 MAXIMUM TEMPERATURE (F)   81        94      1943
 MINIMUM TEMPERATURE (F)   59        39      1921


SUNRISE AND SUNSET
MAY  2 2016...........SUNRISE   631 AM CDT   SUNSET   801 PM CDT
MAY  3 2016...........SUNRISE   630 AM CDT   SUNSET   802 PM CDT


-  INDICATES NEGATIVE NUMBERS.
R  INDICATES RECORD WAS SET OR TIED.
MM INDICATES DATA IS MISSING.
T  INDICATES TRACE AMOUNT.




$$
