000
CDUS44 KSHV 100914
CLIGGG


CLIMATE REPORT
NATIONAL WEATHER SERVICE SHREVEPORT, LA
250 AM CST SAT DEC 10 2016


...................................

...THE LONGVIEW CLIMATE SUMMARY FOR DECEMBER 9 2016...

CLIMATE NORMAL PERIOD 1981 TO 2010
CLIMATE RECORD PERIOD 1902 TO 2016


WEATHER ITEM   OBSERVED TIME   RECORD YEAR NORMAL DEPARTURE LAST
                VALUE   (LST)  VALUE       VALUE  FROM      YEAR
                                                  NORMAL
..................................................................
TEMPERATURE (F)
 YESTERDAY
  MAXIMUM         45    213 PM  83    1939  59    -14       72
  MINIMUM         27    711 AM  17    2005  38    -11       44
  AVERAGE         36                        49    -13       58

PRECIPITATION (IN)
  YESTERDAY        0.00          1.69 1986   0.16  -0.16     0.00
  MONTH TO DATE    2.70                      1.46   1.24     0.00
  SINCE DEC 1      2.70                      1.46   1.24     0.00
  SINCE JAN 1     47.32                     44.52   2.80    61.95

SNOWFALL (IN)
  YESTERDAY        0.0
  MONTH TO DATE    0.0
  SINCE DEC 1      0.0
  SINCE JUL 1      0.0
  SNOW DEPTH       0

DEGREE DAYS
 HEATING
  YESTERDAY       29                        16     13        7
  MONTH TO DATE  163                       139     24      137
  SINCE DEC 1    163                       139     24      137
  SINCE JUL 1    323                       511   -188      337

 COOLING
  YESTERDAY        0                         0      0        0
  MONTH TO DATE    0                         0      0        0
  SINCE DEC 1      0                         0      0        0
  SINCE JAN 1   2729                      2417    312     2845
..................................................................


WIND (MPH)
  HIGHEST WIND SPEED    13   HIGHEST WIND DIRECTION    NE (60)
  HIGHEST GUST SPEED    17   HIGHEST GUST DIRECTION     E (80)
  AVERAGE WIND SPEED     4.2


SKY COVER
  POSSIBLE SUNSHINE  MM
  AVERAGE SKY COVER 0.4


WEATHER CONDITIONS
 THE FOLLOWING WEATHER WAS RECORDED YESTERDAY.
  NO SIGNIFICANT WEATHER WAS OBSERVED.


RELATIVE HUMIDITY (PERCENT)
 HIGHEST    85          1100 PM
 LOWEST     37           200 PM
 AVERAGE    61

..........................................................


THE LONGVIEW CLIMATE NORMALS FOR TODAY
                         NORMAL    RECORD    YEAR
 MAXIMUM TEMPERATURE (F)   59        83      1939
 MINIMUM TEMPERATURE (F)   38        20      1917


SUNRISE AND SUNSET
DECEMBER 10 2016......SUNRISE   710 AM CST   SUNSET   514 PM CST
DECEMBER 11 2016......SUNRISE   710 AM CST   SUNSET   514 PM CST


-  INDICATES NEGATIVE NUMBERS.
R  INDICATES RECORD WAS SET OR TIED.
MM INDICATES DATA IS MISSING.
T  INDICATES TRACE AMOUNT.




$$
