000
CDUS44 KSHV 162247
CLIGGG


CLIMATE REPORT
NATIONAL WEATHER SERVICE SHREVEPORT, LA
447 PM CST SAT DEC 16 2017


...................................

...THE LONGVIEW CLIMATE SUMMARY FOR DECEMBER 16 2017...
VALID TODAY AS OF 0400 PM LOCAL TIME.

CLIMATE NORMAL PERIOD 1981 TO 2010
CLIMATE RECORD PERIOD 1902 TO 2017


WEATHER ITEM   OBSERVED TIME   RECORD YEAR NORMAL DEPARTURE LAST
                VALUE   (LST)  VALUE       VALUE  FROM      YEAR
                                                  NORMAL
..................................................................
TEMPERATURE (F)
 TODAY
  MAXIMUM         58   1211 PM  83    1908  58      0       72
  MINIMUM         32    335 AM  17    1955  37     -5       39
  AVERAGE         45                        48     -3       56

PRECIPITATION (IN)
  TODAY            T             3.73 1906   0.15  -0.15      T
  MONTH TO DATE    0.51                      2.50  -1.99     2.70
  SINCE DEC 1      0.51                      2.50  -1.99     2.70
  SINCE JAN 1     40.01                     45.56  -5.55    47.32

SNOWFALL (IN)
  TODAY           MM
  MONTH TO DATE    0.0
  SINCE DEC 1      0.0
  SINCE JUL 1      0.0
  SNOW DEPTH       0

DEGREE DAYS
 HEATING
  TODAY           20                        18      2        9
  MONTH TO DATE  236                       259    -23      251
  SINCE DEC 1    236                       259    -23      251
  SINCE JUL 1    516                       631   -115      411

 COOLING
  TODAY            0                         0      0        0
  MONTH TO DATE    4                         0      4        0
  SINCE DEC 1      4                         0      4        0
  SINCE JAN 1   2703                      2417    286     2729
..................................................................


WIND (MPH)
  HIGHEST WIND SPEED    16   HIGHEST WIND DIRECTION     S (190)
  HIGHEST GUST SPEED    20   HIGHEST GUST DIRECTION     S (170)
  AVERAGE WIND SPEED     6.5


SKY COVER
  POSSIBLE SUNSHINE  MM
  AVERAGE SKY COVER 0.2


WEATHER CONDITIONS
 THE FOLLOWING WEATHER WAS RECORDED TODAY.
  NO SIGNIFICANT WEATHER WAS OBSERVED.


RELATIVE HUMIDITY (PERCENT)
 HIGHEST    92          1200 AM
 LOWEST     40          1200 PM
 AVERAGE    66

..........................................................


THE LONGVIEW CLIMATE NORMALS FOR TOMORROW
                         NORMAL    RECORD    YEAR
 MAXIMUM TEMPERATURE (F)   58        80      2016
                                             1924
 MINIMUM TEMPERATURE (F)   37        20      1926


SUNRISE AND SUNSET
DECEMBER 16 2017......SUNRISE   714 AM CST   SUNSET   516 PM CST
DECEMBER 17 2017......SUNRISE   714 AM CST   SUNSET   516 PM CST


-  INDICATES NEGATIVE NUMBERS.
R  INDICATES RECORD WAS SET OR TIED.
MM INDICATES DATA IS MISSING.
T  INDICATES TRACE AMOUNT.




$$
