000
CDUS45 KGGW 200019
CLIGGW


CLIMATE REPORT
NATIONAL WEATHER SERVICE GLASGOW MT
518 PM MST MON FEB 19 2018


...................................

...THE GLASGOW MT CLIMATE SUMMARY FOR FEBRUARY 19 2018...
VALID TODAY AS OF 0500 PM LOCAL TIME.

CLIMATE NORMAL PERIOD 1981 TO 2010
CLIMATE RECORD PERIOD 1893 TO 2018


WEATHER ITEM   OBSERVED TIME   RECORD YEAR NORMAL DEPARTURE LAST
                VALUE   (LST)  VALUE       VALUE  FROM      YEAR
                                                  NORMAL
..................................................................
TEMPERATURE (F)
 TODAY
  MAXIMUM          1    356 PM  62    1995  30    -29       36
  MINIMUM         -8    806 AM -33    1918  11    -19       25
  AVERAGE         -3                        20    -23       31

PRECIPITATION (IN)
  TODAY            0.03          0.09 1968   0.01   0.02     0.00
  MONTH TO DATE    0.76                      0.16   0.60     0.27
  SINCE OCT 1      2.93                      2.08   0.85     4.27
  SINCE JAN 1      1.13                      0.53   0.60     0.74

SNOWFALL (IN)
  TODAY            0.3           1.9  1986   0.1    0.2      0.0
  MONTH TO DATE   16.3                       2.9   13.4      7.0
  SINCE DEC 1     36.6                      18.9   17.7     28.9
  SINCE JUL 1     38.2                      25.5   12.7     29.3
  SNOW DEPTH       6

DEGREE DAYS
 HEATING
  TODAY           68                        45     23       34
  MONTH TO DATE 1246                       898    348      830
  SINCE DEC 1   4392                      3994    398     4144
  SINCE JUL 1   6327                      5987    340     5763

 COOLING
  TODAY            0                         0      0        0
  MONTH TO DATE    0                         0      0        0
  SINCE DEC 1      0                         0      0        0
  SINCE JAN 1      0                         0      0        0
..................................................................


WIND (MPH)
  HIGHEST WIND SPEED    10   HIGHEST WIND DIRECTION     N (340)
  HIGHEST GUST SPEED    12   HIGHEST GUST DIRECTION     N (340)
  AVERAGE WIND SPEED     6.3


SKY COVER
  POSSIBLE SUNSHINE  MM
  AVERAGE SKY COVER 0.7


WEATHER CONDITIONS
 THE FOLLOWING WEATHER WAS RECORDED TODAY.
  LIGHT SNOW
  HAZE


RELATIVE HUMIDITY (PERCENT)
 HIGHEST    79           100 AM
 LOWEST     69           400 PM
 AVERAGE    74

..........................................................


THE GLASGOW MT CLIMATE NORMALS FOR TOMORROW
                         NORMAL    RECORD    YEAR
 MAXIMUM TEMPERATURE (F)   31        62      1995
 MINIMUM TEMPERATURE (F)   11       -45      1918


SUNRISE AND SUNSET
FEBRUARY 19 2018......SUNRISE   706 AM MST   SUNSET   535 PM MST
FEBRUARY 20 2018......SUNRISE   704 AM MST   SUNSET   537 PM MST


-  INDICATES NEGATIVE NUMBERS.
R  INDICATES RECORD WAS SET OR TIED.
MM INDICATES DATA IS MISSING.
T  INDICATES TRACE AMOUNT.

SNOW DEPTH TAKEN AT 12Z (5 AM MST)


$$
