000
CDUS45 KGGW 210750
CLIGGW


CLIMATE REPORT
NATIONAL WEATHER SERVICE GLASGOW MT
149 AM MDT THU AUG 21 2014


...................................

...THE GLASGOW MT CLIMATE SUMMARY FOR AUGUST 20 2014...

CLIMATE NORMAL PERIOD 1981 TO 2010
CLIMATE RECORD PERIOD 1893 TO 2014


WEATHER ITEM   OBSERVED TIME   RECORD YEAR NORMAL DEPARTURE LAST
                VALUE   (LST)  VALUE       VALUE  FROM      YEAR
                                                  NORMAL
..................................................................
TEMPERATURE (F)
 YESTERDAY
  MAXIMUM         80    531 PM 101    1942  84     -4       89
  MINIMUM         62    533 AM  37    1902  55      7       57
  AVERAGE         71                        70      1       73

PRECIPITATION (IN)
  YESTERDAY        T             1.59 1966   0.04  -0.04     0.00
  MONTH TO DATE    1.20                      0.85   0.35     0.15
  SINCE OCT 1      8.88                     10.33  -1.45    14.76
  SINCE JAN 1      7.43                      8.78  -1.35    12.56

SNOWFALL (IN)
  YESTERDAY        0.0           0.0  2002   0.0    0.0      0.0
                                      2001
                                      2000
  MONTH TO DATE    0.0                       0.0    0.0      0.0
  SINCE JUN 1      0.0                       0.0    0.0      0.0
  SINCE JUL 1      0.0                       0.0    0.0      0.0
  SNOW DEPTH       0

DEGREE DAYS
 HEATING
  YESTERDAY        0                         1     -1        0
  MONTH TO DATE    0                        12    -12        5
  SINCE JUN 1    112                       135    -23       99
  SINCE JUL 1      4                        30    -26       15

 COOLING
  YESTERDAY        6                         6      0        8
  MONTH TO DATE  186                       147     39      117
  SINCE JUN 1    423                       429     -6      338
  SINCE JAN 1    457                       446     11      347
..................................................................


WIND (MPH)
  HIGHEST WIND SPEED    21   HIGHEST WIND DIRECTION    NW (310)
  HIGHEST GUST SPEED    27   HIGHEST GUST DIRECTION    NW (300)
  AVERAGE WIND SPEED     8.8


SKY COVER
  POSSIBLE SUNSHINE  MM
  AVERAGE SKY COVER 0.1


WEATHER CONDITIONS
 THE FOLLOWING WEATHER WAS RECORDED YESTERDAY.
  LIGHT RAIN


RELATIVE HUMIDITY (PERCENT)
 HIGHEST    78          1100 PM
 LOWEST     39           500 PM
 AVERAGE    59

..........................................................


THE GLASGOW MT CLIMATE NORMALS FOR TODAY
                         NORMAL    RECORD    YEAR
 MAXIMUM TEMPERATURE (F)   84       102      1969
 MINIMUM TEMPERATURE (F)   55        34      1904


SUNRISE AND SUNSET
AUGUST 21 2014........SUNRISE   609 AM MDT   SUNSET   809 PM MDT
AUGUST 22 2014........SUNRISE   611 AM MDT   SUNSET   807 PM MDT


-  INDICATES NEGATIVE NUMBERS.
R  INDICATES RECORD WAS SET OR TIED.
MM INDICATES DATA IS MISSING.
T  INDICATES TRACE AMOUNT.




$$
