000
CDUS45 KGGW 260016
CLIGGW


CLIMATE REPORT
NATIONAL WEATHER SERVICE GLASGOW MT
515 PM MST SUN JAN 25 2015


...................................

...THE GLASGOW MT CLIMATE SUMMARY FOR JANUARY 25 2015...
VALID TODAY AS OF 0500 PM LOCAL TIME.

CLIMATE NORMAL PERIOD 1981 TO 2010
CLIMATE RECORD PERIOD 1893 TO 2015


WEATHER ITEM   OBSERVED TIME   RECORD YEAR NORMAL DEPARTURE LAST
                VALUE   (LST)  VALUE       VALUE  FROM      YEAR
                                                  NORMAL
..................................................................
TEMPERATURE (F)
 TODAY
  MAXIMUM         50R       MM  50    2014  24     26       50
                                      2012
  MINIMUM         28        MM -48    1943   5     23       31
  AVERAGE         39                        14     25       41

PRECIPITATION (IN)
  TODAY            0.00          0.61 1916   0.01  -0.01     0.00
  MONTH TO DATE    0.63                      0.32   0.31     0.06
  SINCE OCT 1      1.89                      1.87   0.02     1.51
  SINCE JAN 1      0.63                      0.32   0.31     0.06

SNOWFALL (IN)
  TODAY            0.0           7.0  1916   0.2   -0.2      0.0
  MONTH TO DATE   16.1                       6.8    9.3      0.4
  SINCE DEC 1     16.3                      14.8    1.5     15.5
  SINCE JUL 1     27.7                      21.4    6.3     19.2
  SNOW DEPTH       0  (12Z / 5 AM MST)

DEGREE DAYS
 HEATING
  TODAY           26                        51    -25       24
  MONTH TO DATE 1201                      1290    -89     1106
  SINCE DEC 1   2516                      2799   -283     2885
  SINCE JUL 1   4601                      4792   -191     4796

 COOLING
  TODAY            0                         0      0        0
  MONTH TO DATE    0                         0      0        0
  SINCE DEC 1      0                         0      0        0
  SINCE JAN 1      0                         0      0        0
..................................................................


WIND (MPH)
  HIGHEST WIND SPEED    10   HIGHEST WIND DIRECTION    SE (120)
  HIGHEST GUST SPEED    MM   HIGHEST GUST DIRECTION    MM
  AVERAGE WIND SPEED     7.2


SKY COVER
  POSSIBLE SUNSHINE  MM
  AVERAGE SKY COVER 0.1


WEATHER CONDITIONS
 THE FOLLOWING WEATHER WAS RECORDED TODAY.
  NO SIGNIFICANT WEATHER WAS OBSERVED.


RELATIVE HUMIDITY (PERCENT)
 HIGHEST    85           300 AM
 LOWEST     60           200 PM
 AVERAGE    73

..........................................................


THE GLASGOW MT CLIMATE NORMALS FOR TOMORROW
                         NORMAL    RECORD    YEAR
 MAXIMUM TEMPERATURE (F)   24        48      1942
 MINIMUM TEMPERATURE (F)    5       -50      1950


SUNRISE AND SUNSET
JANUARY 25 2015.......SUNRISE   743 AM MST   SUNSET   455 PM MST
JANUARY 26 2015.......SUNRISE   742 AM MST   SUNSET   456 PM MST


-  INDICATES NEGATIVE NUMBERS.
R  INDICATES RECORD WAS SET OR TIED.
MM INDICATES DATA IS MISSING.
T  INDICATES TRACE AMOUNT.




$$
