000
CDUS45 KGGW 200740
CLIGGW


CLIMATE REPORT
NATIONAL WEATHER SERVICE GLASGOW MT
140 AM MDT SUN APR 20 2014


...................................

...THE GLASGOW MT CLIMATE SUMMARY FOR APRIL 19 2014...

CLIMATE NORMAL PERIOD 1981 TO 2010
CLIMATE RECORD PERIOD 1893 TO 2014


WEATHER ITEM   OBSERVED TIME   RECORD YEAR NORMAL DEPARTURE LAST
                VALUE   (LST)  VALUE       VALUE  FROM      YEAR
                                                  NORMAL
..................................................................
TEMPERATURE (F)
 YESTERDAY
  MAXIMUM         63    330 PM  87    1952  60      3       43
  MINIMUM         36    550 AM  11    1966  33      3       26
                                      1951
  AVERAGE         50                        46      4       35

PRECIPITATION (IN)
  YESTERDAY        T             0.65 1955   0.03  -0.03     0.02
  MONTH TO DATE    0.19                      0.45  -0.26     1.09
  SINCE OCT 1      2.70                      3.05  -0.35     4.95
  SINCE JAN 1      1.25                      1.50  -0.25     2.75

SNOWFALL (IN)
  YESTERDAY        0.0           3.8  1951   0.0    0.0      0.1
  MONTH TO DATE    0.0                       1.4   -1.4     11.7
  SINCE MAR 1      6.6                       6.1    0.5     25.0
  SINCE JUL 1     30.4                      33.1   -2.7     62.3
  SNOW DEPTH       0  (12Z / 6 AM MDT)

DEGREE DAYS
 HEATING
  YESTERDAY       15                        19     -4       30
  MONTH TO DATE  482                       419     63      572
  SINCE MAR 1   1636                      1453    183     1828
  SINCE JUL 1   8284                      7823    461     8035

 COOLING
  YESTERDAY        0                         0      0        0
  MONTH TO DATE    0                         0      0        0
  SINCE MAR 1      0                         0      0        0
  SINCE JAN 1      0                         0      0        0
..................................................................


WIND (MPH)
  HIGHEST WIND SPEED    29   HIGHEST WIND DIRECTION     W (280)
  HIGHEST GUST SPEED    39   HIGHEST GUST DIRECTION     W (280)
  AVERAGE WIND SPEED    13.9


SKY COVER
  POSSIBLE SUNSHINE  MM
  AVERAGE SKY COVER 0.5


WEATHER CONDITIONS
 THE FOLLOWING WEATHER WAS RECORDED YESTERDAY.
  LIGHT RAIN


RELATIVE HUMIDITY (PERCENT)
 HIGHEST    85           200 AM
 LOWEST     27           300 PM
 AVERAGE    56

..........................................................


THE GLASGOW MT CLIMATE NORMALS FOR TODAY
                         NORMAL    RECORD    YEAR
 MAXIMUM TEMPERATURE (F)   60        91      1980
 MINIMUM TEMPERATURE (F)   34        13      1927


SUNRISE AND SUNSET
APRIL 20 2014.........SUNRISE   607 AM MDT   SUNSET   805 PM MDT
APRIL 21 2014.........SUNRISE   605 AM MDT   SUNSET   806 PM MDT


-  INDICATES NEGATIVE NUMBERS.
R  INDICATES RECORD WAS SET OR TIED.
MM INDICATES DATA IS MISSING.
T  INDICATES TRACE AMOUNT.




$$

SNOW DEPTH AT 12Z / 6 AM MDT
