000
CDUS45 KGGW 040740
CLIGGW


CLIMATE REPORT
NATIONAL WEATHER SERVICE GLASGOW MT
1240 AM MST WED MAR 4 2015


...................................

...THE GLASGOW MT CLIMATE SUMMARY FOR MARCH 3 2015...

CLIMATE NORMAL PERIOD 1981 TO 2010
CLIMATE RECORD PERIOD 1893 TO 2015


WEATHER ITEM   OBSERVED TIME   RECORD YEAR NORMAL DEPARTURE LAST
                VALUE   (LST)  VALUE       VALUE  FROM      YEAR
                                                  NORMAL
..................................................................
TEMPERATURE (F)
 YESTERDAY
  MAXIMUM         18    410 PM  63    1987  36    -18       14
  MINIMUM          1   1159 PM -37    1917  15    -14        2
  AVERAGE         10                        25    -15        8

PRECIPITATION (IN)
  YESTERDAY        T             0.24 1912   0.01  -0.01     0.08
  MONTH TO DATE    0.01                      0.03  -0.02     0.15
  SINCE OCT 1      2.33                      2.21   0.12     1.95
  SINCE JAN 1      1.07                      0.66   0.41     0.50

SNOWFALL (IN)
  YESTERDAY        T             3.0  1912   0.2   -0.2      1.2
  MONTH TO DATE    0.2                       0.5   -0.3      2.5
  SINCE MAR 1      0.2                       0.5   -0.3      2.5
  SINCE JUL 1     35.3                      27.5    7.8     26.3
  SNOW DEPTH       0

DEGREE DAYS
 HEATING
  YESTERDAY       55                        40     15       57
  MONTH TO DATE  138                       121     17      207
  SINCE MAR 1    138                       121     17      207
  SINCE JUL 1   6222                      6491   -269     6855

 COOLING
  YESTERDAY        0                         0      0        0
  MONTH TO DATE    0                         0      0        0
  SINCE MAR 1      0                         0      0        0
  SINCE JAN 1      0                         0      0        0
..................................................................


WIND (MPH)
  HIGHEST WIND SPEED    32   HIGHEST WIND DIRECTION    NW (320)
  HIGHEST GUST SPEED    37   HIGHEST GUST DIRECTION     W (280)
  AVERAGE WIND SPEED    19.7


SKY COVER
  POSSIBLE SUNSHINE  MM
  AVERAGE SKY COVER 0.4


WEATHER CONDITIONS
 THE FOLLOWING WEATHER WAS RECORDED YESTERDAY.
  LIGHT SNOW
  HAZE


RELATIVE HUMIDITY (PERCENT)
 HIGHEST    79           700 AM
 LOWEST     30           400 PM
 AVERAGE    55

..........................................................


THE GLASGOW MT CLIMATE NORMALS FOR TODAY
                         NORMAL    RECORD    YEAR
 MAXIMUM TEMPERATURE (F)   36        66      1987
 MINIMUM TEMPERATURE (F)   16       -28      1917


SUNRISE AND SUNSET
MARCH  4 2015.........SUNRISE   642 AM MST   SUNSET   555 PM MST
MARCH  5 2015.........SUNRISE   640 AM MST   SUNSET   557 PM MST


-  INDICATES NEGATIVE NUMBERS.
R  INDICATES RECORD WAS SET OR TIED.
MM INDICATES DATA IS MISSING.
T  INDICATES TRACE AMOUNT.

$$
