000
CDUS45 KGGW 280742
CLIGGW


CLIMATE REPORT
NATIONAL WEATHER SERVICE GLASGOW MT
141 AM MDT WED SEP 28 2016


...................................

...THE GLASGOW MT CLIMATE SUMMARY FOR SEPTEMBER 27 2016...

CLIMATE NORMAL PERIOD 1981 TO 2010
CLIMATE RECORD PERIOD 1893 TO 2016


WEATHER ITEM   OBSERVED TIME   RECORD YEAR NORMAL DEPARTURE LAST
                VALUE   (LST)  VALUE       VALUE  FROM      YEAR
                                                  NORMAL
..................................................................
TEMPERATURE (F)
 YESTERDAY
  MAXIMUM         86    400 PM  96    1922  66     20       73
  MINIMUM         44    509 AM  15    1928  40      4       45
  AVERAGE         65                        53     12       59

PRECIPITATION (IN)
  YESTERDAY        0.00          0.72 1982   0.03  -0.03     0.00
  MONTH TO DATE    1.67                      0.84   0.83     0.57
  SINCE OCT 1     20.31                     11.56   8.75    11.32
  SINCE JAN 1     17.33                     10.01   7.32    10.06

SNOWFALL (IN)
  YESTERDAY        0.0           T    1985   0.0    0.0      0.0
                                      1972
                                      1965
  MONTH TO DATE    0.0                       0.1   -0.1      0.0
  SINCE SEP 1      0.0                       0.1   -0.1      0.0
  SINCE JUL 1      0.0                       0.1   -0.1      0.0
  SNOW DEPTH       0

DEGREE DAYS
 HEATING
  YESTERDAY        0                        12    -12        6
  MONTH TO DATE  219                       203     16      133
  SINCE SEP 1    219                       203     16      133
  SINCE JUL 1    253                       256     -3      183

 COOLING
  YESTERDAY        0                         0      0        0
  MONTH TO DATE   26                        37    -11       48
  SINCE SEP 1     26                        37    -11       48
  SINCE JAN 1    431                       532   -101      612
..................................................................


WIND (MPH)
  HIGHEST WIND SPEED    18   HIGHEST WIND DIRECTION    NW (320)
  HIGHEST GUST SPEED    27   HIGHEST GUST DIRECTION     W (270)
  AVERAGE WIND SPEED     8.5


SKY COVER
  POSSIBLE SUNSHINE  MM
  AVERAGE SKY COVER 0.0


WEATHER CONDITIONS
 THE FOLLOWING WEATHER WAS RECORDED YESTERDAY.
  NO SIGNIFICANT WEATHER WAS OBSERVED.


RELATIVE HUMIDITY (PERCENT)
 HIGHEST    89           500 AM
 LOWEST     27           200 PM
 AVERAGE    58

..........................................................


THE GLASGOW MT CLIMATE NORMALS FOR TODAY
                         NORMAL    RECORD    YEAR
 MAXIMUM TEMPERATURE (F)   66        90      1897
 MINIMUM TEMPERATURE (F)   39        20      1928


SUNRISE AND SUNSET
SEPTEMBER 28 2016.....SUNRISE   702 AM MDT   SUNSET   651 PM MDT
SEPTEMBER 29 2016.....SUNRISE   704 AM MDT   SUNSET   649 PM MDT


-  INDICATES NEGATIVE NUMBERS.
R  INDICATES RECORD WAS SET OR TIED.
MM INDICATES DATA IS MISSING.
T  INDICATES TRACE AMOUNT.




$$
