000
CDUS45 KGGW 100741
CLIGGW


CLIMATE REPORT
NATIONAL WEATHER SERVICE GLASGOW MT
1240 AM MST SAT DEC 10 2016


...................................

...THE GLASGOW MT CLIMATE SUMMARY FOR DECEMBER 9 2016...

CLIMATE NORMAL PERIOD 1981 TO 2010
CLIMATE RECORD PERIOD 1893 TO 2016


WEATHER ITEM   OBSERVED TIME   RECORD YEAR NORMAL DEPARTURE LAST
                VALUE   (LST)  VALUE       VALUE  FROM      YEAR
                                                  NORMAL
..................................................................
TEMPERATURE (F)
 YESTERDAY
  MAXIMUM          1    400 PM  56    2015  28    -27       56
  MINIMUM         -7   1242 AM -38    1977   8    -15       38
  AVERAGE         -3                        18    -21       47

PRECIPITATION (IN)
  YESTERDAY        T             0.80 1906   0.01  -0.01      T
  MONTH TO DATE    0.09                      0.10  -0.01      T
  SINCE OCT 1      3.26                      1.25   2.01     2.27
  SINCE JAN 1     20.59                     11.36   9.23    12.33

SNOWFALL (IN)
  YESTERDAY        T             8.0  1906   0.2   -0.2      0.0
  MONTH TO DATE    1.7                       1.9   -0.2      0.0
  SINCE DEC 1      1.7                       1.9   -0.2      0.0
  SINCE JUL 1      2.1                       8.5   -6.4      1.0
  SNOW DEPTH       1  (12Z / 5AM MST)

DEGREE DAYS
 HEATING
  YESTERDAY       68                        47     21       18
  MONTH TO DATE  451                       410     41      268
  SINCE DEC 1    451                       410     41      268
  SINCE JUL 1   2070                      2403   -333     1930

 COOLING
  YESTERDAY        0                         0      0        0
  MONTH TO DATE    0                         0      0        0
  SINCE DEC 1      0                         0      0        0
  SINCE JAN 1    434                       533    -99      619
..................................................................


WIND (MPH)
  HIGHEST WIND SPEED    20   HIGHEST WIND DIRECTION     E (110)
  HIGHEST GUST SPEED    24   HIGHEST GUST DIRECTION     E (110)
  AVERAGE WIND SPEED    10.6


SKY COVER
  POSSIBLE SUNSHINE  MM
  AVERAGE SKY COVER 0.6


WEATHER CONDITIONS
 THE FOLLOWING WEATHER WAS RECORDED YESTERDAY.
  NO SIGNIFICANT WEATHER WAS OBSERVED.


RELATIVE HUMIDITY (PERCENT)
 HIGHEST    82           700 AM
 LOWEST     71           700 PM
 AVERAGE    77

..........................................................


THE GLASGOW MT CLIMATE NORMALS FOR TODAY
                         NORMAL    RECORD    YEAR
 MAXIMUM TEMPERATURE (F)   27        57      1987
 MINIMUM TEMPERATURE (F)    8       -37      1927


SUNRISE AND SUNSET
DECEMBER 10 2016......SUNRISE   747 AM MST   SUNSET   412 PM MST
DECEMBER 11 2016......SUNRISE   748 AM MST   SUNSET   412 PM MST


-  INDICATES NEGATIVE NUMBERS.
R  INDICATES RECORD WAS SET OR TIED.
MM INDICATES DATA IS MISSING.
T  INDICATES TRACE AMOUNT.




$$
