000
CDUS45 KGGW 290740
CLIGGW


CLIMATE REPORT
NATIONAL WEATHER SERVICE GLASGOW MT
140 AM MDT WED MAR 29 2017


...................................

...THE GLASGOW MT CLIMATE SUMMARY FOR MARCH 28 2017...

CLIMATE NORMAL PERIOD 1981 TO 2010
CLIMATE RECORD PERIOD 1893 TO 2017


WEATHER ITEM   OBSERVED TIME   RECORD YEAR NORMAL DEPARTURE LAST
                VALUE   (LST)  VALUE       VALUE  FROM      YEAR
                                                  NORMAL
..................................................................
TEMPERATURE (F)
 YESTERDAY
  MAXIMUM         60    412 PM  77    1986  49     11       59
  MINIMUM         32    334 AM -25    1898  26      6       34
  AVERAGE         46                        38      8       47

PRECIPITATION (IN)
  YESTERDAY        0.00          0.50 1899   0.02  -0.02     0.00
  MONTH TO DATE    0.38                      0.37   0.01     0.41
  SINCE OCT 1      4.93                      2.55   2.38     4.00
  SINCE JAN 1      1.40                      1.00   0.40     1.02

SNOWFALL (IN)
  YESTERDAY        0.0           2.1  1934   0.1   -0.1      0.0
  MONTH TO DATE    6.2                       4.3    1.9      2.9
  SINCE MAR 1      6.2                       4.3    1.9      2.9
  SINCE JUL 1     37.7                      31.3    6.4     24.4
  SNOW DEPTH       0

DEGREE DAYS
 HEATING
  YESTERDAY       19                        28     -9       18
  MONTH TO DATE  903                       953    -50      700
  SINCE MAR 1    903                       953    -50      700
  SINCE JUL 1   7010                      7323   -313     6165

 COOLING
  YESTERDAY        0                         0      0        0
  MONTH TO DATE    0                         0      0        0
  SINCE MAR 1      0                         0      0        0
  SINCE JAN 1      0                         0      0        0
..................................................................


WIND (MPH)
  HIGHEST WIND SPEED    14   HIGHEST WIND DIRECTION    SW (240)
  HIGHEST GUST SPEED    20   HIGHEST GUST DIRECTION    SW (240)
  AVERAGE WIND SPEED     6.9


SKY COVER
  POSSIBLE SUNSHINE  MM
  AVERAGE SKY COVER 0.3


WEATHER CONDITIONS
 THE FOLLOWING WEATHER WAS RECORDED YESTERDAY.
  NO SIGNIFICANT WEATHER WAS OBSERVED.


RELATIVE HUMIDITY (PERCENT)
 HIGHEST    92           700 AM
 LOWEST     27           300 PM
 AVERAGE    60

..........................................................


THE GLASGOW MT CLIMATE NORMALS FOR TODAY
                         NORMAL    RECORD    YEAR
 MAXIMUM TEMPERATURE (F)   50        73      2010
 MINIMUM TEMPERATURE (F)   26       -16      1899


SUNRISE AND SUNSET
MARCH 29 2017.........SUNRISE   650 AM MDT   SUNSET   733 PM MDT
MARCH 30 2017.........SUNRISE   648 AM MDT   SUNSET   734 PM MDT


-  INDICATES NEGATIVE NUMBERS.
R  INDICATES RECORD WAS SET OR TIED.
MM INDICATES DATA IS MISSING.
T  INDICATES TRACE AMOUNT.




$$
