000
CDUS45 KGGW 210023
CLIGGW


CLIMATE REPORT
NATIONAL WEATHER SERVICE GLASGOW MT
520 PM MST MON NOV 20 2017


...................................

...THE GLASGOW MT CLIMATE SUMMARY FOR NOVEMBER 20 2017...
VALID TODAY AS OF 0500 PM LOCAL TIME.

CLIMATE NORMAL PERIOD 1981 TO 2010
CLIMATE RECORD PERIOD 1893 TO 2017


WEATHER ITEM   OBSERVED TIME   RECORD YEAR NORMAL DEPARTURE LAST
                VALUE   (LST)  VALUE       VALUE  FROM      YEAR
                                                  NORMAL
..................................................................
TEMPERATURE (F)
 TODAY
  MAXIMUM         50        MM  68    1917  37     13       47
  MINIMUM         31        MM -30    1896  17     14       25
  AVERAGE         41                        27     14       36

PRECIPITATION (IN)
  TODAY            0.00          0.60 1896   0.01  -0.01     0.00
  MONTH TO DATE    0.11                      0.28  -0.17     0.06
  SINCE OCT 1      1.02                      1.03  -0.01     3.17
  SINCE JAN 1      5.86                     11.14  -5.28    20.50

SNOWFALL (IN)
  TODAY            0.0           6.0  1896   0.2   -0.2      0.0
  MONTH TO DATE    0.9                       3.1   -2.2       T
  SINCE SEP 1      1.6                       4.6   -3.0      0.4
  SINCE JUL 1      1.6                       4.6   -3.0      0.4
  SNOW DEPTH       0

DEGREE DAYS
 HEATING
  TODAY           24                        38    -14       29
  MONTH TO DATE  791                       659    132      421
  SINCE SEP 1   1638                      1530    108     1260
  SINCE JUL 1   1645                      1583     62     1294

 COOLING
  TODAY            0                         0      0        0
  MONTH TO DATE    0                         0      0        0
  SINCE SEP 1     54                        38     16       29
  SINCE JAN 1    684                       533    151      434
..................................................................


WIND (MPH)
  HIGHEST WIND SPEED    24   HIGHEST WIND DIRECTION    NW (320)
  HIGHEST GUST SPEED    43   HIGHEST GUST DIRECTION    NW (320)
  AVERAGE WIND SPEED    16.7


SKY COVER
  POSSIBLE SUNSHINE  MM
  AVERAGE SKY COVER 0.7


WEATHER CONDITIONS
 THE FOLLOWING WEATHER WAS RECORDED TODAY.
  NO SIGNIFICANT WEATHER WAS OBSERVED.


RELATIVE HUMIDITY (PERCENT)
 HIGHEST    64          1200 PM
 LOWEST     27           300 AM
 AVERAGE    46

..........................................................


THE GLASGOW MT CLIMATE NORMALS FOR TOMORROW
                         NORMAL    RECORD    YEAR
 MAXIMUM TEMPERATURE (F)   36        67      1917
 MINIMUM TEMPERATURE (F)   16       -26      1896


SUNRISE AND SUNSET
NOVEMBER 20 2017......SUNRISE   721 AM MST   SUNSET   423 PM MST
NOVEMBER 21 2017......SUNRISE   723 AM MST   SUNSET   422 PM MST


-  INDICATES NEGATIVE NUMBERS.
R  INDICATES RECORD WAS SET OR TIED.
MM INDICATES DATA IS MISSING.
T  INDICATES TRACE AMOUNT.




$$
