000
CDUS45 KGGW 111231
CLIGGW


CLIMATE REPORT
NATIONAL WEATHER SERVICE GLASGOW MT
531 AM MST THU FEB 11 2016


...................................

...THE GLASGOW MT CLIMATE SUMMARY FOR FEBRUARY 11 2016...
VALID AS OF 0500 AM LOCAL TIME.

CLIMATE NORMAL PERIOD 1981 TO 2010
CLIMATE RECORD PERIOD 1893 TO 2016


WEATHER ITEM   OBSERVED TIME   RECORD YEAR NORMAL DEPARTURE LAST
                VALUE   (LST)  VALUE       VALUE  FROM      YEAR
                                                  NORMAL
..................................................................
TEMPERATURE (F)
 TODAY
  MINIMUM         29    530 AM -46    1905   8     21        8
                                      1899

PRECIPITATION (IN)
  TODAY            T             0.28 1922   0.01  -0.01      T
  MONTH TO DATE    0.02                      0.09  -0.07     0.22
  SINCE OCT 1      3.34                      2.01   1.33     2.28
  SINCE JAN 1      0.36                      0.46  -0.10     1.02

SNOWFALL (IN)
  TODAY            T             2.8  1922   0.1   -0.1       T
  MONTH TO DATE    0.2                       1.7   -1.5      2.6
  SINCE DEC 1     18.6                      17.7    0.9     23.3
  SINCE JUL 1     19.6                      24.3   -4.7     34.7
  SNOW DEPTH       T  (12Z / 5AM MST)

DEGREE DAYS
 HEATING
  TODAY           35                        47    -12       52
  MONTH TO DATE  408                       531   -123      518
  SINCE DEC 1   3250                      3627   -377     3239
  SINCE JUL 1   4912                      5620   -708     5324

 COOLING
  TODAY            0                         0      0        0
  MONTH TO DATE    0                         0      0        0
  SINCE DEC 1      0                         0      0        0
  SINCE JAN 1      0                         0      0        0
..................................................................





WEATHER CONDITIONS
 THE FOLLOWING WEATHER WAS RECORDED TODAY.
  LIGHT SNOW


RELATIVE HUMIDITY (PERCENT)
 HIGHEST    85          1200 AM

..........................................................


THE GLASGOW MT CLIMATE NORMALS FOR TOMORROW
                         NORMAL    RECORD    YEAR
 MAXIMUM TEMPERATURE (F)   28        62      1924
 MINIMUM TEMPERATURE (F)    8       -55      1905


SUNRISE AND SUNSET
FEBRUARY 11 2016......SUNRISE   721 AM MST   SUNSET   522 PM MST
FEBRUARY 12 2016......SUNRISE   719 AM MST   SUNSET   523 PM MST


-  INDICATES NEGATIVE NUMBERS.
R  INDICATES RECORD WAS SET OR TIED.
MM INDICATES DATA IS MISSING.
T  INDICATES TRACE AMOUNT.




$$
