000
CDUS45 KGJT 300731
CLIGJT


CLIMATE REPORT
NATIONAL WEATHER SERVICE GRAND JUNCTION CO
128 AM MDT SAT MAY 30 2015


...................................

...THE GRAND JUNCTION CO CLIMATE SUMMARY FOR MAY 29 2015...

CLIMATE NORMAL PERIOD 1981 TO 2010
CLIMATE RECORD PERIOD 1893 TO 2015


WEATHER ITEM   OBSERVED TIME   RECORD YEAR NORMAL DEPARTURE LAST
                VALUE   (LST)  VALUE       VALUE  FROM      YEAR
                                                  NORMAL
..................................................................
TEMPERATURE (F)
 YESTERDAY
  MAXIMUM         74    428 PM 101    2000  81     -7       86
  MINIMUM         42    503 AM  34    2006  51     -9       64
  AVERAGE         58                        66     -8       75

PRECIPITATION (IN)
  YESTERDAY        0.00          0.51 1943   0.02  -0.02     0.00
  MONTH TO DATE    1.85                      0.83   1.02     1.48
  SINCE MAR 1      4.24                      2.66   1.58     2.39
  SINCE JAN 1      5.10                      3.78   1.32     3.77

SNOWFALL (IN)
  YESTERDAY        0.0           0.0  2014   0.0    0.0      0.0
  MONTH TO DATE    0.1                       0.1    0.0      0.0
  SINCE MAR 1      4.0                       3.6    0.4       T
  SINCE JUL 1     12.6                      19.1   -6.5     25.7
  SNOW DEPTH       0

DEGREE DAYS
 HEATING
  YESTERDAY        7                         2      5        0
  MONTH TO DATE  227                       150     77      204
  SINCE MAR 1   1182                      1205    -23     1312
  SINCE JUL 1   5167                      5584   -417     6250

 COOLING
  YESTERDAY        0                         3     -3       10
  MONTH TO DATE    2                        41    -39       45
  SINCE MAR 1      2                        44    -42       45
  SINCE JAN 1      2                        44    -42       45
..................................................................


WIND (MPH)
  HIGHEST WIND SPEED    16   HIGHEST WIND DIRECTION     W (270)
  HIGHEST GUST SPEED    23   HIGHEST GUST DIRECTION     W (270)
  AVERAGE WIND SPEED     4.4


SKY COVER
  POSSIBLE SUNSHINE  MM
  AVERAGE SKY COVER 0.0


WEATHER CONDITIONS
 THE FOLLOWING WEATHER WAS RECORDED YESTERDAY.
  NO SIGNIFICANT WEATHER WAS OBSERVED.


RELATIVE HUMIDITY (PERCENT)
 HIGHEST   100           300 AM
 LOWEST     27           200 PM
 AVERAGE    64

..........................................................


THE GRAND JUNCTION CO CLIMATE NORMALS FOR TODAY
                         NORMAL    RECORD    YEAR
 MAXIMUM TEMPERATURE (F)   81        99      2000
 MINIMUM TEMPERATURE (F)   51        34      2004


SUNRISE AND SUNSET
MAY 30 2015...........SUNRISE   551 AM MDT   SUNSET   833 PM MDT
MAY 31 2015...........SUNRISE   551 AM MDT   SUNSET   833 PM MDT


-  INDICATES NEGATIVE NUMBERS.
R  INDICATES RECORD WAS SET OR TIED.
MM INDICATES DATA IS MISSING.
T  INDICATES TRACE AMOUNT.




$$
