000
CDUS45 KGJT 032330
CLIGJT


CLIMATE REPORT
NATIONAL WEATHER SERVICE GRAND JUNCTION CO
527 PM MDT FRI JUL 3 2015


...................................

...THE GRAND JUNCTION CO CLIMATE SUMMARY FOR JULY 3 2015...
VALID TODAY AS OF 0500 PM LOCAL TIME.

CLIMATE NORMAL PERIOD 1981 TO 2010
CLIMATE RECORD PERIOD 1893 TO 2015


WEATHER ITEM   OBSERVED TIME   RECORD YEAR NORMAL DEPARTURE LAST
                VALUE   (LST)  VALUE       VALUE  FROM      YEAR
                                                  NORMAL
..................................................................
TEMPERATURE (F)
 TODAY
  MAXIMUM         98    343 PM 102    2007  93      5       94
  MINIMUM         67    524 AM  48    1921  62      5       63
  AVERAGE         83                        77      6       79

PRECIPITATION (IN)
  TODAY            0.00          0.65 1897   0.01  -0.01      T
  MONTH TO DATE    T                         0.04  -0.04      T
  SINCE JUN 1      1.19                      0.50   0.69     0.13
  SINCE JAN 1      6.29                      4.33   1.96     3.91

SNOWFALL (IN)
  TODAY            0.0           0.0  2014   0.0    0.0      0.0
  MONTH TO DATE    0.0                       0.0    0.0      0.0
  SINCE JUN 1      0.0                       0.0    0.0      0.0
  SINCE JUL 1      0.0                       0.0    0.0      0.0
  SNOW DEPTH       0

DEGREE DAYS
 HEATING
  TODAY            0                         0      0        0
  MONTH TO DATE    0                         0      0        0
  SINCE JUN 1     12                        22    -10       19
  SINCE JUL 1      0                         0      0        0

 COOLING
  TODAY           18                        12      6       14
  MONTH TO DATE   51                        36     15       40
  SINCE JUN 1    341                       267     74      238
  SINCE JAN 1    349                       318     31      297
..................................................................


WIND (MPH)
  HIGHEST WIND SPEED    20   HIGHEST WIND DIRECTION    SE (150)
  HIGHEST GUST SPEED    27   HIGHEST GUST DIRECTION     S (160)
  AVERAGE WIND SPEED    10.2


SKY COVER
  POSSIBLE SUNSHINE  MM
  AVERAGE SKY COVER 0.0


WEATHER CONDITIONS
 THE FOLLOWING WEATHER WAS RECORDED TODAY.
  NO SIGNIFICANT WEATHER WAS OBSERVED.


RELATIVE HUMIDITY (PERCENT)
 HIGHEST    44           400 AM
 LOWEST     17           400 PM
 AVERAGE    31

..........................................................


THE GRAND JUNCTION CO CLIMATE NORMALS FOR TOMORROW
                         NORMAL    RECORD    YEAR
 MAXIMUM TEMPERATURE (F)   93       104      2001
 MINIMUM TEMPERATURE (F)   62        48      1995
                                             1903


SUNRISE AND SUNSET
JULY  3 2015..........SUNRISE   553 AM MDT   SUNSET   844 PM MDT
JULY  4 2015..........SUNRISE   553 AM MDT   SUNSET   844 PM MDT


-  INDICATES NEGATIVE NUMBERS.
R  INDICATES RECORD WAS SET OR TIED.
MM INDICATES DATA IS MISSING.
T  INDICATES TRACE AMOUNT.




$$
