000
CDUS45 KGJT 210735
CLIGJT


CLIMATE REPORT
NATIONAL WEATHER SERVICE GRAND JUNCTION CO
132 AM MDT MON APR 21 2014


...................................

...THE GRAND JUNCTION CO CLIMATE SUMMARY FOR APRIL 20 2014...

CLIMATE NORMAL PERIOD 1981 TO 2010
CLIMATE RECORD PERIOD 1893 TO 2014


WEATHER ITEM   OBSERVED TIME   RECORD YEAR NORMAL DEPARTURE LAST
                VALUE   (LST)  VALUE       VALUE  FROM      YEAR
                                                  NORMAL
..................................................................
TEMPERATURE (F)
 YESTERDAY
  MAXIMUM         73    328 PM  85    1989  67      6       57
  MINIMUM         40    549 AM  25    1967  39      1       41
  AVERAGE         57                        53      4       49

PRECIPITATION (IN)
  YESTERDAY        0.00          0.66 1985   0.03  -0.03      T
  MONTH TO DATE    0.64                      0.63   0.01     1.15
  SINCE MAR 1      0.74                      1.55  -0.81     1.50
  SINCE JAN 1      2.12                      2.67  -0.55     2.50

SNOWFALL (IN)
  YESTERDAY        0.0           1.2  1933   0.0    0.0      0.0
  MONTH TO DATE    T                         0.8   -0.8      4.6
  SINCE MAR 1      T                         3.4   -3.4      4.6
  SINCE JUL 1     25.7                      18.9    6.8     24.6
  SNOW DEPTH       0

DEGREE DAYS
 HEATING
  YESTERDAY        8                        12     -4       16
  MONTH TO DATE  311                       297     14      374
  SINCE MAR 1    963                       950     13     1023
  SINCE JUL 1   5901                      5329    572     5786

 COOLING
  YESTERDAY        0                         0      0        0
  MONTH TO DATE    0                         0      0        0
  SINCE MAR 1      0                         0      0        0
  SINCE JAN 1      0                         0      0        0
..................................................................


WIND (MPH)
  HIGHEST WIND SPEED    28   HIGHEST WIND DIRECTION    NW (320)
  HIGHEST GUST SPEED    32   HIGHEST GUST DIRECTION    NW (310)
  AVERAGE WIND SPEED     7.5


SKY COVER
  POSSIBLE SUNSHINE  MM
  AVERAGE SKY COVER 0.1


WEATHER CONDITIONS
 THE FOLLOWING WEATHER WAS RECORDED YESTERDAY.
  NO SIGNIFICANT WEATHER WAS OBSERVED.


RELATIVE HUMIDITY (PERCENT)
 HIGHEST    92           500 AM
 LOWEST     25           200 PM
 AVERAGE    59

..........................................................


THE GRAND JUNCTION CO CLIMATE NORMALS FOR TODAY
                         NORMAL    RECORD    YEAR
 MAXIMUM TEMPERATURE (F)   67        87      1946
 MINIMUM TEMPERATURE (F)   40        24      1967


SUNRISE AND SUNSET
APRIL 21 2014.........SUNRISE   629 AM MDT   SUNSET   757 PM MDT
APRIL 22 2014.........SUNRISE   627 AM MDT   SUNSET   758 PM MDT


-  INDICATES NEGATIVE NUMBERS.
R  INDICATES RECORD WAS SET OR TIED.
MM INDICATES DATA IS MISSING.
T  INDICATES TRACE AMOUNT.




$$
