000
CDUS45 KGJT 200023
CLIGJT


CLIMATE REPORT
NATIONAL WEATHER SERVICE GRAND JUNCTION CO
522 PM MST MON FEB 19 2018


...................................

...THE GRAND JUNCTION CO CLIMATE SUMMARY FOR FEBRUARY 19 2018...
VALID TODAY AS OF 0500 PM LOCAL TIME.

CLIMATE NORMAL PERIOD 1981 TO 2010
CLIMATE RECORD PERIOD 1893 TO 2018


WEATHER ITEM   OBSERVED TIME   RECORD YEAR NORMAL DEPARTURE LAST
                VALUE   (LST)  VALUE       VALUE  FROM      YEAR
                                                  NORMAL
..................................................................
TEMPERATURE (F)
 TODAY
  MAXIMUM         53   1139 AM  64    1986  47      6       48
  MINIMUM         34    359 PM  -4    1903  25      9       35
  AVERAGE         44                        36      8       42

PRECIPITATION (IN)
  TODAY            T             0.45 1951   0.02  -0.02     0.12
  MONTH TO DATE    0.52                      0.35   0.17     0.34
  SINCE DEC 1      1.32                      1.52  -0.20     2.08
  SINCE JAN 1      1.28                      0.93   0.35     1.35

SNOWFALL (IN)
  TODAY            T             5.3  1951   0.1   -0.1      0.0
  MONTH TO DATE    1.0                       2.4   -1.4      0.0
  SINCE DEC 1      5.4                      12.2   -6.8     11.2
  SINCE JUL 1      5.4                      14.7   -9.3     11.7
  SNOW DEPTH       0

DEGREE DAYS
 HEATING
  TODAY           21                        29     -8       23
  MONTH TO DATE  491                       611   -120      403
  SINCE DEC 1   2552                      2909   -357     2534
  SINCE JUL 1   3666                      4137   -471     3404

 COOLING
  TODAY            0                         0      0        0
  MONTH TO DATE    0                         0      0        0
  SINCE DEC 1      0                         0      0        0
  SINCE JAN 1      0                         0      0        0
..................................................................


WIND (MPH)
  HIGHEST WIND SPEED    37   HIGHEST WIND DIRECTION     S (180)
  HIGHEST GUST SPEED    50   HIGHEST GUST DIRECTION     S (190)
  AVERAGE WIND SPEED    19.8


SKY COVER
  POSSIBLE SUNSHINE  MM
  AVERAGE SKY COVER 0.6


WEATHER CONDITIONS
 THE FOLLOWING WEATHER WAS RECORDED TODAY.
  LIGHT RAIN
  LIGHT SNOW
  FOG


RELATIVE HUMIDITY (PERCENT)
 HIGHEST    70           300 PM
 LOWEST     35          1200 AM
 AVERAGE    53

..........................................................


THE GRAND JUNCTION CO CLIMATE NORMALS FOR TOMORROW
                         NORMAL    RECORD    YEAR
 MAXIMUM TEMPERATURE (F)   48        65      1995
 MINIMUM TEMPERATURE (F)   26        -5      1903


SUNRISE AND SUNSET
FEBRUARY 19 2018......SUNRISE   700 AM MST   SUNSET   556 PM MST
FEBRUARY 20 2018......SUNRISE   659 AM MST   SUNSET   557 PM MST


-  INDICATES NEGATIVE NUMBERS.
R  INDICATES RECORD WAS SET OR TIED.
MM INDICATES DATA IS MISSING.
T  INDICATES TRACE AMOUNT.




$$
