000
CDUS45 KGJT 060747
CLIGJT


CLIMATE REPORT
NATIONAL WEATHER SERVICE GRAND JUNCTION CO
1245 AM MST FRI MAR 6 2015


...................................

...THE GRAND JUNCTION CO CLIMATE SUMMARY FOR MARCH 5 2015...

CLIMATE NORMAL PERIOD 1981 TO 2010
CLIMATE RECORD PERIOD 1893 TO 2015


WEATHER ITEM   OBSERVED TIME   RECORD YEAR NORMAL DEPARTURE LAST
                VALUE   (LST)  VALUE       VALUE  FROM      YEAR
                                                  NORMAL
..................................................................
TEMPERATURE (F)
 YESTERDAY
  MAXIMUM         44    454 PM  70    1910  53     -9       55
  MINIMUM         20    650 AM   5    1939  29     -9       27
  AVERAGE         32                        41     -9       41

PRECIPITATION (IN)
  YESTERDAY        0.00          0.57 1944   0.03  -0.03     0.00
  MONTH TO DATE    0.23                      0.13   0.10     0.03
  SINCE MAR 1      0.23                      0.13   0.10     0.03
  SINCE JAN 1      1.09                      1.25  -0.16     1.41

SNOWFALL (IN)
  YESTERDAY        0.0           3.5  1944   0.1   -0.1      0.0
  MONTH TO DATE    1.9                       0.4    1.5      0.0
  SINCE MAR 1      1.9                       0.4    1.5      0.0
  SINCE JUL 1     10.5                      15.9   -5.4     25.7
  SNOW DEPTH       0

DEGREE DAYS
 HEATING
  YESTERDAY       33                        24      9       24
  MONTH TO DATE  143                       122     21      101
  SINCE MAR 1    143                       122     21      101
  SINCE JUL 1   4128                      4501   -373     5039

 COOLING
  YESTERDAY        0                         0      0        0
  MONTH TO DATE    0                         0      0        0
  SINCE MAR 1      0                         0      0        0
  SINCE JAN 1      0                         0      0        0
..................................................................


WIND (MPH)
  HIGHEST WIND SPEED    15   HIGHEST WIND DIRECTION    SE (130)
  HIGHEST GUST SPEED    19   HIGHEST GUST DIRECTION    SE (120)
  AVERAGE WIND SPEED     5.9


SKY COVER
  POSSIBLE SUNSHINE  MM
  AVERAGE SKY COVER 0.0


WEATHER CONDITIONS
 THE FOLLOWING WEATHER WAS RECORDED YESTERDAY.
  NO SIGNIFICANT WEATHER WAS OBSERVED.


RELATIVE HUMIDITY (PERCENT)
 HIGHEST    75           800 PM
 LOWEST     27          1200 PM
 AVERAGE    51

..........................................................


THE GRAND JUNCTION CO CLIMATE NORMALS FOR TODAY
                         NORMAL    RECORD    YEAR
 MAXIMUM TEMPERATURE (F)   53        72      1934
 MINIMUM TEMPERATURE (F)   30         6      1971


SUNRISE AND SUNSET
MARCH  6 2015.........SUNRISE   640 AM MST   SUNSET   612 PM MST
MARCH  7 2015.........SUNRISE   638 AM MST   SUNSET   613 PM MST


-  INDICATES NEGATIVE NUMBERS.
R  INDICATES RECORD WAS SET OR TIED.
MM INDICATES DATA IS MISSING.
T  INDICATES TRACE AMOUNT.




$$
