000
CDUS45 KGJT 250818
CLIGJT


CLIMATE REPORT
NATIONAL WEATHER SERVICE GRAND JUNCTION CO
1230 AM MST THU DEC 25 2014


...................................

...THE GRAND JUNCTION CO CLIMATE SUMMARY FOR DECEMBER 24 2014...

CLIMATE NORMAL PERIOD 1981 TO 2010
CLIMATE RECORD PERIOD 1893 TO 2014


WEATHER ITEM   OBSERVED TIME   RECORD YEAR NORMAL DEPARTURE LAST
                VALUE   (LST)  VALUE       VALUE  FROM      YEAR
                                                  NORMAL
..................................................................
TEMPERATURE (F)
 YESTERDAY
  MAXIMUM         34    334 PM  64    1955  37     -3       30
  MINIMUM         18    746 AM -16    1924  17      1        9
  AVERAGE         26                        27     -1       20

PRECIPITATION (IN)
  YESTERDAY        0.00          0.27 1962   0.02  -0.02      T
                                      1937
  MONTH TO DATE    0.76                      0.46   0.30     0.96
  SINCE DEC 1      0.76                      0.46   0.30     0.96
  SINCE JAN 1     11.66                      9.29   2.37    12.43

SNOWFALL (IN)
  YESTERDAY        0.0           4.2  1962   0.2   -0.2      0.1
  MONTH TO DATE    0.7                       3.5   -2.8     10.7
  SINCE DEC 1      0.7                       3.5   -2.8     10.7
  SINCE JUL 1      0.7                       6.0   -5.3     15.5
  SNOW DEPTH       0

DEGREE DAYS
 HEATING
  YESTERDAY       39                        38      1       45
  MONTH TO DATE  691                       864   -173     1204
  SINCE DEC 1    691                       864   -173     1204
  SINCE JUL 1   1915                      2092   -177     2543

 COOLING
  YESTERDAY        0                         0      0        0
  MONTH TO DATE    0                         0      0        0
  SINCE DEC 1      0                         0      0        0
  SINCE JAN 1   1046                      1125    -79     1269
..................................................................


WIND (MPH)
  HIGHEST WIND SPEED    14   HIGHEST WIND DIRECTION    SE (140)
  HIGHEST GUST SPEED    17   HIGHEST GUST DIRECTION    SE (140)
  AVERAGE WIND SPEED     5.4


SKY COVER
  POSSIBLE SUNSHINE  MM
  AVERAGE SKY COVER 0.0


WEATHER CONDITIONS
 THE FOLLOWING WEATHER WAS RECORDED YESTERDAY.
  NO SIGNIFICANT WEATHER WAS OBSERVED.


RELATIVE HUMIDITY (PERCENT)
 HIGHEST    85           700 PM
 LOWEST     38           400 PM
 AVERAGE    62

..........................................................


THE GRAND JUNCTION CO CLIMATE NORMALS FOR TODAY
                         NORMAL    RECORD    YEAR
 MAXIMUM TEMPERATURE (F)   37        60      1971
 MINIMUM TEMPERATURE (F)   17       -17      1924


SUNRISE AND SUNSET
DECEMBER 25 2014......SUNRISE   732 AM MST   SUNSET   457 PM MST
DECEMBER 26 2014......SUNRISE   732 AM MST   SUNSET   458 PM MST


-  INDICATES NEGATIVE NUMBERS.
R  INDICATES RECORD WAS SET OR TIED.
MM INDICATES DATA IS MISSING.
T  INDICATES TRACE AMOUNT.




$$
