000
CDUS45 KGJT 220752
CLIGJT


CLIMATE REPORT
NATIONAL WEATHER SERVICE GRAND JUNCTION CO
130 AM MDT MON SEP 22 2014


...................................

...THE GRAND JUNCTION CO CLIMATE SUMMARY FOR SEPTEMBER 21 2014...

CLIMATE NORMAL PERIOD 1981 TO 2010
CLIMATE RECORD PERIOD 1893 TO 2014


WEATHER ITEM   OBSERVED TIME   RECORD YEAR NORMAL DEPARTURE LAST
                VALUE   (LST)  VALUE       VALUE  FROM      YEAR
                                                  NORMAL
..................................................................
TEMPERATURE (F)
 YESTERDAY
  MAXIMUM         80    213 PM  90    1935  78      2       85
  MINIMUM         58    919 PM  32    1895  50      8       57
  AVERAGE         69                        64      5       71

PRECIPITATION (IN)
  YESTERDAY        0.38          1.21 2005   0.04   0.34     0.00
  MONTH TO DATE    0.82                      0.82   0.00     2.37
  SINCE SEP 1      0.82                      0.82   0.00     2.37
  SINCE JAN 1      8.91                      6.67   2.24     8.34

SNOWFALL (IN)
  YESTERDAY        0.0           T    2005   0.0    0.0      0.0
  MONTH TO DATE    0.0                       0.0    0.0      0.0
  SINCE SEP 1      0.0                       0.0    0.0      0.0
  SINCE JUL 1      0.0                       0.0    0.0      0.0
  SNOW DEPTH       0

DEGREE DAYS
 HEATING
  YESTERDAY        0                         3     -3        0
  MONTH TO DATE   10                        30    -20       15
  SINCE SEP 1     10                        30    -20       15
  SINCE JUL 1     15                        33    -18       15

 COOLING
  YESTERDAY        4                         2      2        6
  MONTH TO DATE   90                        92     -2      138
  SINCE SEP 1     90                        92     -2      138
  SINCE JAN 1   1016                      1111    -95     1264
..................................................................


WIND (MPH)
  HIGHEST WIND SPEED    32   HIGHEST WIND DIRECTION    SE (150)
  HIGHEST GUST SPEED    41   HIGHEST GUST DIRECTION    SE (140)
  AVERAGE WIND SPEED    11.3


SKY COVER
  POSSIBLE SUNSHINE  MM
  AVERAGE SKY COVER 0.3


WEATHER CONDITIONS
 THE FOLLOWING WEATHER WAS RECORDED YESTERDAY.
  HEAVY RAIN
  RAIN
  LIGHT RAIN
  FOG


RELATIVE HUMIDITY (PERCENT)
 HIGHEST    93           800 AM
 LOWEST     34           200 AM
 AVERAGE    64

..........................................................


THE GRAND JUNCTION CO CLIMATE NORMALS FOR TODAY
                         NORMAL    RECORD    YEAR
 MAXIMUM TEMPERATURE (F)   77        90      1966
 MINIMUM TEMPERATURE (F)   49        34      2009
                                             1995


SUNRISE AND SUNSET
SEPTEMBER 22 2014.....SUNRISE   702 AM MDT   SUNSET   711 PM MDT
SEPTEMBER 23 2014.....SUNRISE   703 AM MDT   SUNSET   709 PM MDT


-  INDICATES NEGATIVE NUMBERS.
R  INDICATES RECORD WAS SET OR TIED.
MM INDICATES DATA IS MISSING.
T  INDICATES TRACE AMOUNT.




$$
