000
CDUS45 KGJT 202343
CLIGJT


CLIMATE REPORT
NATIONAL WEATHER SERVICE GRAND JUNCTION CO
441 PM MST THU NOV 20 2014


...................................

...THE GRAND JUNCTION CO CLIMATE SUMMARY FOR NOVEMBER 20 2014...
VALID TODAY AS OF 0400 PM LOCAL TIME.

CLIMATE NORMAL PERIOD 1981 TO 2010
CLIMATE RECORD PERIOD 1893 TO 2014


WEATHER ITEM   OBSERVED TIME   RECORD YEAR NORMAL DEPARTURE LAST
                VALUE   (LST)  VALUE       VALUE  FROM      YEAR
                                                  NORMAL
..................................................................
TEMPERATURE (F)
 TODAY
  MAXIMUM         44    329 PM  67    1898  48     -4       48
  MINIMUM         22    700 AM  13    1956  26     -4       29
                                      1906
  AVERAGE         33                        37     -4       39

PRECIPITATION (IN)
  TODAY            0.00          0.23 1931   0.02  -0.02     0.05
  MONTH TO DATE    0.28                      0.51  -0.23     0.11
  SINCE SEP 1      2.70                      2.76  -0.06     4.56
  SINCE JAN 1     10.79                      8.61   2.18    10.53

SNOWFALL (IN)
  TODAY            0.0           3.0  1948   0.1   -0.1      0.0
  MONTH TO DATE    T                         1.1   -1.1      0.2
  SINCE SEP 1      T                         1.5   -1.5      0.3
  SINCE JUL 1      T                         1.5   -1.5      0.3
  SNOW DEPTH       0

DEGREE DAYS
 HEATING
  TODAY           32                        28      4       26
  MONTH TO DATE  554                       470     84      475
  SINCE SEP 1    915                       915      0     1045
  SINCE JUL 1    920                       918      2     1045

 COOLING
  TODAY            0                         0      0        0
  MONTH TO DATE    0                         0      0        0
  SINCE SEP 1    120                       106     14      143
  SINCE JAN 1   1046                      1125    -79     1269
..................................................................


WIND (MPH)
  HIGHEST WIND SPEED    10   HIGHEST WIND DIRECTION     E (110)
  HIGHEST GUST SPEED    11   HIGHEST GUST DIRECTION     E (110)
  AVERAGE WIND SPEED     4.6


SKY COVER
  POSSIBLE SUNSHINE  MM
  AVERAGE SKY COVER 0.3


WEATHER CONDITIONS
 THE FOLLOWING WEATHER WAS RECORDED TODAY.
  NO SIGNIFICANT WEATHER WAS OBSERVED.


RELATIVE HUMIDITY (PERCENT)
 HIGHEST    68           700 AM
 LOWEST     29           200 PM
 AVERAGE    49

..........................................................


THE GRAND JUNCTION CO CLIMATE NORMALS FOR TOMORROW
                         NORMAL    RECORD    YEAR
 MAXIMUM TEMPERATURE (F)   47        67      1966
                                             1905
 MINIMUM TEMPERATURE (F)   25         9      1956


SUNRISE AND SUNSET
NOVEMBER 20 2014......SUNRISE   703 AM MST   SUNSET   456 PM MST
NOVEMBER 21 2014......SUNRISE   704 AM MST   SUNSET   456 PM MST


-  INDICATES NEGATIVE NUMBERS.
R  INDICATES RECORD WAS SET OR TIED.
MM INDICATES DATA IS MISSING.
T  INDICATES TRACE AMOUNT.




$$
