000
CDUS45 KGJT 300746
CLIGJT


CLIMATE REPORT
NATIONAL WEATHER SERVICE GRAND JUNCTION CO
130 AM MDT TUE SEP 30 2014


...................................

...THE GRAND JUNCTION CO CLIMATE SUMMARY FOR SEPTEMBER 29 2014...

CLIMATE NORMAL PERIOD 1981 TO 2010
CLIMATE RECORD PERIOD 1893 TO 2014


WEATHER ITEM   OBSERVED TIME   RECORD YEAR NORMAL DEPARTURE LAST
                VALUE   (LST)  VALUE       VALUE  FROM      YEAR
                                                  NORMAL
..................................................................
TEMPERATURE (F)
 YESTERDAY
  MAXIMUM         59   1228 PM  89    2010  74    -15       70
                                      1989
  MINIMUM         45   1159 PM  32    1999  47     -2       35
  AVERAGE         52                        60     -8       53

PRECIPITATION (IN)
  YESTERDAY        0.03          1.02 1949   0.04  -0.01     0.00
  MONTH TO DATE    1.84                      1.15   0.69     3.09
  SINCE SEP 1      1.84                      1.15   0.69     3.09
  SINCE JAN 1      9.93                      7.00   2.93     9.06

SNOWFALL (IN)
  YESTERDAY        0.0           T    2002   0.0    0.0      0.0
  MONTH TO DATE    0.0                       0.0    0.0      0.0
  SINCE SEP 1      0.0                       0.0    0.0      0.0
  SINCE JUL 1      0.0                       0.0    0.0      0.0
  SNOW DEPTH       0

DEGREE DAYS
 HEATING
  YESTERDAY       13                         5      8       12
  MONTH TO DATE   30                        65    -35       78
  SINCE SEP 1     30                        65    -35       78
  SINCE JUL 1     35                        68    -33       78

 COOLING
  YESTERDAY        0                         1     -1        0
  MONTH TO DATE  120                       102     18      143
  SINCE SEP 1    120                       102     18      143
  SINCE JAN 1   1046                      1121    -75     1269
..................................................................


WIND (MPH)
  HIGHEST WIND SPEED    29   HIGHEST WIND DIRECTION     W (260)
  HIGHEST GUST SPEED    35   HIGHEST GUST DIRECTION     W (260)
  AVERAGE WIND SPEED     7.1


SKY COVER
  POSSIBLE SUNSHINE  MM
  AVERAGE SKY COVER 0.3


WEATHER CONDITIONS
 THE FOLLOWING WEATHER WAS RECORDED YESTERDAY.
  THUNDERSTORM
  RAIN
  LIGHT RAIN
  FOG


RELATIVE HUMIDITY (PERCENT)
 HIGHEST   100           300 AM
 LOWEST     62           200 PM
 AVERAGE    81

..........................................................


THE GRAND JUNCTION CO CLIMATE NORMALS FOR TODAY
                         NORMAL    RECORD    YEAR
 MAXIMUM TEMPERATURE (F)   74        88      1957
 MINIMUM TEMPERATURE (F)   46        32      1985


SUNRISE AND SUNSET
SEPTEMBER 30 2014.....SUNRISE   709 AM MDT   SUNSET   658 PM MDT
OCTOBER  1 2014.......SUNRISE   710 AM MDT   SUNSET   657 PM MDT


-  INDICATES NEGATIVE NUMBERS.
R  INDICATES RECORD WAS SET OR TIED.
MM INDICATES DATA IS MISSING.
T  INDICATES TRACE AMOUNT.




$$
