000
CDUS45 KGJT 030735
CLIGJT


CLIMATE REPORT
NATIONAL WEATHER SERVICE GRAND JUNCTION CO
133 AM MDT TUE MAY 3 2016


...................................

...THE GRAND JUNCTION CO CLIMATE SUMMARY FOR MAY 2 2016...

CLIMATE NORMAL PERIOD 1981 TO 2010
CLIMATE RECORD PERIOD 1893 TO 2016


WEATHER ITEM   OBSERVED TIME   RECORD YEAR NORMAL DEPARTURE LAST
                VALUE   (LST)  VALUE       VALUE  FROM      YEAR
                                                  NORMAL
..................................................................
TEMPERATURE (F)
 YESTERDAY
  MAXIMUM         65    421 PM  88    1947  71     -6       81
  MINIMUM         42    249 AM  26    1970  43     -1       50
  AVERAGE         54                        57     -3       66

PRECIPITATION (IN)
  YESTERDAY        0.00          0.91 1934   0.03  -0.03     0.00
  MONTH TO DATE    T                         0.06  -0.06     0.00
  SINCE MAR 1      2.69                      1.89   0.80     2.39
  SINCE JAN 1      4.06                      3.01   1.05     3.25

SNOWFALL (IN)
  YESTERDAY        0.0           0.3  1899   0.0    0.0      0.0
  MONTH TO DATE    0.0                       0.0    0.0      0.0
  SINCE MAR 1      1.1                       3.5   -2.4      3.9
  SINCE JUL 1     28.5                      19.0    9.5     12.5
  SNOW DEPTH       0

DEGREE DAYS
 HEATING
  YESTERDAY       11                         8      3        0
  MONTH TO DATE   27                        17     10        0
  SINCE MAR 1   1071                      1072     -1      955
  SINCE JUL 1   5549                      5451     98     4940

 COOLING
  YESTERDAY        0                         0      0        1
  MONTH TO DATE    0                         0      0        2
  SINCE MAR 1      0                         3     -3        2
  SINCE JAN 1      0                         3     -3        2
..................................................................


WIND (MPH)
  HIGHEST WIND SPEED    18   HIGHEST WIND DIRECTION    NW (300)
  HIGHEST GUST SPEED    24   HIGHEST GUST DIRECTION    NW (300)
  AVERAGE WIND SPEED     7.2


SKY COVER
  POSSIBLE SUNSHINE  MM
  AVERAGE SKY COVER 0.4


WEATHER CONDITIONS
 THE FOLLOWING WEATHER WAS RECORDED YESTERDAY.
  NO SIGNIFICANT WEATHER WAS OBSERVED.


RELATIVE HUMIDITY (PERCENT)
 HIGHEST    89           300 AM
 LOWEST     28           400 PM
 AVERAGE    59

..........................................................


THE GRAND JUNCTION CO CLIMATE NORMALS FOR TODAY
                         NORMAL    RECORD    YEAR
 MAXIMUM TEMPERATURE (F)   71        91      1947
 MINIMUM TEMPERATURE (F)   43        29      1967


SUNRISE AND SUNSET
MAY  3 2016...........SUNRISE   613 AM MDT   SUNSET   810 PM MDT
MAY  4 2016...........SUNRISE   612 AM MDT   SUNSET   811 PM MDT


-  INDICATES NEGATIVE NUMBERS.
R  INDICATES RECORD WAS SET OR TIED.
MM INDICATES DATA IS MISSING.
T  INDICATES TRACE AMOUNT.




$$
