000
CDUS45 KGJT 200732
CLIGJT


CLIMATE REPORT
NATIONAL WEATHER SERVICE GRAND JUNCTION CO
130 AM MDT FRI OCT 20 2017


...................................

...THE GRAND JUNCTION CO CLIMATE SUMMARY FOR OCTOBER 19 2017...

CLIMATE NORMAL PERIOD 1981 TO 2010
CLIMATE RECORD PERIOD 1893 TO 2017


WEATHER ITEM   OBSERVED TIME   RECORD YEAR NORMAL DEPARTURE LAST
                VALUE   (LST)  VALUE       VALUE  FROM      YEAR
                                                  NORMAL
..................................................................
TEMPERATURE (F)
 YESTERDAY
  MAXIMUM         70    341 PM  82    1921  65      5       61
  MINIMUM         39    559 AM  23    1976  39      0       36
  AVERAGE         55                        52      3       49

PRECIPITATION (IN)
  YESTERDAY        0.00          0.58 1990   0.03  -0.03     0.00
  MONTH TO DATE    0.28                      0.68  -0.40     0.09
  SINCE SEP 1      1.02                      1.87  -0.85     0.77
  SINCE JAN 1      5.03                      7.72  -2.69     7.02

SNOWFALL (IN)
  YESTERDAY        0.0           T    2015   0.1   -0.1      0.0
  MONTH TO DATE    0.0                       0.2   -0.2      0.0
  SINCE SEP 1      0.0                       0.2   -0.2      0.0
  SINCE JUL 1      0.0                       0.2   -0.2      0.0
  SNOW DEPTH       0

DEGREE DAYS
 HEATING
  YESTERDAY       10                        13     -3       16
  MONTH TO DATE  261                       182     79      139
  SINCE SEP 1    360                       253    107      186
  SINCE JUL 1    360                       256    104      186

 COOLING
  YESTERDAY        0                         0      0        0
  MONTH TO DATE    0                         1     -1       10
  SINCE SEP 1    183                       104     79      131
  SINCE JAN 1   1479                      1123    356     1245
..................................................................


WIND (MPH)
  HIGHEST WIND SPEED    14   HIGHEST WIND DIRECTION    SE (130)
  HIGHEST GUST SPEED    15   HIGHEST GUST DIRECTION    SE (120)
  AVERAGE WIND SPEED     5.8


SKY COVER
  POSSIBLE SUNSHINE  MM
  AVERAGE SKY COVER 0.3


WEATHER CONDITIONS
 THE FOLLOWING WEATHER WAS RECORDED YESTERDAY.
  NO SIGNIFICANT WEATHER WAS OBSERVED.


RELATIVE HUMIDITY (PERCENT)
 HIGHEST    40           600 AM
 LOWEST     14          1200 PM
 AVERAGE    27

..........................................................


THE GRAND JUNCTION CO CLIMATE NORMALS FOR TODAY
                         NORMAL    RECORD    YEAR
 MAXIMUM TEMPERATURE (F)   64        79      2003
 MINIMUM TEMPERATURE (F)   38        25      1976
                                             1905


SUNRISE AND SUNSET
OCTOBER 20 2017.......SUNRISE   729 AM MDT   SUNSET   628 PM MDT
OCTOBER 21 2017.......SUNRISE   730 AM MDT   SUNSET   627 PM MDT


-  INDICATES NEGATIVE NUMBERS.
R  INDICATES RECORD WAS SET OR TIED.
MM INDICATES DATA IS MISSING.
T  INDICATES TRACE AMOUNT.




$$
