000
CDUS43 KGLD 290744
CLIGLD

CLIMATE REPORT
NATIONAL WEATHER SERVICE GOODLAND
1237 AM MST MON DEC 29 2014

...................................

...THE GOODLAND KS CLIMATE SUMMARY FOR DECEMBER 28 2014...

CLIMATE NORMAL PERIOD 1981 TO 2010
CLIMATE RECORD PERIOD 1895 TO 2014

WEATHER ITEM   OBSERVED TIME   RECORD YEAR NORMAL DEPARTURE LAST
                VALUE   (LST)  VALUE       VALUE  FROM      YEAR
                                                  NORMAL
..................................................................
TEMPERATURE (F)
 YESTERDAY
  MAXIMUM         33    251 PM  67    2002  42     -9       64
                                      1999
                                      1922
  MINIMUM         10   1159 PM -10    1924  17     -7       17
  AVERAGE         22                        29     -7       41

PRECIPITATION (IN)
  YESTERDAY        0.00          0.56 1979   0.01  -0.01     0.00
  MONTH TO DATE    1.09                      0.42   0.67     0.05
  SINCE DEC 1      1.09                      0.42   0.67     0.05
  SINCE JAN 1     17.50                     19.62  -2.12    16.74

SNOWFALL (IN)
  YESTERDAY        0.0                       0.2   -0.2      0.0
  MONTH TO DATE    4.4                       5.0   -0.6      2.5
  SINCE DEC 1      4.4                       5.0   -0.6      2.5
  SINCE JUL 1      4.6                      12.2   -7.6      6.8
  SNOW DEPTH       2

DEGREE DAYS
 HEATING
  YESTERDAY       43                        36      7       24
  MONTH TO DATE  877                       984   -107      999
  SINCE DEC 1    877                       984   -107      999
  SINCE JUL 1   2132                      2303   -171     2272

 COOLING
  YESTERDAY        0                         0      0        0
  MONTH TO DATE    0                         0      0        0
  SINCE DEC 1      0                         0      0        0
  SINCE JAN 1    920                       941    -21     1181
..................................................................

WIND (MPH)
  HIGHEST WIND SPEED    15   HIGHEST WIND DIRECTION    SE (130)
  HIGHEST GUST SPEED    16   HIGHEST GUST DIRECTION    SE (130)
  AVERAGE WIND SPEED     5.8


SKY COVER
  AVERAGE SKY COVER 0.2


WEATHER CONDITIONS
 THE FOLLOWING WEATHER WAS RECORDED YESTERDAY.
  FOG


RELATIVE HUMIDITY (PERCENT)
 HIGHEST    92
 LOWEST     63
 AVERAGE    78

..........................................................


THE GOODLAND KS CLIMATE NORMALS FOR TODAY
                         NORMAL    RECORD    YEAR
 MAXIMUM TEMPERATURE (F)   42        68      2011
 MINIMUM TEMPERATURE (F)   17       -12      1911


SUNRISE AND SUNSET
DECEMBER 29 2014......SUNRISE   706 AM MST   SUNSET   432 PM MST
DECEMBER 30 2014......SUNRISE   706 AM MST   SUNSET   432 PM MST


-  INDICATES NEGATIVE NUMBERS.
R  INDICATES RECORD WAS SET OR TIED.
MM INDICATES DATA IS MISSING.
T  INDICATES TRACE AMOUNT.

&&

THE AVERAGE SOIL TEMPERATURE AT THE FOUR INCH DEPTH... 33
THE CURRENT DEPTH OF FROST... 2 INCHES

$$
