886
CDUS43 KGLD 280755
CLIGLD

CLIMATE REPORT
NATIONAL WEATHER SERVICE GOODLAND
148 AM MDT FRI APR 28 2017

...................................

...THE GOODLAND KS CLIMATE SUMMARY FOR APRIL 27 2017...

CLIMATE NORMAL PERIOD 1981 TO 2010
CLIMATE RECORD PERIOD 1895 TO 2017

WEATHER ITEM   OBSERVED TIME   RECORD YEAR NORMAL DEPARTURE LAST
                VALUE   (LST)  VALUE       VALUE  FROM      YEAR
                                                  NORMAL
..................................................................
TEMPERATURE (F)
 YESTERDAY
  MAXIMUM         64        MM  90    1953  67     -3       57
  MINIMUM         31        MM  22    1994  39     -8       35
  AVERAGE         48                        53     -5       46

PRECIPITATION (IN)
  YESTERDAY        0.39          0.84 1922   0.06   0.33     0.09
  MONTH TO DATE    1.54                      1.40   0.14     2.86
  SINCE MAR 1      3.22                      2.47   0.75     3.41
  SINCE JAN 1      4.15                      3.34   0.81     4.27

SNOWFALL (IN)
  YESTERDAY        T                         0.1   -0.1      0.0
  MONTH TO DATE    T                         4.1   -4.1      0.0
  SINCE MAR 1      T                        10.9  -10.9      4.4
  SINCE JUL 1      9.4                      34.9  -25.5     27.8
  SNOW DEPTH       0

DEGREE DAYS
 HEATING
  YESTERDAY       17                        12      5       19
  MONTH TO DATE  333                       444   -111      356
  SINCE MAR 1    928                      1202   -274      961
  SINCE JUL 1   4813                      5619   -806     4807

 COOLING
  YESTERDAY        0                         0      0        0
  MONTH TO DATE    7                         0      7        0
  SINCE MAR 1      7                         0      7        0
  SINCE JAN 1      7                         0      7        0
..................................................................

WIND (MPH)
  HIGHEST WIND SPEED    29   HIGHEST WIND DIRECTION     E (110)
  HIGHEST GUST SPEED    39   HIGHEST GUST DIRECTION     E (110)
  AVERAGE WIND SPEED    14.4


SKY COVER
  AVERAGE SKY COVER 0.6


WEATHER CONDITIONS
 THE FOLLOWING WEATHER WAS RECORDED YESTERDAY.
  THUNDERSTORM
  RAIN
  LIGHT RAIN
  HAIL
  FOG


RELATIVE HUMIDITY (PERCENT)
 HIGHEST    92
 LOWEST     39
 AVERAGE    66

..........................................................


THE GOODLAND KS CLIMATE NORMALS FOR TODAY
                         NORMAL    RECORD    YEAR
 MAXIMUM TEMPERATURE (F)   68        87      2013
                                             1967
                                             1915
 MINIMUM TEMPERATURE (F)   39        23      1908


SUNRISE AND SUNSET
APRIL 28 2017.........SUNRISE   551 AM MDT   SUNSET   738 PM MDT
APRIL 29 2017.........SUNRISE   550 AM MDT   SUNSET   739 PM MDT


-  INDICATES NEGATIVE NUMBERS.
R  INDICATES RECORD WAS SET OR TIED.
MM INDICATES DATA IS MISSING.
T  INDICATES TRACE AMOUNT.

&&

THE AVERAGE SOIL TEMPERATURE AT THE FOUR INCH DEPTH... 48

$$
