000
CDUS43 KGLD 020744
CLIGLD

CLIMATE REPORT
NATIONAL WEATHER SERVICE GOODLAND
138 AM MDT MON MAY 2 2016

...................................

...THE GOODLAND KS CLIMATE SUMMARY FOR MAY 1 2016...

CLIMATE NORMAL PERIOD 1981 TO 2010
CLIMATE RECORD PERIOD 1895 TO 2016

WEATHER ITEM   OBSERVED TIME   RECORD YEAR NORMAL DEPARTURE LAST
                VALUE   (LST)  VALUE       VALUE  FROM      YEAR
                                                  NORMAL
..................................................................
TEMPERATURE (F)
 YESTERDAY
  MAXIMUM         54    330 PM  94    1959  68    -14       74
                                      1928
  MINIMUM         30   1156 PM  21    1967  40    -10       51
  AVERAGE         42                        54    -12       63

PRECIPITATION (IN)
  YESTERDAY        0.01          2.15 1979   0.07  -0.06     0.05
  MONTH TO DATE    0.01                      0.07  -0.06     0.05
  SINCE MAR 1      4.55                      2.73   1.82     5.00
  SINCE JAN 1      5.41                      3.60   1.81     6.08

SNOWFALL (IN)
  YESTERDAY        T                         0.0    0.0      0.0
  MONTH TO DATE    T                         0.0    0.0      0.0
  SINCE MAR 1      6.7                      11.0   -4.3      2.6
  SINCE JUL 1     30.1                      35.0   -4.9     24.7
  SNOW DEPTH       0

DEGREE DAYS
 HEATING
  YESTERDAY       23                        11     12        2
  MONTH TO DATE   23                        11     12        2
  SINCE MAR 1   1063                      1249   -186      963
  SINCE JUL 1   4909                      5666   -757     5178

 COOLING
  YESTERDAY        0                         0      0        0
  MONTH TO DATE    0                         0      0        0
  SINCE MAR 1      0                         4     -4        0
  SINCE JAN 1      0                         4     -4        0
..................................................................

WIND (MPH)
  HIGHEST WIND SPEED    32   HIGHEST WIND DIRECTION     N (20)
  HIGHEST GUST SPEED    42   HIGHEST GUST DIRECTION     N (10)
  AVERAGE WIND SPEED    17.2


SKY COVER
  AVERAGE SKY COVER 0.7


WEATHER CONDITIONS
 THE FOLLOWING WEATHER WAS RECORDED YESTERDAY.
  LIGHT RAIN
  LIGHT SNOW
  FOG


RELATIVE HUMIDITY (PERCENT)
 HIGHEST   100
 LOWEST     44
 AVERAGE    72

..........................................................


THE GOODLAND KS CLIMATE NORMALS FOR TODAY
                         NORMAL    RECORD    YEAR
 MAXIMUM TEMPERATURE (F)   69        94      1965
 MINIMUM TEMPERATURE (F)   41        23      1967


SUNRISE AND SUNSET
MAY  2 2016...........SUNRISE   546 AM MDT   SUNSET   742 PM MDT
MAY  3 2016...........SUNRISE   545 AM MDT   SUNSET   743 PM MDT


-  INDICATES NEGATIVE NUMBERS.
R  INDICATES RECORD WAS SET OR TIED.
MM INDICATES DATA IS MISSING.
T  INDICATES TRACE AMOUNT.

&&

THE AVERAGE SOIL TEMPERATURE AT THE FOUR INCH DEPTH... 45

$$
