000
CDUS43 KGLD 300816
CLIGLD

CLIMATE REPORT
NATIONAL WEATHER SERVICE GOODLAND
211 AM MDT MON MAR 30 2015

...................................

...THE GOODLAND KS CLIMATE SUMMARY FOR MARCH 29 2015...

CLIMATE NORMAL PERIOD 1981 TO 2010
CLIMATE RECORD PERIOD 1895 TO 2015

WEATHER ITEM   OBSERVED TIME   RECORD YEAR NORMAL DEPARTURE LAST
                VALUE   (LST)  VALUE       VALUE  FROM      YEAR
                                                  NORMAL
..................................................................
TEMPERATURE (F)
 YESTERDAY
  MAXIMUM         67    141 AM  88    1943  59      8       70
  MINIMUM         39    732 PM   2    1987  30      9       25
  AVERAGE         53                        44      9       48

PRECIPITATION (IN)
  YESTERDAY        0.00          0.33 2011   0.05  -0.05     0.00
  MONTH TO DATE    0.11                      0.98  -0.87     0.42
  SINCE MAR 1      0.11                      0.98  -0.87     0.42
  SINCE JAN 1      1.19                      1.85  -0.66     1.36

SNOWFALL (IN)
  YESTERDAY        0.0                       0.3   -0.3      0.0
  MONTH TO DATE    0.6                       6.3   -5.7      3.5
  SINCE MAR 1      0.6                       6.3   -5.7      3.5
  SINCE JUL 1     22.7                      30.3   -7.6     28.7
  SNOW DEPTH       0

DEGREE DAYS
 HEATING
  YESTERDAY       12                        21     -9       17
  MONTH TO DATE  550                       717   -167      734
  SINCE MAR 1    550                       717   -167      734
  SINCE JUL 1   4765                      5134   -369     5278

 COOLING
  YESTERDAY        0                         0      0        0
  MONTH TO DATE    0                         0      0        0
  SINCE MAR 1      0                         0      0        0
  SINCE JAN 1      0                         0      0        0
..................................................................

WIND (MPH)
  HIGHEST WIND SPEED    38   HIGHEST WIND DIRECTION    NW (330)
  HIGHEST GUST SPEED    46   HIGHEST GUST DIRECTION    NW (330)
  AVERAGE WIND SPEED    17.3


SKY COVER
  AVERAGE SKY COVER 0.0


WEATHER CONDITIONS
 THE FOLLOWING WEATHER WAS RECORDED YESTERDAY.
  NO SIGNIFICANT WEATHER WAS OBSERVED.


RELATIVE HUMIDITY (PERCENT)
 HIGHEST    54
 LOWEST     16
 AVERAGE    35

..........................................................


THE GOODLAND KS CLIMATE NORMALS FOR TODAY
                         NORMAL    RECORD    YEAR
 MAXIMUM TEMPERATURE (F)   59        88      2010
 MINIMUM TEMPERATURE (F)   30         2      1987


SUNRISE AND SUNSET
MARCH 30 2015.........SUNRISE   635 AM MDT   SUNSET   709 PM MDT
MARCH 31 2015.........SUNRISE   633 AM MDT   SUNSET   710 PM MDT


-  INDICATES NEGATIVE NUMBERS.
R  INDICATES RECORD WAS SET OR TIED.
MM INDICATES DATA IS MISSING.
T  INDICATES TRACE AMOUNT.

&&

THE AVERAGE SOIL TEMPERATURE AT THE FOUR INCH DEPTH... 50
THE CURRENT DEPTH OF FROST... 0 INCHES

$$
