000
CDUS43 KGLD 240039
CLIGLD

CLIMATE REPORT
NATIONAL WEATHER SERVICE GOODLAND
637 PM MDT SAT JUL 23 2016

...................................

...THE GOODLAND KS CLIMATE SUMMARY FOR JULY 23 2016...
VALID TODAY AS OF 0600 PM LOCAL TIME.

CLIMATE NORMAL PERIOD 1981 TO 2010
CLIMATE RECORD PERIOD 1895 TO 2016

WEATHER ITEM   OBSERVED TIME   RECORD YEAR NORMAL DEPARTURE LAST
                VALUE   (LST)  VALUE       VALUE  FROM      YEAR
                                                  NORMAL
..................................................................
TEMPERATURE (F)
 TODAY
  MAXIMUM        102    354 PM 110    1936  90     12       94
  MINIMUM         67    327 AM  51    1950  62      5       65
  AVERAGE         85                        76      9       80

PRECIPITATION (IN)
  TODAY            0.11          2.11 1980   0.11   0.00     0.00
  MONTH TO DATE    1.40                      2.57  -1.17     1.27
  SINCE JUN 1      3.02                      5.82  -2.80     3.58
  SINCE JAN 1     10.38                     12.30  -1.92    15.37

SNOWFALL (IN)
  TODAY            0.0                       0.0    0.0      0.0
  MONTH TO DATE    0.0                       0.0    0.0      0.0
  SINCE JUN 1      0.0                       0.0    0.0      0.0
  SINCE JUL 1      0.0                       0.0    0.0      0.0
  SNOW DEPTH       0

DEGREE DAYS
 HEATING
  TODAY            0                         0      0        0
  MONTH TO DATE    0                         0      0        1
  SINCE JUN 1      2                        37    -35        6
  SINCE JUL 1      0                         0      0        1

 COOLING
  TODAY           20                        11      9       15
  MONTH TO DATE  318                       246     72      252
  SINCE JUN 1    607                       425    182      494
  SINCE JAN 1    631                       466    165      500
..................................................................

WIND (MPH)
  HIGHEST WIND SPEED    25   HIGHEST WIND DIRECTION     E (70)
  HIGHEST GUST SPEED    32   HIGHEST GUST DIRECTION     E (70)
  AVERAGE WIND SPEED    10.3


SKY COVER
  AVERAGE SKY COVER 0.0


WEATHER CONDITIONS
 THE FOLLOWING WEATHER WAS RECORDED TODAY.
  THUNDERSTORM
  HEAVY RAIN


RELATIVE HUMIDITY (PERCENT)
 HIGHEST    93           300 AM
 LOWEST     13           500 PM
 AVERAGE    53

..........................................................


THE GOODLAND KS CLIMATE NORMALS FOR TOMORROW
                         NORMAL    RECORD    YEAR
 MAXIMUM TEMPERATURE (F)   90       110      1940
                                             1936
 MINIMUM TEMPERATURE (F)   62        53      2004


SUNRISE AND SUNSET
JULY 23 2016..........SUNRISE   539 AM MDT   SUNSET   807 PM MDT
JULY 24 2016..........SUNRISE   540 AM MDT   SUNSET   806 PM MDT


-  INDICATES NEGATIVE NUMBERS.
R  INDICATES RECORD WAS SET OR TIED.
MM INDICATES DATA IS MISSING.
T  INDICATES TRACE AMOUNT.

&&

THE AVERAGE SOIL TEMPERATURE AT THE FOUR INCH DEPTH... 78

$$
