000
CDUS43 KGLD 240048
CLIGLD

CLIMATE REPORT
NATIONAL WEATHER SERVICE GOODLAND
645 PM MDT MON OCT 23 2017

...................................

...THE GOODLAND KS CLIMATE SUMMARY FOR OCTOBER 23 2017...
VALID TODAY AS OF 0600 PM LOCAL TIME.

CLIMATE NORMAL PERIOD 1981 TO 2010
CLIMATE RECORD PERIOD 1895 TO 2017

WEATHER ITEM   OBSERVED TIME   RECORD YEAR NORMAL DEPARTURE LAST
                VALUE   (LST)  VALUE       VALUE  FROM      YEAR
                                                  NORMAL
..................................................................
TEMPERATURE (F)
 TODAY
  MAXIMUM         60    252 PM  88    2003  64     -4       71
  MINIMUM         44   1232 AM   8    1917  35      9       38
  AVERAGE         52                        49      3       55

PRECIPITATION (IN)
  TODAY            0.00          1.25 1914   0.05  -0.05     0.00
  MONTH TO DATE    0.44                      1.08  -0.64     0.04
  SINCE SEP 1      4.29                      2.30   1.99     2.53
  SINCE JAN 1     26.25                     18.20   8.05    16.57

SNOWFALL (IN)
  TODAY            0.0                       0.1   -0.1      0.0
  MONTH TO DATE    T                         1.4   -1.4      0.0
  SINCE SEP 1      T                         1.8   -1.8       T
  SINCE JUL 1      T                         1.8   -1.8       T
  SNOW DEPTH       0

DEGREE DAYS
 HEATING
  TODAY           13                        16     -3       10
  MONTH TO DATE  231                       275    -44      185
  SINCE SEP 1    339                       387    -48      243
  SINCE JUL 1    339                       399    -60      250

 COOLING
  TODAY            0                         0      0        0
  MONTH TO DATE    1                         5     -4       22
  SINCE SEP 1    140                       105     35      144
  SINCE JAN 1    959                       938     21     1093
..................................................................

WIND (MPH)
  HIGHEST WIND SPEED    33   HIGHEST WIND DIRECTION     N (340)
  HIGHEST GUST SPEED    45   HIGHEST GUST DIRECTION    NW (330)
  AVERAGE WIND SPEED    19.8


SKY COVER
  AVERAGE SKY COVER 0.2


WEATHER CONDITIONS
 THE FOLLOWING WEATHER WAS RECORDED TODAY.
  NO SIGNIFICANT WEATHER WAS OBSERVED.


RELATIVE HUMIDITY (PERCENT)
 HIGHEST    61           700 AM
 LOWEST     19          1100 AM
 AVERAGE    40

..........................................................


THE GOODLAND KS CLIMATE NORMALS FOR TOMORROW
                         NORMAL    RECORD    YEAR
 MAXIMUM TEMPERATURE (F)   63        89      2014
 MINIMUM TEMPERATURE (F)   35        20      1975
                                             1945


SUNRISE AND SUNSET
OCTOBER 23 2017.......SUNRISE   705 AM MDT   SUNSET   556 PM MDT
OCTOBER 24 2017.......SUNRISE   706 AM MDT   SUNSET   555 PM MDT


-  INDICATES NEGATIVE NUMBERS.
R  INDICATES RECORD WAS SET OR TIED.
MM INDICATES DATA IS MISSING.
T  INDICATES TRACE AMOUNT.

&&

THE AVERAGE SOIL TEMPERATURE AT THE FOUR INCH DEPTH... 53

$$
