000
CDUS43 KGLD 280739
CLIGLD

CLIMATE REPORT
NATIONAL WEATHER SERVICE GOODLAND
136 AM MDT WED JUN 28 2017

...................................

...THE GOODLAND KS CLIMATE SUMMARY FOR JUNE 27 2017...

CLIMATE NORMAL PERIOD 1981 TO 2010
CLIMATE RECORD PERIOD 1895 TO 2017

WEATHER ITEM   OBSERVED TIME   RECORD YEAR NORMAL DEPARTURE LAST
                VALUE   (LST)  VALUE       VALUE  FROM      YEAR
                                                  NORMAL
..................................................................
TEMPERATURE (F)
 YESTERDAY
  MAXIMUM         95    152 PM 110    2012  88      7       90
  MINIMUM         58    409 AM  43    1985  59     -1       62
  AVERAGE         77                        73      4       76

PRECIPITATION (IN)
  YESTERDAY        0.06          1.42 1948   0.10  -0.04     0.07
  MONTH TO DATE    3.65                      2.94   0.71     0.61
  SINCE JUN 1      3.65                      2.94   0.71     0.61
  SINCE JAN 1     16.04                      9.42   6.62     7.97

SNOWFALL (IN)
  YESTERDAY        0.0                       0.0    0.0      0.0
  MONTH TO DATE    T                         0.0    0.0      0.0
  SINCE JUN 1      T                         0.0    0.0      0.0
  SINCE JUL 1     14.2                      35.5  -21.3     30.1
  SNOW DEPTH       0

DEGREE DAYS
 HEATING
  YESTERDAY        0                         0      0        0
  MONTH TO DATE   13                        36    -23        2
  SINCE JUN 1     13                        36    -23        2
  SINCE JUL 1   5131                      5902   -771     5131

 COOLING
  YESTERDAY       12                         9      3       11
  MONTH TO DATE  200                       152     48      259
  SINCE JUN 1    200                       152     48      259
  SINCE JAN 1    238                       193     45      283
..................................................................

WIND (MPH)
  HIGHEST WIND SPEED    39   HIGHEST WIND DIRECTION     S (180)
  HIGHEST GUST SPEED    62   HIGHEST GUST DIRECTION    SW (240)
  AVERAGE WIND SPEED    14.7


SKY COVER
  AVERAGE SKY COVER 0.2


WEATHER CONDITIONS
 THE FOLLOWING WEATHER WAS RECORDED YESTERDAY.
  THUNDERSTORM
  LIGHT RAIN
  FOG
  FOG W/VISIBILITY <= 1/4 MILE


RELATIVE HUMIDITY (PERCENT)
 HIGHEST   100
 LOWEST     22
 AVERAGE    61

..........................................................


THE GOODLAND KS CLIMATE NORMALS FOR TODAY
                         NORMAL    RECORD    YEAR
 MAXIMUM TEMPERATURE (F)   88       106      1970
 MINIMUM TEMPERATURE (F)   59        43      1985


SUNRISE AND SUNSET
JUNE 28 2017..........SUNRISE   523 AM MDT   SUNSET   818 PM MDT
JUNE 29 2017..........SUNRISE   523 AM MDT   SUNSET   818 PM MDT


-  INDICATES NEGATIVE NUMBERS.
R  INDICATES RECORD WAS SET OR TIED.
MM INDICATES DATA IS MISSING.
T  INDICATES TRACE AMOUNT.

&&

THE AVERAGE SOIL TEMPERATURE AT THE FOUR INCH DEPTH... 69

$$
