000
CDUS44 KJAN 120731
CLIGLH


CLIMATE REPORT
NATIONAL WEATHER SERVICE JACKSON MS
226 AM CDT SAT JUL 12 2014


...................................

...THE GREENVILLE CLIMATE SUMMARY FOR JULY 11 2014...

CLIMATE NORMAL PERIOD 1981 TO 2010
CLIMATE RECORD PERIOD 1920 TO 2014


WEATHER ITEM   OBSERVED TIME   RECORD YEAR NORMAL DEPARTURE LAST
                VALUE   (LST)  VALUE       VALUE  FROM      YEAR
                                                  NORMAL
..................................................................
TEMPERATURE (F)
 YESTERDAY
  MAXIMUM         90   1243 PM 106    1930  92     -2       97
  MINIMUM         72   1155 PM  60    1963  72      0       72
                                      1947
  AVERAGE         81                        82     -1       85

PRECIPITATION (IN)
  YESTERDAY        T             0.83 2007   0.14  -0.14     0.64
  MONTH TO DATE    0.03                      1.63  -1.60     0.64
  SINCE JUN 1      6.40                      5.67   0.73     1.89
  SINCE JAN 1     30.53                     29.93   0.60    26.85

SNOWFALL (IN)
  YESTERDAY        0.0

DEGREE DAYS
 HEATING
  YESTERDAY        0                         0      0        0
  MONTH TO DATE    0                         0      0        0
  SINCE JUN 1      0                         0      0        0
  SINCE JUL 1      0                         0      0        0

 COOLING
  YESTERDAY       16                        17     -1       20
  MONTH TO DATE  155                       185    -30      167
  SINCE JUN 1    617                       605     12      626
  SINCE JAN 1    932                       927      5      909
..................................................................


WIND (MPH)
  HIGHEST WIND SPEED    20   HIGHEST WIND DIRECTION     N (360)
  HIGHEST GUST SPEED    MM   HIGHEST GUST DIRECTION    MM
  AVERAGE WIND SPEED     2.8


SKY COVER
  POSSIBLE SUNSHINE  MM
  AVERAGE SKY COVER 0.2


WEATHER CONDITIONS
 THE FOLLOWING WEATHER WAS RECORDED YESTERDAY.
  LIGHT RAIN
  FOG


RELATIVE HUMIDITY (PERCENT)
 HIGHEST    93           200 AM
 LOWEST     59           100 PM
 AVERAGE    76

..........................................................


THE GREENVILLE CLIMATE NORMALS FOR TODAY
                         NORMAL    RECORD    YEAR
 MAXIMUM TEMPERATURE (F)   92       106      1930
 MINIMUM TEMPERATURE (F)   72        60      1963


SUNRISE AND SUNSET
JULY 12 2014..........SUNRISE   603 AM CDT   SUNSET   816 PM CDT
JULY 13 2014..........SUNRISE   604 AM CDT   SUNSET   815 PM CDT


-  INDICATES NEGATIVE NUMBERS.
R  INDICATES RECORD WAS SET OR TIED.
MM INDICATES DATA IS MISSING.
T  INDICATES TRACE AMOUNT.




$$
