000
CDUS44 KJAN 280819
CLIGLH


CLIMATE REPORT
NATIONAL WEATHER SERVICE JACKSON MS
314 AM CDT MON JUL 28 2014


...................................

...THE GREENVILLE CLIMATE SUMMARY FOR JULY 27 2014...

CLIMATE NORMAL PERIOD 1981 TO 2010
CLIMATE RECORD PERIOD 1920 TO 2014


WEATHER ITEM   OBSERVED TIME   RECORD YEAR NORMAL DEPARTURE LAST
                VALUE   (LST)  VALUE       VALUE  FROM      YEAR
                                                  NORMAL
..................................................................
TEMPERATURE (F)
 YESTERDAY
  MAXIMUM         95    324 PM 104    1930  92      3       85
  MINIMUM         75    353 AM  63    2004  72      3       68
  AVERAGE         85                        82      3       77

PRECIPITATION (IN)
  YESTERDAY        0.00          2.10 1994   0.10  -0.10     0.20
  MONTH TO DATE    5.20                      3.44   1.76     1.99
  SINCE JUN 1     11.57                      7.48   4.09     3.24
  SINCE JAN 1     35.70                     31.74   3.96    28.20

SNOWFALL (IN)
  YESTERDAY        0.0

DEGREE DAYS
 HEATING
  YESTERDAY        0                         0      0        0
  MONTH TO DATE    0                         0      0        0
  SINCE JUN 1      0                         0      0        0
  SINCE JUL 1      0                         0      0        0

 COOLING
  YESTERDAY       20                        17      3       12
  MONTH TO DATE  359                       457    -98      412
  SINCE JUN 1    821                       877    -56      871
  SINCE JAN 1   1136                      1199    -63     1154
..................................................................


WIND (MPH)
  HIGHEST WIND SPEED    14   HIGHEST WIND DIRECTION     W (260)
  HIGHEST GUST SPEED    MM   HIGHEST GUST DIRECTION    MM
  AVERAGE WIND SPEED     7.6


SKY COVER
  POSSIBLE SUNSHINE  MM
  AVERAGE SKY COVER 0.0


WEATHER CONDITIONS
 THE FOLLOWING WEATHER WAS RECORDED YESTERDAY.
  FOG
  HAZE


RELATIVE HUMIDITY (PERCENT)
 HIGHEST    94           200 AM
 LOWEST     52           400 PM
 AVERAGE    73

..........................................................


THE GREENVILLE CLIMATE NORMALS FOR TODAY
                         NORMAL    RECORD    YEAR
 MAXIMUM TEMPERATURE (F)   92       106      1930
 MINIMUM TEMPERATURE (F)   72        61      2004


SUNRISE AND SUNSET
JULY 28 2014..........SUNRISE   614 AM CDT   SUNSET   807 PM CDT
JULY 29 2014..........SUNRISE   614 AM CDT   SUNSET   806 PM CDT


-  INDICATES NEGATIVE NUMBERS.
R  INDICATES RECORD WAS SET OR TIED.
MM INDICATES DATA IS MISSING.
T  INDICATES TRACE AMOUNT.




$$
