000
CDUS44 KJAN 292108
CLIGLH


CLIMATE REPORT
NATIONAL WEATHER SERVICE JACKSON MS
407 PM CDT WED JUL 29 2015


...................................

...THE GREENVILLE CLIMATE SUMMARY FOR JULY 29 2015...
VALID TODAY AS OF 0400 PM LOCAL TIME.

CLIMATE NORMAL PERIOD 1981 TO 2010
CLIMATE RECORD PERIOD 1920 TO 2015


WEATHER ITEM   OBSERVED TIME   RECORD YEAR NORMAL DEPARTURE LAST
                VALUE   (LST)  VALUE       VALUE  FROM      YEAR
                                                  NORMAL
..................................................................
TEMPERATURE (F)
 TODAY
  MAXIMUM         98    259 PM 110    1930  92      6       86
  MINIMUM         80    514 AM  63    2014  72      8       63
                                      1994
  AVERAGE         89                        82      7       75

PRECIPITATION (IN)
  TODAY            0.00          2.12 2009   0.10  -0.10     0.00
  MONTH TO DATE    4.08                      3.63   0.45     5.20
  SINCE JUN 1      5.60                      7.67  -2.07    11.57
  SINCE JAN 1     25.57                     31.93  -6.36    35.70

SNOWFALL (IN)
  TODAY            0.0

DEGREE DAYS
 HEATING
  TODAY            0                         0      0        0
  MONTH TO DATE    0                         0      0        0
  SINCE JUN 1      0                         0      0        0
  SINCE JUL 1      0                         0      0        0

 COOLING
  TODAY           24                        17      7       10
  MONTH TO DATE  565                       491     74      383
  SINCE JUN 1   1041                       911    130      845
  SINCE JAN 1   1422                      1233    189     1160
..................................................................


WIND (MPH)
  HIGHEST WIND SPEED    12   HIGHEST WIND DIRECTION    NW (330)
  HIGHEST GUST SPEED    13   HIGHEST GUST DIRECTION     N (340)
  AVERAGE WIND SPEED     5.4


SKY COVER
  POSSIBLE SUNSHINE  MM
  AVERAGE SKY COVER 0.0


WEATHER CONDITIONS
 THE FOLLOWING WEATHER WAS RECORDED TODAY.
  NO SIGNIFICANT WEATHER WAS OBSERVED.


RELATIVE HUMIDITY (PERCENT)
 HIGHEST    91           100 AM
 LOWEST     48           100 PM
 AVERAGE    70

..........................................................


THE GREENVILLE CLIMATE NORMALS FOR TOMORROW
                         NORMAL    RECORD    YEAR
 MAXIMUM TEMPERATURE (F)   92       108      1986
 MINIMUM TEMPERATURE (F)   72        61      2014


SUNRISE AND SUNSET
JULY 29 2015..........SUNRISE   614 AM CDT   SUNSET   806 PM CDT
JULY 30 2015..........SUNRISE   615 AM CDT   SUNSET   805 PM CDT


-  INDICATES NEGATIVE NUMBERS.
R  INDICATES RECORD WAS SET OR TIED.
MM INDICATES DATA IS MISSING.
T  INDICATES TRACE AMOUNT.




$$
