000
CDUS44 KJAN 270733
CLIGLH


CLIMATE REPORT
NATIONAL WEATHER SERVICE JACKSON MS
220 AM CDT MON MAR 27 2017


...................................

...THE GREENVILLE CLIMATE SUMMARY FOR MARCH 26 2017...

CLIMATE NORMAL PERIOD 1981 TO 2010
CLIMATE RECORD PERIOD 1920 TO 2017


WEATHER ITEM   OBSERVED TIME   RECORD YEAR NORMAL DEPARTURE LAST
                VALUE   (LST)  VALUE       VALUE  FROM      YEAR
                                                  NORMAL
..................................................................
TEMPERATURE (F)
 YESTERDAY
  MAXIMUM         77    453 PM  90    1928  68      9       75
  MINIMUM         51    632 AM  23    1955  46      5       44
  AVERAGE         64                        57      7       60

PRECIPITATION (IN)
  YESTERDAY        0.00          2.11 1965   0.18  -0.18     0.00
  MONTH TO DATE    1.36                      3.63  -2.27    14.89
  SINCE MAR 1      1.36                      3.63  -2.27    14.89
  SINCE JAN 1      9.39                     13.62  -4.23    21.40

SNOWFALL (IN)
  YESTERDAY        0.0

DEGREE DAYS
 HEATING
  YESTERDAY        1                         9     -8        5
  MONTH TO DATE  231                       297    -66      172
  SINCE MAR 1    231                       297    -66      172
  SINCE JUL 1   1764                      2606   -842     1852

 COOLING
  YESTERDAY        0                         1     -1        0
  MONTH TO DATE   24                        12     12       22
  SINCE MAR 1     24                        12     12       22
  SINCE JAN 1     53                        17     36       26
..................................................................


WIND (MPH)
  HIGHEST WIND SPEED    17   HIGHEST WIND DIRECTION    SW (220)
  HIGHEST GUST SPEED    23   HIGHEST GUST DIRECTION    SW (220)
  AVERAGE WIND SPEED     6.4


SKY COVER
  POSSIBLE SUNSHINE  MM
  AVERAGE SKY COVER 0.2


WEATHER CONDITIONS
 THE FOLLOWING WEATHER WAS RECORDED YESTERDAY.
  FOG
  FOG W/VISIBILITY <= 1/4 MILE
  HAZE


RELATIVE HUMIDITY (PERCENT)
 HIGHEST   100           300 AM
 LOWEST     43           200 PM
 AVERAGE    72

..........................................................


THE GREENVILLE CLIMATE NORMALS FOR TODAY
                         NORMAL    RECORD    YEAR
 MAXIMUM TEMPERATURE (F)   69        90      1950
 MINIMUM TEMPERATURE (F)   47        21      1955


SUNRISE AND SUNSET
MARCH 27 2017.........SUNRISE   658 AM CDT   SUNSET   721 PM CDT
MARCH 28 2017.........SUNRISE   657 AM CDT   SUNSET   722 PM CDT


-  INDICATES NEGATIVE NUMBERS.
R  INDICATES RECORD WAS SET OR TIED.
MM INDICATES DATA IS MISSING.
T  INDICATES TRACE AMOUNT.




$$
