000
CDUS44 KJAN 262218
CLIGLH


CLIMATE REPORT
NATIONAL WEATHER SERVICE JACKSON MS
415 PM CST FRI DEC 26 2014


...................................

...THE GREENVILLE CLIMATE SUMMARY FOR DECEMBER 26 2014...
VALID TODAY AS OF 0400 PM LOCAL TIME.

CLIMATE NORMAL PERIOD 1981 TO 2010
CLIMATE RECORD PERIOD 1920 TO 2014


WEATHER ITEM   OBSERVED TIME   RECORD YEAR NORMAL DEPARTURE LAST
                VALUE   (LST)  VALUE       VALUE  FROM      YEAR
                                                  NORMAL
..................................................................
TEMPERATURE (F)
 TODAY
  MAXIMUM         57   1226 PM  76    1922  52      5       53
  MINIMUM         39    232 AM  13    1924  34      5       29
  AVERAGE         48                        43      5       41

PRECIPITATION (IN)
  TODAY            T             4.50 1982   0.17  -0.17     0.00
  MONTH TO DATE    1.66                      4.91  -3.25     4.50
  SINCE DEC 1      1.66                      4.91  -3.25     4.50
  SINCE JAN 1     50.58                     51.93  -1.35    52.81

SNOWFALL (IN)
  TODAY            0.0

DEGREE DAYS
 HEATING
  TODAY           17                        22     -5       24
  MONTH TO DATE  421                       512    -91      521
  SINCE DEC 1    421                       512    -91      521
  SINCE JUL 1    961                       974    -13     1055

 COOLING
  TODAY            0                         0      0        0
  MONTH TO DATE    0                         0      0        9
  SINCE DEC 1      0                         0      0        9
  SINCE JAN 1   2177                      2186     -9     2256
..................................................................


WIND (MPH)
  HIGHEST WIND SPEED    17   HIGHEST WIND DIRECTION    SE (150)
  HIGHEST GUST SPEED    21   HIGHEST GUST DIRECTION    SE (140)
  AVERAGE WIND SPEED     9.9


SKY COVER
  POSSIBLE SUNSHINE  MM
  AVERAGE SKY COVER 0.1


WEATHER CONDITIONS
 THE FOLLOWING WEATHER WAS RECORDED TODAY.
  LIGHT RAIN


RELATIVE HUMIDITY (PERCENT)
 HIGHEST    85           300 AM
 LOWEST     71          1200 PM
 AVERAGE    78

..........................................................


THE GREENVILLE CLIMATE NORMALS FOR TOMORROW
                         NORMAL    RECORD    YEAR
 MAXIMUM TEMPERATURE (F)   52        78      2008
 MINIMUM TEMPERATURE (F)   34        15      1935


SUNRISE AND SUNSET
DECEMBER 26 2014......SUNRISE   706 AM CST   SUNSET   503 PM CST
DECEMBER 27 2014......SUNRISE   707 AM CST   SUNSET   503 PM CST


-  INDICATES NEGATIVE NUMBERS.
R  INDICATES RECORD WAS SET OR TIED.
MM INDICATES DATA IS MISSING.
T  INDICATES TRACE AMOUNT.




$$
