000
CDUS44 KJAN 170651
CLIGLH


CLIMATE REPORT
NATIONAL WEATHER SERVICE JACKSON MS
147 AM CDT THU AUG 17 2017


...................................

...THE GREENVILLE CLIMATE SUMMARY FOR AUGUST 16 2017...

CLIMATE NORMAL PERIOD 1981 TO 2010
CLIMATE RECORD PERIOD 1903 TO 2017


WEATHER ITEM   OBSERVED TIME   RECORD YEAR NORMAL DEPARTURE LAST
                VALUE   (LST)  VALUE       VALUE  FROM      YEAR
                                                  NORMAL
..................................................................
TEMPERATURE (F)
 YESTERDAY
  MAXIMUM         93    325 PM 103    1918  92      1       87
  MINIMUM         74   1242 AM  55    2004  71      3       73
  AVERAGE         84                        82      2       80

PRECIPITATION (IN)
  YESTERDAY        0.00          2.59 1921   0.07  -0.07     0.69
  MONTH TO DATE    4.18                      1.03   3.15     3.38
  SINCE JUN 1     11.01                      8.87   2.14     9.78
  SINCE JAN 1     27.39                     33.13  -5.74    38.31

SNOWFALL (IN)
  YESTERDAY        0.0

DEGREE DAYS
 HEATING
  YESTERDAY        0                         0      0        0
  MONTH TO DATE    0                         0      0        0
  SINCE JUN 1      0                         0      0        0
  SINCE JUL 1      0                         0      0        0

 COOLING
  YESTERDAY       19                        17      2       15
  MONTH TO DATE  240                       272    -32      305
  SINCE JUN 1   1122                      1219    -97     1400
  SINCE JAN 1   1519                      1541    -22     1742
..................................................................


WIND (MPH)
  HIGHEST WIND SPEED    22   HIGHEST WIND DIRECTION     S (180)
  HIGHEST GUST SPEED    28   HIGHEST GUST DIRECTION     S (190)
  AVERAGE WIND SPEED     9.1


SKY COVER
  POSSIBLE SUNSHINE  MM
  AVERAGE SKY COVER 0.4


WEATHER CONDITIONS
 THE FOLLOWING WEATHER WAS RECORDED YESTERDAY.
  NO SIGNIFICANT WEATHER WAS OBSERVED.


RELATIVE HUMIDITY (PERCENT)
 HIGHEST    94           100 AM
 LOWEST     52           300 PM
 AVERAGE    73

..........................................................


THE GREENVILLE CLIMATE NORMALS FOR TODAY
                         NORMAL    RECORD    YEAR
 MAXIMUM TEMPERATURE (F)   92       103      1936
                                             1918
                                             1909
 MINIMUM TEMPERATURE (F)   71        55      2004


SUNRISE AND SUNSET
AUGUST 17 2017........SUNRISE   628 AM CDT   SUNSET   747 PM CDT
AUGUST 18 2017........SUNRISE   629 AM CDT   SUNSET   746 PM CDT


-  INDICATES NEGATIVE NUMBERS.
R  INDICATES RECORD WAS SET OR TIED.
MM INDICATES DATA IS MISSING.
T  INDICATES TRACE AMOUNT.




$$
