000
CDUS44 KJAN 270628
CLIGLH


CLIMATE REPORT
NATIONAL WEATHER SERVICE JACKSON MS
127 AM CDT TUE JUN 27 2017


...................................

...THE GREENVILLE CLIMATE SUMMARY FOR JUNE 26 2017...

CLIMATE NORMAL PERIOD 1981 TO 2010
CLIMATE RECORD PERIOD 1903 TO 2017


WEATHER ITEM   OBSERVED TIME   RECORD YEAR NORMAL DEPARTURE LAST
                VALUE   (LST)  VALUE       VALUE  FROM      YEAR
                                                  NORMAL
..................................................................
TEMPERATURE (F)
 YESTERDAY
  MAXIMUM         86    422 PM 101    1954  91     -5       98
                                      1914
  MINIMUM         61    457 AM  57    1974  71    -10       74
  AVERAGE         74                        81     -7       86

PRECIPITATION (IN)
  YESTERDAY        0.00          4.00 1982   0.15  -0.15     0.00
  MONTH TO DATE    4.39                      3.35   1.04     1.25
  SINCE JUN 1      4.39                      3.35   1.04     1.25
  SINCE JAN 1     20.77                     27.61  -6.84    29.78

SNOWFALL (IN)
  YESTERDAY        0.0

DEGREE DAYS
 HEATING
  YESTERDAY        0                         0      0        0
  MONTH TO DATE    0                         0      0        0
  SINCE JUN 1      0                         0      0        0
  SINCE JUL 1   1830                      2774   -944     1925

 COOLING
  YESTERDAY        9                        16     -7       21
  MONTH TO DATE  312                       355    -43      430
  SINCE JUN 1    312                       355    -43      430
  SINCE JAN 1    709                       677     32      772
..................................................................


WIND (MPH)
  HIGHEST WIND SPEED     9   HIGHEST WIND DIRECTION    SE (120)
  HIGHEST GUST SPEED    14   HIGHEST GUST DIRECTION    NE (60)
  AVERAGE WIND SPEED     4.3


SKY COVER
  POSSIBLE SUNSHINE  MM
  AVERAGE SKY COVER 0.1


WEATHER CONDITIONS
 THE FOLLOWING WEATHER WAS RECORDED YESTERDAY.
  FOG
  FOG W/VISIBILITY <= 1/4 MILE


RELATIVE HUMIDITY (PERCENT)
 HIGHEST   100           500 AM
 LOWEST     34          1200 PM
 AVERAGE    67

..........................................................


THE GREENVILLE CLIMATE NORMALS FOR TODAY
                         NORMAL    RECORD    YEAR
 MAXIMUM TEMPERATURE (F)   91       107      1914
 MINIMUM TEMPERATURE (F)   71        55      1958


SUNRISE AND SUNSET
JUNE 27 2017..........SUNRISE   556 AM CDT   SUNSET   818 PM CDT
JUNE 28 2017..........SUNRISE   557 AM CDT   SUNSET   818 PM CDT


-  INDICATES NEGATIVE NUMBERS.
R  INDICATES RECORD WAS SET OR TIED.
MM INDICATES DATA IS MISSING.
T  INDICATES TRACE AMOUNT.




$$
