000
CDUS44 KJAN 260742
CLIGLH


CLIMATE REPORT
NATIONAL WEATHER SERVICE JACKSON MS
239 AM CDT TUE MAY 26 2015


...................................

...THE GREENVILLE CLIMATE SUMMARY FOR MAY 25 2015...

CLIMATE NORMAL PERIOD 1981 TO 2010
CLIMATE RECORD PERIOD 1920 TO 2015


WEATHER ITEM   OBSERVED TIME   RECORD YEAR NORMAL DEPARTURE LAST
                VALUE   (LST)  VALUE       VALUE  FROM      YEAR
                                                  NORMAL
..................................................................
TEMPERATURE (F)
 YESTERDAY
  MAXIMUM         86    419 PM  94    1921  84      2       89
  MINIMUM         64   1159 PM  49    1925  65     -1       67
  AVERAGE         75                        75      0       78

PRECIPITATION (IN)
  YESTERDAY        0.25          2.03 1939   0.14   0.11     0.00
  MONTH TO DATE    3.38                      4.19  -0.81     1.69
  SINCE MAR 1     12.27                     13.55  -1.28    16.27
  SINCE JAN 1     18.72                     23.54  -4.82    20.57

SNOWFALL (IN)
  YESTERDAY        0.0

DEGREE DAYS
 HEATING
  YESTERDAY        0                         0      0        0
  MONTH TO DATE    8                        10     -2       32
  SINCE MAR 1    382                       462    -80      600
  SINCE JUL 1   2869                      2771     98     3207

 COOLING
  YESTERDAY       10                        10      0       13
  MONTH TO DATE  222                       175     47      173
  SINCE MAR 1    320                       256     64      247
  SINCE JAN 1    320                       261     59      247
..................................................................


WIND (MPH)
  HIGHEST WIND SPEED    31   HIGHEST WIND DIRECTION     W (270)
  HIGHEST GUST SPEED    38   HIGHEST GUST DIRECTION     W (270)
  AVERAGE WIND SPEED    10.9


SKY COVER
  POSSIBLE SUNSHINE  MM
  AVERAGE SKY COVER 0.5


WEATHER CONDITIONS
 THE FOLLOWING WEATHER WAS RECORDED YESTERDAY.
  THUNDERSTORM
  HEAVY RAIN
  RAIN
  LIGHT RAIN
  FOG


RELATIVE HUMIDITY (PERCENT)
 HIGHEST   100           300 AM
 LOWEST     65           300 PM
 AVERAGE    83

..........................................................


THE GREENVILLE CLIMATE NORMALS FOR TODAY
                         NORMAL    RECORD    YEAR
 MAXIMUM TEMPERATURE (F)   85        95      1985
 MINIMUM TEMPERATURE (F)   65        47      1925


SUNRISE AND SUNSET
MAY 26 2015...........SUNRISE   557 AM CDT   SUNSET   805 PM CDT
MAY 27 2015...........SUNRISE   557 AM CDT   SUNSET   806 PM CDT


-  INDICATES NEGATIVE NUMBERS.
R  INDICATES RECORD WAS SET OR TIED.
MM INDICATES DATA IS MISSING.
T  INDICATES TRACE AMOUNT.




$$
