000
CDUS44 KJAN 220658
CLIGLH


CLIMATE REPORT
NATIONAL WEATHER SERVICE JACKSON MS
156 AM CDT TUE JUL 22 2014


...................................

...THE GREENVILLE CLIMATE SUMMARY FOR JULY 21 2014...

CLIMATE NORMAL PERIOD 1981 TO 2010
CLIMATE RECORD PERIOD 1920 TO 2014


WEATHER ITEM   OBSERVED TIME   RECORD YEAR NORMAL DEPARTURE LAST
                VALUE   (LST)  VALUE       VALUE  FROM      YEAR
                                                  NORMAL
..................................................................
TEMPERATURE (F)
 YESTERDAY
  MAXIMUM         89    320 PM 101    2008  92     -3       91
                                      1924
  MINIMUM         65    535 AM  63    1970  72     -7       73
  AVERAGE         77                        82     -5       82

PRECIPITATION (IN)
  YESTERDAY        0.00          1.89 1995   0.11  -0.11     0.00
  MONTH TO DATE    5.15                      2.85   2.30     1.43
  SINCE JUN 1     11.52                      6.89   4.63     2.68
  SINCE JAN 1     35.65                     31.15   4.50    27.64

SNOWFALL (IN)
  YESTERDAY        0.0

DEGREE DAYS
 HEATING
  YESTERDAY        0                         0      0        0
  MONTH TO DATE    0                         0      0        0
  SINCE JUN 1      0                         0      0        0
  SINCE JUL 1      0                         0      0        0

 COOLING
  YESTERDAY       12                        17     -5       17
  MONTH TO DATE  267                       355    -88      322
  SINCE JUN 1    729                       775    -46      781
  SINCE JAN 1   1044                      1097    -53     1064
..................................................................


WIND (MPH)
  HIGHEST WIND SPEED     8   HIGHEST WIND DIRECTION     N (20)
  HIGHEST GUST SPEED    10   HIGHEST GUST DIRECTION    NE (40)
  AVERAGE WIND SPEED     2.5


SKY COVER
  POSSIBLE SUNSHINE  MM
  AVERAGE SKY COVER 0.2


WEATHER CONDITIONS
 THE FOLLOWING WEATHER WAS RECORDED YESTERDAY.
  FOG


RELATIVE HUMIDITY (PERCENT)
 HIGHEST   100          1200 AM
 LOWEST     50           400 PM
 AVERAGE    75

..........................................................


THE GREENVILLE CLIMATE NORMALS FOR TODAY
                         NORMAL    RECORD    YEAR
 MAXIMUM TEMPERATURE (F)   92       103      1924
 MINIMUM TEMPERATURE (F)   72        57      1947


SUNRISE AND SUNSET
JULY 22 2014..........SUNRISE   610 AM CDT   SUNSET   811 PM CDT
JULY 23 2014..........SUNRISE   610 AM CDT   SUNSET   810 PM CDT


-  INDICATES NEGATIVE NUMBERS.
R  INDICATES RECORD WAS SET OR TIED.
MM INDICATES DATA IS MISSING.
T  INDICATES TRACE AMOUNT.




$$
