510
CDUS44 KJAN 200844
CLIGLH


CLIMATE REPORT
NATIONAL WEATHER SERVICE JACKSON MS
243 AM CST SAT JAN 20 2018


...................................

...THE GREENVILLE CLIMATE SUMMARY FOR JANUARY 19 2018...

CLIMATE NORMAL PERIOD 1981 TO 2010
CLIMATE RECORD PERIOD 1903 TO 2018


WEATHER ITEM   OBSERVED TIME   RECORD YEAR NORMAL DEPARTURE LAST
                VALUE   (LST)  VALUE       VALUE  FROM      YEAR
                                                  NORMAL
..................................................................
TEMPERATURE (F)
 YESTERDAY
  MAXIMUM         43   1159 PM  84    1907  52     -9       67
  MINIMUM         19    231 AM   4    1940  32    -13       56
  AVERAGE         31                        42    -11       62

PRECIPITATION (IN)
  YESTERDAY        0.00          2.03 2017   0.16  -0.16     2.03
  MONTH TO DATE    1.28                      2.88  -1.60     4.40
  SINCE DEC 1      6.14                      8.50  -2.36     7.26
  SINCE JAN 1      1.28                      2.88  -1.60     4.40

SNOWFALL (IN)
  YESTERDAY        0.0

DEGREE DAYS
 HEATING
  YESTERDAY       34                        23     11        3
  MONTH TO DATE  608                       434    174      273
  SINCE DEC 1   1227                      1056    171      827
  SINCE JUL 1   1641                      1518    123     1096

 COOLING
  YESTERDAY        0                         0      0        0
  MONTH TO DATE    0                         0      0       11
  SINCE DEC 1      4                         3      1       23
  SINCE JAN 1      0                         0      0       11
..................................................................


WIND (MPH)
  HIGHEST WIND SPEED    12   HIGHEST WIND DIRECTION     S (180)
  HIGHEST GUST SPEED    14   HIGHEST GUST DIRECTION     S (190)
  AVERAGE WIND SPEED     7.1


SKY COVER
  POSSIBLE SUNSHINE  MM
  AVERAGE SKY COVER 0.7


WEATHER CONDITIONS
 THE FOLLOWING WEATHER WAS RECORDED YESTERDAY.
  NO SIGNIFICANT WEATHER WAS OBSERVED.


RELATIVE HUMIDITY (PERCENT)
 HIGHEST    85           700 AM
 LOWEST     53          1000 PM
 AVERAGE    69

..........................................................


THE GREENVILLE CLIMATE NORMALS FOR TODAY
                         NORMAL    RECORD    YEAR
 MAXIMUM TEMPERATURE (F)   52        86      1935
 MINIMUM TEMPERATURE (F)   32        11      1943


SUNRISE AND SUNSET
JANUARY 20 2018.......SUNRISE   706 AM CST   SUNSET   524 PM CST
JANUARY 21 2018.......SUNRISE   706 AM CST   SUNSET   525 PM CST


-  INDICATES NEGATIVE NUMBERS.
R  INDICATES RECORD WAS SET OR TIED.
MM INDICATES DATA IS MISSING.
T  INDICATES TRACE AMOUNT.




$$
