000
CDUS44 KHGX 180734
CLIGLS


CLIMATE REPORT
NATIONAL WEATHER SERVICE HOUSTON/GALVESTON TX
133 AM CST WED JAN 18 2017


...................................

...THE GALVESTON CLIMATE SUMMARY FOR JANUARY 17 2017...

CLIMATE NORMAL PERIOD 1981 TO 2010
CLIMATE RECORD PERIOD 1875 TO 2017


WEATHER ITEM   OBSERVED TIME   RECORD YEAR NORMAL DEPARTURE LAST
                VALUE   (LST)  VALUE       VALUE  FROM      YEAR
                                                  NORMAL
..................................................................
TEMPERATURE (F)
 YESTERDAY
  MAXIMUM         74    309 PM  75    1935  62     12       52
  MINIMUM         68    712 AM  23    1885  48     20       44
  AVERAGE         71                        55     16       48

PRECIPITATION (IN)
  YESTERDAY        0.00          1.87 1987   0.15  -0.15     0.00
  MONTH TO DATE    0.46                      2.27  -1.81     1.60
  SINCE DEC 1     11.54                      5.79   5.75     5.09
  SINCE JAN 1      0.46                      2.27  -1.81     1.60

SNOWFALL (IN)
  YESTERDAY        0.0           0.0  2002  MM     MM        0.0
  MONTH TO DATE    0.0                       0.0    0.0      0.0
  SINCE DEC 1      0.0                       0.0    0.0      0.0
  SINCE JUL 1      0.0                       0.0    0.0      0.0
  SNOW DEPTH       0

DEGREE DAYS
 HEATING
  YESTERDAY        0                        10    -10       17
  MONTH TO DATE   92                       170    -78      202
  SINCE DEC 1    227                       427   -200      362
  SINCE JUL 1    239                       530   -291      415

 COOLING
  YESTERDAY        6                         0      6        0
  MONTH TO DATE   46                         0     46        0
  SINCE DEC 1    124                        19    105       50
  SINCE JAN 1     46                         0     46        0
..................................................................


WIND (MPH)
  RESULTANT WIND SPEED   8   RESULTANT WIND DIRECTION  SE (140)
  HIGHEST WIND SPEED    15   HIGHEST WIND DIRECTION     S (160)
  HIGHEST GUST SPEED    18   HIGHEST GUST DIRECTION     S (160)
  AVERAGE WIND SPEED     9.3


SKY COVER
  AVERAGE SKY COVER 0.8


WEATHER CONDITIONS
 THE FOLLOWING WEATHER WAS RECORDED YESTERDAY.
  FOG


RELATIVE HUMIDITY (PERCENT)
 HIGHEST   100
 LOWEST     87
 AVERAGE    94

..........................................................


THE GALVESTON CLIMATE NORMALS FOR TODAY
                         NORMAL    RECORD    YEAR
 MAXIMUM TEMPERATURE (F)   62        76      1929
 MINIMUM TEMPERATURE (F)   49        13      1930


SUNRISE AND SUNSET
JANUARY 18 2017.......SUNRISE   714 AM CST   SUNSET   546 PM CST
JANUARY 19 2017.......SUNRISE   714 AM CST   SUNSET   547 PM CST


-  INDICATES NEGATIVE NUMBERS.
R  INDICATES RECORD WAS SET OR TIED.
MM INDICATES DATA IS MISSING.
T  INDICATES TRACE AMOUNT.




$$
