000
CDUS44 KHGX 302123
CLIGLS


CLIMATE REPORT
NATIONAL WEATHER SERVICE HOUSTON/GALVESTON TX
422 PM CDT FRI SEP 30 2016


...................................

...THE GALVESTON CLIMATE SUMMARY FOR SEPTEMBER 30 2016...
VALID TODAY AS OF 400 PM LOCAL TIME.

CLIMATE NORMAL PERIOD 1981 TO 2010
CLIMATE RECORD PERIOD 1875 TO 2016


WEATHER ITEM   OBSERVED TIME   RECORD YEAR NORMAL DEPARTURE LAST
                VALUE   (LST)  VALUE       VALUE  FROM      YEAR
                                                  NORMAL
..................................................................
TEMPERATURE (F)
 TODAY
  MAXIMUM         81    132 PM  91    1998  85     -4       88
                                      1990
  MINIMUM         67    617 AM  56    1920  73     -6       77
                                      1890
  AVERAGE         74                        78     -4       83

PRECIPITATION (IN)
  TODAY            0.00          4.33 1945   0.17  -0.17     0.00
  MONTH TO DATE    1.96                      6.03  -4.07    11.13
  SINCE SEP 1      1.96                      6.03  -4.07    11.13
  SINCE JAN 1     42.64                     37.21   5.43    42.69

SNOWFALL (IN)
  TODAY            0.0           0.0  2002  MM     MM        0.0
                                      2001
  MONTH TO DATE    0.0                      MM     MM        0.0
  SINCE SEP 1      0.0                      MM     MM        0.0
  SINCE JUL 1      0.0                      MM     MM        0.0
  SNOW DEPTH       0

DEGREE DAYS
 HEATING
  TODAY            0                         0      0        0
  MONTH TO DATE    0                         0      0        0
  SINCE SEP 1      0                         0      0        0
  SINCE JUL 1      0                         0      0        0

 COOLING
  TODAY            9                        14     -5       18
  MONTH TO DATE  579                       499     80      513
  SINCE SEP 1    579                       499     80      513
  SINCE JAN 1   3047                      2893    154     3104
..................................................................


WIND (MPH)
  RESULTANT WIND SPEED  11   RESULTANT WIND DIRECTION  NE (30)
  HIGHEST WIND SPEED    18   HIGHEST WIND DIRECTION    NE (30)
  HIGHEST GUST SPEED    22   HIGHEST GUST DIRECTION    NE (40)
  AVERAGE WIND SPEED    11.2


SKY COVER
  AVERAGE SKY COVER 0.1


WEATHER CONDITIONS
 THE FOLLOWING WEATHER WAS RECORDED TODAY.
  NO SIGNIFICANT WEATHER WAS OBSERVED.


RELATIVE HUMIDITY (PERCENT)
 HIGHEST    81           500 AM
 LOWEST     36           300 PM
 AVERAGE    59

..........................................................


THE GALVESTON CLIMATE NORMALS FOR TOMORROW
                         NORMAL    RECORD    YEAR
 MAXIMUM TEMPERATURE (F)   84        91      1938
 MINIMUM TEMPERATURE (F)   72        56      1985


SUNRISE AND SUNSET
SEPTEMBER 30 2016.....SUNRISE   712 AM CDT   SUNSET   706 PM CDT
OCTOBER  1 2016.......SUNRISE   713 AM CDT   SUNSET   704 PM CDT


-  INDICATES NEGATIVE NUMBERS.
R  INDICATES RECORD WAS SET OR TIED.
MM INDICATES DATA IS MISSING.
T  INDICATES TRACE AMOUNT.




$$
