000
CDUS44 KHGX 262243
CLIGLS


CLIMATE REPORT
NATIONAL WEATHER SERVICE HOUSTON/GALVESTON TX
438 PM CST FRI DEC 26 2014


...................................

...THE GALVESTON CLIMATE SUMMARY FOR DECEMBER 26 2014...
VALID TODAY AS OF 400 PM LOCAL TIME.

CLIMATE NORMAL PERIOD 1981 TO 2010
CLIMATE RECORD PERIOD 1875 TO 2014


WEATHER ITEM   OBSERVED TIME   RECORD YEAR NORMAL DEPARTURE LAST
                VALUE   (LST)  VALUE       VALUE  FROM      YEAR
                                                  NORMAL
..................................................................
TEMPERATURE (F)
 TODAY
  MAXIMUM         69   1224 PM  73    1875  63      6       60
  MINIMUM         63    545 AM  24    1879  49     14       48
  AVERAGE         66                        56     10       54

PRECIPITATION (IN)
  TODAY            0.00          1.71 1982   0.11  -0.11     0.00
  MONTH TO DATE    3.45                      3.07   0.38     0.62
  SINCE DEC 1      3.45                      3.07   0.38     0.62
  SINCE JAN 1     31.47                     50.31 -18.84    39.21

SNOWFALL (IN)
  TODAY            0.0           0.0  2001  MM     MM        0.0
  MONTH TO DATE    0.0                      MM     MM        0.0
  SINCE DEC 1      0.0                      MM     MM        0.0
  SINCE JUL 1      0.0                      MM     MM        0.0
  SNOW DEPTH       0

DEGREE DAYS
 HEATING
  TODAY            0                         9     -9       11
  MONTH TO DATE  121                       209    -88      294
  SINCE DEC 1    121                       209    -88      294
  SINCE JUL 1    272                       312    -40      472

 COOLING
  TODAY            1                         0      1        0
  MONTH TO DATE   21                        14      7       13
  SINCE DEC 1     21                        14      7       13
  SINCE JAN 1   3259                      3303    -44     3324
..................................................................


WIND (MPH)
  RESULTANT WIND SPEED  14   RESULTANT WIND DIRECTION  SE (150)
  HIGHEST WIND SPEED    22   HIGHEST WIND DIRECTION     S (180)
  HIGHEST GUST SPEED    26   HIGHEST GUST DIRECTION     S (170)
  AVERAGE WIND SPEED    14.2


SKY COVER
  AVERAGE SKY COVER 0.8


WEATHER CONDITIONS
 THE FOLLOWING WEATHER WAS RECORDED TODAY.
  FOG


RELATIVE HUMIDITY (PERCENT)
 HIGHEST    93           100 PM
 LOWEST     72          1200 AM
 AVERAGE    83

..........................................................


THE GALVESTON CLIMATE NORMALS FOR TOMORROW
                         NORMAL    RECORD    YEAR
 MAXIMUM TEMPERATURE (F)   62        74      1971
 MINIMUM TEMPERATURE (F)   49        25      1892


SUNRISE AND SUNSET
DECEMBER 26 2014......SUNRISE   712 AM CST   SUNSET   529 PM CST
DECEMBER 27 2014......SUNRISE   712 AM CST   SUNSET   529 PM CST


-  INDICATES NEGATIVE NUMBERS.
R  INDICATES RECORD WAS SET OR TIED.
MM INDICATES DATA IS MISSING.
T  INDICATES TRACE AMOUNT.


$$
