000
CDUS42 KJAX 200550
CLIGNV


CLIMATE REPORT
NATIONAL WEATHER SERVICE JACKSONVILLE FL
1240 AM EST THU NOV 20 2014


...................................

...THE GAINESVILLE CLIMATE SUMMARY FOR NOVEMBER 19 2014...

CLIMATE NORMAL PERIOD 1981 TO 2010
CLIMATE RECORD PERIOD 1890 TO 2014


WEATHER ITEM   OBSERVED TIME   RECORD YEAR NORMAL DEPARTURE LAST
                VALUE   (LST)  VALUE       VALUE  FROM      YEAR
                                                  NORMAL
..................................................................
TEMPERATURE (F)
 YESTERDAY
  MAXIMUM         55    335 PM  90    1906  74    -19       73
  MINIMUM         27R  1159 PM  28    2008  50    -23       56
  AVERAGE         41                        62    -21       65

PRECIPITATION (IN)
  YESTERDAY        0.00          1.62 1939   0.07  -0.07     0.00
  MONTH TO DATE    0.57                      1.32  -0.75     1.55
  SINCE SEP 1      9.40                      8.62   0.78     4.83
  SINCE JAN 1     46.46                     44.19   2.27    41.53

SNOWFALL (IN)
  YESTERDAY        0.0           0.0    MM   0.0    0.0      0.0
  MONTH TO DATE    0.0                       0.0    0.0      0.0
  SINCE SEP 1      0.0                       0.0    0.0      0.0
  SINCE JUL 1      0.0                       0.0    0.0      0.0
  SNOW DEPTH       0

DEGREE DAYS
 HEATING
  YESTERDAY       24                         5     19        0
  MONTH TO DATE  141                        68     73       16
  SINCE SEP 1    159                        95     64       31
  SINCE JUL 1    159                        95     64       31

 COOLING
  YESTERDAY        0                         2     -2        0
  MONTH TO DATE    8                        51    -43       66
  SINCE SEP 1    593                       657    -64      745
  SINCE JAN 1   2539                      2601    -62     2807
..................................................................


WIND (MPH)
  HIGHEST WIND SPEED    15   HIGHEST WIND DIRECTION     N (360)
  HIGHEST GUST SPEED    21   HIGHEST GUST DIRECTION     N (20)
  AVERAGE WIND SPEED     5.7


SKY COVER
  POSSIBLE SUNSHINE  MM
  AVERAGE SKY COVER 0.0


WEATHER CONDITIONS
 THE FOLLOWING WEATHER WAS RECORDED YESTERDAY.
  NO SIGNIFICANT WEATHER WAS OBSERVED.


RELATIVE HUMIDITY (PERCENT)
 HIGHEST    85          1000 PM
 LOWEST     31           100 PM
 AVERAGE    58

..........................................................


THE GAINESVILLE CLIMATE NORMALS FOR TODAY
                         NORMAL    RECORD    YEAR
 MAXIMUM TEMPERATURE (F)   73        88      1906
 MINIMUM TEMPERATURE (F)   50        29      2008


SUNRISE AND SUNSET
NOVEMBER 20 2014......SUNRISE   658 AM EST   SUNSET   531 PM EST
NOVEMBER 21 2014......SUNRISE   658 AM EST   SUNSET   531 PM EST


-  INDICATES NEGATIVE NUMBERS.
R  INDICATES RECORD WAS SET OR TIED.
MM INDICATES DATA IS MISSING.
T  INDICATES TRACE AMOUNT.




$$
