000
CDUS42 KJAX 042128
CLIGNV


CLIMATE REPORT
NATIONAL WEATHER SERVICE JACKSONVILLE FL
525 PM EDT WED MAY 4 2016


...................................

...THE GAINESVILLE CLIMATE SUMMARY FOR MAY 4 2016...
VALID TODAY AS OF 0500 PM LOCAL TIME.

CLIMATE NORMAL PERIOD 1981 TO 2010
CLIMATE RECORD PERIOD 1890 TO 2016


WEATHER ITEM   OBSERVED TIME   RECORD YEAR NORMAL DEPARTURE LAST
                VALUE   (LST)  VALUE       VALUE  FROM      YEAR
                                                  NORMAL
..................................................................
TEMPERATURE (F)
 TODAY
  MAXIMUM         76    359 PM  97    2002  85     -9       80
  MINIMUM         67    146 PM  44    1921  59      8       53
  AVERAGE         72                        72      0       67

PRECIPITATION (IN)
  TODAY            1.23          3.01 1994   0.06   1.17     0.00
  MONTH TO DATE    1.23                      0.24   0.99     0.00
  SINCE MAR 1      5.24                      7.24  -2.00     4.39
  SINCE JAN 1     12.09                     13.75  -1.66     9.65

SNOWFALL (IN)
  TODAY            0.0           0.0    MM   0.0    0.0      0.0
  MONTH TO DATE    0.0                       0.0    0.0      0.0
  SINCE MAR 1      0.0                       0.0    0.0      0.0
  SINCE JUL 1      0.0                       0.0    0.0      0.0
  SNOW DEPTH       0

DEGREE DAYS
 HEATING
  TODAY            0                         0      0        0
  MONTH TO DATE    0                         0      0        2
  SINCE MAR 1     83                       180    -97       62
  SINCE JUL 1    848                      1214   -366     1213

 COOLING
  TODAY            7                         7      0        2
  MONTH TO DATE   51                        28     23        2
  SINCE MAR 1    319                       203    116      387
  SINCE JAN 1    344                       235    109      402
..................................................................


WIND (MPH)
  HIGHEST WIND SPEED    26   HIGHEST WIND DIRECTION     W (250)
  HIGHEST GUST SPEED    33   HIGHEST GUST DIRECTION     W (250)
  AVERAGE WIND SPEED     4.6


SKY COVER
  POSSIBLE SUNSHINE  MM
  AVERAGE SKY COVER 0.6


WEATHER CONDITIONS
 THE FOLLOWING WEATHER WAS RECORDED TODAY.
  THUNDERSTORM
  HEAVY RAIN
  RAIN
  LIGHT RAIN
  FOG


RELATIVE HUMIDITY (PERCENT)
 HIGHEST    97           500 AM
 LOWEST     74           400 PM
 AVERAGE    86

..........................................................


THE GAINESVILLE CLIMATE NORMALS FOR TOMORROW
                         NORMAL    RECORD    YEAR
 MAXIMUM TEMPERATURE (F)   85        97      1902
 MINIMUM TEMPERATURE (F)   59        44      1971


SUNRISE AND SUNSET
MAY  4 2016...........SUNRISE   644 AM EDT   SUNSET   808 PM EDT
MAY  5 2016...........SUNRISE   643 AM EDT   SUNSET   809 PM EDT


-  INDICATES NEGATIVE NUMBERS.
R  INDICATES RECORD WAS SET OR TIED.
MM INDICATES DATA IS MISSING.
T  INDICATES TRACE AMOUNT.




$$
