000
CDUS42 KJAX 102226
CLIGNV


CLIMATE REPORT
NATIONAL WEATHER SERVICE JACKSONVILLE FL
525 PM EST SAT DEC 10 2016


...................................

...THE GAINESVILLE CLIMATE SUMMARY FOR DECEMBER 10 2016...
VALID TODAY AS OF 0500 PM LOCAL TIME.

CLIMATE NORMAL PERIOD 1981 TO 2010
CLIMATE RECORD PERIOD 1890 TO 2016


WEATHER ITEM   OBSERVED TIME   RECORD YEAR NORMAL DEPARTURE LAST
                VALUE   (LST)  VALUE       VALUE  FROM      YEAR
                                                  NORMAL
..................................................................
TEMPERATURE (F)
 TODAY
  MAXIMUM         66    259 PM  84    1972  69     -3       75
                                      1961
  MINIMUM         39    736 AM  23    1917  45     -6       48
  AVERAGE         53                        57     -4       62

PRECIPITATION (IN)
  TODAY            0.00          3.56 2012   0.07  -0.07     0.00
  MONTH TO DATE    1.64                      0.74   0.90     0.06
  SINCE DEC 1      1.64                      0.74   0.90     0.06
  SINCE JAN 1     41.00                     45.67  -4.67    45.27

SNOWFALL (IN)
  TODAY            0.0           0.0    MM   0.0    0.0      0.0
  MONTH TO DATE    0.0                       0.0    0.0      0.0
  SINCE DEC 1      0.0                       0.0    0.0      0.0
  SINCE JUL 1      0.0                       0.0    0.0      0.0
  SNOW DEPTH       0

DEGREE DAYS
 HEATING
  TODAY           12                         9      3        3
  MONTH TO DATE   53                        79    -26       32
  SINCE DEC 1     53                        79    -26       32
  SINCE JUL 1    159                       240    -81       71

 COOLING
  TODAY            0                         1     -1        0
  MONTH TO DATE   15                        10      5       13
  SINCE DEC 1     15                        10      5       13
  SINCE JAN 1   3049                      2626    423     3139
..................................................................


WIND (MPH)
  HIGHEST WIND SPEED    17   HIGHEST WIND DIRECTION    NE (50)
  HIGHEST GUST SPEED    22   HIGHEST GUST DIRECTION    NE (50)
  AVERAGE WIND SPEED     9.7


SKY COVER
  POSSIBLE SUNSHINE  MM
  AVERAGE SKY COVER 0.2


WEATHER CONDITIONS
 THE FOLLOWING WEATHER WAS RECORDED TODAY.
  NO SIGNIFICANT WEATHER WAS OBSERVED.


RELATIVE HUMIDITY (PERCENT)
 HIGHEST    67          1200 AM
 LOWEST     48           100 PM
 AVERAGE    58

..........................................................


THE GAINESVILLE CLIMATE NORMALS FOR TOMORROW
                         NORMAL    RECORD    YEAR
 MAXIMUM TEMPERATURE (F)   69        84      1971
                                             1931
 MINIMUM TEMPERATURE (F)   45        23      1981
                                             1937


SUNRISE AND SUNSET
DECEMBER 10 2016......SUNRISE   714 AM EST   SUNSET   531 PM EST
DECEMBER 11 2016......SUNRISE   714 AM EST   SUNSET   531 PM EST


-  INDICATES NEGATIVE NUMBERS.
R  INDICATES RECORD WAS SET OR TIED.
MM INDICATES DATA IS MISSING.
T  INDICATES TRACE AMOUNT.




$$
