000
CDUS42 KJAX 300531
CLIGNV


CLIMATE REPORT
NATIONAL WEATHER SERVICE JACKSONVILLE FL
130 AM EDT TUE SEP 30 2014


...................................

...THE GAINESVILLE CLIMATE SUMMARY FOR SEPTEMBER 29 2014...

CLIMATE NORMAL PERIOD 1981 TO 2010
CLIMATE RECORD PERIOD 1890 TO 2014


WEATHER ITEM   OBSERVED TIME   RECORD YEAR NORMAL DEPARTURE LAST
                VALUE   (LST)  VALUE       VALUE  FROM      YEAR
                                                  NORMAL
..................................................................
TEMPERATURE (F)
 YESTERDAY
  MAXIMUM         79    330 PM  94    1972  85     -6       86
                                      1939
                                      1936
  MINIMUM         71    418 AM  50    1967  66      5       67
  AVERAGE         75                        76     -1       77

PRECIPITATION (IN)
  YESTERDAY        0.63          2.44 1942   0.13   0.50     0.00
  MONTH TO DATE    7.27                      4.30   2.97     3.20
  SINCE SEP 1      7.27                      4.30   2.97     3.20
  SINCE JAN 1     44.33                     39.87   4.46    39.90

SNOWFALL (IN)
  YESTERDAY        0.0           0.0    MM   0.0    0.0      0.0
  MONTH TO DATE    0.0                       0.0    0.0      0.0
  SINCE SEP 1      0.0                       0.0    0.0      0.0
  SINCE JUL 1      0.0                       0.0    0.0      0.0
  SNOW DEPTH       0

DEGREE DAYS
 HEATING
  YESTERDAY        0                         0      0        0
  MONTH TO DATE    0                         0      0        0
  SINCE SEP 1      0                         0      0        0
  SINCE JUL 1      0                         0      0        0

 COOLING
  YESTERDAY       10                        11     -1       12
  MONTH TO DATE  395                       386      9      427
  SINCE SEP 1    395                       386      9      427
  SINCE JAN 1   2341                      2330     11     2489
..................................................................


WIND (MPH)
  HIGHEST WIND SPEED    10   HIGHEST WIND DIRECTION     S (180)
  HIGHEST GUST SPEED    12   HIGHEST GUST DIRECTION     S (180)
  AVERAGE WIND SPEED     2.4


SKY COVER
  POSSIBLE SUNSHINE  MM
  AVERAGE SKY COVER 0.8


WEATHER CONDITIONS
 THE FOLLOWING WEATHER WAS RECORDED YESTERDAY.
  HEAVY RAIN
  RAIN
  LIGHT RAIN
  FOG


RELATIVE HUMIDITY (PERCENT)
 HIGHEST   100          1200 AM
 LOWEST     88          1100 AM
 AVERAGE    94

..........................................................


THE GAINESVILLE CLIMATE NORMALS FOR TODAY
                         NORMAL    RECORD    YEAR
 MAXIMUM TEMPERATURE (F)   85        97      1934
 MINIMUM TEMPERATURE (F)   66        48      1967


SUNRISE AND SUNSET
SEPTEMBER 30 2014.....SUNRISE   722 AM EDT   SUNSET   716 PM EDT
OCTOBER  1 2014.......SUNRISE   722 AM EDT   SUNSET   715 PM EDT


-  INDICATES NEGATIVE NUMBERS.
R  INDICATES RECORD WAS SET OR TIED.
MM INDICATES DATA IS MISSING.
T  INDICATES TRACE AMOUNT.




$$
