000
CDUS42 KJAX 272229
CLIGNV


CLIMATE REPORT
NATIONAL WEATHER SERVICE JACKSONVILLE FL
529 PM EST THU NOV 27 2014


...................................

...THE GAINESVILLE CLIMATE SUMMARY FOR NOVEMBER 27 2014...
VALID TODAY AS OF 0500 PM LOCAL TIME.

CLIMATE NORMAL PERIOD 1981 TO 2010
CLIMATE RECORD PERIOD 1890 TO 2014


WEATHER ITEM   OBSERVED TIME   RECORD YEAR NORMAL DEPARTURE LAST
                VALUE   (LST)  VALUE       VALUE  FROM      YEAR
                                                  NORMAL
..................................................................
TEMPERATURE (F)
 TODAY
  MAXIMUM         64    111 PM  85    1973  72     -8       69
                                      1946
  MINIMUM         36    213 AM  29    1930  48    -12       35
                                      1922
                                      1903
  AVERAGE         50                        60    -10       52

PRECIPITATION (IN)
  TODAY            0.00          2.11 1893   0.07  -0.07     0.05
  MONTH TO DATE    2.47                      1.84   0.63     3.31
  SINCE SEP 1     11.30                      9.14   2.16     6.59
  SINCE JAN 1     48.36                     44.71   3.65    43.29

SNOWFALL (IN)
  TODAY            0.0           0.0    MM   0.0    0.0      0.0
  MONTH TO DATE    0.0                       0.0    0.0      0.0
  SINCE SEP 1      0.0                       0.0    0.0      0.0
  SINCE JUL 1      0.0                       0.0    0.0      0.0
  SNOW DEPTH       0

DEGREE DAYS
 HEATING
  TODAY           15                         6      9       13
  MONTH TO DATE  208                       113     95       43
  SINCE SEP 1    226                       140     86       58
  SINCE JUL 1    226                       140     86       58

 COOLING
  TODAY            0                         1     -1        0
  MONTH TO DATE   32                        64    -32       84
  SINCE SEP 1    617                       670    -53      763
  SINCE JAN 1   2563                      2614    -51     2825
..................................................................


WIND (MPH)
  HIGHEST WIND SPEED    17   HIGHEST WIND DIRECTION    NW (320)
  HIGHEST GUST SPEED    23   HIGHEST GUST DIRECTION     W (290)
  AVERAGE WIND SPEED     6.6


SKY COVER
  POSSIBLE SUNSHINE  MM
  AVERAGE SKY COVER 0.0


WEATHER CONDITIONS
 THE FOLLOWING WEATHER WAS RECORDED TODAY.
  NO SIGNIFICANT WEATHER WAS OBSERVED.


RELATIVE HUMIDITY (PERCENT)
 HIGHEST   100           400 AM
 LOWEST     32           300 PM
 AVERAGE    66

..........................................................


THE GAINESVILLE CLIMATE NORMALS FOR TOMORROW
                         NORMAL    RECORD    YEAR
 MAXIMUM TEMPERATURE (F)   72        87      1948
 MINIMUM TEMPERATURE (F)   48        22      1903


SUNRISE AND SUNSET
NOVEMBER 27 2014......SUNRISE   703 AM EST   SUNSET   530 PM EST
NOVEMBER 28 2014......SUNRISE   704 AM EST   SUNSET   530 PM EST


-  INDICATES NEGATIVE NUMBERS.
R  INDICATES RECORD WAS SET OR TIED.
MM INDICATES DATA IS MISSING.
T  INDICATES TRACE AMOUNT.




$$
