000
CDUS42 KJAX 172227
CLIGNV


CLIMATE REPORT
NATIONAL WEATHER SERVICE JACKSONVILLE FL
527 PM EST TUE JAN 17 2017


...................................

...THE GAINESVILLE CLIMATE SUMMARY FOR JANUARY 17 2017...
VALID TODAY AS OF 0500 PM LOCAL TIME.

CLIMATE NORMAL PERIOD 1981 TO 2010
CLIMATE RECORD PERIOD 1890 TO 2017


WEATHER ITEM   OBSERVED TIME   RECORD YEAR NORMAL DEPARTURE LAST
                VALUE   (LST)  VALUE       VALUE  FROM      YEAR
                                                  NORMAL
..................................................................
TEMPERATURE (F)
 TODAY
  MAXIMUM         82    236 PM  87    1943  66     16       61
  MINIMUM         50    735 AM  23    1959  42      8       41
  AVERAGE         66                        54     12       51

PRECIPITATION (IN)
  TODAY            0.00          1.19 1964   0.10  -0.10     0.94
  MONTH TO DATE    1.02                      1.63  -0.61     2.15
  SINCE DEC 1      3.71                      4.11  -0.40     4.12
  SINCE JAN 1      1.02                      1.63  -0.61     2.15

SNOWFALL (IN)
  TODAY            0.0           0.0    MM   0.0    0.0      0.0
  MONTH TO DATE    0.0                       0.0    0.0      0.0
  SINCE DEC 1      0.0                       0.0    0.0      0.0
  SINCE JUL 1      0.0                       0.0    0.0      0.0
  SNOW DEPTH       0

DEGREE DAYS
 HEATING
  TODAY            0                        11    -11       14
  MONTH TO DATE   91                       195   -104      190
  SINCE DEC 1    229                       491   -262      262
  SINCE JUL 1    335                       652   -317      301

 COOLING
  TODAY            1                         0      1        0
  MONTH TO DATE   18                         0     18        2
  SINCE DEC 1     94                        22     72      148
  SINCE JAN 1     18                         0     18        2
..................................................................


WIND (MPH)
  HIGHEST WIND SPEED    13   HIGHEST WIND DIRECTION    SW (240)
  HIGHEST GUST SPEED    18   HIGHEST GUST DIRECTION     S (180)
  AVERAGE WIND SPEED     2.6


SKY COVER
  POSSIBLE SUNSHINE  MM
  AVERAGE SKY COVER 0.3


WEATHER CONDITIONS
 THE FOLLOWING WEATHER WAS RECORDED TODAY.
  FOG


RELATIVE HUMIDITY (PERCENT)
 HIGHEST   100           300 AM
 LOWEST     39           200 PM
 AVERAGE    70

..........................................................


THE GAINESVILLE CLIMATE NORMALS FOR TOMORROW
                         NORMAL    RECORD    YEAR
 MAXIMUM TEMPERATURE (F)   66        85      1937
 MINIMUM TEMPERATURE (F)   42        20      1977


SUNRISE AND SUNSET
JANUARY 17 2017.......SUNRISE   725 AM EST   SUNSET   554 PM EST
JANUARY 18 2017.......SUNRISE   724 AM EST   SUNSET   555 PM EST


-  INDICATES NEGATIVE NUMBERS.
R  INDICATES RECORD WAS SET OR TIED.
MM INDICATES DATA IS MISSING.
T  INDICATES TRACE AMOUNT.




$$
