000
CDUS42 KJAX 190535
CLIGNV


CLIMATE REPORT
NATIONAL WEATHER SERVICE JACKSONVILLE FL
1231 AM EST SUN FEB 19 2017


...................................

...THE GAINESVILLE CLIMATE SUMMARY FOR FEBRUARY 18 2017...

CLIMATE NORMAL PERIOD 1981 TO 2010
CLIMATE RECORD PERIOD 1890 TO 2017


WEATHER ITEM   OBSERVED TIME   RECORD YEAR NORMAL DEPARTURE LAST
                VALUE   (LST)  VALUE       VALUE  FROM      YEAR
                                                  NORMAL
..................................................................
TEMPERATURE (F)
 YESTERDAY
  MAXIMUM         71   1244 PM  85    1962  70      1       69
  MINIMUM         44    158 AM  18    1900  46     -2       39
  AVERAGE         58                        58      0       54

PRECIPITATION (IN)
  YESTERDAY        0.03          2.58 1940   0.12  -0.09     0.00
  MONTH TO DATE    0.25                      2.01  -1.76     3.99
  SINCE DEC 1      4.39                      7.80  -3.41     8.69
  SINCE JAN 1      1.70                      5.32  -3.62     6.72

SNOWFALL (IN)
  YESTERDAY        0.0           0.0    MM   0.0    0.0      0.0
  MONTH TO DATE    0.0                       0.0    0.0      0.0
  SINCE DEC 1      0.0                       0.0    0.0      0.0
  SINCE JUL 1      0.0                       0.0    0.0      0.0
  SNOW DEPTH       0

DEGREE DAYS
 HEATING
  YESTERDAY        7                         8     -1       11
  MONTH TO DATE   78                       161    -83      188
  SINCE DEC 1    391                       802   -411      646
  SINCE JUL 1    497                       963   -466      685

 COOLING
  YESTERDAY        0                         1     -1        0
  MONTH TO DATE    9                        14     -5       14
  SINCE DEC 1    131                        48     83      162
  SINCE JAN 1     55                        26     29       16
..................................................................


WIND (MPH)
  HIGHEST WIND SPEED    22   HIGHEST WIND DIRECTION    SE (120)
  HIGHEST GUST SPEED    25   HIGHEST GUST DIRECTION    SE (120)
  AVERAGE WIND SPEED     4.0


SKY COVER
  POSSIBLE SUNSHINE  MM
  AVERAGE SKY COVER 0.3


WEATHER CONDITIONS
 THE FOLLOWING WEATHER WAS RECORDED YESTERDAY.
  LIGHT RAIN
  FOG


RELATIVE HUMIDITY (PERCENT)
 HIGHEST    90          1100 PM
 LOWEST     56          1100 AM
 AVERAGE    73

..........................................................


THE GAINESVILLE CLIMATE NORMALS FOR TODAY
                         NORMAL    RECORD    YEAR
 MAXIMUM TEMPERATURE (F)   70        88      1924
 MINIMUM TEMPERATURE (F)   46        23      1958


SUNRISE AND SUNSET
FEBRUARY 19 2017......SUNRISE   705 AM EST   SUNSET   621 PM EST
FEBRUARY 20 2017......SUNRISE   704 AM EST   SUNSET   622 PM EST


-  INDICATES NEGATIVE NUMBERS.
R  INDICATES RECORD WAS SET OR TIED.
MM INDICATES DATA IS MISSING.
T  INDICATES TRACE AMOUNT.




$$
