000
CDUS45 KMSO 192332
CLIGPI


CLIMATE REPORT
NATIONAL WEATHER SERVICE MISSOULA, MT
432 PM MST THU JAN 19 2017


...................................

...THE KALISPELL MT CLIMATE SUMMARY FOR JANUARY 19 2017...
VALID TODAY AS OF 0400 PM LOCAL TIME.

CLIMATE NORMAL PERIOD 1981 TO 2010
CLIMATE RECORD PERIOD 1894 TO 2017


WEATHER ITEM   OBSERVED TIME   RECORD YEAR NORMAL DEPARTURE LAST
                VALUE   (LST)  VALUE       VALUE  FROM      YEAR
                                                  NORMAL
..................................................................
TEMPERATURE (F)
 TODAY
  MAXIMUM         38    214 PM  52    1919  32      6       36
  MINIMUM         27    941 AM -19    1963  17     10       21
  AVERAGE         33                        24      9       29

PRECIPITATION (IN)
  TODAY            0.01          0.80 1917   0.04  -0.03     0.03
  MONTH TO DATE    0.82                      0.90  -0.08     0.57
  SINCE OCT 1      8.05                      4.90   3.15     4.62
  SINCE JAN 1      0.82                      0.90  -0.08     0.57

SNOWFALL (IN)
  TODAY            0.0
  MONTH TO DATE    9.4
  SINCE JAN 1      9.4
  SINCE JUL 1     44.7
  SNOW DEPTH      11

DEGREE DAYS
 HEATING
  TODAY           32                        41     -9       36
  MONTH TO DATE 1061                       798    263      784
  SINCE DEC 1   2542                      2108    434     1976
  SINCE JUL 1   4501                      4312    189     3995

 COOLING
  TODAY            0                         0      0        0
  MONTH TO DATE    0                         0      0        0
  SINCE DEC 1      0                         0      0        0
  SINCE JAN 1      0                         0      0        0
..................................................................


WIND (MPH)
  HIGHEST WIND SPEED     7   HIGHEST WIND DIRECTION    SW (240)
  HIGHEST GUST SPEED     7   HIGHEST GUST DIRECTION    SW (240)
  AVERAGE WIND SPEED     1.4


SKY COVER
  POSSIBLE SUNSHINE  MM
  AVERAGE SKY COVER 1.0


WEATHER CONDITIONS
 THE FOLLOWING WEATHER WAS RECORDED TODAY.
  LT FREEZING RAIN
  FOG
  HAZE


RELATIVE HUMIDITY (PERCENT)
 HIGHEST   100          1200 AM
 LOWEST     85          1100 AM
 AVERAGE    93

..........................................................


THE KALISPELL MT CLIMATE NORMALS FOR TOMORROW
                         NORMAL    RECORD    YEAR
 MAXIMUM TEMPERATURE (F)   32        48      1944
 MINIMUM TEMPERATURE (F)   17       -27      1937


SUNRISE AND SUNSET
JANUARY 19 2017.......SUNRISE   820 AM MST   SUNSET   517 PM MST
JANUARY 20 2017.......SUNRISE   819 AM MST   SUNSET   518 PM MST


-  INDICATES NEGATIVE NUMBERS.
R  INDICATES RECORD WAS SET OR TIED.
MM INDICATES DATA IS MISSING.
T  INDICATES TRACE AMOUNT.




$$
