304
CDUS45 KMSO 212337
CLIGPI


CLIMATE REPORT
NATIONAL WEATHER SERVICE MISSOULA, MT
434 PM MST WED FEB 21 2018


...................................

...THE KALISPELL MT CLIMATE SUMMARY FOR FEBRUARY 21 2018...
VALID TODAY AS OF 0400 PM LOCAL TIME.

CLIMATE NORMAL PERIOD 1981 TO 2010
CLIMATE RECORD PERIOD 1894 TO 2018


WEATHER ITEM   OBSERVED TIME   RECORD YEAR NORMAL DEPARTURE LAST
                VALUE   (LST)  VALUE       VALUE  FROM      YEAR
                                                  NORMAL
..................................................................
TEMPERATURE (F)
 TODAY
  MAXIMUM         18    359 PM  56    1995  37    -19       38
  MINIMUM        -11    528 AM -13    1910  19    -30       30
  AVERAGE          4                        28    -24       34

PRECIPITATION (IN)
  TODAY            T             0.43 1914   0.04  -0.04     0.27
  MONTH TO DATE    1.37                      0.72   0.65     2.42
  SINCE OCT 1      7.94                      6.05   1.89    10.62
  SINCE JAN 1      2.79                      2.05   0.74     3.39

SNOWFALL (IN)
  TODAY            T
  MONTH TO DATE   20.2
  SINCE JAN 1     30.7
  SINCE JUL 1     72.7
  SNOW DEPTH      17

DEGREE DAYS
 HEATING
  TODAY           61                        37     24       31
  MONTH TO DATE  952                       807    145      881
  SINCE DEC 1   3331                      3394    -63     3951
  SINCE JUL 1   5344                      5598   -254     5910

 COOLING
  TODAY            0                         0      0        0
  MONTH TO DATE    0                         0      0        0
  SINCE DEC 1      0                         0      0        0
  SINCE JAN 1      0                         0      0        0
..................................................................


WIND (MPH)
  HIGHEST WIND SPEED    12   HIGHEST WIND DIRECTION     S (170)
  HIGHEST GUST SPEED    14   HIGHEST GUST DIRECTION     S (160)
  AVERAGE WIND SPEED     2.1


SKY COVER
  POSSIBLE SUNSHINE  MM
  AVERAGE SKY COVER 0.6


WEATHER CONDITIONS
 THE FOLLOWING WEATHER WAS RECORDED TODAY.
  FOG


RELATIVE HUMIDITY (PERCENT)
 HIGHEST    95           100 AM
 LOWEST     67           200 PM
 AVERAGE    81

..........................................................


THE KALISPELL MT CLIMATE NORMALS FOR TOMORROW
                         NORMAL    RECORD    YEAR
 MAXIMUM TEMPERATURE (F)   38        55      1995
 MINIMUM TEMPERATURE (F)   19       -22      1910


SUNRISE AND SUNSET
FEBRUARY 21 2018......SUNRISE   733 AM MST   SUNSET   609 PM MST
FEBRUARY 22 2018......SUNRISE   731 AM MST   SUNSET   610 PM MST


-  INDICATES NEGATIVE NUMBERS.
R  INDICATES RECORD WAS SET OR TIED.
MM INDICATES DATA IS MISSING.
T  INDICATES TRACE AMOUNT.




$$
