000
CDUS45 KMSO 220738
CLIGPI


CLIMATE REPORT
NATIONAL WEATHER SERVICE MISSOULA, MT
138 AM MDT SAT JUL 22 2017


...................................

...THE KALISPELL MT CLIMATE SUMMARY FOR JULY 21 2017...

CLIMATE NORMAL PERIOD 1981 TO 2010
CLIMATE RECORD PERIOD 1894 TO 2017


WEATHER ITEM   OBSERVED TIME   RECORD YEAR NORMAL DEPARTURE LAST
                VALUE   (LST)  VALUE       VALUE  FROM      YEAR
                                                  NORMAL
..................................................................
TEMPERATURE (F)
 YESTERDAY
  MAXIMUM         84    415 PM  97    1979  83      1       87
  MINIMUM         46    604 AM  36    1996  49     -3       43
  AVERAGE         65                        66     -1       65

PRECIPITATION (IN)
  YESTERDAY        0.00          0.42 1987   0.04  -0.04     0.00
  MONTH TO DATE    0.07                      1.13  -1.06     1.51
  SINCE OCT 1     18.40                     14.30   4.10    15.19
  SINCE JAN 1     11.17                     10.30   0.87    11.14

SNOWFALL (IN)
  YESTERDAY        0.0
  MONTH TO DATE    0.0
  SINCE JAN 1     54.5
  SINCE JUL 1      0.0
  SNOW DEPTH       0

DEGREE DAYS
 HEATING
  YESTERDAY        0                         2     -2        0
  MONTH TO DATE    6                        62    -56       76
  SINCE JUN 1    164                       278   -114      255
  SINCE JUL 1      6                        62    -56       76

 COOLING
  YESTERDAY        0                         3     -3        0
  MONTH TO DATE   80                        37     43       11
  SINCE JUN 1     96                        50     46       58
  SINCE JAN 1    101                        53     48       58
..................................................................


WIND (MPH)
  HIGHEST WIND SPEED    20   HIGHEST WIND DIRECTION    SW (230)
  HIGHEST GUST SPEED    26   HIGHEST GUST DIRECTION    SW (230)
  AVERAGE WIND SPEED     5.5


SKY COVER
  POSSIBLE SUNSHINE  MM
  AVERAGE SKY COVER 0.0


WEATHER CONDITIONS
 THE FOLLOWING WEATHER WAS RECORDED YESTERDAY.
  HAZE


RELATIVE HUMIDITY (PERCENT)
 HIGHEST    82           600 AM
 LOWEST     17           500 PM
 AVERAGE    50

..........................................................


THE KALISPELL MT CLIMATE NORMALS FOR TODAY
                         NORMAL    RECORD    YEAR
 MAXIMUM TEMPERATURE (F)   83        98      1936
 MINIMUM TEMPERATURE (F)   49        37      1967
                                             2000


SUNRISE AND SUNSET
JULY 22 2017..........SUNRISE   600 AM MDT   SUNSET   926 PM MDT
JULY 23 2017..........SUNRISE   601 AM MDT   SUNSET   925 PM MDT


-  INDICATES NEGATIVE NUMBERS.
R  INDICATES RECORD WAS SET OR TIED.
MM INDICATES DATA IS MISSING.
T  INDICATES TRACE AMOUNT.




$$
