000
CDUS45 KMSO 270739
CLIGPI


CLIMATE REPORT
NATIONAL WEATHER SERVICE MISSOULA, MT
138 AM MDT FRI MAR 27 2015


...................................

...THE KALISPELL MT CLIMATE SUMMARY FOR MARCH 26 2015...

CLIMATE NORMAL PERIOD 1981 TO 2010
CLIMATE RECORD PERIOD 1894 TO 2015


WEATHER ITEM   OBSERVED TIME   RECORD YEAR NORMAL DEPARTURE LAST
                VALUE   (LST)  VALUE       VALUE  FROM      YEAR
                                                  NORMAL
..................................................................
TEMPERATURE (F)
 YESTERDAY
  MAXIMUM         48    554 PM  68    1899  50     -2       54
  MINIMUM         33   1159 PM  -7    1955  28      5       29
  AVERAGE         41                        39      2       42

PRECIPITATION (IN)
  YESTERDAY        0.09          0.46 1914   0.04   0.05      T
  MONTH TO DATE    1.57                      0.91   0.66     2.17
  SINCE OCT 1     11.18                      7.21   3.97     9.06
  SINCE JAN 1      5.10                      3.21   1.89     4.61

SNOWFALL (IN)
  YESTERDAY        0.0
  MONTH TO DATE    T
  SINCE JAN 1     32.9
  SINCE JUL 1     59.4
  SNOW DEPTH       0

DEGREE DAYS
 HEATING
  YESTERDAY       24                        26     -2       23
  MONTH TO DATE  703                       792    -89      826
  SINCE MAR 1    703                       792    -89      826
  SINCE JUL 1   6153                      6644   -491     6760

 COOLING
  YESTERDAY        0                         0      0        0
  MONTH TO DATE    0                         0      0        0
  SINCE MAR 1      0                         0      0        0
  SINCE JAN 1      0                         0      0        0
..................................................................


WIND (MPH)
  HIGHEST WIND SPEED     7   HIGHEST WIND DIRECTION    NE (30)
  HIGHEST GUST SPEED     8   HIGHEST GUST DIRECTION     S (190)
  AVERAGE WIND SPEED     0.8


SKY COVER
  POSSIBLE SUNSHINE  MM
  AVERAGE SKY COVER 1.0


WEATHER CONDITIONS
 THE FOLLOWING WEATHER WAS RECORDED YESTERDAY.
  LIGHT RAIN
  FOG
  FOG W/VISIBILITY <= 1/4 MILE


RELATIVE HUMIDITY (PERCENT)
 HIGHEST   100           100 AM
 LOWEST     80           500 PM
 AVERAGE    90

..........................................................


THE KALISPELL MT CLIMATE NORMALS FOR TODAY
                         NORMAL    RECORD    YEAR
 MAXIMUM TEMPERATURE (F)   50        72      1986
 MINIMUM TEMPERATURE (F)   28         1      1944


SUNRISE AND SUNSET
MARCH 27 2015.........SUNRISE   726 AM MDT   SUNSET   800 PM MDT
MARCH 28 2015.........SUNRISE   724 AM MDT   SUNSET   801 PM MDT


-  INDICATES NEGATIVE NUMBERS.
R  INDICATES RECORD WAS SET OR TIED.
MM INDICATES DATA IS MISSING.
T  INDICATES TRACE AMOUNT.




$$
