000
CDUS45 KMSO 012231
CLIGPI


CLIMATE REPORT
NATIONAL WEATHER SERVICE MISSOULA, MT
430 PM MDT FRI AUG 1 2014


...................................

...THE KALISPELL MT CLIMATE SUMMARY FOR AUGUST 1 2014...
VALID TODAY AS OF 0400 PM LOCAL TIME.

CLIMATE NORMAL PERIOD 1981 TO 2010
CLIMATE RECORD PERIOD 1894 TO 2014


WEATHER ITEM   OBSERVED TIME   RECORD YEAR NORMAL DEPARTURE LAST
                VALUE   (LST)  VALUE       VALUE  FROM      YEAR
                                                  NORMAL
..................................................................
TEMPERATURE (F)
 TODAY
  MAXIMUM         93    232 PM  98    1971  84      9       76
  MINIMUM         51    414 AM  37    1953  49      2       55
  AVERAGE         72                        67      5       66

PRECIPITATION (IN)
  TODAY            0.00          0.84 1960   0.03  -0.03     0.01
  MONTH TO DATE    0.00                      0.03  -0.03     0.01
  SINCE OCT 1     17.33                     14.65   2.68    14.71
  SINCE JAN 1     12.88                     10.65   2.23     9.33

SNOWFALL (IN)
  TODAY            0.0
  MONTH TO DATE    0.0
  SINCE JAN 1     38.2
  SINCE JUL 1      0.0
  SNOW DEPTH       0

DEGREE DAYS
 HEATING
  TODAY            0                         2     -2        0
  MONTH TO DATE    0                         2     -2        0
  SINCE JUN 1    267                       295    -28      205
  SINCE JUL 1     14                        79    -65       19

 COOLING
  TODAY            7                         3      4        1
  MONTH TO DATE    7                         3      4        1
  SINCE JUN 1    137                        83     54      142
  SINCE JAN 1    137                        86     51      142
..................................................................


WIND (MPH)
  HIGHEST WIND SPEED    17   HIGHEST WIND DIRECTION    NE (30)
  HIGHEST GUST SPEED    21   HIGHEST GUST DIRECTION    NE (50)
  AVERAGE WIND SPEED     7.0


SKY COVER
  POSSIBLE SUNSHINE  MM
  AVERAGE SKY COVER 0.0


WEATHER CONDITIONS
 THE FOLLOWING WEATHER WAS RECORDED TODAY.
  NO SIGNIFICANT WEATHER WAS OBSERVED.


RELATIVE HUMIDITY (PERCENT)
 HIGHEST    83           200 AM
 LOWEST     23           200 PM
 AVERAGE    53

..........................................................


THE KALISPELL MT CLIMATE NORMALS FOR TOMORROW
                         NORMAL    RECORD    YEAR
 MAXIMUM TEMPERATURE (F)   84        99      1961
 MINIMUM TEMPERATURE (F)   49        36      1963


SUNRISE AND SUNSET
AUGUST  1 2014........SUNRISE   612 AM MDT   SUNSET   914 PM MDT
AUGUST  2 2014........SUNRISE   614 AM MDT   SUNSET   912 PM MDT


-  INDICATES NEGATIVE NUMBERS.
R  INDICATES RECORD WAS SET OR TIED.
MM INDICATES DATA IS MISSING.
T  INDICATES TRACE AMOUNT.




$$
