000
CDUS45 KMSO 302231
CLIGPI


CLIMATE REPORT
NATIONAL WEATHER SERVICE MISSOULA, MT
431 PM MDT SAT JUL 30 2016


...................................

...THE KALISPELL MT CLIMATE SUMMARY FOR JULY 30 2016...
VALID TODAY AS OF 0400 PM LOCAL TIME.

CLIMATE NORMAL PERIOD 1981 TO 2010
CLIMATE RECORD PERIOD 1894 TO 2016


WEATHER ITEM   OBSERVED TIME   RECORD YEAR NORMAL DEPARTURE LAST
                VALUE   (LST)  VALUE       VALUE  FROM      YEAR
                                                  NORMAL
..................................................................
TEMPERATURE (F)
 TODAY
  MAXIMUM         94    246 PM  99    1960  84     10       90
  MINIMUM         54    528 AM  35    2001  49      5       41
  AVERAGE         74                        67      7       66

PRECIPITATION (IN)
  TODAY            0.00          0.42 1931   0.03  -0.03     0.00
  MONTH TO DATE    1.51                      1.42   0.09     0.36
  SINCE OCT 1     15.19                     14.59   0.60    12.80
  SINCE JAN 1     11.14                     10.59   0.55     6.72

SNOWFALL (IN)
  TODAY            0.0
  MONTH TO DATE    0.0
  SINCE JAN 1     14.6
  SINCE JUL 1      0.0
  SNOW DEPTH       0

DEGREE DAYS
 HEATING
  TODAY            0                         1     -1        0
  MONTH TO DATE   79                        76      3       60
  SINCE JUN 1    258                       292    -34      141
  SINCE JUL 1     79                        76      3       60

 COOLING
  TODAY            9                         3      6        1
  MONTH TO DATE   54                        64    -10       75
  SINCE JUN 1    101                        77     24      161
  SINCE JAN 1    101                        80     21      161
..................................................................


WIND (MPH)
  HIGHEST WIND SPEED    21   HIGHEST WIND DIRECTION     W (260)
  HIGHEST GUST SPEED    29   HIGHEST GUST DIRECTION     W (260)
  AVERAGE WIND SPEED     9.2


SKY COVER
  POSSIBLE SUNSHINE  MM
  AVERAGE SKY COVER 0.2


WEATHER CONDITIONS
 THE FOLLOWING WEATHER WAS RECORDED TODAY.
  NO SIGNIFICANT WEATHER WAS OBSERVED.


RELATIVE HUMIDITY (PERCENT)
 HIGHEST    93           200 AM
 LOWEST     15           200 PM
 AVERAGE    54

..........................................................


THE KALISPELL MT CLIMATE NORMALS FOR TOMORROW
                         NORMAL    RECORD    YEAR
 MAXIMUM TEMPERATURE (F)   84        98      1989
 MINIMUM TEMPERATURE (F)   49        34      2008


SUNRISE AND SUNSET
JULY 30 2016..........SUNRISE   610 AM MDT   SUNSET   916 PM MDT
JULY 31 2016..........SUNRISE   612 AM MDT   SUNSET   914 PM MDT


-  INDICATES NEGATIVE NUMBERS.
R  INDICATES RECORD WAS SET OR TIED.
MM INDICATES DATA IS MISSING.
T  INDICATES TRACE AMOUNT.




$$
