000
CDUS43 KGRB 260719
CLIGRB

CLIMATE REPORT
NATIONAL WEATHER SERVICE GREEN BAY
117 AM CST FRI DEC 26 2014

...................................

...THE GREEN BAY WI CLIMATE SUMMARY FOR DECEMBER 25 2014...

CLIMATE NORMAL PERIOD 1981 TO 2010
CLIMATE RECORD PERIOD 1886 TO 2014

WEATHER ITEM   OBSERVED TIME   RECORD YEAR NORMAL DEPARTURE LAST
                VALUE   (LST)  VALUE       VALUE  FROM      YEAR
                                                  NORMAL
..................................................................
TEMPERATURE (F)
 YESTERDAY
  MAXIMUM         36    354 PM  50    1936  26     10       19
  MINIMUM         30   1139 PM -22    2000  12     18        9
  AVERAGE         33                        19     14       14

PRECIPITATION (IN)
  YESTERDAY        0.00          0.62 1973   0.05  -0.05     0.15
  MONTH TO DATE    1.48                      1.27   0.21     1.88
  SINCE DEC 1      1.48                      1.27   0.21     1.88
  SINCE JAN 1     31.91                     29.28   2.63    35.15

SNOWFALL (IN)
  YESTERDAY        0.0           5.4  1945   0.4   -0.4      3.2
  MONTH TO DATE    3.5                      10.6   -7.1     26.2
  SINCE DEC 1      3.5                      10.6   -7.1     26.2
  SINCE JUL 1     11.7                      14.8   -3.1     27.4
  SNOW DEPTH       0

DEGREE DAYS
 HEATING
  YESTERDAY       32                        46    -14       51
  MONTH TO DATE  938                      1068   -130     1221
  SINCE DEC 1    938                      1068   -130     1221
  SINCE JUL 1   2775                      2808    -33     2832

COOLING
  YESTERDAY        0                         0      0        0
  MONTH TO DATE    0                         0      0        0
  SINCE DEC 1      0                         0      0        0
  SINCE JAN 1    362                       398    -36      535
..................................................................

WIND (MPH)
  HIGHEST WIND SPEED    18   HIGHEST WIND DIRECTION    SW (230)
  HIGHEST GUST SPEED    23   HIGHEST GUST DIRECTION    SW (240)
  AVERAGE WIND SPEED     7.4

SKY COVER
  POSSIBLE SUNSHINE  MM
  AVERAGE SKY COVER 0.6

WEATHER CONDITIONS
 THE FOLLOWING WEATHER WAS RECORDED YESTERDAY.
  FOG

RELATIVE HUMIDITY (PERCENT)
 HIGHEST    92           900 PM
 LOWEST     75           100 PM
 AVERAGE    84
..........................................................

THE GREEN BAY WI CLIMATE NORMALS FOR TODAY
                         NORMAL    RECORD    YEAR
 MAXIMUM TEMPERATURE (F)   26        51      1936
 MINIMUM TEMPERATURE (F)   11       -19      1996
                                             1962

SUNRISE AND SUNSET
DECEMBER 26 2014......SUNRISE   728 AM CST   SUNSET   419 PM CST
DECEMBER 27 2014......SUNRISE   728 AM CST   SUNSET   419 PM CST

-  INDICATES NEGATIVE NUMBERS.
R  INDICATES RECORD WAS SET OR TIED.
MM INDICATES DATA IS MISSING.
T  INDICATES TRACE AMOUNT.

$$
