000
CDUS43 KGRB 032146
CLIGRB


CLIMATE REPORT
NATIONAL WEATHER SERVICE GREEN BAY
444 PM CDT WED JUN 3 2015


...................................

...THE GREEN BAY WI CLIMATE SUMMARY FOR JUNE 3 2015...
VALID TODAY AS OF 0400 PM LOCAL TIME.

CLIMATE NORMAL PERIOD 1981 TO 2010
CLIMATE RECORD PERIOD 1886 TO 2015


WEATHER ITEM   OBSERVED TIME   RECORD YEAR NORMAL DEPARTURE LAST
                VALUE   (LST)  VALUE       VALUE  FROM      YEAR
                                                  NORMAL
..................................................................
TEMPERATURE (F)
 TODAY
  MAXIMUM         76    128 PM  91    1948  72      4       75
  MINIMUM         48    349 AM  38    1956  50     -2       61
                                      1945
  AVERAGE         62                        61      1       68

PRECIPITATION (IN)
  TODAY            0.00          3.61 1914   0.12  -0.12     0.00
  MONTH TO DATE    0.00                      0.37  -0.37     1.34
  SINCE JUN 1      0.00                      0.37  -0.37     1.34
  SINCE JAN 1      6.94                     10.02  -3.08    12.00

SNOWFALL (IN)
  TODAY            0.0           0.0    MM   0.0    0.0      0.0
  MONTH TO DATE    0.0                       0.0    0.0      0.0
  SINCE JUN 1      0.0                       0.0    0.0      0.0
  SINCE JUL 1     32.7                      51.4  -18.7     72.1
  SNOW DEPTH       0

DEGREE DAYS
 HEATING
  TODAY            3                         5     -2        0
  MONTH TO DATE   21                        17      4        0
  SINCE JUN 1     21                        17      4        0
  SINCE JUL 1   7801                      7880    -79     8740

 COOLING
  TODAY            0                         1     -1        3
  MONTH TO DATE    0                         3     -3       21
  SINCE JUN 1      0                         3     -3       21
  SINCE JAN 1     28                        21      7       37
..................................................................


WIND (MPH)
  HIGHEST WIND SPEED    20   HIGHEST WIND DIRECTION     S (160)
  HIGHEST GUST SPEED    26   HIGHEST GUST DIRECTION    SE (140)
  AVERAGE WIND SPEED     9.3


SKY COVER
  POSSIBLE SUNSHINE  MM
  AVERAGE SKY COVER 0.0


WEATHER CONDITIONS
 THE FOLLOWING WEATHER WAS RECORDED TODAY.
  NO SIGNIFICANT WEATHER WAS OBSERVED.


RELATIVE HUMIDITY (PERCENT)
 HIGHEST    86           400 AM
 LOWEST     38           200 PM
 AVERAGE    62

..........................................................


THE GREEN BAY WI CLIMATE NORMALS FOR TOMORROW
                         NORMAL    RECORD    YEAR
 MAXIMUM TEMPERATURE (F)   72        94      1934
 MINIMUM TEMPERATURE (F)   51        35      1945


SUNRISE AND SUNSET
JUNE  3 2015..........SUNRISE   510 AM CDT   SUNSET   832 PM CDT
JUNE  4 2015..........SUNRISE   510 AM CDT   SUNSET   832 PM CDT


-  INDICATES NEGATIVE NUMBERS.
R  INDICATES RECORD WAS SET OR TIED.
MM INDICATES DATA IS MISSING.
T  INDICATES TRACE AMOUNT.




$$
