000
CDUS43 KGRB 210722
CLIGRB


CLIMATE REPORT
NATIONAL WEATHER SERVICE GREEN BAY
221 AM CDT MON AUG 21 2017


...................................

...THE GREEN BAY WI CLIMATE SUMMARY FOR AUGUST 20 2017...

CLIMATE NORMAL PERIOD 1981 TO 2010
CLIMATE RECORD PERIOD 1886 TO 2017


WEATHER ITEM   OBSERVED TIME   RECORD YEAR NORMAL DEPARTURE LAST
                VALUE   (LST)  VALUE       VALUE  FROM      YEAR
                                                  NORMAL
..................................................................
TEMPERATURE (F)
 YESTERDAY
  MAXIMUM         79    504 PM  97    1955  77      2       77
  MINIMUM         56    459 AM  39    1950  57     -1       59
  AVERAGE         68                        67      1       68

PRECIPITATION (IN)
  YESTERDAY        0.00          2.98 2010   0.11  -0.11     0.60
  MONTH TO DATE    2.70                      2.26   0.44     1.52
  SINCE JUN 1     11.04                      9.64   1.40     9.18
  SINCE JAN 1     24.04                     19.29   4.75    20.36

SNOWFALL (IN)
  YESTERDAY        0.0           0.0    MM   0.0    0.0      0.0
  MONTH TO DATE    0.0                       0.0    0.0      0.0
  SINCE JUN 1      0.0                       0.0    0.0      0.0
  SINCE JUL 1      0.0                       0.0    0.0      0.0
  SNOW DEPTH       0

DEGREE DAYS
 HEATING
  YESTERDAY        0                         1     -1        0
  MONTH TO DATE    8                        20    -12        0
  SINCE JUN 1     36                       135    -99       31
  SINCE JUL 1      9                        43    -34        6

 COOLING
  YESTERDAY        3                         3      0        3
  MONTH TO DATE   59                        78    -19      147
  SINCE JUN 1    360                       311     49      445
  SINCE JAN 1    368                       329     39      478
..................................................................


WIND (MPH)
  HIGHEST WIND SPEED    13   HIGHEST WIND DIRECTION     S (180)
  HIGHEST GUST SPEED    18   HIGHEST GUST DIRECTION    SW (210)
  AVERAGE WIND SPEED     5.9


SKY COVER
  POSSIBLE SUNSHINE  MM
  AVERAGE SKY COVER 0.1


WEATHER CONDITIONS
 THE FOLLOWING WEATHER WAS RECORDED YESTERDAY.
  FOG
  FOG W/VISIBILITY <= 1/4 MILE


RELATIVE HUMIDITY (PERCENT)
 HIGHEST   100          1200 AM
 LOWEST     69          1000 AM
 AVERAGE    85

..........................................................


THE GREEN BAY WI CLIMATE NORMALS FOR TODAY
                         NORMAL    RECORD    YEAR
 MAXIMUM TEMPERATURE (F)   77        99      1955
 MINIMUM TEMPERATURE (F)   57        39      2004


SUNRISE AND SUNSET
AUGUST 21 2017........SUNRISE   603 AM CDT   SUNSET   748 PM CDT
AUGUST 22 2017........SUNRISE   604 AM CDT   SUNSET   746 PM CDT


-  INDICATES NEGATIVE NUMBERS.
R  INDICATES RECORD WAS SET OR TIED.
MM INDICATES DATA IS MISSING.
T  INDICATES TRACE AMOUNT.




$$
