000
CDUS43 KGID 242226
CLIGRI


CLIMATE REPORT
NATIONAL WEATHER SERVICE HASTINGS NE
524 PM CDT SUN JUL 24 2016


...................................

...THE GRAND ISLAND NE CLIMATE SUMMARY FOR JULY 24 2016...
VALID TODAY AS OF 0500 PM LOCAL TIME.

CLIMATE NORMAL PERIOD 1981 TO 2010
CLIMATE RECORD PERIOD 1895 TO 2016


WEATHER ITEM   OBSERVED TIME   RECORD YEAR NORMAL DEPARTURE LAST
                VALUE   (LST)  VALUE       VALUE  FROM      YEAR
                                                  NORMAL
..................................................................
TEMPERATURE (F)
 TODAY
  MAXIMUM         88    337 PM 117    1936  87      1       96
  MINIMUM         67    545 AM  52    1896  65      2       70
  AVERAGE         78                        76      2       83

PRECIPITATION (IN)
  TODAY            0.00          1.66 2009   0.10  -0.10     0.62
  MONTH TO DATE    2.20                      2.67  -0.47     2.03
  SINCE JUN 1      2.25                      6.97  -4.72     7.70
  SINCE JAN 1     16.93                     16.92   0.01    14.86

SNOWFALL (IN)
  TODAY            0.0                       0.0    0.0      0.0
  MONTH TO DATE    0.0                       0.0    0.0      0.0
  SINCE JUN 1      0.0                       0.0    0.0      0.0
  SINCE JUL 1      0.0                       0.0    0.0      0.0
  SNOW DEPTH       0

DEGREE DAYS
 HEATING
  TODAY            0                         0      0        0
  MONTH TO DATE    6                         0      6        5
  SINCE JUN 1      6                        24    -18       10
  SINCE JUL 1      6                         0      6        5

 COOLING
  TODAY           13                        11      2       18
  MONTH TO DATE  290                       273     17      266
  SINCE JUN 1    639                       486    153      475
  SINCE JAN 1    673                       551    122      502
..................................................................


WIND (MPH)
  HIGHEST WIND SPEED    20   HIGHEST WIND DIRECTION    NE (40)
  HIGHEST GUST SPEED    24   HIGHEST GUST DIRECTION     N (20)
  AVERAGE WIND SPEED     8.3


SKY COVER
  POSSIBLE SUNSHINE  MM
  AVERAGE SKY COVER 0.1


WEATHER CONDITIONS
 THE FOLLOWING WEATHER WAS RECORDED TODAY.
  NO SIGNIFICANT WEATHER WAS OBSERVED.


RELATIVE HUMIDITY (PERCENT)
 HIGHEST    97           400 AM
 LOWEST     36           200 PM
 AVERAGE    67

..........................................................


THE GRAND ISLAND NE CLIMATE NORMALS FOR TOMORROW
                         NORMAL    RECORD    YEAR
 MAXIMUM TEMPERATURE (F)   87       116      1936
 MINIMUM TEMPERATURE (F)   65        49      1911


SUNRISE AND SUNSET
JULY 24 2016..........SUNRISE   622 AM CDT   SUNSET   857 PM CDT
JULY 25 2016..........SUNRISE   623 AM CDT   SUNSET   856 PM CDT


-  INDICATES NEGATIVE NUMBERS.
R  INDICATES RECORD WAS SET OR TIED.
MM INDICATES DATA IS MISSING.
T  INDICATES TRACE AMOUNT.




$$
