000
CDUS43 KGID 200624
CLIGRI


CLIMATE REPORT
NATIONAL WEATHER SERVICE HASTINGS NE
1224 AM CST TUE FEB 20 2018


...................................

...THE GRAND ISLAND NE CLIMATE SUMMARY FOR FEBRUARY 19 2018...

CLIMATE NORMAL PERIOD 1981 TO 2010
CLIMATE RECORD PERIOD 1895 TO 2018


WEATHER ITEM   OBSERVED TIME   RECORD YEAR NORMAL DEPARTURE LAST
                VALUE   (LST)  VALUE       VALUE  FROM      YEAR
                                                  NORMAL
..................................................................
TEMPERATURE (F)
 YESTERDAY
  MAXIMUM         27   1229 AM  72    1930  41    -14       71
  MINIMUM         14   1159 PM -15    1936  20     -6       44
  AVERAGE         21                        30     -9       58

PRECIPITATION (IN)
  YESTERDAY        T             0.57 1954   0.02  -0.02     0.00
  MONTH TO DATE    0.65                      0.41   0.24     0.03
  SINCE DEC 1      2.18                      1.57   0.61     1.91
  SINCE JAN 1      1.73                      0.94   0.79     1.10

SNOWFALL (IN)
  YESTERDAY        0.2           4.7  1989   0.2    0.0      0.0
  MONTH TO DATE    9.9                       4.5    5.4      0.6
  SINCE DEC 1     27.3                      16.1   11.2      4.4
  SINCE JUL 1     28.4                      20.3    8.1      4.8
  SNOW DEPTH       0

DEGREE DAYS
 HEATING
  YESTERDAY       44                        35      9        7
  MONTH TO DATE  833                       707    126      522
  SINCE DEC 1   3291                      3133    158     2914
  SINCE JUL 1   4440                      4463    -23     3834

 COOLING
  YESTERDAY        0                         0      0        0
  MONTH TO DATE    0                         0      0        0
  SINCE DEC 1      0                         0      0        0
  SINCE JAN 1      0                         0      0        0
..................................................................


WIND (MPH)
  HIGHEST WIND SPEED    30   HIGHEST WIND DIRECTION     N (360)
  HIGHEST GUST SPEED    40   HIGHEST GUST DIRECTION     N (340)
  AVERAGE WIND SPEED    18.3


SKY COVER
  AVERAGE SKY COVER 1.0


WEATHER CONDITIONS
 THE FOLLOWING WEATHER WAS RECORDED YESTERDAY.
  LT FREEZING RAIN
  LIGHT SNOW
  FOG
  HAZE


RELATIVE HUMIDITY (PERCENT)
 HIGHEST    92           300 AM
 LOWEST     80          1100 AM
 AVERAGE    86

..........................................................


THE GRAND ISLAND NE CLIMATE NORMALS FOR TODAY
                         NORMAL    RECORD    YEAR
 MAXIMUM TEMPERATURE (F)   41        74      1930
 MINIMUM TEMPERATURE (F)   20       -11      1938


SUNRISE AND SUNSET
FEBRUARY 20 2018......SUNRISE   721 AM CST   SUNSET   614 PM CST
FEBRUARY 21 2018......SUNRISE   719 AM CST   SUNSET   615 PM CST


-  INDICATES NEGATIVE NUMBERS.
R  INDICATES RECORD WAS SET OR TIED.
MM INDICATES DATA IS MISSING.
T  INDICATES TRACE AMOUNT.




$$
