000
CDUS43 KGID 220623
CLIGRI


CLIMATE REPORT
NATIONAL WEATHER SERVICE HASTINGS NE
1222 AM CST WED NOV 22 2017


...................................

...THE GRAND ISLAND NE CLIMATE SUMMARY FOR NOVEMBER 21 2017...

CLIMATE NORMAL PERIOD 1981 TO 2010
CLIMATE RECORD PERIOD 1895 TO 2017


WEATHER ITEM   OBSERVED TIME   RECORD YEAR NORMAL DEPARTURE LAST
                VALUE   (LST)  VALUE       VALUE  FROM      YEAR
                                                  NORMAL
..................................................................
TEMPERATURE (F)
 YESTERDAY
  MAXIMUM         43    415 AM  74    2012  46     -3       45
  MINIMUM         15   1131 PM  -4    1964  24     -9       24
  AVERAGE         29                        35     -6       35

PRECIPITATION (IN)
  YESTERDAY        0.00          0.91 1899   0.03  -0.03     0.05
  MONTH TO DATE    0.51                      0.85  -0.34     0.89
  SINCE SEP 1      8.55                      4.94   3.61     3.54
  SINCE JAN 1     29.94                     25.71   4.23    22.94

SNOWFALL (IN)
  YESTERDAY        0.0           3.1  1898   0.1   -0.1      0.0
  MONTH TO DATE    0.2                       1.9   -1.7      0.4
  SINCE SEP 1      1.1                       3.0   -1.9      0.4
  SINCE JUL 1      1.1                       3.0   -1.9      0.4
  SNOW DEPTH       0

DEGREE DAYS
 HEATING
  YESTERDAY       36                        30      6       30
  MONTH TO DATE  543                       516     27      348
  SINCE SEP 1    977                      1029    -52      669
  SINCE JUL 1    981                      1039    -58      676

 COOLING
  YESTERDAY        0                         0      0        0
  MONTH TO DATE    0                         0      0        0
  SINCE SEP 1    151                       120     31      132
  SINCE JAN 1   1062                      1034     28     1146
..................................................................


WIND (MPH)
  HIGHEST WIND SPEED    33   HIGHEST WIND DIRECTION     N (350)
  HIGHEST GUST SPEED    45   HIGHEST GUST DIRECTION     N (350)
  AVERAGE WIND SPEED    14.4


SKY COVER
  AVERAGE SKY COVER 0.3


WEATHER CONDITIONS
 THE FOLLOWING WEATHER WAS RECORDED YESTERDAY.
  NO SIGNIFICANT WEATHER WAS OBSERVED.


RELATIVE HUMIDITY (PERCENT)
 HIGHEST    82           800 AM
 LOWEST     32          1200 PM
 AVERAGE    57

..........................................................


THE GRAND ISLAND NE CLIMATE NORMALS FOR TODAY
                         NORMAL    RECORD    YEAR
 MAXIMUM TEMPERATURE (F)   46        69      2006
                                             1974
 MINIMUM TEMPERATURE (F)   24        -4      1898


SUNRISE AND SUNSET
NOVEMBER 22 2017......SUNRISE   729 AM CST   SUNSET   510 PM CST
NOVEMBER 23 2017......SUNRISE   730 AM CST   SUNSET   509 PM CST


-  INDICATES NEGATIVE NUMBERS.
R  INDICATES RECORD WAS SET OR TIED.
MM INDICATES DATA IS MISSING.
T  INDICATES TRACE AMOUNT.




$$
