000
CDUS43 KGID 290630
CLIGRI


CLIMATE REPORT
NATIONAL WEATHER SERVICE HASTINGS NE
127 AM CDT SUN MAY 29 2016


...................................

...THE GRAND ISLAND NE CLIMATE SUMMARY FOR MAY 28 2016...

CLIMATE NORMAL PERIOD 1981 TO 2010
CLIMATE RECORD PERIOD 1895 TO 2016


WEATHER ITEM   OBSERVED TIME   RECORD YEAR NORMAL DEPARTURE LAST
                VALUE   (LST)  VALUE       VALUE  FROM      YEAR
                                                  NORMAL
..................................................................
TEMPERATURE (F)
 YESTERDAY
  MAXIMUM         76    516 PM  98    2006  77     -1       79
  MINIMUM         54    445 AM  31    1947  54      0       60
  AVERAGE         65                        65      0       70

PRECIPITATION (IN)
  YESTERDAY        0.03          2.28 1927   0.14  -0.11     0.23
  MONTH TO DATE    6.61                      3.95   2.66     3.66
  SINCE MAR 1     12.27                      8.28   3.99     5.96
  SINCE JAN 1     14.45                      9.49   4.96     7.13

SNOWFALL (IN)
  YESTERDAY        0.0           4.5  1947   0.0    0.0      0.0
  MONTH TO DATE    0.0                       0.1   -0.1      0.0
  SINCE MAR 1      2.6                       7.0   -4.4      1.4
  SINCE JUL 1     33.8                      29.1    4.7     24.3
  SNOW DEPTH       0

DEGREE DAYS
 HEATING
  YESTERDAY        0                         3     -3        0
  MONTH TO DATE  176                       165     11      184
  SINCE MAR 1   1133                      1406   -273     1210
  SINCE JUL 1   5131                      6167  -1036     5947

 COOLING
  YESTERDAY        0                         3     -3        5
  MONTH TO DATE   21                        45    -24       23
  SINCE MAR 1     21                        56    -35       27
  SINCE JAN 1     21                        56    -35       27
..................................................................


WIND (MPH)
  HIGHEST WIND SPEED    22   HIGHEST WIND DIRECTION    NW (300)
  HIGHEST GUST SPEED    29   HIGHEST GUST DIRECTION    NW (300)
  AVERAGE WIND SPEED    10.2


SKY COVER
  AVERAGE SKY COVER 0.5


WEATHER CONDITIONS
 THE FOLLOWING WEATHER WAS RECORDED YESTERDAY.
  LIGHT RAIN


RELATIVE HUMIDITY (PERCENT)
 HIGHEST    93          1200 AM
 LOWEST     43           500 PM
 AVERAGE    68

..........................................................


THE GRAND ISLAND NE CLIMATE NORMALS FOR TODAY
                         NORMAL    RECORD    YEAR
 MAXIMUM TEMPERATURE (F)   77       104      1934
 MINIMUM TEMPERATURE (F)   54        26      1947


SUNRISE AND SUNSET
MAY 29 2016...........SUNRISE   605 AM CDT   SUNSET   857 PM CDT
MAY 30 2016...........SUNRISE   604 AM CDT   SUNSET   858 PM CDT


-  INDICATES NEGATIVE NUMBERS.
R  INDICATES RECORD WAS SET OR TIED.
MM INDICATES DATA IS MISSING.
T  INDICATES TRACE AMOUNT.




$$
