000
CDUS43 KGID 142222
CLIGRI


CLIMATE REPORT
NATIONAL WEATHER SERVICE HASTINGS NE
522 PM CDT SUN SEP 14 2014


...................................

...THE GRAND ISLAND NE CLIMATE SUMMARY FOR SEPTEMBER 14 2014...
VALID TODAY AS OF 0500 PM LOCAL TIME.

CLIMATE NORMAL PERIOD 1981 TO 2010
CLIMATE RECORD PERIOD 1895 TO 2014


WEATHER ITEM   OBSERVED TIME   RECORD YEAR NORMAL DEPARTURE LAST
                VALUE   (LST)  VALUE       VALUE  FROM      YEAR
                                                  NORMAL
..................................................................
TEMPERATURE (F)
 TODAY
  MAXIMUM         72    347 PM  99    1939  79     -7       76
  MINIMUM         40    634 AM  35    1945  53    -13       58
  AVERAGE         56                        66    -10       67

PRECIPITATION (IN)
  TODAY            0.00          2.43 1921   0.07  -0.07      T
  MONTH TO DATE    2.06                      1.07   0.99     1.34
  SINCE SEP 1      2.06                      1.07   0.99     1.34
  SINCE JAN 1     24.26                     21.84   2.42    20.75

SNOWFALL (IN)
  TODAY            0.0                       0.0    0.0      0.0
  MONTH TO DATE    0.0                       0.0    0.0      0.0
  SINCE SEP 1      0.0                       0.0    0.0      0.0
  SINCE JUL 1      0.0                       0.0    0.0      0.0
  SNOW DEPTH       0

DEGREE DAYS
 HEATING
  TODAY            9                         3      6        0
  MONTH TO DATE   78                        24     54        1
  SINCE SEP 1     78                        24     54        1
  SINCE JUL 1     82                        34     48        4

 COOLING
  TODAY            0                         4     -4        2
  MONTH TO DATE   38                        73    -35      138
  SINCE SEP 1     38                        73    -35      138
  SINCE JAN 1    968                       987    -19     1201
..................................................................


WIND (MPH)
  HIGHEST WIND SPEED    18   HIGHEST WIND DIRECTION    SE (140)
  HIGHEST GUST SPEED    23   HIGHEST GUST DIRECTION    SE (140)
  AVERAGE WIND SPEED     5.6


SKY COVER
  POSSIBLE SUNSHINE  MM
  AVERAGE SKY COVER 0.2


WEATHER CONDITIONS
 THE FOLLOWING WEATHER WAS RECORDED TODAY.
  NO SIGNIFICANT WEATHER WAS OBSERVED.


RELATIVE HUMIDITY (PERCENT)
 HIGHEST    92           600 AM
 LOWEST     49           200 PM
 AVERAGE    71

..........................................................


THE GRAND ISLAND NE CLIMATE NORMALS FOR TOMORROW
                         NORMAL    RECORD    YEAR
 MAXIMUM TEMPERATURE (F)   79        97      1955
 MINIMUM TEMPERATURE (F)   53        33      1916


SUNRISE AND SUNSET
SEPTEMBER 14 2014.....SUNRISE   713 AM CDT   SUNSET   744 PM CDT
SEPTEMBER 15 2014.....SUNRISE   714 AM CDT   SUNSET   742 PM CDT


-  INDICATES NEGATIVE NUMBERS.
R  INDICATES RECORD WAS SET OR TIED.
MM INDICATES DATA IS MISSING.
T  INDICATES TRACE AMOUNT.




$$
