000
CDUS43 KGID 270631
CLIGRI


CLIMATE REPORT
NATIONAL WEATHER SERVICE HASTINGS NE
129 AM CDT FRI MAR 27 2015


...................................

...THE GRAND ISLAND NE CLIMATE SUMMARY FOR MARCH 26 2015...

CLIMATE NORMAL PERIOD 1981 TO 2010
CLIMATE RECORD PERIOD 1895 TO 2015


WEATHER ITEM   OBSERVED TIME   RECORD YEAR NORMAL DEPARTURE LAST
                VALUE   (LST)  VALUE       VALUE  FROM      YEAR
                                                  NORMAL
..................................................................
TEMPERATURE (F)
 YESTERDAY
  MAXIMUM         51    320 PM  90    1907  56     -5       67
  MINIMUM         19    638 AM  -3    1965  31    -12       29
  AVERAGE         35                        43     -8       48

PRECIPITATION (IN)
  YESTERDAY        T             1.05 1983   0.07  -0.07     0.00
  MONTH TO DATE    0.15                      1.42  -1.27     0.13
  SINCE MAR 1      0.15                      1.42  -1.27     0.13
  SINCE JAN 1      1.32                      2.63  -1.31     0.78

SNOWFALL (IN)
  YESTERDAY        0.0           8.6  1983   0.1   -0.1      0.0
  MONTH TO DATE    0.6                       4.6   -4.0      1.2
  SINCE MAR 1      0.6                       4.6   -4.0      1.2
  SINCE JUL 1     23.5                      26.7   -3.2     14.7
  SNOW DEPTH       0

DEGREE DAYS
 HEATING
  YESTERDAY       30                        22      8       17
  MONTH TO DATE  563                       691   -128      753
  SINCE MAR 1    563                       691   -128      753
  SINCE JUL 1   5300                      5452   -152     5588

 COOLING
  YESTERDAY        0                         0      0        0
  MONTH TO DATE    0                         0      0        0
  SINCE MAR 1      0                         0      0        0
  SINCE JAN 1      0                         0      0        0
..................................................................


WIND (MPH)
  HIGHEST WIND SPEED    24   HIGHEST WIND DIRECTION    NE (60)
  HIGHEST GUST SPEED    29   HIGHEST GUST DIRECTION    NE (60)
  AVERAGE WIND SPEED     9.0


SKY COVER
  AVERAGE SKY COVER 0.4


WEATHER CONDITIONS
 THE FOLLOWING WEATHER WAS RECORDED YESTERDAY.
  LIGHT RAIN


RELATIVE HUMIDITY (PERCENT)
 HIGHEST    92          1100 PM
 LOWEST     45          1100 AM
 AVERAGE    69

..........................................................


THE GRAND ISLAND NE CLIMATE NORMALS FOR TODAY
                         NORMAL    RECORD    YEAR
 MAXIMUM TEMPERATURE (F)   56        90      1907
 MINIMUM TEMPERATURE (F)   31         7      1913


SUNRISE AND SUNSET
MARCH 27 2015.........SUNRISE   725 AM CDT   SUNSET   753 PM CDT
MARCH 28 2015.........SUNRISE   724 AM CDT   SUNSET   754 PM CDT


-  INDICATES NEGATIVE NUMBERS.
R  INDICATES RECORD WAS SET OR TIED.
MM INDICATES DATA IS MISSING.
T  INDICATES TRACE AMOUNT.




$$
