000
CDUS43 KGID 062226
CLIGRI


CLIMATE REPORT
NATIONAL WEATHER SERVICE HASTINGS NE
526 PM CDT FRI MAY 6 2016


...................................

...THE GRAND ISLAND NE CLIMATE SUMMARY FOR MAY 6 2016...
VALID TODAY AS OF 0500 PM LOCAL TIME.

CLIMATE NORMAL PERIOD 1981 TO 2010
CLIMATE RECORD PERIOD 1895 TO 2016


WEATHER ITEM   OBSERVED TIME   RECORD YEAR NORMAL DEPARTURE LAST
                VALUE   (LST)  VALUE       VALUE  FROM      YEAR
                                                  NORMAL
..................................................................
TEMPERATURE (F)
 TODAY
  MAXIMUM         84    303 PM  95    1934  70     14       67
                                      1909
  MINIMUM         56    556 AM  28    1989  46     10       59
                                      1944
  AVERAGE         70                        58     12       63

PRECIPITATION (IN)
  TODAY            0.00          1.09 1971   0.13  -0.13     0.36
  MONTH TO DATE    0.08                      0.74  -0.66     2.06
  SINCE MAR 1      5.74                      5.07   0.67     4.36
  SINCE JAN 1      7.92                      6.28   1.64     5.53

SNOWFALL (IN)
  TODAY            0.0           T    1960   0.0    0.0      0.0
  MONTH TO DATE    0.0                       0.1   -0.1      0.0
  SINCE MAR 1      2.6                       7.0   -4.4      1.4
  SINCE JUL 1     33.8                      29.1    4.7     24.3
  SNOW DEPTH      MM

DEGREE DAYS
 HEATING
  TODAY            0                         8     -8        2
  MONTH TO DATE   59                        53      6       11
  SINCE MAR 1   1016                      1294   -278     1037
  SINCE JUL 1   5014                      6055  -1041     5774

 COOLING
  TODAY            5                         1      4        0
  MONTH TO DATE    5                         6     -1       14
  SINCE MAR 1      5                        17    -12       18
  SINCE JAN 1      5                        17    -12       18
..................................................................


WIND (MPH)
  HIGHEST WIND SPEED    25   HIGHEST WIND DIRECTION    SW (210)
  HIGHEST GUST SPEED    33   HIGHEST GUST DIRECTION    SW (220)
  AVERAGE WIND SPEED    17.2


SKY COVER
  POSSIBLE SUNSHINE  MM
  AVERAGE SKY COVER 0.0


WEATHER CONDITIONS
 THE FOLLOWING WEATHER WAS RECORDED TODAY.
  NO SIGNIFICANT WEATHER WAS OBSERVED.


RELATIVE HUMIDITY (PERCENT)
 HIGHEST    57           500 AM
 LOWEST     28           100 PM
 AVERAGE    43

..........................................................


THE GRAND ISLAND NE CLIMATE NORMALS FOR TOMORROW
                         NORMAL    RECORD    YEAR
 MAXIMUM TEMPERATURE (F)   70        97      1934
                                             1916
 MINIMUM TEMPERATURE (F)   46        29      1947


SUNRISE AND SUNSET
MAY  6 2016...........SUNRISE   625 AM CDT   SUNSET   836 PM CDT
MAY  7 2016...........SUNRISE   623 AM CDT   SUNSET   837 PM CDT


-  INDICATES NEGATIVE NUMBERS.
R  INDICATES RECORD WAS SET OR TIED.
MM INDICATES DATA IS MISSING.
T  INDICATES TRACE AMOUNT.




$$
