000
CDUS43 KGRR 290525
CLIGRR


CLIMATE REPORT
NATIONAL WEATHER SERVICE GRAND RAPIDS, MI
1223 AM EST MON DEC 29 2014


...................................

...THE GRAND RAPIDS MI CLIMATE SUMMARY FOR DECEMBER 28 2014...

CLIMATE NORMAL PERIOD 1981 TO 2010
CLIMATE RECORD PERIOD 1892 TO 2014


WEATHER ITEM   OBSERVED TIME   RECORD YEAR NORMAL DEPARTURE LAST
                VALUE   (LST)  VALUE       VALUE  FROM      YEAR
                                                  NORMAL
..................................................................
TEMPERATURE (F)
 YESTERDAY
  MAXIMUM         36    238 PM  65    1984  32      4       46
  MINIMUM         28    711 PM  -9    2000  20      8       33
  AVERAGE         32                        26      6       40

PRECIPITATION (IN)
  YESTERDAY        0.01          0.45 1984   0.07  -0.06     0.00
  MONTH TO DATE    1.55                      2.27  -0.72     2.58
  SINCE DEC 1      1.55                      2.27  -0.72     2.58
  SINCE JAN 1     40.26                     38.04   2.22    45.36

SNOWFALL (IN)
  YESTERDAY        T             5.4  1999   0.8   -0.8      0.0
  MONTH TO DATE    0.3                      19.5  -19.2     31.5
  SINCE DEC 1      0.3                      19.5  -19.2     31.5
  SINCE JUL 1     31.3                      26.8    4.5     33.7
  SNOW DEPTH       0

DEGREE DAYS
 HEATING
  YESTERDAY       33                        39     -6       25
  MONTH TO DATE  886                       993   -107     1067
  SINCE DEC 1    886                       993   -107     1067
  SINCE JUL 1   2382                      2331     51     2389

 COOLING
  YESTERDAY        0                         0      0        0
  MONTH TO DATE    0                         0      0        0
  SINCE DEC 1      0                         0      0        0
  SINCE JAN 1    611                       699    -88      767
..................................................................


WIND (MPH)
  RESULTANT WIND SPEED  10   RESULTANT WIND DIRECTION   W (280)
  HIGHEST WIND SPEED    17   HIGHEST WIND DIRECTION     W (270)
  HIGHEST GUST SPEED    21   HIGHEST GUST DIRECTION    NW (310)
  AVERAGE WIND SPEED    10.5


SKY COVER
  POSSIBLE SUNSHINE  48 PERCENT
  AVERAGE SKY COVER 0.8


WEATHER CONDITIONS
 THE FOLLOWING WEATHER WAS RECORDED YESTERDAY.
  LIGHT SNOW
  FOG


RELATIVE HUMIDITY (PERCENT)
 HIGHEST    89          1200 AM
 LOWEST     56           300 PM
 AVERAGE    73

..........................................................


THE GRAND RAPIDS MI CLIMATE NORMALS FOR TODAY
                         NORMAL    RECORD    YEAR
 MAXIMUM TEMPERATURE (F)   32        65      1984
 MINIMUM TEMPERATURE (F)   20        -4      1909


SUNRISE AND SUNSET
DECEMBER 29 2014......SUNRISE   813 AM EST   SUNSET   516 PM EST
DECEMBER 30 2014......SUNRISE   813 AM EST   SUNSET   517 PM EST


-  INDICATES NEGATIVE NUMBERS.
R  INDICATES RECORD WAS SET OR TIED.
MM INDICATES DATA IS MISSING.
T  INDICATES TRACE AMOUNT.




$$

63
