000
CDUS42 KRAH 162058
CLIGSO


CLIMATE REPORT
NATIONAL WEATHER SERVICE RALEIGH NC
457 PM EDT WED AUG 16 2017


...................................

...THE PIEDMONT TRIAD INTL AIRPORT NC CLIMATE SUMMARY FOR AUGUST 16 2017...
VALID TODAY AS OF 0400 PM LOCAL TIME.

CLIMATE NORMAL PERIOD 1981 TO 2010
CLIMATE RECORD PERIOD 1903 TO 2017


WEATHER ITEM   OBSERVED TIME   RECORD YEAR NORMAL DEPARTURE LAST
                VALUE   (LST)  VALUE       VALUE  FROM      YEAR
                                                  NORMAL
..................................................................
TEMPERATURE (F)
 TODAY
  MAXIMUM         89    328 PM  99    2007  87      2       93
  MINIMUM         72    611 AM  52    1979  68      4       75
  AVERAGE         81                        77      4       84

PRECIPITATION (IN)
  TODAY            0.00          2.31 1928   0.11  -0.11     0.00
  MONTH TO DATE    1.96                      1.96   0.00     3.77
  SINCE JUN 1     12.94                     10.17   2.77    10.63
  SINCE JAN 1     33.97                     26.87   7.10    29.60

DEGREE DAYS
 HEATING
  TODAY            0                         0      0        0
  MONTH TO DATE    0                         0      0        0
  SINCE JUN 1      1                         6     -5        0
  SINCE JUL 1      0                         0      0        0

 COOLING
  TODAY           16                        12      4       19
  MONTH TO DATE  182                       207    -25      250
  SINCE JUN 1    945                       933     12     1139
  SINCE JAN 1   1179                      1092     87     1339
..................................................................


WIND (MPH)
  HIGHEST WIND SPEED    10   HIGHEST WIND DIRECTION     S (170)
  HIGHEST GUST SPEED    13   HIGHEST GUST DIRECTION     S (160)
  AVERAGE WIND SPEED     4.3


SKY COVER
  POSSIBLE SUNSHINE  MM
  AVERAGE SKY COVER 0.4


WEATHER CONDITIONS
 THE FOLLOWING WEATHER WAS RECORDED TODAY.
  NO SIGNIFICANT WEATHER WAS OBSERVED.


RELATIVE HUMIDITY (PERCENT)
 HIGHEST   100           600 AM
 LOWEST     59           200 PM
 AVERAGE    80

..........................................................


THE PIEDMONT TRIAD INTL AIRPORT NC CLIMATE NORMALS FOR TOMORROW
                         NORMAL    RECORD    YEAR
 MAXIMUM TEMPERATURE (F)   86        99      1988
 MINIMUM TEMPERATURE (F)   68        50      1979


SUNRISE AND SUNSET
AUGUST 16 2017........SUNRISE   639 AM EDT   SUNSET   808 PM EDT
AUGUST 17 2017........SUNRISE   640 AM EDT   SUNSET   807 PM EDT


-  INDICATES NEGATIVE NUMBERS.
R  INDICATES RECORD WAS SET OR TIED.
MM INDICATES DATA IS MISSING.
T  INDICATES TRACE AMOUNT.




$$
