000
CDUS42 KRAH 030848
CLIGSO


CLIMATE REPORT
NATIONAL WEATHER SERVICE RALEIGH NC
348 AM EST SAT DEC 3 2016


...................................

...THE PIEDMONT TRIAD INTL AIRPORT NC CLIMATE SUMMARY FOR DECEMBER 2 2016...

CLIMATE NORMAL PERIOD 1981 TO 2010
CLIMATE RECORD PERIOD 1903 TO 2016


WEATHER ITEM   OBSERVED TIME   RECORD YEAR NORMAL DEPARTURE LAST
                VALUE   (LST)  VALUE       VALUE  FROM      YEAR
                                                  NORMAL
..................................................................
TEMPERATURE (F)
 YESTERDAY
  MAXIMUM         56    413 PM  76    1991  55      1       62
  MINIMUM         35    641 AM  16    1924  35      0       49
  AVERAGE         46                        45      1       56

PRECIPITATION (IN)
  YESTERDAY        0.00          1.76 1913   0.11  -0.11     0.21
  MONTH TO DATE    T                         0.21  -0.21     0.63
  SINCE DEC 1      T                         0.21  -0.21     0.63
  SINCE JAN 1     37.95                     39.43  -1.48    42.47

SNOWFALL (IN)
  YESTERDAY        0.0           T    1974   0.0    0.0      0.0
                                      1966
                                      1963
  MONTH TO DATE    0.0                       0.0    0.0      0.0
  SINCE DEC 1      0.0                       0.0    0.0      0.0
  SINCE JUL 1      0.0                       0.1   -0.1      0.0
  SNOW DEPTH       0

DEGREE DAYS
 HEATING
  YESTERDAY       19                        20     -1        9
  MONTH TO DATE   31                        40     -9       28
  SINCE DEC 1     31                        40     -9       28
  SINCE JUL 1    481                       720   -239      542

 COOLING
  YESTERDAY        0                         0      0        0
  MONTH TO DATE    0                         0      0        0
  SINCE DEC 1      0                         0      0        0
  SINCE JAN 1   1974                      1483    491     1766
..................................................................


WIND (MPH)
  HIGHEST WIND SPEED    16   HIGHEST WIND DIRECTION    NW (300)
  HIGHEST GUST SPEED    26   HIGHEST GUST DIRECTION     W (290)
  AVERAGE WIND SPEED     7.2


SKY COVER
  POSSIBLE SUNSHINE  MM
  AVERAGE SKY COVER 0.2


WEATHER CONDITIONS
 THE FOLLOWING WEATHER WAS RECORDED YESTERDAY.
  NO SIGNIFICANT WEATHER WAS OBSERVED.


RELATIVE HUMIDITY (PERCENT)
 HIGHEST    82           700 AM
 LOWEST     35           200 PM
 AVERAGE    59

..........................................................


THE PIEDMONT TRIAD INTL AIRPORT NC CLIMATE NORMALS FOR TODAY
                         NORMAL    RECORD    YEAR
 MAXIMUM TEMPERATURE (F)   54        73      2012
 MINIMUM TEMPERATURE (F)   35        15      1979
                                             1960
                                             1946


SUNRISE AND SUNSET
DECEMBER  3 2016......SUNRISE   714 AM EST   SUNSET   505 PM EST
DECEMBER  4 2016......SUNRISE   715 AM EST   SUNSET   505 PM EST


-  INDICATES NEGATIVE NUMBERS.
R  INDICATES RECORD WAS SET OR TIED.
MM INDICATES DATA IS MISSING.
T  INDICATES TRACE AMOUNT.




$$
