990
CDUS42 KRAH 010613
CLIGSO


CLIMATE REPORT
NATIONAL WEATHER SERVICE RALEIGH NC
208 AM EDT SAT OCT 1 2016


...................................

...THE PIEDMONT TRIAD INTL AIRPORT NC CLIMATE SUMMARY FOR SEPTEMBER 30 2016...

CLIMATE NORMAL PERIOD 1981 TO 2010
CLIMATE RECORD PERIOD 1903 TO 2016


WEATHER ITEM   OBSERVED TIME   RECORD YEAR NORMAL DEPARTURE LAST
                VALUE   (LST)  VALUE       VALUE  FROM      YEAR
                                                  NORMAL
..................................................................
TEMPERATURE (F)
 YESTERDAY
  MAXIMUM         84    254 PM  89    1954  75      9       85
  MINIMUM         62   1118 PM  37    1942  55      7       68
  AVERAGE         73                        65      8       77

PRECIPITATION (IN)
  YESTERDAY        T             4.48 1936   0.12  -0.12     0.01
  MONTH TO DATE    2.22                      4.19  -1.97     5.60
  SINCE SEP 1      2.22                      4.19  -1.97     5.60
  SINCE JAN 1     33.02                     32.98   0.04    30.81

DEGREE DAYS
 HEATING
  YESTERDAY        0                         3     -3        0
  MONTH TO DATE    0                        29    -29        7
  SINCE SEP 1      0                        30    -30        7
  SINCE JUL 1      0                        31    -31        7

 COOLING
  YESTERDAY        8                         3      5       12
  MONTH TO DATE  339                       185    154      232
  SINCE SEP 1    339                       185    154      232
  SINCE JAN 1   1906                      1447    459     1746
..................................................................


WIND (MPH)
  HIGHEST WIND SPEED    18   HIGHEST WIND DIRECTION    SW (210)
  HIGHEST GUST SPEED    23   HIGHEST GUST DIRECTION    SW (210)
  AVERAGE WIND SPEED     7.5


SKY COVER
  POSSIBLE SUNSHINE  MM
  AVERAGE SKY COVER 0.6


WEATHER CONDITIONS
 THE FOLLOWING WEATHER WAS RECORDED YESTERDAY.
  FOG
  FOG W/VISIBILITY <= 1/4 MILE


RELATIVE HUMIDITY (PERCENT)
 HIGHEST   100           500 AM
 LOWEST     44           300 PM
 AVERAGE    72

..........................................................


THE PIEDMONT TRIAD INTL AIRPORT NC CLIMATE NORMALS FOR TODAY
                         NORMAL    RECORD    YEAR
 MAXIMUM TEMPERATURE (F)   75        90      1986
                                             1954
                                             1933
 MINIMUM TEMPERATURE (F)   54        35      1924


SUNRISE AND SUNSET
OCTOBER  1 2016.......SUNRISE   715 AM EDT   SUNSET   703 PM EDT
OCTOBER  2 2016.......SUNRISE   716 AM EDT   SUNSET   701 PM EDT


-  INDICATES NEGATIVE NUMBERS.
R  INDICATES RECORD WAS SET OR TIED.
MM INDICATES DATA IS MISSING.
T  INDICATES TRACE AMOUNT.




$$
