000
CDUS42 KRAH 260801
CLIGSO


CLIMATE REPORT
NATIONAL WEATHER SERVICE RALEIGH NC
401 AM EDT FRI AUG 26 2016


...................................

...THE PIEDMONT TRIAD INTL AIRPORT NC CLIMATE SUMMARY FOR AUGUST 25 2016...

CLIMATE NORMAL PERIOD 1981 TO 2010
CLIMATE RECORD PERIOD 1903 TO 2016


WEATHER ITEM   OBSERVED TIME   RECORD YEAR NORMAL DEPARTURE LAST
                VALUE   (LST)  VALUE       VALUE  FROM      YEAR
                                                  NORMAL
..................................................................
TEMPERATURE (F)
 YESTERDAY
  MAXIMUM         91    355 PM  98    1914  85      6       86
  MINIMUM         68    609 AM  50    1952  67      1       69
  AVERAGE         80                        76      4       78

PRECIPITATION (IN)
  YESTERDAY        0.00          2.10 1908   0.14  -0.14     0.00
  MONTH TO DATE    4.57                      3.12   1.45     6.66
  SINCE JUN 1     11.43                     11.33   0.10    12.06
  SINCE JAN 1     30.40                     28.03   2.37    25.02

DEGREE DAYS
 HEATING
  YESTERDAY        0                         0      0        0
  MONTH TO DATE    0                         0      0        0
  SINCE JUN 1      0                         6     -6        3
  SINCE JUL 1      0                         0      0        0

 COOLING
  YESTERDAY       15                        11      4       13
  MONTH TO DATE  380                       313     67      337
  SINCE JUN 1   1269                      1039    230     1224
  SINCE JAN 1   1469                      1198    271     1458
..................................................................


WIND (MPH)
  HIGHEST WIND SPEED    10   HIGHEST WIND DIRECTION     W (270)
  HIGHEST GUST SPEED    13   HIGHEST GUST DIRECTION     W (250)
  AVERAGE WIND SPEED     5.3


SKY COVER
  POSSIBLE SUNSHINE  MM
  AVERAGE SKY COVER 0.6


WEATHER CONDITIONS
 THE FOLLOWING WEATHER WAS RECORDED YESTERDAY.
  NO SIGNIFICANT WEATHER WAS OBSERVED.


RELATIVE HUMIDITY (PERCENT)
 HIGHEST    85          1100 PM
 LOWEST     47           400 PM
 AVERAGE    66

..........................................................


THE PIEDMONT TRIAD INTL AIRPORT NC CLIMATE NORMALS FOR TODAY
                         NORMAL    RECORD    YEAR
 MAXIMUM TEMPERATURE (F)   85        98      1975
 MINIMUM TEMPERATURE (F)   67        49      1942


SUNRISE AND SUNSET
AUGUST 26 2016........SUNRISE   647 AM EDT   SUNSET   755 PM EDT
AUGUST 27 2016........SUNRISE   648 AM EDT   SUNSET   754 PM EDT


-  INDICATES NEGATIVE NUMBERS.
R  INDICATES RECORD WAS SET OR TIED.
MM INDICATES DATA IS MISSING.
T  INDICATES TRACE AMOUNT.




$$
