336
CDUS42 KRAH 100639
CLIGSO


CLIMATE REPORT
NATIONAL WEATHER SERVICE RALEIGH NC
137 AM EST WED FEB 10 2016


...................................

...THE PIEDMONT TRIAD INTL AIRPORT NC CLIMATE SUMMARY FOR FEBRUARY 9 2016...

CLIMATE NORMAL PERIOD 1981 TO 2010
CLIMATE RECORD PERIOD 1903 TO 2016


WEATHER ITEM   OBSERVED TIME   RECORD YEAR NORMAL DEPARTURE LAST
                VALUE   (LST)  VALUE       VALUE  FROM      YEAR
                                                  NORMAL
..................................................................
TEMPERATURE (F)
 YESTERDAY
  MAXIMUM         42   1218 PM  69    1994  51     -9       57
  MINIMUM         24   1126 PM   9    1995  31     -7       46
                                      1933
  AVERAGE         33                        41     -8       52

PRECIPITATION (IN)
  YESTERDAY        0.00          1.35 1939   0.09  -0.09     0.38
  MONTH TO DATE    1.00                      0.88   0.12     0.76
  SINCE DEC 1      9.56                      6.92   2.64     5.01
  SINCE JAN 1      2.91                      3.94  -1.03     2.80

SNOWFALL (IN)
  YESTERDAY        0.0           6.0  1948   0.0    0.0      0.0
  MONTH TO DATE    T                         0.8   -0.8      0.0
  SINCE DEC 1      2.5                       5.0   -2.5       T
  SINCE JUL 1      2.5                       5.1   -2.6       T
  SNOW DEPTH       0

DEGREE DAYS
 HEATING
  YESTERDAY       32                        24      8       13
  MONTH TO DATE  173                       220    -47      214
  SINCE DEC 1   1398                      1763   -365     1685
  SINCE JUL 1   1912                      2443   -531     2435

 COOLING
  YESTERDAY        0                         0      0        0
  MONTH TO DATE    0                         0      0        0
  SINCE DEC 1     15                         1     14        0
  SINCE JAN 1      0                         0      0        0
..................................................................


WIND (MPH)
  HIGHEST WIND SPEED    21   HIGHEST WIND DIRECTION    NW (300)
  HIGHEST GUST SPEED    28   HIGHEST GUST DIRECTION     W (280)
  AVERAGE WIND SPEED    11.3


SKY COVER
  POSSIBLE SUNSHINE  MM
  AVERAGE SKY COVER 0.8


WEATHER CONDITIONS
 THE FOLLOWING WEATHER WAS RECORDED YESTERDAY.
  NO SIGNIFICANT WEATHER WAS OBSERVED.


RELATIVE HUMIDITY (PERCENT)
 HIGHEST    92           100 AM
 LOWEST     37          1100 AM
 AVERAGE    65

..........................................................


THE PIEDMONT TRIAD INTL AIRPORT NC CLIMATE NORMALS FOR TODAY
                         NORMAL    RECORD    YEAR
 MAXIMUM TEMPERATURE (F)   51        74      1938
 MINIMUM TEMPERATURE (F)   32         5      1979


SUNRISE AND SUNSET
FEBRUARY 10 2016......SUNRISE   713 AM EST   SUNSET   556 PM EST
FEBRUARY 11 2016......SUNRISE   712 AM EST   SUNSET   557 PM EST


-  INDICATES NEGATIVE NUMBERS.
R  INDICATES RECORD WAS SET OR TIED.
MM INDICATES DATA IS MISSING.
T  INDICATES TRACE AMOUNT.




$$
