000
CDUS42 KRAH 310613
CLIGSO


CLIMATE REPORT
NATIONAL WEATHER SERVICE RALEIGH NC
211 AM EDT FRI OCT 31 2014


...................................

...THE PIEDMONT TRIAD INTL AIRPORT NC CLIMATE SUMMARY FOR OCTOBER 30 2014...

CLIMATE NORMAL PERIOD 1981 TO 2010
CLIMATE RECORD PERIOD 1903 TO 2014


WEATHER ITEM   OBSERVED TIME   RECORD YEAR NORMAL DEPARTURE LAST
                VALUE   (LST)  VALUE       VALUE  FROM      YEAR
                                                  NORMAL
..................................................................
TEMPERATURE (F)
 YESTERDAY
  MAXIMUM         65    419 PM  83    1996  67     -2       77
                                      1961
                                      1915
  MINIMUM         46   1159 PM  25    1965  44      2       54
  AVERAGE         56                        55      1       66

PRECIPITATION (IN)
  YESTERDAY        0.00          3.19 1949   0.10  -0.10     0.00
  MONTH TO DATE    1.71                      3.02  -1.31     1.11
  SINCE SEP 1      4.64                      7.21  -2.57     3.24
  SINCE JAN 1     30.52                     36.00  -5.48    41.63

DEGREE DAYS
 HEATING
  YESTERDAY        9                        10     -1        0
  MONTH TO DATE  135                       192    -57      159
  SINCE SEP 1    152                       222    -70      173
  SINCE JUL 1    152                       223    -71      175

 COOLING
  YESTERDAY        0                         0      0        1
  MONTH TO DATE   47                        35     12       50
  SINCE SEP 1    246                       220     26      222
  SINCE JAN 1   1499                      1482     17     1381
..................................................................


WIND (MPH)
  HIGHEST WIND SPEED    10   HIGHEST WIND DIRECTION     E (70)
  HIGHEST GUST SPEED    15   HIGHEST GUST DIRECTION    NE (40)
  AVERAGE WIND SPEED     3.2


SKY COVER
  POSSIBLE SUNSHINE  MM
  AVERAGE SKY COVER 0.2


WEATHER CONDITIONS
 THE FOLLOWING WEATHER WAS RECORDED YESTERDAY.
  NO SIGNIFICANT WEATHER WAS OBSERVED.


RELATIVE HUMIDITY (PERCENT)
 HIGHEST    93           300 AM
 LOWEST     31           300 PM
 AVERAGE    62

..........................................................


THE PIEDMONT TRIAD INTL AIRPORT NC CLIMATE NORMALS FOR TODAY
                         NORMAL    RECORD    YEAR
 MAXIMUM TEMPERATURE (F)   66        85      1961
 MINIMUM TEMPERATURE (F)   44        27      1917


SUNRISE AND SUNSET
OCTOBER 31 2014.......SUNRISE   741 AM EDT   SUNSET   625 PM EDT
NOVEMBER  1 2014......SUNRISE   742 AM EDT   SUNSET   624 PM EDT


-  INDICATES NEGATIVE NUMBERS.
R  INDICATES RECORD WAS SET OR TIED.
MM INDICATES DATA IS MISSING.
T  INDICATES TRACE AMOUNT.

$$
