000
CDUS42 KRAH 270558
CLIGSO


CLIMATE REPORT
NATIONAL WEATHER SERVICE RALEIGH NC
1253 AM EST MON FEB 27 2017


...................................

...THE PIEDMONT TRIAD INTL AIRPORT NC CLIMATE SUMMARY FOR FEBRUARY 26 2017...

CLIMATE NORMAL PERIOD 1981 TO 2010
CLIMATE RECORD PERIOD 1903 TO 2017


WEATHER ITEM   OBSERVED TIME   RECORD YEAR NORMAL DEPARTURE LAST
                VALUE   (LST)  VALUE       VALUE  FROM      YEAR
                                                  NORMAL
..................................................................
TEMPERATURE (F)
 YESTERDAY
  MAXIMUM         54    458 PM  81    1977  55     -1       47
  MINIMUM         33    706 AM  10    1967  35     -2       30
  AVERAGE         44                        45     -1       39

PRECIPITATION (IN)
  YESTERDAY        0.00          1.26 1958   0.11  -0.11     0.00
  MONTH TO DATE    0.49                      2.73  -2.24     4.23
  SINCE DEC 1      7.31                      8.77  -1.46    12.79
  SINCE JAN 1      5.61                      5.79  -0.18     6.14

SNOWFALL (IN)
  YESTERDAY        0.0           7.0  1914   0.0    0.0      0.0
  MONTH TO DATE    T                         2.2   -2.2      2.0
  SINCE DEC 1      8.0                       6.4    1.6      4.5
  SINCE JUL 1      8.0                       6.5    1.5      4.5
  SNOW DEPTH       0

DEGREE DAYS
 HEATING
  YESTERDAY       21                        20      1       26
  MONTH TO DATE  363                       593   -230      600
  SINCE DEC 1   1696                      2136   -440     1825
  SINCE JUL 1   2146                      2816   -670     2339

 COOLING
  YESTERDAY        0                         0      0        0
  MONTH TO DATE    4                         0      4        0
  SINCE DEC 1      4                         1      3       15
  SINCE JAN 1      4                         0      4        0
..................................................................


WIND (MPH)
  HIGHEST WIND SPEED    20   HIGHEST WIND DIRECTION    NW (310)
  HIGHEST GUST SPEED    27   HIGHEST GUST DIRECTION     W (290)
  AVERAGE WIND SPEED     6.9


SKY COVER
  POSSIBLE SUNSHINE  MM
  AVERAGE SKY COVER 0.1


WEATHER CONDITIONS
 THE FOLLOWING WEATHER WAS RECORDED YESTERDAY.
  NO SIGNIFICANT WEATHER WAS OBSERVED.


RELATIVE HUMIDITY (PERCENT)
 HIGHEST    59          1100 PM
 LOWEST     19           500 PM
 AVERAGE    39

..........................................................


THE PIEDMONT TRIAD INTL AIRPORT NC CLIMATE NORMALS FOR TODAY
                         NORMAL    RECORD    YEAR
 MAXIMUM TEMPERATURE (F)   56        78      2011
 MINIMUM TEMPERATURE (F)   35         3      1963


SUNRISE AND SUNSET
FEBRUARY 27 2017......SUNRISE   652 AM EST   SUNSET   613 PM EST
FEBRUARY 28 2017......SUNRISE   651 AM EST   SUNSET   614 PM EST


-  INDICATES NEGATIVE NUMBERS.
R  INDICATES RECORD WAS SET OR TIED.
MM INDICATES DATA IS MISSING.
T  INDICATES TRACE AMOUNT.




$$
