000
CDUS42 KRAH 260554
CLIGSO


CLIMATE REPORT
NATIONAL WEATHER SERVICE RALEIGH NC
148 AM EDT WED APR 26 2017


...................................

...THE PIEDMONT TRIAD INTL AIRPORT NC CLIMATE SUMMARY FOR APRIL 25 2017...

CLIMATE NORMAL PERIOD 1981 TO 2010
CLIMATE RECORD PERIOD 1903 TO 2017


WEATHER ITEM   OBSERVED TIME   RECORD YEAR NORMAL DEPARTURE LAST
                VALUE   (LST)  VALUE       VALUE  FROM      YEAR
                                                  NORMAL
..................................................................
TEMPERATURE (F)
 YESTERDAY
  MAXIMUM         62    359 PM  94    1925  73    -11       81
  MINIMUM         52    243 AM  32    1930  50      2       53
  AVERAGE         57                        61     -4       67

PRECIPITATION (IN)
  YESTERDAY        0.32          1.75 1978   0.12   0.20     0.00
  MONTH TO DATE    5.62                      3.01   2.61     0.99
  SINCE MAR 1      8.18                      6.74   1.44     2.95
  SINCE JAN 1     13.79                     12.76   1.03     9.09

SNOWFALL (IN)
  YESTERDAY        0.0           0.0    MM   0.0    0.0      0.0
  MONTH TO DATE    0.0                       0.1   -0.1      0.0
  SINCE MAR 1      T                         0.9   -0.9      0.0
  SINCE JUL 1      8.0                       7.6    0.4      4.5
  SNOW DEPTH       0

DEGREE DAYS
 HEATING
  YESTERDAY        8                         5      3        0
  MONTH TO DATE  116                       197    -81      182
  SINCE MAR 1    552                       667   -115      450
  SINCE JUL 1   2722                      3522   -800     2836

 COOLING
  YESTERDAY        0                         2     -2        2
  MONTH TO DATE   48                        27     21       20
  SINCE MAR 1     56                        32     24       46
  SINCE JAN 1     60                        32     28       46
..................................................................


WIND (MPH)
  HIGHEST WIND SPEED    18   HIGHEST WIND DIRECTION    NE (50)
  HIGHEST GUST SPEED    25   HIGHEST GUST DIRECTION    NE (40)
  AVERAGE WIND SPEED     8.2


SKY COVER
  POSSIBLE SUNSHINE  MM
  AVERAGE SKY COVER 1.0


WEATHER CONDITIONS
 THE FOLLOWING WEATHER WAS RECORDED YESTERDAY.
  RAIN
  LIGHT RAIN
  FOG


RELATIVE HUMIDITY (PERCENT)
 HIGHEST   100          1200 AM
 LOWEST     90           700 PM
 AVERAGE    95

..........................................................


THE PIEDMONT TRIAD INTL AIRPORT NC CLIMATE NORMALS FOR TODAY
                         NORMAL    RECORD    YEAR
 MAXIMUM TEMPERATURE (F)   73        93      1925
 MINIMUM TEMPERATURE (F)   50        31      1919


SUNRISE AND SUNSET
APRIL 26 2017.........SUNRISE   632 AM EDT   SUNSET   803 PM EDT
APRIL 27 2017.........SUNRISE   631 AM EDT   SUNSET   804 PM EDT


-  INDICATES NEGATIVE NUMBERS.
R  INDICATES RECORD WAS SET OR TIED.
MM INDICATES DATA IS MISSING.
T  INDICATES TRACE AMOUNT.




$$
