407
CDUS42 KRAH 190705
CLIGSO

CLIMATE REPORT
NATIONAL WEATHER SERVICE RALEIGH NC
204 AM EST THU JAN 19 2017
...................................

...THE PIEDMONT TRIAD INTL AIRPORT NC CLIMATE SUMMARY FOR JANUARY 18 2017...

CLIMATE NORMAL PERIOD 1981 TO 2010
CLIMATE RECORD PERIOD 1903 TO 2017


WEATHER ITEM   OBSERVED TIME   RECORD YEAR NORMAL DEPARTURE LAST
                VALUE   (LST)  VALUE       VALUE  FROM      YEAR
                                                  NORMAL
..................................................................
TEMPERATURE (F)
 YESTERDAY
  MAXIMUM         67R   326 PM  66    1937  48     19       33
                                      1907
  MINIMUM         43   1119 PM   6    1994  29     14       19
  AVERAGE         55                        39     16       26

PRECIPITATION (IN)
  YESTERDAY        T             1.62 1943   0.10  -0.10     0.00
  MONTH TO DATE    2.26                      1.81   0.45     1.00
  SINCE DEC 1      3.96                      4.79  -0.83     7.65
  SINCE JAN 1      2.26                      1.81   0.45     1.00

SNOWFALL (IN)
  YESTERDAY        0.0           4.8  2000   0.2   -0.2      0.0
  MONTH TO DATE    8.0                       2.0    6.0      0.5
  SINCE DEC 1      8.0                       2.8    5.2      0.5
  SINCE JUL 1      8.0                       2.9    5.1      0.5
  SNOW DEPTH       0

DEGREE DAYS
 HEATING
  YESTERDAY       10                        26    -16       39
  MONTH TO DATE  408                       468    -60      480
  SINCE DEC 1   1093                      1202   -109      844
  SINCE JUL 1   1543                      1882   -339     1358

 COOLING
  YESTERDAY        0                         0      0        0
  MONTH TO DATE    0                         0      0        0
  SINCE DEC 1      0                         1     -1       15
  SINCE JAN 1      0                         0      0        0
..................................................................


WIND (MPH)
  HIGHEST WIND SPEED    21   HIGHEST WIND DIRECTION    NW (310)
  HIGHEST GUST SPEED    27   HIGHEST GUST DIRECTION    NW (300)
  AVERAGE WIND SPEED     9.6


SKY COVER
  POSSIBLE SUNSHINE  MM
  AVERAGE SKY COVER 0.4


WEATHER CONDITIONS
 THE FOLLOWING WEATHER WAS RECORDED YESTERDAY.
  NO SIGNIFICANT WEATHER WAS OBSERVED.


RELATIVE HUMIDITY (PERCENT)
 HIGHEST    93          1200 AM
 LOWEST     32           200 PM
 AVERAGE    63

..........................................................


THE PIEDMONT TRIAD INTL AIRPORT NC CLIMATE NORMALS FOR TODAY
                         NORMAL    RECORD    YEAR
 MAXIMUM TEMPERATURE (F)   48        69      1907
 MINIMUM TEMPERATURE (F)   29        -1      1994


SUNRISE AND SUNSET
JANUARY 19 2017.......SUNRISE   728 AM EST   SUNSET   533 PM EST
JANUARY 20 2017.......SUNRISE   728 AM EST   SUNSET   534 PM EST


-  INDICATES NEGATIVE NUMBERS.
R  INDICATES RECORD WAS SET OR TIED.
MM INDICATES DATA IS MISSING.
T  INDICATES TRACE AMOUNT.


$$
