000
CDUS42 KRAH 310602
CLIGSO


CLIMATE REPORT
NATIONAL WEATHER SERVICE RALEIGH NC
200 AM EDT MON AUG 31 2015


...................................

...THE PIEDMONT TRIAD INTL AIRPORT NC CLIMATE SUMMARY FOR AUGUST 30 2015...

CLIMATE NORMAL PERIOD 1981 TO 2010
CLIMATE RECORD PERIOD 1903 TO 2015


WEATHER ITEM   OBSERVED TIME   RECORD YEAR NORMAL DEPARTURE LAST
                VALUE   (LST)  VALUE       VALUE  FROM      YEAR
                                                  NORMAL
..................................................................
TEMPERATURE (F)
 YESTERDAY
  MAXIMUM         83   1012 AM 100    1932  85     -2       90
  MINIMUM         68    613 AM  45    1986  66      2       72
  AVERAGE         76                        75      1       81

PRECIPITATION (IN)
  YESTERDAY        T             2.59 1964   0.12  -0.12     0.00
  MONTH TO DATE    6.66                      3.75   2.91     2.66
  SINCE JUN 1     12.06                     11.96   0.10     8.39
  SINCE JAN 1     25.02                     28.66  -3.64    25.88

DEGREE DAYS
 HEATING
  YESTERDAY        0                         0      0        0
  MONTH TO DATE    0                         0      0        0
  SINCE JUN 1      3                         6     -3        0
  SINCE JUL 1      0                         0      0        0

 COOLING
  YESTERDAY       11                        10      1       16
  MONTH TO DATE  383                       367     16      298
  SINCE JUN 1   1270                      1093    177     1039
  SINCE JAN 1   1504                      1252    252     1236
..................................................................


WIND (MPH)
  HIGHEST WIND SPEED     9   HIGHEST WIND DIRECTION     S (200)
  HIGHEST GUST SPEED    13   HIGHEST GUST DIRECTION     S (200)
  AVERAGE WIND SPEED     3.8


SKY COVER
  POSSIBLE SUNSHINE  MM
  AVERAGE SKY COVER 1.0


WEATHER CONDITIONS
 THE FOLLOWING WEATHER WAS RECORDED YESTERDAY.
  LIGHT RAIN


RELATIVE HUMIDITY (PERCENT)
 HIGHEST    81           600 AM
 LOWEST     46          1100 AM
 AVERAGE    64

..........................................................


THE PIEDMONT TRIAD INTL AIRPORT NC CLIMATE NORMALS FOR TODAY
                         NORMAL    RECORD    YEAR
 MAXIMUM TEMPERATURE (F)   84       101      1932
 MINIMUM TEMPERATURE (F)   66        47      1946


SUNRISE AND SUNSET
AUGUST 31 2015........SUNRISE   650 AM EDT   SUNSET   749 PM EDT
SEPTEMBER  1 2015.....SUNRISE   651 AM EDT   SUNSET   748 PM EDT


-  INDICATES NEGATIVE NUMBERS.
R  INDICATES RECORD WAS SET OR TIED.
MM INDICATES DATA IS MISSING.
T  INDICATES TRACE AMOUNT.

$$
