000
CDUS42 KGSP 152132 RRB
CLIGSP

CLIMATE REPORT
NATIONAL WEATHER SERVICE GREENVILLE-SPARTANBURG SC
431 PM EST FRI DEC 15 2017


...................................

...THE GREENVILLE-SPARTANBURG SC CLIMATE SUMMARY FOR DECEMBER 15 2017...
VALID TODAY AS OF 0400 PM LOCAL TIME.

CLIMATE NORMAL PERIOD 1981 TO 2010
CLIMATE RECORD PERIOD 1884 TO 2017


WEATHER ITEM   OBSERVED TIME   RECORD YEAR NORMAL DEPARTURE LAST
                VALUE   (LST)  VALUE       VALUE  FROM      YEAR
                                                  NORMAL
..................................................................
TEMPERATURE (F)
 TODAY
  MAXIMUM         50    308 PM  74    2015  54     -4       44
  MINIMUM         34    821 AM   9    1898  34      0       28
  AVERAGE         42                        44     -2       36

PRECIPITATION (IN)
  TODAY            0.00          2.68 1972   0.13  -0.13     0.00
  MONTH TO DATE    1.34                      2.10  -0.76     1.44
  SINCE DEC 1      1.34                      2.10  -0.76     1.44
  SINCE JAN 1     51.54                     45.18   6.36    33.18

SNOWFALL (IN)
  TODAY            0.0           1.3  1904   0.0    0.0      0.0
  MONTH TO DATE    1.6                       0.1    1.5      0.0
  SINCE DEC 1      1.6                       0.1    1.5      0.0
  SINCE JUL 1      1.6                       0.2    1.4      0.0
  SNOW DEPTH       0

DEGREE DAYS
 HEATING
  TODAY           23                        21      2       29
  MONTH TO DATE  284                       294    -10      318
  SINCE DEC 1    284                       294    -10      318
  SINCE JUL 1    778                       847    -69      644

 COOLING
  TODAY            0                         0      0        0
  MONTH TO DATE    0                         0      0        0
  SINCE DEC 1      0                         0      0        0
  SINCE JAN 1   1802                      1715     87     2188
..................................................................


WIND (MPH)
  HIGHEST WIND SPEED    12   HIGHEST WIND DIRECTION     W (270)
  HIGHEST GUST SPEED    14   HIGHEST GUST DIRECTION     W (270)
  AVERAGE WIND SPEED     4.9


SKY COVER
  POSSIBLE SUNSHINE  MM
  AVERAGE SKY COVER 0.0


WEATHER CONDITIONS
 THE FOLLOWING WEATHER WAS RECORDED TODAY.
  NO SIGNIFICANT WEATHER WAS OBSERVED.


RELATIVE HUMIDITY (PERCENT)
 HIGHEST    64           400 AM
 LOWEST     45          1100 AM
 AVERAGE    55

..........................................................


THE GREENVILLE-SPARTANBURG SC CLIMATE NORMALS FOR TOMORROW
                         NORMAL    RECORD    YEAR
 MAXIMUM TEMPERATURE (F)   54        72      1971
                                             1929
 MINIMUM TEMPERATURE (F)   34        12      1898


SUNRISE AND SUNSET
DECEMBER 15 2017......SUNRISE   729 AM EST   SUNSET   519 PM EST
DECEMBER 16 2017......SUNRISE   730 AM EST   SUNSET   519 PM EST


-  INDICATES NEGATIVE NUMBERS.
R  INDICATES RECORD WAS SET OR TIED.
MM INDICATES DATA IS MISSING.
T  INDICATES TRACE AMOUNT.




$$
