000
CDUS42 KGSP 212134
CLIGSP

CLIMATE REPORT
NATIONAL WEATHER SERVICE GREENVILLE-SPARTANBURG SC
434 PM EST TUE FEB 21 2017


...................................

...THE GREENVILLE-SPARTANBURG SC CLIMATE SUMMARY FOR FEBRUARY 21 2017...
VALID TODAY AS OF 0400 PM LOCAL TIME.

CLIMATE NORMAL PERIOD 1981 TO 2010
CLIMATE RECORD PERIOD 1884 TO 2017


WEATHER ITEM   OBSERVED TIME   RECORD YEAR NORMAL DEPARTURE LAST
                VALUE   (LST)  VALUE       VALUE  FROM      YEAR
                                                  NORMAL
..................................................................
TEMPERATURE (F)
 TODAY
  MAXIMUM         69    235 PM  75    1917  58     11       67
  MINIMUM         48    437 AM   9    1896  36     12       50
  AVERAGE         59                        47     12       59

PRECIPITATION (IN)
  TODAY            0.00          2.07 1961   0.15  -0.15     0.00
  MONTH TO DATE    1.03                      2.92  -1.89     2.23
  SINCE DEC 1      8.24                     10.85  -2.61    15.85
  SINCE JAN 1      5.55                      6.74  -1.19     5.77

SNOWFALL (IN)
  TODAY            0.0           0.4  1978   0.1   -0.1      0.0
  MONTH TO DATE    0.0                       0.8   -0.8      0.4
  SINCE DEC 1      3.1                       3.5   -0.4      2.6
  SINCE JUL 1      3.1                       3.6   -0.5      2.6
  SNOW DEPTH       0

DEGREE DAYS
 HEATING
  TODAY            6                        18    -12        6
  MONTH TO DATE  252                       419   -167      464
  SINCE DEC 1   1344                      1776   -432     1532
  SINCE JUL 1   1670                      2329   -659     1977

 COOLING
  TODAY            0                         0      0        0
  MONTH TO DATE    6                         0      6        0
  SINCE DEC 1      6                         1      5       11
  SINCE JAN 1      6                         0      6        0
..................................................................


WIND (MPH)
  HIGHEST WIND SPEED    10   HIGHEST WIND DIRECTION    SE (130)
  HIGHEST GUST SPEED    14   HIGHEST GUST DIRECTION    SE (120)
  AVERAGE WIND SPEED     4.5


SKY COVER
  POSSIBLE SUNSHINE  MM
  AVERAGE SKY COVER 0.2


WEATHER CONDITIONS
 THE FOLLOWING WEATHER WAS RECORDED TODAY.
  NO SIGNIFICANT WEATHER WAS OBSERVED.


RELATIVE HUMIDITY (PERCENT)
 HIGHEST    71           700 AM
 LOWEST     52           200 PM
 AVERAGE    62

..........................................................


THE GREENVILLE-SPARTANBURG SC CLIMATE NORMALS FOR TOMORROW
                         NORMAL    RECORD    YEAR
 MAXIMUM TEMPERATURE (F)   58        76      2011
 MINIMUM TEMPERATURE (F)   36        10      1963


SUNRISE AND SUNSET
FEBRUARY 21 2017......SUNRISE   708 AM EST   SUNSET   618 PM EST
FEBRUARY 22 2017......SUNRISE   706 AM EST   SUNSET   619 PM EST


-  INDICATES NEGATIVE NUMBERS.
R  INDICATES RECORD WAS SET OR TIED.
MM INDICATES DATA IS MISSING.
T  INDICATES TRACE AMOUNT.




$$
