000
CDUS42 KGSP 190632
CLIGSP

CLIMATE REPORT
NATIONAL WEATHER SERVICE GREENVILLE-SPARTANBURG SC
232 AM EDT SAT APR 19 2014


...................................

...THE GREENVILLE-SPARTANBURG SC CLIMATE SUMMARY FOR APRIL 18 2014...

CLIMATE NORMAL PERIOD 1981 TO 2010
CLIMATE RECORD PERIOD 1884 TO 2014


WEATHER ITEM   OBSERVED TIME   RECORD YEAR NORMAL DEPARTURE LAST
                VALUE   (LST)  VALUE       VALUE  FROM      YEAR
                                                  NORMAL
..................................................................
TEMPERATURE (F)
 YESTERDAY
  MAXIMUM         55    321 PM  89    2002  73    -18       80
                                      1967
  MINIMUM         47    952 PM  28    1905  49     -2       59
  AVERAGE         51                        61    -10       70

PRECIPITATION (IN)
  YESTERDAY        0.67          3.01 1969   0.11   0.56      T
  MONTH TO DATE    4.27                      2.01   2.26     2.15
  SINCE MAR 1      8.36                      6.53   1.83     5.67
  SINCE JAN 1     14.60                     14.32   0.28    14.82

SNOWFALL (IN)
  YESTERDAY        0.0           0.1  1983   0.0    0.0      0.0
  MONTH TO DATE    0.0                       0.0    0.0      0.0
  SINCE MAR 1      T                         0.9   -0.9       T
  SINCE JUL 1      7.2                       4.7    2.5      2.0
  SNOW DEPTH       0

DEGREE DAYS
 HEATING
  YESTERDAY       14                         5      9        0
  MONTH TO DATE  112                       124    -12       80
  SINCE MAR 1    589                       508     81      634
  SINCE JUL 1   3148                      2957    191     2820

 COOLING
  YESTERDAY        0                         1     -1        5
  MONTH TO DATE   20                        18      2       35
  SINCE MAR 1     20                        26     -6       37
  SINCE JAN 1     20                        26     -6       37
..................................................................


WIND (MPH)
  HIGHEST WIND SPEED    16   HIGHEST WIND DIRECTION     N (20)
  HIGHEST GUST SPEED    21   HIGHEST GUST DIRECTION     N (20)
  AVERAGE WIND SPEED     9.8


SKY COVER
  POSSIBLE SUNSHINE  MM
  AVERAGE SKY COVER 0.5


WEATHER CONDITIONS
 THE FOLLOWING WEATHER WAS RECORDED YESTERDAY.
  RAIN
  LIGHT RAIN
  FOG


RELATIVE HUMIDITY (PERCENT)
 HIGHEST    93           800 PM
 LOWEST     46           100 AM
 AVERAGE    70

..........................................................


THE GREENVILLE-SPARTANBURG SC CLIMATE NORMALS FOR TODAY
                         NORMAL    RECORD    YEAR
 MAXIMUM TEMPERATURE (F)   74        93      1917
 MINIMUM TEMPERATURE (F)   49        31      2001


SUNRISE AND SUNSET
APRIL 19 2014.........SUNRISE   652 AM EDT   SUNSET   804 PM EDT
APRIL 20 2014.........SUNRISE   651 AM EDT   SUNSET   805 PM EDT


-  INDICATES NEGATIVE NUMBERS.
R  INDICATES RECORD WAS SET OR TIED.
MM INDICATES DATA IS MISSING.
T  INDICATES TRACE AMOUNT.

$$
