000
CDUS42 KGSP 290645
CLIGSP

CLIMATE REPORT
NATIONAL WEATHER SERVICE GREENVILLE-SPARTANBURG SC
243 AM EDT SUN MAR 29 2015

...................................

...THE GREENVILLE-SPARTANBURG SC CLIMATE SUMMARY FOR MARCH 28 2015...

CLIMATE NORMAL PERIOD 1981 TO 2010
CLIMATE RECORD PERIOD 1884 TO 2015


WEATHER ITEM   OBSERVED TIME   RECORD YEAR NORMAL DEPARTURE LAST
                VALUE   (LST)  VALUE       VALUE  FROM      YEAR
                                                  NORMAL
..................................................................
TEMPERATURE (F)
 YESTERDAY
  MAXIMUM         54    349 PM  84    2007  68    -14       59
  MINIMUM         32    645 AM  26    1982  44    -12       47
                                      1897
  AVERAGE         43                        56    -13       53

PRECIPITATION (IN)
  YESTERDAY        0.00          2.31 1980   0.14  -0.14     0.08
  MONTH TO DATE    1.87                      4.09  -2.22     3.95
  SINCE MAR 1      1.87                      4.09  -2.22     3.95
  SINCE JAN 1      9.19                     11.88  -2.69    10.19

SNOWFALL (IN)
  YESTERDAY        0.0           T    2010   0.0    0.0      0.0
                                      1947
  MONTH TO DATE    0.0                       0.9   -0.9       T
  SINCE MAR 1      0.0                       0.9   -0.9       T
  SINCE JUL 1      3.7                       4.7   -1.0      7.2
  SNOW DEPTH       0

DEGREE DAYS
 HEATING
  YESTERDAY       22                         9     13       12
  MONTH TO DATE  265                       357    -92      455
  SINCE MAR 1    265                       357    -92      455
  SINCE JUL 1   2879                      2806     73     3014

 COOLING
  YESTERDAY        0                         0      0        0
  MONTH TO DATE    6                         0      6        0
  SINCE MAR 1      6                         0      6        0
  SINCE JAN 1      6                         0      6        0
..................................................................


WIND (MPH)
  HIGHEST WIND SPEED    18   HIGHEST WIND DIRECTION     N (360)
  HIGHEST GUST SPEED    24   HIGHEST GUST DIRECTION     N (350)
  AVERAGE WIND SPEED     7.2


SKY COVER
  POSSIBLE SUNSHINE  MM
  AVERAGE SKY COVER 0.0


WEATHER CONDITIONS
 THE FOLLOWING WEATHER WAS RECORDED YESTERDAY.
  NO SIGNIFICANT WEATHER WAS OBSERVED.


RELATIVE HUMIDITY (PERCENT)
 HIGHEST    70           100 AM
 LOWEST     19           400 PM
 AVERAGE    45

..........................................................


THE GREENVILLE-SPARTANBURG SC CLIMATE NORMALS FOR TODAY
                         NORMAL    RECORD    YEAR
 MAXIMUM TEMPERATURE (F)   68        85      1907
 MINIMUM TEMPERATURE (F)   44        26      1899


SUNRISE AND SUNSET
MARCH 29 2015.........SUNRISE   720 AM EDT   SUNSET   748 PM EDT
MARCH 30 2015.........SUNRISE   719 AM EDT   SUNSET   748 PM EDT


-  INDICATES NEGATIVE NUMBERS.
R  INDICATES RECORD WAS SET OR TIED.
MM INDICATES DATA IS MISSING.
T  INDICATES TRACE AMOUNT.

$$
