000
CDUS42 KGSP 242034
CLIGSP

CLIMATE REPORT
NATIONAL WEATHER SERVICE GREENVILLE-SPARTANBURG SC
433 PM EDT THU APR 24 2014


...................................

...THE GREENVILLE-SPARTANBURG SC CLIMATE SUMMARY FOR APRIL 24 2014...
VALID TODAY AS OF 400 PM LOCAL TIME.

CLIMATE NORMAL PERIOD 1981 TO 2010
CLIMATE RECORD PERIOD 1884 TO 2014


WEATHER ITEM   OBSERVED TIME   RECORD YEAR NORMAL DEPARTURE LAST
                VALUE   (LST)  VALUE       VALUE  FROM      YEAR
                                                  NORMAL
..................................................................
TEMPERATURE (F)
 TODAY
  MAXIMUM         74    330 PM  92    1925  75     -1       75
  MINIMUM         47    606 AM  31    1986  51     -4       51
                                      1903
  AVERAGE         61                        63     -2       63

PRECIPITATION (IN)
  TODAY            0.00          1.58 1964   0.12  -0.12      T
  MONTH TO DATE    4.87                      2.70   2.17     2.61
  SINCE MAR 1      8.96                      7.22   1.74     6.13
  SINCE JAN 1     15.20                     15.01   0.19    15.28

SNOWFALL (IN)
  TODAY            0.0           0.0    MM   0.0    0.0      0.0
  MONTH TO DATE    0.0                       0.0    0.0      0.0
  SINCE MAR 1      T                         0.9   -0.9       T
  SINCE JUL 1      7.2                       4.7    2.5      2.0
  SNOW DEPTH       0

DEGREE DAYS
 HEATING
  TODAY            4                         4      0        2
  MONTH TO DATE  137                       152    -15      126
  SINCE MAR 1    614                       536     78      680
  SINCE JUL 1   3173                      2985    188     2866

 COOLING
  TODAY            0                         2     -2        0
  MONTH TO DATE   23                        29     -6       35
  SINCE MAR 1     23                        37    -14       37
  SINCE JAN 1     23                        37    -14       37
..................................................................


WIND (MPH)
  HIGHEST WIND SPEED    12   HIGHEST WIND DIRECTION     S (180)
  HIGHEST GUST SPEED    17   HIGHEST GUST DIRECTION    SE (130)
  AVERAGE WIND SPEED     5.8


SKY COVER
  POSSIBLE SUNSHINE  MM
  AVERAGE SKY COVER 0.0


WEATHER CONDITIONS
 THE FOLLOWING WEATHER WAS RECORDED TODAY.
  NO SIGNIFICANT WEATHER WAS OBSERVED.


RELATIVE HUMIDITY (PERCENT)
 HIGHEST    60           600 AM
 LOWEST     29           300 PM
 AVERAGE    45

..........................................................


THE GREENVILLE-SPARTANBURG SC CLIMATE NORMALS FOR TOMORROW
                         NORMAL    RECORD    YEAR
 MAXIMUM TEMPERATURE (F)   75        92      1960
 MINIMUM TEMPERATURE (F)   51        32      1903


SUNRISE AND SUNSET
APRIL 24 2014.........SUNRISE   646 AM EDT   SUNSET   808 PM EDT
APRIL 25 2014.........SUNRISE   645 AM EDT   SUNSET   809 PM EDT


-  INDICATES NEGATIVE NUMBERS.
R  INDICATES RECORD WAS SET OR TIED.
MM INDICATES DATA IS MISSING.
T  INDICATES TRACE AMOUNT.




$$

JPT
