000
CDUS42 KGSP 210738
CLIGSP

CLIMATE REPORT
NATIONAL WEATHER SERVICE GREENVILLE-SPARTANBURG SC
228 AM EDT THU AUG 21 2014


...................................

...THE GREENVILLE-SPARTANBURG SC CLIMATE SUMMARY FOR AUGUST 20 2014...

CLIMATE NORMAL PERIOD 1981 TO 2010
CLIMATE RECORD PERIOD 1884 TO 2014


WEATHER ITEM   OBSERVED TIME   RECORD YEAR NORMAL DEPARTURE LAST
                VALUE   (LST)  VALUE       VALUE  FROM      YEAR
                                                  NORMAL
..................................................................
TEMPERATURE (F)
 YESTERDAY
  MAXIMUM         91    210 PM 101    1925  88      3       80
  MINIMUM         69    631 AM  58    1893  69      0       68
  AVERAGE         80                        78      2       74

PRECIPITATION (IN)
  YESTERDAY        T             1.75 1891   0.15  -0.15      T
  MONTH TO DATE    4.81                      2.97   1.84     4.66
  SINCE JUN 1     14.36                     11.57   2.79    28.54
  SINCE JAN 1     34.17                     31.00   3.17    51.70

SNOWFALL (IN)
  YESTERDAY        0.0           0.0    MM   0.0    0.0      0.0
  MONTH TO DATE    0.0                       0.0    0.0      0.0
  SINCE JUN 1      0.0                       0.0    0.0      0.0
  SINCE JUL 1      0.0                       0.0    0.0      0.0
  SNOW DEPTH       0

DEGREE DAYS
 HEATING
  YESTERDAY        0                         0      0        0
  MONTH TO DATE    0                         0      0        0
  SINCE JUN 1      0                         2     -2        0
  SINCE JUL 1      0                         0      0        0

 COOLING
  YESTERDAY       15                        13      2        9
  MONTH TO DATE  225                       285    -60      222
  SINCE JUN 1    995                      1096   -101      958
  SINCE JAN 1   1251                      1297    -46     1120
..................................................................


WIND (MPH)
  HIGHEST WIND SPEED    14   HIGHEST WIND DIRECTION     W (270)
  HIGHEST GUST SPEED    18   HIGHEST GUST DIRECTION     W (290)
  AVERAGE WIND SPEED     3.3


SKY COVER
  POSSIBLE SUNSHINE  MM
  AVERAGE SKY COVER 0.2


WEATHER CONDITIONS
 THE FOLLOWING WEATHER WAS RECORDED YESTERDAY.
  LIGHT RAIN


RELATIVE HUMIDITY (PERCENT)
 HIGHEST   100           300 AM
 LOWEST     52           200 PM
 AVERAGE    76

..........................................................


THE GREENVILLE-SPARTANBURG SC CLIMATE NORMALS FOR TODAY
                         NORMAL    RECORD    YEAR
 MAXIMUM TEMPERATURE (F)   88       102      2007
                                             1983
 MINIMUM TEMPERATURE (F)   69        56      1991
                                             1949
                                             1930


SUNRISE AND SUNSET
AUGUST 21 2014........SUNRISE   654 AM EDT   SUNSET   810 PM EDT
AUGUST 22 2014........SUNRISE   654 AM EDT   SUNSET   809 PM EDT


-  INDICATES NEGATIVE NUMBERS.
R  INDICATES RECORD WAS SET OR TIED.
MM INDICATES DATA IS MISSING.
T  INDICATES TRACE AMOUNT.

$$
07
