000
CDUS42 KGSP 290637 RRA
CLIGSP

CLIMATE REPORT
NATIONAL WEATHER SERVICE GREENVILLE-SPARTANBURG SC
237 AM EDT SAT APR 29 2017


...................................

...THE GREENVILLE-SPARTANBURG SC CLIMATE SUMMARY FOR APRIL 28 2017...

CLIMATE NORMAL PERIOD 1981 TO 2010
CLIMATE RECORD PERIOD 1884 TO 2017


WEATHER ITEM   OBSERVED TIME   RECORD YEAR NORMAL DEPARTURE LAST
                VALUE   (LST)  VALUE       VALUE  FROM      YEAR
                                                  NORMAL
..................................................................
TEMPERATURE (F)
 YESTERDAY
  MAXIMUM         83    516 PM  90    1943  76      7       84
                                      1915
                                      1914
  MINIMUM         61    609 AM  36    1898  52      9       66
  AVERAGE         72                        64      8       75

PRECIPITATION (IN)
  YESTERDAY        0.00          1.74 2013   0.11  -0.11     0.00
  MONTH TO DATE    7.11                      3.14   3.97     1.41
  SINCE MAR 1     14.46                      7.66   6.80     3.10
  SINCE JAN 1     20.18                     15.45   4.73    11.36

SNOWFALL (IN)
  YESTERDAY        0.0           0.0    MM   0.0    0.0      0.0
  MONTH TO DATE    0.0                       0.0    0.0      0.0
  SINCE MAR 1      0.5                       0.9   -0.4       T
  SINCE JUL 1      3.6                       4.7   -1.1      2.6
  SNOW DEPTH       0

DEGREE DAYS
 HEATING
  YESTERDAY        0                         3     -3        0
  MONTH TO DATE   75                       167    -92      141
  SINCE MAR 1    429                       551   -122      367
  SINCE JUL 1   2155                      3000   -845     2464

 COOLING
  YESTERDAY        7                         2      5       10
  MONTH TO DATE   69                        37     32       45
  SINCE MAR 1     85                        45     40       71
  SINCE JAN 1     91                        45     46       71
..................................................................


WIND (MPH)
  HIGHEST WIND SPEED    15   HIGHEST WIND DIRECTION    SW (210)
  HIGHEST GUST SPEED    20   HIGHEST GUST DIRECTION     S (190)
  AVERAGE WIND SPEED     4.6


SKY COVER
  POSSIBLE SUNSHINE  MM
  AVERAGE SKY COVER 0.6


WEATHER CONDITIONS
 THE FOLLOWING WEATHER WAS RECORDED YESTERDAY.
  FOG
  FOG W/VISIBILITY <= 1/4 MILE
  HAZE


RELATIVE HUMIDITY (PERCENT)
 HIGHEST   100           100 AM
 LOWEST     51           400 PM
 AVERAGE    76

..........................................................


THE GREENVILLE-SPARTANBURG SC CLIMATE NORMALS FOR TODAY
                         NORMAL    RECORD    YEAR
 MAXIMUM TEMPERATURE (F)   76        91      1917
 MINIMUM TEMPERATURE (F)   52        32      1992


SUNRISE AND SUNSET
APRIL 29 2017.........SUNRISE   640 AM EDT   SUNSET   813 PM EDT
APRIL 30 2017.........SUNRISE   639 AM EDT   SUNSET   814 PM EDT


-  INDICATES NEGATIVE NUMBERS.
R  INDICATES RECORD WAS SET OR TIED.
MM INDICATES DATA IS MISSING.
T  INDICATES TRACE AMOUNT.




$$
