000
CDUS42 KGSP 282031
CLIGSP

CLIMATE REPORT
NATIONAL WEATHER SERVICE GREENVILLE-SPARTANBURG SC
430 PM EDT THU APR 28 2016


...................................

...THE GREENVILLE-SPARTANBURG SC CLIMATE SUMMARY FOR APRIL 28 2016...
VALID TODAY AS OF 0400 PM LOCAL TIME.

CLIMATE NORMAL PERIOD 1981 TO 2010
CLIMATE RECORD PERIOD 1884 TO 2016


WEATHER ITEM   OBSERVED TIME   RECORD YEAR NORMAL DEPARTURE LAST
                VALUE   (LST)  VALUE       VALUE  FROM      YEAR
                                                  NORMAL
..................................................................
TEMPERATURE (F)
 TODAY
  MAXIMUM         84    259 PM  90    1943  76      8       71
                                      1915
                                      1914
  MINIMUM         66    632 AM  36    1898  52     14       48
  AVERAGE         75                        64     11       60

PRECIPITATION (IN)
  TODAY            0.00          1.74 2013   0.11  -0.11     0.00
  MONTH TO DATE    1.41                      3.14  -1.73     6.14
  SINCE MAR 1      3.10                      7.66  -4.56     8.23
  SINCE JAN 1     11.36                     15.45  -4.09    15.55

SNOWFALL (IN)
  TODAY            0.0           0.0    MM   0.0    0.0      0.0
  MONTH TO DATE    0.0                       0.0    0.0      0.0
  SINCE MAR 1      T                         0.9   -0.9      0.0
  SINCE JUL 1      2.6                       4.7   -2.1      3.7
  SNOW DEPTH       0

DEGREE DAYS
 HEATING
  TODAY            0                         3     -3        5
  MONTH TO DATE  141                       167    -26       83
  SINCE MAR 1    367                       551   -184      387
  SINCE JUL 1   2464                      3000   -536     3001

 COOLING
  TODAY           10                         2      8        0
  MONTH TO DATE   45                        37      8       50
  SINCE MAR 1     71                        45     26       56
  SINCE JAN 1     71                        45     26       56
..................................................................


WIND (MPH)
  HIGHEST WIND SPEED    24   HIGHEST WIND DIRECTION    SW (210)
  HIGHEST GUST SPEED    31   HIGHEST GUST DIRECTION     S (200)
  AVERAGE WIND SPEED    10.5


SKY COVER
  POSSIBLE SUNSHINE  MM
  AVERAGE SKY COVER 0.2


WEATHER CONDITIONS
 THE FOLLOWING WEATHER WAS RECORDED TODAY.
  NO SIGNIFICANT WEATHER WAS OBSERVED.


RELATIVE HUMIDITY (PERCENT)
 HIGHEST    81           500 AM
 LOWEST     43           300 PM
 AVERAGE    62

..........................................................


THE GREENVILLE-SPARTANBURG SC CLIMATE NORMALS FOR TOMORROW
                         NORMAL    RECORD    YEAR
 MAXIMUM TEMPERATURE (F)   76        91      1917
 MINIMUM TEMPERATURE (F)   52        32      1992


SUNRISE AND SUNSET
APRIL 28 2016.........SUNRISE   641 AM EDT   SUNSET   812 PM EDT
APRIL 29 2016.........SUNRISE   640 AM EDT   SUNSET   813 PM EDT


-  INDICATES NEGATIVE NUMBERS.
R  INDICATES RECORD WAS SET OR TIED.
MM INDICATES DATA IS MISSING.
T  INDICATES TRACE AMOUNT.

$$
