000
CDUS45 KTFX 012223
CLIGTF


CLIMATE REPORT
NATIONAL WEATHER SERVICE GREAT FALLS MT
421 PM MDT FRI AUG 1 2014


...................................

...THE GREAT FALLS MT CLIMATE SUMMARY FOR AUGUST 1 2014...
VALID TODAY AS OF 0400 PM LOCAL TIME.

CLIMATE NORMAL PERIOD 1981 TO 2010
CLIMATE RECORD PERIOD 1886 TO 2014


WEATHER ITEM   OBSERVED TIME   RECORD YEAR NORMAL DEPARTURE LAST
                VALUE   (LST)  VALUE       VALUE  FROM      YEAR
                                                  NORMAL
..................................................................
TEMPERATURE (F)
 TODAY
  MAXIMUM         91    257 PM 100    1908  86      5       72
  MINIMUM         52    344 AM  38    1999  53     -1       54
  AVERAGE         72                        69      3       63

PRECIPITATION (IN)
  TODAY            0.00          0.60 1915   0.04  -0.04     0.30
  MONTH TO DATE    0.00                      0.04  -0.04     0.30
  SINCE OCT 1     14.12                     11.80   2.32    11.45
  SINCE JAN 1     12.07                      9.80   2.27     8.11

SNOWFALL (IN)
  TODAY            0.0           0.0  2002   0.0    0.0      0.0
  MONTH TO DATE    0.0                       0.0    0.0      0.0
  SINCE JUN 1      0.0                       0.3   -0.3      0.0
  SINCE JUL 1      0.0                       0.0    0.0      0.0
  SNOW DEPTH       0

DEGREE DAYS
 HEATING
  TODAY            0                         1     -1        2
  MONTH TO DATE    0                         1     -1        2
  SINCE JUN 1    228                       242    -14      190
  SINCE JUL 1      5                        51    -46       18

 COOLING
  TODAY            7                         5      2        0
  MONTH TO DATE    7                         5      2        0
  SINCE JUN 1    186                       161     25      201
  SINCE JAN 1    186                       168     18      204
..................................................................


WIND (MPH)
  HIGHEST WIND SPEED    10   HIGHEST WIND DIRECTION    SW (230)
  HIGHEST GUST SPEED    14   HIGHEST GUST DIRECTION    NE (50)
  AVERAGE WIND SPEED     5.4


SKY COVER
  AVERAGE SKY COVER 0.0


WEATHER CONDITIONS
 THE FOLLOWING WEATHER WAS RECORDED TODAY.
  NO SIGNIFICANT WEATHER WAS OBSERVED.


RELATIVE HUMIDITY (PERCENT)
 HIGHEST    71           200 AM
 LOWEST     19           200 PM
 AVERAGE    45

..........................................................


THE GREAT FALLS MT CLIMATE NORMALS FOR TOMORROW
                         NORMAL    RECORD    YEAR
 MAXIMUM TEMPERATURE (F)   86        99      1893
 MINIMUM TEMPERATURE (F)   53        41      2002


SUNRISE AND SUNSET
AUGUST  1 2014........SUNRISE   603 AM MDT   SUNSET   859 PM MDT
AUGUST  2 2014........SUNRISE   605 AM MDT   SUNSET   858 PM MDT


-  INDICATES NEGATIVE NUMBERS.
R  INDICATES RECORD WAS SET OR TIED.
MM INDICATES DATA IS MISSING.
T  INDICATES TRACE AMOUNT.




$$
