000
CDUS45 KTFX 240956
CLIGTF


CLIMATE REPORT
NATIONAL WEATHER SERVICE GREAT FALLS MT
354 AM MDT WED MAY 24 2017


...................................

...THE GREAT FALLS MT CLIMATE SUMMARY FOR MAY 23 2017...

CLIMATE NORMAL PERIOD 1981 TO 2010
CLIMATE RECORD PERIOD 1886 TO 2017


WEATHER ITEM   OBSERVED TIME   RECORD YEAR NORMAL DEPARTURE LAST
                VALUE   (LST)  VALUE       VALUE  FROM      YEAR
                                                  NORMAL
..................................................................
TEMPERATURE (F)
 YESTERDAY
  MAXIMUM         80    456 PM  88    1988  67     13       54
                                      1929
                                      1919
  MINIMUM         40    338 AM  30    1949  41     -1       41
  AVERAGE         60                        54      6       48

PRECIPITATION (IN)
  YESTERDAY        0.00          1.05 2004   0.09  -0.09     0.12
  MONTH TO DATE    1.60                      1.60   0.00     1.89
  SINCE OCT 1      9.94                      6.91   3.03    10.97
  SINCE JAN 1      7.01                      4.91   2.10     5.87

SNOWFALL (IN)
  YESTERDAY        0.0           3.0  2004   0.0    0.0      0.0
                                      1949
  MONTH TO DATE    0.0                       2.3   -2.3       T
  SINCE MAR 1     10.6                      22.8  -12.2      9.0
  SINCE JUL 1     48.4                      62.8  -14.4     46.9
  SNOW DEPTH       0

DEGREE DAYS
 HEATING
  YESTERDAY        5                        12     -7       17
  MONTH TO DATE  270                       335    -65      320
  SINCE MAR 1   1737                      1947   -210     1651
  SINCE JUL 1   7435                      7452    -17     6589

 COOLING
  YESTERDAY        0                         0      0        0
  MONTH TO DATE    2                         0      2        0
  SINCE MAR 1      2                         1      1        0
  SINCE JAN 1      2                         1      1        0
..................................................................


WIND (MPH)
  HIGHEST WIND SPEED    18   HIGHEST WIND DIRECTION    SW (230)
  HIGHEST GUST SPEED    23   HIGHEST GUST DIRECTION    SW (230)
  AVERAGE WIND SPEED     9.6


SKY COVER
  AVERAGE SKY COVER 0.0


WEATHER CONDITIONS
 THE FOLLOWING WEATHER WAS RECORDED YESTERDAY.
  NO SIGNIFICANT WEATHER WAS OBSERVED.


RELATIVE HUMIDITY (PERCENT)
 HIGHEST    82           400 AM
 LOWEST     27           100 PM
 AVERAGE    55

..........................................................


THE GREAT FALLS MT CLIMATE NORMALS FOR TODAY
                         NORMAL    RECORD    YEAR
 MAXIMUM TEMPERATURE (F)   67        90      1922
                                             1919
 MINIMUM TEMPERATURE (F)   41        30      1995


SUNRISE AND SUNSET
MAY 24 2017...........SUNRISE   538 AM MDT   SUNSET   907 PM MDT
MAY 25 2017...........SUNRISE   537 AM MDT   SUNSET   908 PM MDT


-  INDICATES NEGATIVE NUMBERS.
R  INDICATES RECORD WAS SET OR TIED.
MM INDICATES DATA IS MISSING.
T  INDICATES TRACE AMOUNT.




$$
