000
CDUS45 KTFX 282315
CLIGTF


CLIMATE REPORT
NATIONAL WEATHER SERVICE GREAT FALLS MT
412 PM MST WED JAN 28 2015


...................................

...THE GREAT FALLS MT CLIMATE SUMMARY FOR JANUARY 28 2015...
VALID TODAY AS OF 0400 PM LOCAL TIME.

CLIMATE NORMAL PERIOD 1981 TO 2010
CLIMATE RECORD PERIOD 1886 TO 2015


WEATHER ITEM   OBSERVED TIME   RECORD YEAR NORMAL DEPARTURE LAST
                VALUE   (LST)  VALUE       VALUE  FROM      YEAR
                                                  NORMAL
..................................................................
TEMPERATURE (F)
 TODAY
  MAXIMUM         49    201 AM  61    1931  36     13       43
  MINIMUM         31    643 AM -42    1916  16     15        3
  AVERAGE         40                        26     14       23

PRECIPITATION (IN)
  TODAY            0.00          0.64 1959   0.01  -0.01     0.00
  MONTH TO DATE    0.90                      0.46   0.44     0.70
  SINCE OCT 1      3.85                      2.46   1.39     2.75
  SINCE JAN 1      0.90                      0.46   0.44     0.70

SNOWFALL (IN)
  TODAY            0.0           7.8  1959   0.3   -0.3      0.0
  MONTH TO DATE   14.0                       7.8    6.2     12.2
  SINCE DEC 1     30.2                      17.3   12.9     25.4
  SINCE JUL 1     47.6                      31.0   16.6     35.1
  SNOW DEPTH       0

DEGREE DAYS
 HEATING
  TODAY           25                        39    -14       42
  MONTH TO DATE 1068                      1116    -48      944
  SINCE DEC 1   2196                      2364   -168     2298
  SINCE JUL 1   4085                      4333   -248     4098

 COOLING
  TODAY            0                         0      0        0
  MONTH TO DATE    0                         0      0        0
  SINCE DEC 1      0                         0      0        0
  SINCE JAN 1      0                         0      0        0
..................................................................


WIND (MPH)
  HIGHEST WIND SPEED    17   HIGHEST WIND DIRECTION    SW (240)
  HIGHEST GUST SPEED    22   HIGHEST GUST DIRECTION    SW (240)
  AVERAGE WIND SPEED     9.4


SKY COVER
  AVERAGE SKY COVER 0.3


WEATHER CONDITIONS
 THE FOLLOWING WEATHER WAS RECORDED TODAY.
  NO SIGNIFICANT WEATHER WAS OBSERVED.


RELATIVE HUMIDITY (PERCENT)
 HIGHEST    72           800 AM
 LOWEST     46          1200 AM
 AVERAGE    59

..........................................................


THE GREAT FALLS MT CLIMATE NORMALS FOR TOMORROW
                         NORMAL    RECORD    YEAR
 MAXIMUM TEMPERATURE (F)   36        61      1931
 MINIMUM TEMPERATURE (F)   16       -41      1916


SUNRISE AND SUNSET
JANUARY 28 2015.......SUNRISE   757 AM MST   SUNSET   521 PM MST
JANUARY 29 2015.......SUNRISE   756 AM MST   SUNSET   522 PM MST


-  INDICATES NEGATIVE NUMBERS.
R  INDICATES RECORD WAS SET OR TIED.
MM INDICATES DATA IS MISSING.
T  INDICATES TRACE AMOUNT.




$$
