000
CDUS45 KTFX 040839
CLIGTF


CLIMATE REPORT
NATIONAL WEATHER SERVICE GREAT FALLS MT
136 AM MST WED MAR 4 2015


...................................

...THE GREAT FALLS MT CLIMATE SUMMARY FOR MARCH 3 2015...

CLIMATE NORMAL PERIOD 1981 TO 2010
CLIMATE RECORD PERIOD 1886 TO 2015


WEATHER ITEM   OBSERVED TIME   RECORD YEAR NORMAL DEPARTURE LAST
                VALUE   (LST)  VALUE       VALUE  FROM      YEAR
                                                  NORMAL
..................................................................
TEMPERATURE (F)
 YESTERDAY
  MAXIMUM         19    537 PM  71    1905  42    -23        8
  MINIMUM         -6    722 AM -23    1960  19    -25       -6
  AVERAGE          7                        30    -23        1

PRECIPITATION (IN)
  YESTERDAY        0.00          0.20 1938   0.02  -0.02     0.00
  MONTH TO DATE    0.01                      0.06  -0.05     0.06
  SINCE OCT 1      4.35                      3.04   1.31     4.53
  SINCE JAN 1      1.40                      1.04   0.36     2.48

SNOWFALL (IN)
  YESTERDAY        0.0           5.5  1938   0.4   -0.4      0.0
  MONTH TO DATE    0.1                       1.0   -0.9      2.3
  SINCE MAR 1      0.1                       1.0   -0.9      2.3
  SINCE JUL 1     56.4                      41.0   15.4     59.8
  SNOW DEPTH       T

DEGREE DAYS
 HEATING
  YESTERDAY       58                        35     23       64
  MONTH TO DATE  142                       105     37      214
  SINCE MAR 1    142                       105     37      214
  SINCE JUL 1   5280                      5610   -330     5868

 COOLING
  YESTERDAY        0                         0      0        0
  MONTH TO DATE    0                         0      0        0
  SINCE MAR 1      0                         0      0        0
  SINCE JAN 1      0                         0      0        0
..................................................................


WIND (MPH)
  HIGHEST WIND SPEED    20   HIGHEST WIND DIRECTION     N (340)
  HIGHEST GUST SPEED    22   HIGHEST GUST DIRECTION     N (340)
  AVERAGE WIND SPEED     6.0


SKY COVER
  AVERAGE SKY COVER 0.3


WEATHER CONDITIONS
 THE FOLLOWING WEATHER WAS RECORDED YESTERDAY.
  NO SIGNIFICANT WEATHER WAS OBSERVED.


RELATIVE HUMIDITY (PERCENT)
 HIGHEST    95           500 AM
 LOWEST     43           600 PM
 AVERAGE    69

..........................................................


THE GREAT FALLS MT CLIMATE NORMALS FOR TODAY
                         NORMAL    RECORD    YEAR
 MAXIMUM TEMPERATURE (F)   42        72      1987
 MINIMUM TEMPERATURE (F)   19       -19      1962


SUNRISE AND SUNSET
MARCH  4 2015.........SUNRISE   700 AM MST   SUNSET   615 PM MST
MARCH  5 2015.........SUNRISE   659 AM MST   SUNSET   616 PM MST


-  INDICATES NEGATIVE NUMBERS.
R  INDICATES RECORD WAS SET OR TIED.
MM INDICATES DATA IS MISSING.
T  INDICATES TRACE AMOUNT.




$$
