000
CDUS45 KTFX 301023
CLIGTF


CLIMATE REPORT
NATIONAL WEATHER SERVICE GREAT FALLS MT
420 AM MDT TUE AUG 30 2016


...................................

...THE GREAT FALLS MT CLIMATE SUMMARY FOR AUGUST 29 2016...

CLIMATE NORMAL PERIOD 1981 TO 2010
CLIMATE RECORD PERIOD 1886 TO 2016


WEATHER ITEM   OBSERVED TIME   RECORD YEAR NORMAL DEPARTURE LAST
                VALUE   (LST)  VALUE       VALUE  FROM      YEAR
                                                  NORMAL
..................................................................
TEMPERATURE (F)
 YESTERDAY
  MAXIMUM         89    426 PM  97    2005  78     11       92
  MINIMUM         44    536 AM  34    1992  47     -3       60
  AVERAGE         67                        63      4       76

PRECIPITATION (IN)
  YESTERDAY        0.00          0.90 1993   0.06  -0.06     0.02
  MONTH TO DATE    1.12                      1.46  -0.34     0.38
  SINCE OCT 1     14.40                     13.22   1.18    11.00
  SINCE JAN 1      9.30                     11.22  -1.92     8.05

SNOWFALL (IN)
  YESTERDAY        0.0           0.0  2002   0.0    0.0      0.0
  MONTH TO DATE    T                         0.3   -0.3      0.0
  SINCE JUN 1      T                         0.6   -0.6      0.0
  SINCE JUL 1      T                         0.3   -0.3      0.0
  SNOW DEPTH       0

DEGREE DAYS
 HEATING
  YESTERDAY        0                         4     -4        0
  MONTH TO DATE   57                        62     -5       48
  SINCE JUN 1    209                       303    -94      177
  SINCE JUL 1    101                       112    -11       95

 COOLING
  YESTERDAY        2                         2      0       11
  MONTH TO DATE   62                       109    -47      164
  SINCE JUN 1    226                       265    -39      388
  SINCE JAN 1    226                       272    -46      388
..................................................................


WIND (MPH)
  HIGHEST WIND SPEED    20   HIGHEST WIND DIRECTION     W (270)
  HIGHEST GUST SPEED    24   HIGHEST GUST DIRECTION     E (70)
  AVERAGE WIND SPEED     6.9


SKY COVER
  AVERAGE SKY COVER 0.0


WEATHER CONDITIONS
 THE FOLLOWING WEATHER WAS RECORDED YESTERDAY.
  NO SIGNIFICANT WEATHER WAS OBSERVED.


RELATIVE HUMIDITY (PERCENT)
 HIGHEST    86           300 AM
 LOWEST     15           400 PM
 AVERAGE    51

..........................................................


THE GREAT FALLS MT CLIMATE NORMALS FOR TODAY
                         NORMAL    RECORD    YEAR
 MAXIMUM TEMPERATURE (F)   78        97      1999
                                             1929
 MINIMUM TEMPERATURE (F)   47        35      1993
                                             1924


SUNRISE AND SUNSET
AUGUST 30 2016........SUNRISE   642 AM MDT   SUNSET   808 PM MDT
AUGUST 31 2016........SUNRISE   644 AM MDT   SUNSET   807 PM MDT


-  INDICATES NEGATIVE NUMBERS.
R  INDICATES RECORD WAS SET OR TIED.
MM INDICATES DATA IS MISSING.
T  INDICATES TRACE AMOUNT.




$$
