000
CDUS45 KTFX 302230
CLIGTF


CLIMATE REPORT
NATIONAL WEATHER SERVICE GREAT FALLS MT
430 PM MDT MON MAY 30 2016


...................................

...THE GREAT FALLS MT CLIMATE SUMMARY FOR MAY 30 2016...
VALID TODAY AS OF 0400 PM LOCAL TIME.

CLIMATE NORMAL PERIOD 1981 TO 2010
CLIMATE RECORD PERIOD 1886 TO 2016


WEATHER ITEM   OBSERVED TIME   RECORD YEAR NORMAL DEPARTURE LAST
                VALUE   (LST)  VALUE       VALUE  FROM      YEAR
                                                  NORMAL
..................................................................
TEMPERATURE (F)
 TODAY
  MAXIMUM         61    203 PM  93    1936  68     -7       70
                                      1933
  MINIMUM         43    510 AM  31    1917  43      0       47
  AVERAGE         52                        56     -4       59

PRECIPITATION (IN)
  TODAY            0.05          1.88 1998   0.11  -0.06     0.39
  MONTH TO DATE    2.04                      2.31  -0.27     3.42
  SINCE OCT 1     11.12                      7.62   3.50     8.75
  SINCE JAN 1      6.02                      5.62   0.40     5.80

SNOWFALL (IN)
  TODAY           MM             T    2015   0.1   MM         T
                                      1998
                                      1982
  MONTH TO DATE    T                         2.7   -2.7       T
  SINCE MAR 1      9.0                      23.2  -14.2      1.6
  SINCE JUL 1     46.9                      63.2  -16.3     57.9

DEGREE DAYS
 HEATING
  TODAY           13                        10      3        6
  MONTH TO DATE  406                       409     -3      436
  SINCE MAR 1   1737                      2021   -284     1709
  SINCE JUL 1   6675                      7526   -851     6847

 COOLING
  TODAY            0                         0      0        0
  MONTH TO DATE    0                         0      0        0
  SINCE MAR 1      0                         1     -1        0
  SINCE JAN 1      0                         1     -1        0
..................................................................


WIND (MPH)
  HIGHEST WIND SPEED    24   HIGHEST WIND DIRECTION    NW (320)
  HIGHEST GUST SPEED    30   HIGHEST GUST DIRECTION    NW (330)
  AVERAGE WIND SPEED    12.7


SKY COVER
  AVERAGE SKY COVER 0.6


WEATHER CONDITIONS
 THE FOLLOWING WEATHER WAS RECORDED TODAY.
  LIGHT RAIN
  FOG


RELATIVE HUMIDITY (PERCENT)
 HIGHEST    82           600 AM
 LOWEST     36           100 PM
 AVERAGE    59

..........................................................


THE GREAT FALLS MT CLIMATE NORMALS FOR TOMORROW
                         NORMAL    RECORD    YEAR
 MAXIMUM TEMPERATURE (F)   69        90      1972
                                             1936
 MINIMUM TEMPERATURE (F)   43        28      1917


SUNRISE AND SUNSET
MAY 30 2016...........SUNRISE   533 AM MDT   SUNSET   913 PM MDT
MAY 31 2016...........SUNRISE   533 AM MDT   SUNSET   914 PM MDT


-  INDICATES NEGATIVE NUMBERS.
R  INDICATES RECORD WAS SET OR TIED.
MM INDICATES DATA IS MISSING.
T  INDICATES TRACE AMOUNT.




$$
