000
CDUS45 KTFX 231021
CLIGTF


CLIMATE REPORT
NATIONAL WEATHER SERVICE GREAT FALLS MT
417 AM MDT THU OCT 23 2014


...................................

...THE GREAT FALLS MT CLIMATE SUMMARY FOR OCTOBER 22 2014...

CLIMATE NORMAL PERIOD 1981 TO 2010
CLIMATE RECORD PERIOD 1886 TO 2014


WEATHER ITEM   OBSERVED TIME   RECORD YEAR NORMAL DEPARTURE LAST
                VALUE   (LST)  VALUE       VALUE  FROM      YEAR
                                                  NORMAL
..................................................................
TEMPERATURE (F)
 YESTERDAY
  MAXIMUM         59    355 PM  80    1915  55      4       69
  MINIMUM         39    431 AM   8    1917  31      8       34
  AVERAGE         49                        43      6       52

PRECIPITATION (IN)
  YESTERDAY        0.00          0.84 1919   0.02  -0.02     0.00
  MONTH TO DATE    0.47                      0.66  -0.19     0.36
  SINCE OCT 1      0.47                      0.66  -0.19     0.36
  SINCE JAN 1     17.65                     13.41   4.24    10.09

SNOWFALL (IN)
  YESTERDAY        0.0           5.5  1919   0.1   -0.1      0.0
  MONTH TO DATE    1.1                       2.5   -1.4       T
  SINCE SEP 1      1.1                       3.7   -2.6       T
  SINCE JUL 1      1.1                       4.0   -2.9       T
  SNOW DEPTH       0

DEGREE DAYS
 HEATING
  YESTERDAY       16                        22     -6       13
  MONTH TO DATE  249                       400   -151      441
  SINCE SEP 1    504                       686   -182      607
  SINCE JUL 1    574                       807   -233      631

 COOLING
  YESTERDAY        0                         0      0        0
  MONTH TO DATE    1                         0      1        0
  SINCE SEP 1     26                        21      5       80
  SINCE JAN 1    350                       297     53      449
..................................................................


WIND (MPH)
  HIGHEST WIND SPEED    31   HIGHEST WIND DIRECTION    SW (210)
  HIGHEST GUST SPEED    38   HIGHEST GUST DIRECTION    SW (220)
  AVERAGE WIND SPEED    17.9


SKY COVER
  AVERAGE SKY COVER 0.0


WEATHER CONDITIONS
 THE FOLLOWING WEATHER WAS RECORDED YESTERDAY.
  NO SIGNIFICANT WEATHER WAS OBSERVED.


RELATIVE HUMIDITY (PERCENT)
 HIGHEST    76          1200 AM
 LOWEST     36           300 PM
 AVERAGE    56

..........................................................


THE GREAT FALLS MT CLIMATE NORMALS FOR TODAY
                         NORMAL    RECORD    YEAR
 MAXIMUM TEMPERATURE (F)   55        79      1915
 MINIMUM TEMPERATURE (F)   31        10      1957


SUNRISE AND SUNSET
OCTOBER 23 2014.......SUNRISE   756 AM MDT   SUNSET   623 PM MDT
OCTOBER 24 2014.......SUNRISE   757 AM MDT   SUNSET   621 PM MDT


-  INDICATES NEGATIVE NUMBERS.
R  INDICATES RECORD WAS SET OR TIED.
MM INDICATES DATA IS MISSING.
T  INDICATES TRACE AMOUNT.




$$
