000
CDUS45 KTFX 290907
CLIGTF


CLIMATE REPORT
NATIONAL WEATHER SERVICE GREAT FALLS MT
305 AM MDT SUN MAR 29 2015


...................................

...THE GREAT FALLS MT CLIMATE SUMMARY FOR MARCH 28 2015...

CLIMATE NORMAL PERIOD 1981 TO 2010
CLIMATE RECORD PERIOD 1886 TO 2015


WEATHER ITEM   OBSERVED TIME   RECORD YEAR NORMAL DEPARTURE LAST
                VALUE   (LST)  VALUE       VALUE  FROM      YEAR
                                                  NORMAL
..................................................................
TEMPERATURE (F)
 YESTERDAY
  MAXIMUM         62    834 AM  71    1986  50     12       50
  MINIMUM         39   1159 PM  -7    1954  26     13       20
  AVERAGE         51                        38     13       35

PRECIPITATION (IN)
  YESTERDAY        T             0.40 1934   0.04  -0.04      T
  MONTH TO DATE    0.09                      0.80  -0.71     1.30
  SINCE OCT 1      4.44                      3.78   0.66     5.77
  SINCE JAN 1      1.49                      1.78  -0.29     3.72

SNOWFALL (IN)
  YESTERDAY        0.0           5.4  1977   0.4   -0.4       T
  MONTH TO DATE    0.8                      10.7   -9.9     12.4
  SINCE MAR 1      0.8                      10.7   -9.9     12.4
  SINCE JUL 1     57.1                      50.7    6.4     69.9
  SNOW DEPTH       0

DEGREE DAYS
 HEATING
  YESTERDAY       14                        27    -13       30
  MONTH TO DATE  624                       874   -250     1000
  SINCE MAR 1    624                       874   -250     1000
  SINCE JUL 1   5762                      6379   -617     6654

 COOLING
  YESTERDAY        0                         0      0        0
  MONTH TO DATE    0                         0      0        0
  SINCE MAR 1      0                         0      0        0
  SINCE JAN 1      0                         0      0        0
..................................................................


WIND (MPH)
  HIGHEST WIND SPEED    46   HIGHEST WIND DIRECTION     W (250)
  HIGHEST GUST SPEED    58   HIGHEST GUST DIRECTION     W (250)
  AVERAGE WIND SPEED    21.6


SKY COVER
  AVERAGE SKY COVER 0.6


WEATHER CONDITIONS
 THE FOLLOWING WEATHER WAS RECORDED YESTERDAY.
  LIGHT RAIN
  HAZE


RELATIVE HUMIDITY (PERCENT)
 HIGHEST    60           100 AM
 LOWEST     26           200 PM
 AVERAGE    43

..........................................................


THE GREAT FALLS MT CLIMATE NORMALS FOR TODAY
                         NORMAL    RECORD    YEAR
 MAXIMUM TEMPERATURE (F)   50        78      1978
 MINIMUM TEMPERATURE (F)   27        -4      1954


SUNRISE AND SUNSET
MARCH 29 2015.........SUNRISE   711 AM MDT   SUNSET   751 PM MDT
MARCH 30 2015.........SUNRISE   709 AM MDT   SUNSET   752 PM MDT


-  INDICATES NEGATIVE NUMBERS.
R  INDICATES RECORD WAS SET OR TIED.
MM INDICATES DATA IS MISSING.
T  INDICATES TRACE AMOUNT.




$$
