000
CDUS44 KAMA 282136
CLIGUY


CLIMATE REPORT
NATIONAL WEATHER SERVICE AMARILLO TX
434 PM CDT SAT MAR 28 2015


...................................

...THE GUYMON CLIMATE SUMMARY FOR MARCH 28 2015...
VALID TODAY AS OF 0400 PM LOCAL TIME.

CLIMATE NORMAL PERIOD 1981 TO 2010
CLIMATE RECORD PERIOD 1998 TO 2015


WEATHER ITEM   OBSERVED TIME   RECORD YEAR NORMAL DEPARTURE LAST
                VALUE   (LST)  VALUE       VALUE  FROM      YEAR
                                                  NORMAL
..................................................................
TEMPERATURE (F)
 TODAY
  MAXIMUM         84    229 PM  MM      MM  65     19       61
  MINIMUM         45    627 AM  MM      MM  35     10       36
  AVERAGE         65                        50     15       49

PRECIPITATION (IN)
  TODAY            0.00         MM      MM   0.05  -0.05     0.00
  MONTH TO DATE    1.01                      1.28  -0.27     0.21
  SINCE MAR 1      1.01                      1.28  -0.27     0.21
  SINCE JAN 1      2.96                      2.15   0.81     0.55

SNOWFALL (IN)
  TODAY            0.0          MM      MM  MM     MM        0.0
  MONTH TO DATE    2.0                      MM     MM        1.5
  SINCE MAR 1      2.0                      MM     MM        1.5
  SINCE JUL 1     23.3                      MM     MM       14.2
  SNOW DEPTH       0

DEGREE DAYS
 HEATING
  TODAY            0                        15    -15       16
  MONTH TO DATE  444                       537    -93      586
  SINCE MAR 1    444                       537    -93      586
  SINCE JUL 1   3661                      4004   -343     4152

 COOLING
  TODAY            0                         0      0        0
  MONTH TO DATE    1                         0      1        0
  SINCE MAR 1      1                         0      1        0
  SINCE JAN 1      1                         0      1        0
..................................................................


WIND (MPH)
  RESULTANT WIND SPEED   4   RESULTANT WIND DIRECTION  SW (240)
  HIGHEST WIND SPEED    18   HIGHEST WIND DIRECTION    SW (210)
  HIGHEST GUST SPEED    21   HIGHEST GUST DIRECTION    SW (210)
  AVERAGE WIND SPEED     9.6


SKY COVER
  AVERAGE SKY COVER 0.0


WEATHER CONDITIONS
 THE FOLLOWING WEATHER WAS RECORDED TODAY.
  NO SIGNIFICANT WEATHER WAS OBSERVED.


RELATIVE HUMIDITY (PERCENT)
 HIGHEST    60           500 AM
 LOWEST     15           300 PM
 AVERAGE    38

..........................................................


THE GUYMON CLIMATE NORMALS FOR TOMORROW
                         NORMAL    RECORD    YEAR
 MAXIMUM TEMPERATURE (F)   65        MM        MM
 MINIMUM TEMPERATURE (F)   35        MM        MM


SUNRISE AND SUNSET
MARCH 28 2015.........SUNRISE   738 AM CDT   SUNSET   805 PM CDT
MARCH 29 2015.........SUNRISE   737 AM CDT   SUNSET   806 PM CDT


-  INDICATES NEGATIVE NUMBERS.
R  INDICATES RECORD WAS SET OR TIED.
MM INDICATES DATA IS MISSING.
T  INDICATES TRACE AMOUNT.




$$
