000
CDUS44 KAMA 280731
CLIGUY


CLIMATE REPORT
NATIONAL WEATHER SERVICE AMARILLO TX
130 AM CST SUN DEC 28 2014


...................................

...THE GUYMON CLIMATE SUMMARY FOR DECEMBER 27 2014...

CLIMATE NORMAL PERIOD 1981 TO 2010
CLIMATE RECORD PERIOD 1998 TO 2014


WEATHER ITEM   OBSERVED TIME   RECORD YEAR NORMAL DEPARTURE LAST
                VALUE   (LST)  VALUE       VALUE  FROM      YEAR
                                                  NORMAL
..................................................................
TEMPERATURE (F)
 YESTERDAY
  MAXIMUM         37    441 PM  64    2006  47    -10       59
                                      2005
  MINIMUM         17    826 AM   8    2000  21     -4       27
  AVERAGE         27                        34     -7       43

PRECIPITATION (IN)
  YESTERDAY        0.00         MM      MM   0.02  -0.02     0.00
  MONTH TO DATE    0.81                      0.57   0.24     0.31
  SINCE DEC 1      0.81                      0.57   0.24     0.31
  SINCE JAN 1     13.12                     19.23  -6.11    15.31

SNOWFALL (IN)
  YESTERDAY        0.0          MM      MM  MM     MM        0.0
  MONTH TO DATE    0.8                      MM     MM        3.5
  SINCE DEC 1      0.8                      MM     MM        3.5
  SINCE JUL 1      3.8                      MM     MM        7.2
  SNOW DEPTH       T

DEGREE DAYS
 HEATING
  YESTERDAY       38                        31      7       22
  MONTH TO DATE  644                       801   -157      841
  SINCE DEC 1    644                       801   -157      841
  SINCE JUL 1   1451                      1692   -241     1727

 COOLING
  YESTERDAY        0                         0      0        0
  MONTH TO DATE    0                         0      0        0
  SINCE DEC 1      0                         0      0        0
  SINCE JAN 1   1706                      1482    224     1846
..................................................................


WIND (MPH)
  RESULTANT WIND SPEED   5   RESULTANT WIND DIRECTION  NW (320)
  HIGHEST WIND SPEED    15   HIGHEST WIND DIRECTION     N (340)
  HIGHEST GUST SPEED    19   HIGHEST GUST DIRECTION    NW (330)
  AVERAGE WIND SPEED     7.0


SKY COVER
  AVERAGE SKY COVER 0.0


WEATHER CONDITIONS
 THE FOLLOWING WEATHER WAS RECORDED YESTERDAY.
  NO SIGNIFICANT WEATHER WAS OBSERVED.


RELATIVE HUMIDITY (PERCENT)
 HIGHEST    91          1200 AM
 LOWEST     40           400 PM
 AVERAGE    66

..........................................................


THE GUYMON CLIMATE NORMALS FOR TODAY
                         NORMAL    RECORD    YEAR
 MAXIMUM TEMPERATURE (F)   47        72      1999
 MINIMUM TEMPERATURE (F)   21        10      2007


SUNRISE AND SUNSET
DECEMBER 28 2014......SUNRISE   757 AM CST   SUNSET   538 PM CST
DECEMBER 29 2014......SUNRISE   758 AM CST   SUNSET   539 PM CST


-  INDICATES NEGATIVE NUMBERS.
R  INDICATES RECORD WAS SET OR TIED.
MM INDICATES DATA IS MISSING.
T  INDICATES TRACE AMOUNT.




$$
