000
CDUS44 KAMA 240630
CLIGUY


CLIMATE REPORT
NATIONAL WEATHER SERVICE AMARILLO TX
127 AM CDT MON APR 24 2017


...................................

...THE GUYMON CLIMATE SUMMARY FOR APRIL 23 2017...

CLIMATE NORMAL PERIOD 1981 TO 2010
CLIMATE RECORD PERIOD 1998 TO 2017


WEATHER ITEM   OBSERVED TIME   RECORD YEAR NORMAL DEPARTURE LAST
                VALUE   (LST)  VALUE       VALUE  FROM      YEAR
                                                  NORMAL
..................................................................
TEMPERATURE (F)
 YESTERDAY
  MAXIMUM         72    543 PM  MM      MM  73     -1       85
  MINIMUM         31    603 AM  MM      MM  42    -11       52
  AVERAGE         52                        58     -6       69

PRECIPITATION (IN)
  YESTERDAY        0.00         MM      MM   0.06  -0.06     0.00
  MONTH TO DATE    1.82                      1.15   0.67     3.72
  SINCE MAR 1      3.77                      2.58   1.19     3.98
  SINCE JAN 1      5.79                      3.45   2.34     4.41

SNOWFALL (IN)
  YESTERDAY        0.0          MM      MM  MM     MM        0.0
  MONTH TO DATE    2.0                      MM     MM        0.0
  SINCE MAR 1      2.0                      MM     MM        0.0
  SINCE JUL 1      2.8                      MM     MM        0.0
  SNOW DEPTH       0

DEGREE DAYS
 HEATING
  YESTERDAY       13                         8      5        0
  MONTH TO DATE  184                       258    -74      178
  SINCE MAR 1    598                       839   -241      622
  SINCE JUL 1   3501                      4306   -805     3589

 COOLING
  YESTERDAY        0                         1     -1        4
  MONTH TO DATE   37                         3     34        8
  SINCE MAR 1     52                         5     47       14
  SINCE JAN 1     60                         5     55       17
..................................................................


WIND (MPH)
  RESULTANT WIND SPEED  12   RESULTANT WIND DIRECTION   S (180)
  HIGHEST WIND SPEED    25   HIGHEST WIND DIRECTION     S (180)
  HIGHEST GUST SPEED    34   HIGHEST GUST DIRECTION     S (180)
  AVERAGE WIND SPEED    13.7


SKY COVER
  AVERAGE SKY COVER 0.0


WEATHER CONDITIONS
 THE FOLLOWING WEATHER WAS RECORDED YESTERDAY.
  NO SIGNIFICANT WEATHER WAS OBSERVED.


RELATIVE HUMIDITY (PERCENT)
 HIGHEST    92           400 AM
 LOWEST     27           400 PM
 AVERAGE    60

..........................................................


THE GUYMON CLIMATE NORMALS FOR TODAY
                         NORMAL    RECORD    YEAR
 MAXIMUM TEMPERATURE (F)   73        MM        MM
 MINIMUM TEMPERATURE (F)   43        MM        MM


SUNRISE AND SUNSET
APRIL 24 2017.........SUNRISE   700 AM CDT   SUNSET   829 PM CDT
APRIL 25 2017.........SUNRISE   659 AM CDT   SUNSET   829 PM CDT


-  INDICATES NEGATIVE NUMBERS.
R  INDICATES RECORD WAS SET OR TIED.
MM INDICATES DATA IS MISSING.
T  INDICATES TRACE AMOUNT.




$$
