000
CDUS44 KAMA 190726
CLIGUY


CLIMATE REPORT
NATIONAL WEATHER SERVICE AMARILLO TX
126 AM CST THU JAN 19 2017


...................................

...THE GUYMON CLIMATE SUMMARY FOR JANUARY 18 2017...

CLIMATE NORMAL PERIOD 1981 TO 2010
CLIMATE RECORD PERIOD 1998 TO 2017


WEATHER ITEM   OBSERVED TIME   RECORD YEAR NORMAL DEPARTURE LAST
                VALUE   (LST)  VALUE       VALUE  FROM      YEAR
                                                  NORMAL
..................................................................
TEMPERATURE (F)
 YESTERDAY
  MAXIMUM         59    407 PM  72    2006  50      9       46
  MINIMUM         35    113 AM   7    2001  22     13       20
  AVERAGE         47                        36     11       33

PRECIPITATION (IN)
  YESTERDAY        0.00         MM      MM   0.01  -0.01     0.00
  MONTH TO DATE    1.84                      0.15   1.69     0.14
  SINCE DEC 1      2.28                      0.79   1.49     0.98
  SINCE JAN 1      1.84                      0.15   1.69     0.14

SNOWFALL (IN)
  YESTERDAY        0.0          MM      MM  MM     MM        0.0
  MONTH TO DATE    0.0                      MM     MM        0.0
  SINCE DEC 1      0.8                      MM     MM        0.0
  SINCE JUL 1      0.8                      MM     MM        0.0
  SNOW DEPTH       0

DEGREE DAYS
 HEATING
  YESTERDAY       18                        29    -11       32
  MONTH TO DATE  585                       539     46      578
  SINCE DEC 1   1537                      1465     72     1385
  SINCE JUL 1   2075                      2356   -281     2099

 COOLING
  YESTERDAY        0                         0      0        0
  MONTH TO DATE    0                         0      0        0
  SINCE DEC 1      0                         0      0        0
  SINCE JAN 1      0                         0      0        0
..................................................................


WIND (MPH)
  RESULTANT WIND SPEED   9   RESULTANT WIND DIRECTION   S (180)
  HIGHEST WIND SPEED    21   HIGHEST WIND DIRECTION     S (200)
  HIGHEST GUST SPEED    24   HIGHEST GUST DIRECTION     S (200)
  AVERAGE WIND SPEED     9.0


SKY COVER
  AVERAGE SKY COVER 0.1


WEATHER CONDITIONS
 THE FOLLOWING WEATHER WAS RECORDED YESTERDAY.
  NO SIGNIFICANT WEATHER WAS OBSERVED.


RELATIVE HUMIDITY (PERCENT)
 HIGHEST   100           900 AM
 LOWEST     51           300 PM
 AVERAGE    76

..........................................................


THE GUYMON CLIMATE NORMALS FOR TODAY
                         NORMAL    RECORD    YEAR
 MAXIMUM TEMPERATURE (F)   50        72      2014
 MINIMUM TEMPERATURE (F)   22        12      2001


SUNRISE AND SUNSET
JANUARY 19 2017.......SUNRISE   756 AM CST   SUNSET   558 PM CST
JANUARY 20 2017.......SUNRISE   755 AM CST   SUNSET   559 PM CST


-  INDICATES NEGATIVE NUMBERS.
R  INDICATES RECORD WAS SET OR TIED.
MM INDICATES DATA IS MISSING.
T  INDICATES TRACE AMOUNT.




$$
