000
CDUS44 KAMA 010732
CLIGUY


CLIMATE REPORT
NATIONAL WEATHER SERVICE AMARILLO TX
129 AM CST SUN MAR 1 2015


...................................

...THE GUYMON CLIMATE SUMMARY FOR FEBRUARY 28 2015...

CLIMATE NORMAL PERIOD 1981 TO 2010
CLIMATE RECORD PERIOD 1998 TO 2015


WEATHER ITEM   OBSERVED TIME   RECORD YEAR NORMAL DEPARTURE LAST
                VALUE   (LST)  VALUE       VALUE  FROM      YEAR
                                                  NORMAL
..................................................................
TEMPERATURE (F)
 YESTERDAY
  MAXIMUM         26   1159 PM  MM      MM  56    -30       70
  MINIMUM         15    820 AM  MM      MM  27    -12       34
  AVERAGE         21                        42    -21       52

PRECIPITATION (IN)
  YESTERDAY        0.14         MM      MM   0.02   0.12     0.00
  MONTH TO DATE    0.74                      0.47   0.27     0.16
  SINCE DEC 1      2.78                      1.51   1.27     0.65
  SINCE JAN 1      1.95                      0.87   1.08     0.34

SNOWFALL (IN)
  YESTERDAY        2.1          MM      MM  MM     MM        0.0
  MONTH TO DATE    9.5                      MM     MM        2.5
  SINCE DEC 1     18.3                      MM     MM        9.0
  SINCE JUL 1     21.3                      MM     MM       12.7
  SNOW DEPTH       5

DEGREE DAYS
 HEATING
  YESTERDAY       44                        24     20       13
  MONTH TO DATE  733                       739     -6      850
  SINCE DEC 1   2410                      2576   -166     2680
  SINCE JUL 1   3217                      3467   -250     3566

 COOLING
  YESTERDAY        0                         0      0        0
  MONTH TO DATE    0                         0      0        0
  SINCE DEC 1      0                         0      0        0
  SINCE JAN 1      0                         0      0        0
..................................................................


WIND (MPH)
  RESULTANT WIND SPEED  10   RESULTANT WIND DIRECTION   S (160)
  HIGHEST WIND SPEED    17   HIGHEST WIND DIRECTION     S (160)
  HIGHEST GUST SPEED    20   HIGHEST GUST DIRECTION     S (160)
  AVERAGE WIND SPEED    10.4


SKY COVER
  AVERAGE SKY COVER 0.9


WEATHER CONDITIONS
 THE FOLLOWING WEATHER WAS RECORDED YESTERDAY.
  LIGHT SNOW
  FOG


RELATIVE HUMIDITY (PERCENT)
 HIGHEST    88           900 PM
 LOWEST     68          1200 PM
 AVERAGE    78

..........................................................


THE GUYMON CLIMATE NORMALS FOR TODAY
                         NORMAL    RECORD    YEAR
 MAXIMUM TEMPERATURE (F)   57        MM        MM
 MINIMUM TEMPERATURE (F)   27        MM        MM


SUNRISE AND SUNSET
MARCH  1 2015.........SUNRISE   717 AM CST   SUNSET   640 PM CST
MARCH  2 2015.........SUNRISE   716 AM CST   SUNSET   641 PM CST


-  INDICATES NEGATIVE NUMBERS.
R  INDICATES RECORD WAS SET OR TIED.
MM INDICATES DATA IS MISSING.
T  INDICATES TRACE AMOUNT.




$$
