087
CDUS42 KFFC 060835
CLIGVL


CLIMATE REPORT
NATIONAL WEATHER SERVICE PEACHTREE CITY GA
435 AM EDT FRI MAY 6 2016


...................................

...THE GAINESVILLE   CLIMATE SUMMARY FOR MAY 5 2016...

CLIMATE NORMAL PERIOD 1981 TO 2010
CLIMATE RECORD PERIOD 9999 TO 9999


WEATHER ITEM   OBSERVED TIME   RECORD YEAR NORMAL DEPARTURE LAST
                VALUE   (LST)  VALUE       VALUE  FROM      YEAR
                                                  NORMAL
..................................................................
TEMPERATURE (F)
 YESTERDAY
  MAXIMUM         60        MM  MM      MM  76    -16       80
  MINIMUM         47        MM  MM      MM  55     -8       57
  AVERAGE         54                        65    -11       69

PRECIPITATION (IN)
  YESTERDAY        0.10         MM      MM   0.13  -0.03     0.00
  MONTH TO DATE    0.97                      0.64   0.33     0.00
  SINCE MAR 1      5.66                      9.62  -3.96     6.98
  SINCE JAN 1     15.61                     19.52  -3.91    15.16

DEGREE DAYS
 COOLING
  YESTERDAY        0                         2     -2        4
  MONTH TO DATE   19                        10      9        6
  SINCE MAR 1     96                        49     47       52
  SINCE JAN 1     96                        49     47       52
..................................................................


WIND (MPH)
  RESULTANT WIND SPEED  11   RESULTANT WIND DIRECTION  NW (300)
  HIGHEST WIND SPEED    16   HIGHEST WIND DIRECTION    NW (300)
  HIGHEST GUST SPEED    31   HIGHEST GUST DIRECTION    NW (310)
  AVERAGE WIND SPEED    11.5


SKY COVER
  AVERAGE SKY COVER 0.0


WEATHER CONDITIONS
 THE FOLLOWING WEATHER WAS RECORDED YESTERDAY.
  NO SIGNIFICANT WEATHER WAS OBSERVED.


RELATIVE HUMIDITY (PERCENT)
 HIGHEST     0          1200 AM
 LOWEST      0          1200 AM
 AVERAGE     0

..........................................................


THE GAINESVILLE   CLIMATE NORMALS FOR TODAY
                         NORMAL    RECORD    YEAR
 MAXIMUM TEMPERATURE (F)   76        MM        MM
 MINIMUM TEMPERATURE (F)   55        MM        MM


SUNRISE AND SUNSET
MAY  6 2016...........SUNRISE   640 AM EDT   SUNSET   824 PM EDT
MAY  7 2016...........SUNRISE   639 AM EDT   SUNSET   825 PM EDT


-  INDICATES NEGATIVE NUMBERS.
R  INDICATES RECORD WAS SET OR TIED.
MM INDICATES DATA IS MISSING.
T  INDICATES TRACE AMOUNT.




$$
