000
CDUS44 KJAN 200819
CLIGWO


CLIMATE REPORT
NATIONAL WEATHER SERVICE JACKSON MS
317 AM CDT WED SEP 20 2017


...................................

...THE GREENWOOD CLIMATE SUMMARY FOR SEPTEMBER 19 2017...

CLIMATE NORMAL PERIOD 1981 TO 2010
CLIMATE RECORD PERIOD 1948 TO 2017


WEATHER ITEM   OBSERVED TIME   RECORD YEAR NORMAL DEPARTURE LAST
                VALUE   (LST)  VALUE       VALUE  FROM      YEAR
                                                  NORMAL
..................................................................
TEMPERATURE (F)
 YESTERDAY
  MAXIMUM         93    107 PM 100    2010  86      7       91
  MINIMUM         68    600 AM  42    1973  61      7       65
  AVERAGE         81                        74      7       78

PRECIPITATION (IN)
  YESTERDAY        0.00          2.67 1958   0.11  -0.11     0.00
  MONTH TO DATE    2.31                      2.24   0.07     1.88
  SINCE SEP 1      2.31                      2.24   0.07     1.88
  SINCE JAN 1     38.17                     36.31   1.86    38.38

SNOWFALL (IN)
  YESTERDAY        0.0

DEGREE DAYS
 HEATING
  YESTERDAY        0                         0      0        0
  MONTH TO DATE    2                         0      2        0
  SINCE SEP 1      2                         0      2        0
  SINCE JUL 1      2                         0      2        0

 COOLING
  YESTERDAY       16                         9      7       13
  MONTH TO DATE  161                       223    -62      308
  SINCE SEP 1    161                       223    -62      308
  SINCE JAN 1   1996                      1965     31     2255
..................................................................


WIND (MPH)
  HIGHEST WIND SPEED     9   HIGHEST WIND DIRECTION     S (180)
  HIGHEST GUST SPEED    14   HIGHEST GUST DIRECTION     S (190)
  AVERAGE WIND SPEED     3.0


SKY COVER
  POSSIBLE SUNSHINE  MM
  AVERAGE SKY COVER 0.3


WEATHER CONDITIONS
 THE FOLLOWING WEATHER WAS RECORDED YESTERDAY.
  FOG
  FOG W/VISIBILITY <= 1/4 MILE


RELATIVE HUMIDITY (PERCENT)
 HIGHEST   100          1200 AM
 LOWEST     52           200 PM
 AVERAGE    76

..........................................................


THE GREENWOOD CLIMATE NORMALS FOR TODAY
                         NORMAL    RECORD    YEAR
 MAXIMUM TEMPERATURE (F)   86       100      2010
 MINIMUM TEMPERATURE (F)   61        46      2012
                                             1981


SUNRISE AND SUNSET
SEPTEMBER 20 2017.....SUNRISE   647 AM CDT   SUNSET   659 PM CDT
SEPTEMBER 21 2017.....SUNRISE   648 AM CDT   SUNSET   658 PM CDT


-  INDICATES NEGATIVE NUMBERS.
R  INDICATES RECORD WAS SET OR TIED.
MM INDICATES DATA IS MISSING.
T  INDICATES TRACE AMOUNT.




$$
