000
CDUS44 KJAN 192133
CLIGWO


CLIMATE REPORT
NATIONAL WEATHER SERVICE JACKSON MS
430 PM CDT TUE AUG 19 2014


...................................

...THE GREENWOOD CLIMATE SUMMARY FOR AUGUST 19 2014...
VALID TODAY AS OF 0400 PM LOCAL TIME.

CLIMATE NORMAL PERIOD 1981 TO 2010
CLIMATE RECORD PERIOD 1948 TO 2014


WEATHER ITEM   OBSERVED TIME   RECORD YEAR NORMAL DEPARTURE LAST
                VALUE   (LST)  VALUE       VALUE  FROM      YEAR
                                                  NORMAL
..................................................................
TEMPERATURE (F)
 TODAY
  MAXIMUM         94    255 PM 102    1999  92      2       89
  MINIMUM         69    554 AM  64    1992  70     -1       65
  AVERAGE         82                        81      1       77

PRECIPITATION (IN)
  TODAY            0.00          1.12 1960   0.10  -0.10     0.00
  MONTH TO DATE    2.26                      1.68   0.58     0.51
  SINCE JUN 1     16.88                      9.59   7.29     5.82
  SINCE JAN 1     40.00                     32.92   7.08    36.23

DEGREE DAYS
 HEATING
  TODAY            0                         0      0        0
  MONTH TO DATE    0                         0      0        0
  SINCE JUN 1      0                         0      0        0
  SINCE JUL 1      0                         0      0        0

 COOLING
  TODAY           17                        16      1       12
  MONTH TO DATE  263                       304    -41      304
  SINCE JUN 1   1059                      1222   -163     1162
  SINCE JAN 1   1353                      1552   -199     1438
..................................................................


WIND (MPH)
  HIGHEST WIND SPEED    10   HIGHEST WIND DIRECTION    SW (220)
  HIGHEST GUST SPEED    13   HIGHEST GUST DIRECTION     S (200)
  AVERAGE WIND SPEED     4.1


SKY COVER
  POSSIBLE SUNSHINE  MM
  AVERAGE SKY COVER 0.1


WEATHER CONDITIONS
 THE FOLLOWING WEATHER WAS RECORDED TODAY.
  NO SIGNIFICANT WEATHER WAS OBSERVED.


RELATIVE HUMIDITY (PERCENT)
 HIGHEST    97           400 AM
 LOWEST     56           300 PM
 AVERAGE    77

..........................................................


THE GREENWOOD CLIMATE NORMALS FOR TOMORROW
                         NORMAL    RECORD    YEAR
 MAXIMUM TEMPERATURE (F)   92       102      2006
 MINIMUM TEMPERATURE (F)   70        62      1991


SUNRISE AND SUNSET
AUGUST 19 2014........SUNRISE   625 AM CDT   SUNSET   742 PM CDT
AUGUST 20 2014........SUNRISE   626 AM CDT   SUNSET   741 PM CDT


-  INDICATES NEGATIVE NUMBERS.
R  INDICATES RECORD WAS SET OR TIED.
MM INDICATES DATA IS MISSING.
T  INDICATES TRACE AMOUNT.




$$
