000
CDUS44 KJAN 232233
CLIGWO


CLIMATE REPORT
NATIONAL WEATHER SERVICE JACKSON MS
424 PM CST SUN NOV 23 2014


...................................

...THE GREENWOOD CLIMATE SUMMARY FOR NOVEMBER 23 2014...
VALID TODAY AS OF 0400 PM LOCAL TIME.

CLIMATE NORMAL PERIOD 1981 TO 2010
CLIMATE RECORD PERIOD 1948 TO 2014


WEATHER ITEM   OBSERVED TIME   RECORD YEAR NORMAL DEPARTURE LAST
                VALUE   (LST)  VALUE       VALUE  FROM      YEAR
                                                  NORMAL
..................................................................
TEMPERATURE (F)
 TODAY
  MAXIMUM         68    113 PM  79    2010  63      5       49
                                      1973
  MINIMUM         52   1230 AM  22    1976  40     12       35
  AVERAGE         60                        52      8       42

PRECIPITATION (IN)
  TODAY            0.35          2.70 1986   0.16   0.19     0.20
  MONTH TO DATE    3.06                      3.26  -0.20     2.34
  SINCE SEP 1      9.84                     10.79  -0.95    13.80
  SINCE JAN 1     50.60                     44.86   5.74    52.05

SNOWFALL (IN)
  TODAY            0.0

DEGREE DAYS
 HEATING
  TODAY            5                        13     -8       23
  MONTH TO DATE  382                       234    148      259
  SINCE SEP 1    476                       365    111      375
  SINCE JUL 1    476                       365    111      375

 COOLING
  TODAY            0                         0      0        0
  MONTH TO DATE    0                        14    -14        6
  SINCE SEP 1    484                       414     70      476
  SINCE JAN 1   2040                      2156   -116     2098
..................................................................


WIND (MPH)
  HIGHEST WIND SPEED    36   HIGHEST WIND DIRECTION    SW (210)
  HIGHEST GUST SPEED    47   HIGHEST GUST DIRECTION    SW (210)
  AVERAGE WIND SPEED     9.6


SKY COVER
  POSSIBLE SUNSHINE  MM
  AVERAGE SKY COVER 0.9


WEATHER CONDITIONS
 THE FOLLOWING WEATHER WAS RECORDED TODAY.
  HEAVY RAIN
  RAIN
  LIGHT RAIN
  FOG


RELATIVE HUMIDITY (PERCENT)
 HIGHEST    93          1100 AM
 LOWEST     80          1200 AM
 AVERAGE    87

..........................................................


THE GREENWOOD CLIMATE NORMALS FOR TOMORROW
                         NORMAL    RECORD    YEAR
 MAXIMUM TEMPERATURE (F)   63        81      2010
 MINIMUM TEMPERATURE (F)   40        20      1970


SUNRISE AND SUNSET
NOVEMBER 23 2014......SUNRISE   639 AM CST   SUNSET   454 PM CST
NOVEMBER 24 2014......SUNRISE   640 AM CST   SUNSET   454 PM CST


-  INDICATES NEGATIVE NUMBERS.
R  INDICATES RECORD WAS SET OR TIED.
MM INDICATES DATA IS MISSING.
T  INDICATES TRACE AMOUNT.




$$
