000
CDUS44 KJAN 050633
CLIGWO


CLIMATE REPORT
NATIONAL WEATHER SERVICE JACKSON MS
130 AM CDT THU MAY 5 2016


...................................

...THE GREENWOOD CLIMATE SUMMARY FOR MAY 4 2016...

CLIMATE NORMAL PERIOD 1981 TO 2010
CLIMATE RECORD PERIOD 1948 TO 2016


WEATHER ITEM   OBSERVED TIME   RECORD YEAR NORMAL DEPARTURE LAST
                VALUE   (LST)  VALUE       VALUE  FROM      YEAR
                                                  NORMAL
..................................................................
TEMPERATURE (F)
 YESTERDAY
  MAXIMUM         78    307 PM  90    1955  80     -2       84
                                      1952
  MINIMUM         48    516 AM  35    2013  57     -9       57
  AVERAGE         63                        69     -6       71

PRECIPITATION (IN)
  YESTERDAY        0.00          2.69 1958   0.18  -0.18     0.00
  MONTH TO DATE    T                         0.70  -0.70     0.00
  SINCE MAR 1     16.85                     10.14   6.71    11.54
  SINCE JAN 1     24.30                     19.08   5.22    20.93

SNOWFALL (IN)
  YESTERDAY        0.0

DEGREE DAYS
 HEATING
  YESTERDAY        2                         1      1        0
  MONTH TO DATE    5                         4      1        5
  SINCE MAR 1    257                       444   -187      339
  SINCE JUL 1   1918                      2675   -757     2860

 COOLING
  YESTERDAY        0                         5     -5        6
  MONTH TO DATE    9                        17     -8        8
  SINCE MAR 1    132                       114     18      119
  SINCE JAN 1    140                       119     21      119
..................................................................


WIND (MPH)
  HIGHEST WIND SPEED    16   HIGHEST WIND DIRECTION     W (270)
  HIGHEST GUST SPEED    25   HIGHEST GUST DIRECTION     W (290)
  AVERAGE WIND SPEED     4.1


SKY COVER
  POSSIBLE SUNSHINE  MM
  AVERAGE SKY COVER 0.2


WEATHER CONDITIONS
 THE FOLLOWING WEATHER WAS RECORDED YESTERDAY.
  FOG


RELATIVE HUMIDITY (PERCENT)
 HIGHEST    93           400 AM
 LOWEST     36           300 PM
 AVERAGE    65

..........................................................


THE GREENWOOD CLIMATE NORMALS FOR TODAY
                         NORMAL    RECORD    YEAR
 MAXIMUM TEMPERATURE (F)   80        94      1952
 MINIMUM TEMPERATURE (F)   58        43      2011


SUNRISE AND SUNSET
MAY  5 2016...........SUNRISE   608 AM CDT   SUNSET   747 PM CDT
MAY  6 2016...........SUNRISE   607 AM CDT   SUNSET   747 PM CDT


-  INDICATES NEGATIVE NUMBERS.
R  INDICATES RECORD WAS SET OR TIED.
MM INDICATES DATA IS MISSING.
T  INDICATES TRACE AMOUNT.




$$
