048
CDUS44 KJAN 171055
CLIGWO


CLIMATE REPORT
NATIONAL WEATHER SERVICE JACKSON MS
454 AM CST FRI NOV 17 2017


...................................

...THE GREENWOOD CLIMATE SUMMARY FOR NOVEMBER 16 2017...

CLIMATE NORMAL PERIOD 1981 TO 2010
CLIMATE RECORD PERIOD 1948 TO 2017


WEATHER ITEM   OBSERVED TIME   RECORD YEAR NORMAL DEPARTURE LAST
                VALUE   (LST)  VALUE       VALUE  FROM      YEAR
                                                  NORMAL
..................................................................
TEMPERATURE (F)
 YESTERDAY
  MAXIMUM         68    228 PM  83    1958  66      2       79
  MINIMUM         49   1111 PM  27    1976  42      7       42
  AVERAGE         59                        54      5       61

PRECIPITATION (IN)
  YESTERDAY        T             3.45 1987   0.15  -0.15     0.00
  MONTH TO DATE    1.79                      2.12  -0.33     0.37
  SINCE SEP 1      4.92                      9.65  -4.73     3.07
  SINCE JAN 1     40.78                     43.72  -2.94    39.57

SNOWFALL (IN)
  YESTERDAY       MM

DEGREE DAYS
 HEATING
  YESTERDAY        6                        11     -5        4
  MONTH TO DATE  102                       146    -44       90
  SINCE SEP 1    224                       277    -53      118
  SINCE JUL 1    224                       277    -53      118

 COOLING
  YESTERDAY        0                         0      0        0
  MONTH TO DATE   43                        14     29       21
  SINCE SEP 1    506                       414     92      609
  SINCE JAN 1   2341                      2156    185     2556
..................................................................


WIND (MPH)
  HIGHEST WIND SPEED    12   HIGHEST WIND DIRECTION    NE (50)
  HIGHEST GUST SPEED    14   HIGHEST GUST DIRECTION    NE (50)
  AVERAGE WIND SPEED     3.2


SKY COVER
  POSSIBLE SUNSHINE  MM
  AVERAGE SKY COVER 0.7


WEATHER CONDITIONS
 THE FOLLOWING WEATHER WAS RECORDED YESTERDAY.
  LIGHT RAIN
  FOG


RELATIVE HUMIDITY (PERCENT)
 HIGHEST   100           300 AM
 LOWEST     58           400 PM
 AVERAGE    79

..........................................................


THE GREENWOOD CLIMATE NORMALS FOR TODAY
                         NORMAL    RECORD    YEAR
 MAXIMUM TEMPERATURE (F)   66        83      2016
                                             1971
 MINIMUM TEMPERATURE (F)   42        23      1959


SUNRISE AND SUNSET
NOVEMBER 17 2017......SUNRISE   634 AM CST   SUNSET   456 PM CST
NOVEMBER 18 2017......SUNRISE   635 AM CST   SUNSET   456 PM CST


-  INDICATES NEGATIVE NUMBERS.
R  INDICATES RECORD WAS SET OR TIED.
MM INDICATES DATA IS MISSING.
T  INDICATES TRACE AMOUNT.




$$
