000
CDUS44 KJAN 270644
CLIGWO


CLIMATE REPORT
NATIONAL WEATHER SERVICE JACKSON MS
140 AM CDT SAT MAY 27 2017


...................................

...THE GREENWOOD CLIMATE SUMMARY FOR MAY 26 2017...

CLIMATE NORMAL PERIOD 1981 TO 2010
CLIMATE RECORD PERIOD 1948 TO 2017


WEATHER ITEM   OBSERVED TIME   RECORD YEAR NORMAL DEPARTURE LAST
                VALUE   (LST)  VALUE       VALUE  FROM      YEAR
                                                  NORMAL
..................................................................
TEMPERATURE (F)
 YESTERDAY
  MAXIMUM         88    225 PM  96    1953  85      3       91
  MINIMUM         62    446 AM  48    1988  64     -2       72
  AVERAGE         75                        75      0       82

PRECIPITATION (IN)
  YESTERDAY        0.00          1.18 1974   0.15  -0.15     0.00
  MONTH TO DATE    2.91                      4.23  -1.32     1.34
  SINCE MAR 1     12.84                     13.67  -0.83    18.19
  SINCE JAN 1     21.12                     22.61  -1.49    25.64

SNOWFALL (IN)
  YESTERDAY        0.0

DEGREE DAYS
 HEATING
  YESTERDAY        0                         0      0        0
  MONTH TO DATE   22                        15      7       16
  SINCE MAR 1    297                       455   -158      268
  SINCE JUL 1   1780                      2686   -906     1929

 COOLING
  YESTERDAY       10                        10      0       17
  MONTH TO DATE  156                       176    -20      132
  SINCE MAR 1    356                       273     83      255
  SINCE JAN 1    390                       278    112      263
..................................................................


WIND (MPH)
  HIGHEST WIND SPEED    23   HIGHEST WIND DIRECTION     S (190)
  HIGHEST GUST SPEED    29   HIGHEST GUST DIRECTION     S (200)
  AVERAGE WIND SPEED    10.2


SKY COVER
  POSSIBLE SUNSHINE  MM
  AVERAGE SKY COVER 0.1


WEATHER CONDITIONS
 THE FOLLOWING WEATHER WAS RECORDED YESTERDAY.
  NO SIGNIFICANT WEATHER WAS OBSERVED.


RELATIVE HUMIDITY (PERCENT)
 HIGHEST    93           300 AM
 LOWEST     43           200 PM
 AVERAGE    68

..........................................................


THE GREENWOOD CLIMATE NORMALS FOR TODAY
                         NORMAL    RECORD    YEAR
 MAXIMUM TEMPERATURE (F)   86        98      1953
 MINIMUM TEMPERATURE (F)   64        46      1961


SUNRISE AND SUNSET
MAY 27 2017...........SUNRISE   553 AM CDT   SUNSET   802 PM CDT
MAY 28 2017...........SUNRISE   553 AM CDT   SUNSET   803 PM CDT


-  INDICATES NEGATIVE NUMBERS.
R  INDICATES RECORD WAS SET OR TIED.
MM INDICATES DATA IS MISSING.
T  INDICATES TRACE AMOUNT.




$$
