000
CDUS44 KJAN 292208
CLIGWO


CLIMATE REPORT
NATIONAL WEATHER SERVICE JACKSON MS
405 PM CST THU JAN 29 2015


...................................

...THE GREENWOOD CLIMATE SUMMARY FOR JANUARY 29 2015...
VALID TODAY AS OF 0400 PM LOCAL TIME.

CLIMATE NORMAL PERIOD 1981 TO 2010
CLIMATE RECORD PERIOD 1948 TO 2015


WEATHER ITEM   OBSERVED TIME   RECORD YEAR NORMAL DEPARTURE LAST
                VALUE   (LST)  VALUE       VALUE  FROM      YEAR
                                                  NORMAL
..................................................................
TEMPERATURE (F)
 TODAY
  MAXIMUM         69    359 PM  79    2013  55     14       35
  MINIMUM         50    209 AM   6    1966  34     16        8
  AVERAGE         60                        44     16       22

PRECIPITATION (IN)
  TODAY            0.00          1.31 2010   0.16  -0.16     0.00
  MONTH TO DATE    4.44                      4.20   0.24     1.57
  SINCE DEC 1      9.96                      9.85   0.11     6.26
  SINCE JAN 1      4.44                      4.20   0.24     1.57

SNOWFALL (IN)
  TODAY            0.0

DEGREE DAYS
 HEATING
  TODAY            5                        21    -16       43
  MONTH TO DATE  657                       633     24      810
  SINCE DEC 1   1169                      1231    -62     1454
  SINCE JUL 1   1757                      1699     58     2021

 COOLING
  TODAY            0                         0      0        0
  MONTH TO DATE    0                         0      0        0
  SINCE DEC 1      1                         5     -4       11
  SINCE JAN 1      0                         0      0        0
..................................................................


WIND (MPH)
  HIGHEST WIND SPEED    20   HIGHEST WIND DIRECTION    SW (230)
  HIGHEST GUST SPEED    25   HIGHEST GUST DIRECTION    SW (230)
  AVERAGE WIND SPEED    11.8


SKY COVER
  POSSIBLE SUNSHINE  MM
  AVERAGE SKY COVER 0.2


WEATHER CONDITIONS
 THE FOLLOWING WEATHER WAS RECORDED TODAY.
  NO SIGNIFICANT WEATHER WAS OBSERVED.


RELATIVE HUMIDITY (PERCENT)
 HIGHEST    67           900 AM
 LOWEST     50           500 AM
 AVERAGE    59

..........................................................


THE GREENWOOD CLIMATE NORMALS FOR TOMORROW
                         NORMAL    RECORD    YEAR
 MAXIMUM TEMPERATURE (F)   55        76      2002
 MINIMUM TEMPERATURE (F)   34         3      1966


SUNRISE AND SUNSET
JANUARY 29 2015.......SUNRISE   659 AM CST   SUNSET   529 PM CST
JANUARY 30 2015.......SUNRISE   658 AM CST   SUNSET   530 PM CST


-  INDICATES NEGATIVE NUMBERS.
R  INDICATES RECORD WAS SET OR TIED.
MM INDICATES DATA IS MISSING.
T  INDICATES TRACE AMOUNT.




$$
