000
CDUS41 KGYX 270808
CLIGYX


CLIMATE REPORT
NATIONAL WEATHER SERVICE GRAY ME
407 AM EDT FRI MAR 27 2015


...................................

...THE GRAY ME CLIMATE SUMMARY FOR MARCH 26 2015...

CLIMATE NORMAL PERIOD 1981 TO 2010
CLIMATE RECORD PERIOD 1995 TO 2015


WEATHER ITEM   OBSERVED TIME   RECORD YEAR NORMAL DEPARTURE LAST
                VALUE   (LST)  VALUE       VALUE  FROM      YEAR
                                                  NORMAL
..................................................................
TEMPERATURE (F)
 YESTERDAY
  MAXIMUM         53        MM  MM      MM  45      8       32
  MINIMUM         33        MM  MM      MM  27      6       20
  AVERAGE         43                        36      7       26

PRECIPITATION (IN)
  YESTERDAY        0.53         MM      MM   0.14   0.39     0.00
  MONTH TO DATE    1.48                      3.50  -2.02     1.99
  SINCE MAR 1      1.48                      3.50  -2.02     1.99
  SINCE JAN 1      7.45                     10.34  -2.89     8.98

SNOWFALL (IN)
  YESTERDAY        0.0          MM      MM   0.4   -0.4      0.0
  MONTH TO DATE    4.9                      17.7  -12.8      7.6
  SINCE MAR 1      4.9                      17.7  -12.8      7.6
  SINCE JUL 1    104.0                      76.8   27.2     81.7
  SNOW DEPTH      16

DEGREE DAYS
 HEATING
  YESTERDAY       22                        29     -7       39
  MONTH TO DATE  980                       853    127     1076
  SINCE MAR 1    980                       853    127     1076
  SINCE JUL 1   6456                      6011    445     6486

 COOLING
  YESTERDAY        0                         0      0        0
  MONTH TO DATE    0                         0      0        0
  SINCE MAR 1      0                         0      0        0
  SINCE JAN 1      0                         0      0        0
..................................................................







THE GRAY ME CLIMATE NORMALS FOR TODAY
                         NORMAL
 MAXIMUM TEMPERATURE (F)   45
 MINIMUM TEMPERATURE (F)   27


SUNRISE AND SUNSET
MARCH 27 2015.........SUNRISE   632 AM EDT   SUNSET   702 PM EDT
MARCH 28 2015.........SUNRISE   630 AM EDT   SUNSET   703 PM EDT


-  INDICATES NEGATIVE NUMBERS.
R  INDICATES RECORD WAS SET OR TIED.
MM INDICATES DATA IS MISSING.
T  INDICATES TRACE AMOUNT.




$$
