000
CDUS41 KGYX 300858
CLIGYX


CLIMATE REPORT
NATIONAL WEATHER SERVICE GRAY ME
458 AM EDT SUN APR 30 2017


...................................

...THE GRAY ME CLIMATE SUMMARY FOR APRIL 29 2017...

CLIMATE NORMAL PERIOD 1981 TO 2010
CLIMATE RECORD PERIOD 1995 TO 2017


WEATHER ITEM   OBSERVED TIME   RECORD YEAR NORMAL DEPARTURE LAST
                VALUE   (LST)  VALUE       VALUE  FROM      YEAR
                                                  NORMAL
..................................................................
TEMPERATURE (F)
 YESTERDAY
  MAXIMUM         80        MM  MM      MM  59     21       49
  MINIMUM         48        MM  MM      MM  40      8       31
  AVERAGE         64                        50     14       40

PRECIPITATION (IN)
  YESTERDAY        0.00         MM      MM   0.14  -0.14     0.00
  MONTH TO DATE    4.99                      4.23   0.76     2.81
  SINCE MAR 1      7.81                      8.40  -0.59     7.35
  SINCE JAN 1     14.49                     15.24  -0.75    15.61

SNOWFALL (IN)
  YESTERDAY        0.0          MM      MM   0.0    0.0      0.0
  MONTH TO DATE   11.0                       4.8    6.2      5.2
  SINCE MAR 1     34.1                      24.7    9.4     14.5
  SINCE JUL 1    123.9                      83.8   40.1     51.8
  SNOW DEPTH       0

DEGREE DAYS
 HEATING
  YESTERDAY        1                        15    -14       25
  MONTH TO DATE  524                       608    -84      651
  SINCE MAR 1   1687                      1601     86     1543
  SINCE JUL 1   6381                      6759   -378     6063

 COOLING
  YESTERDAY        0                         0      0        0
  MONTH TO DATE    2                         0      2        0
  SINCE MAR 1      2                         0      2        0
  SINCE JAN 1      2                         0      2        0
..................................................................







THE GRAY ME CLIMATE NORMALS FOR TODAY
                         NORMAL
 MAXIMUM TEMPERATURE (F)   60
 MINIMUM TEMPERATURE (F)   40


SUNRISE AND SUNSET
APRIL 30 2017.........SUNRISE   534 AM EDT   SUNSET   743 PM EDT
MAY  1 2017...........SUNRISE   533 AM EDT   SUNSET   744 PM EDT


-  INDICATES NEGATIVE NUMBERS.
R  INDICATES RECORD WAS SET OR TIED.
MM INDICATES DATA IS MISSING.
T  INDICATES TRACE AMOUNT.




$$
