000
CDUS41 KGYX 140922
CLIGYX


CLIMATE REPORT
NATIONAL WEATHER SERVICE GRAY ME
422 AM EST THU DEC 14 2017


...................................

...THE GRAY ME CLIMATE SUMMARY FOR DECEMBER 13 2017...

CLIMATE NORMAL PERIOD 1981 TO 2010
CLIMATE RECORD PERIOD 1995 TO 2017


WEATHER ITEM   OBSERVED TIME   RECORD YEAR NORMAL DEPARTURE LAST
                VALUE   (LST)  VALUE       VALUE  FROM      YEAR
                                                  NORMAL
..................................................................
TEMPERATURE (F)
 YESTERDAY
  MAXIMUM         30        MM  MM      MM  36     -6       33
  MINIMUM         10        MM  MM      MM  21    -11       21
  AVERAGE         20                        28     -8       27

PRECIPITATION (IN)
  YESTERDAY        T            MM      MM   0.14  -0.14     0.00
  MONTH TO DATE    1.84                      1.85  -0.01     1.93
  SINCE DEC 1      1.84                      1.85  -0.01     1.93
  SINCE JAN 1     40.38                     48.01  -7.63    44.30

SNOWFALL (IN)
  YESTERDAY        T            MM      MM   0.6   -0.6      0.0
  MONTH TO DATE    8.0                       6.2    1.8      9.9
  SINCE DEC 1      8.0                       6.2    1.8      9.9
  SINCE JUL 1      9.2                       9.3   -0.1     11.2
  SNOW DEPTH       6

DEGREE DAYS
 HEATING
  YESTERDAY       45                        37      8       38
  MONTH TO DATE  424                       453    -29      469
  SINCE DEC 1    424                       453    -29      469
  SINCE JUL 1   1617                      1950   -333     1748

 COOLING
  YESTERDAY        0                         0      0        0
  MONTH TO DATE    0                         0      0        0
  SINCE DEC 1      0                         0      0        0
  SINCE JAN 1    531                       389    142      607
..................................................................







THE GRAY ME CLIMATE NORMALS FOR TODAY
                         NORMAL
 MAXIMUM TEMPERATURE (F)   35
 MINIMUM TEMPERATURE (F)   20


SUNRISE AND SUNSET
DECEMBER 14 2017......SUNRISE   708 AM EST   SUNSET   404 PM EST
DECEMBER 15 2017......SUNRISE   709 AM EST   SUNSET   404 PM EST


-  INDICATES NEGATIVE NUMBERS.
R  INDICATES RECORD WAS SET OR TIED.
MM INDICATES DATA IS MISSING.
T  INDICATES TRACE AMOUNT.




$$
