000
CDUS41 KGYX 230813
CLIGYX


CLIMATE REPORT
NATIONAL WEATHER SERVICE GRAY ME
412 AM EDT THU OCT 23 2014


...................................

...THE GRAY ME CLIMATE SUMMARY FOR OCTOBER 22 2014...

CLIMATE NORMAL PERIOD 1981 TO 2010
CLIMATE RECORD PERIOD 1995 TO 2014


WEATHER ITEM   OBSERVED NORMAL DEPARTURE LAST
                VALUE   VALUE  FROM      YEAR
                               NORMAL
...............................................
TEMPERATURE (F)
 YESTERDAY
  MAXIMUM         47     56     -9       61
  MINIMUM         44     38      6       42
  AVERAGE         46     47     -1       52

PRECIPITATION (IN)
  YESTERDAY        0.61   0.18   0.43     0.03
  MONTH TO DATE    4.99   3.72   1.27     1.28
  SINCE SEP 1      6.05   7.91  -1.86     8.68
  SINCE JAN 1     41.46  39.39   2.07    35.97

SNOWFALL (IN)
  YESTERDAY        0.0    0.0    0.0      0.0
  MONTH TO DATE    0.0    0.0    0.0      0.0
  SINCE SEP 1      0.0    0.0    0.0      0.0
  SINCE JUL 1      0.0    0.0    0.0      0.0
  SNOW DEPTH       0

DEGREE DAYS
 HEATING
  YESTERDAY       19     18      1       13
  MONTH TO DATE  239    319    -80      208
  SINCE SEP 1    421    487    -66      395
  SINCE JUL 1    435    523    -88      407

 COOLING
  YESTERDAY        0      0      0        0
  MONTH TO DATE    2      0      2        2
  SINCE SEP 1     57     28     29       38
  SINCE JAN 1    369    387    -18      486
...............................................





WEATHER CONDITIONS
 THE FOLLOWING WEATHER WAS RECORDED YESTERDAY.
  NO SIGNIFICANT WEATHER WAS OBSERVED.


..........................................................


THE GRAY ME CLIMATE NORMALS FOR TODAY
                         NORMAL
 MAXIMUM TEMPERATURE (F)   56
 MINIMUM TEMPERATURE (F)   38


SUNRISE AND SUNSET
OCTOBER 23 2014.......SUNRISE   705 AM EDT   SUNSET   545 PM EDT
OCTOBER 24 2014.......SUNRISE   707 AM EDT   SUNSET   543 PM EDT


-  INDICATES NEGATIVE NUMBERS.
R  INDICATES RECORD WAS SET OR TIED.
MM INDICATES DATA IS MISSING.
T  INDICATES TRACE AMOUNT.




$$
