000
CDUS41 KGYX 260904
CLIGYX


CLIMATE REPORT
NATIONAL WEATHER SERVICE GRAY ME
404 AM EST FRI DEC 26 2014


...................................

...THE GRAY ME CLIMATE SUMMARY FOR DECEMBER 25 2014...

CLIMATE NORMAL PERIOD 1981 TO 2010
CLIMATE RECORD PERIOD 1995 TO 2014


WEATHER ITEM   OBSERVED TIME   RECORD YEAR NORMAL DEPARTURE LAST
                VALUE   (LST)  VALUE       VALUE  FROM      YEAR
                                                  NORMAL
..................................................................
TEMPERATURE (F)
 YESTERDAY
  MAXIMUM         49        MM  MM      MM  32     17       16
  MINIMUM         34        MM  MM      MM  17     17        4
  AVERAGE         42                        24     18       10

PRECIPITATION (IN)
  YESTERDAY        0.18         MM      MM   0.12   0.06      T
  MONTH TO DATE    5.75                      3.35   2.40     2.89
  SINCE DEC 1      5.75                      3.35   2.40     2.89
  SINCE JAN 1     52.38                     49.51   2.87    43.47

SNOWFALL (IN)
  YESTERDAY        0.0          MM      MM   0.7   -0.7       T
  MONTH TO DATE    6.5                      14.1   -7.6     19.8
  SINCE DEC 1      6.5                      14.1   -7.6     19.8
  SINCE JUL 1     21.5                      17.2    4.3     20.9
  SNOW DEPTH       T

DEGREE DAYS
 HEATING
  YESTERDAY       23                        41    -18       55
  MONTH TO DATE  879                       921    -42     1051
  SINCE DEC 1    879                       921    -42     1051
  SINCE JUL 1   2329                      2418    -89     2522

 COOLING
  YESTERDAY        0                         0      0        0
  MONTH TO DATE    0                         0      0        0
  SINCE DEC 1      0                         0      0        0
  SINCE JAN 1    369                       389    -20      486
..................................................................







THE GRAY ME CLIMATE NORMALS FOR TODAY
                         NORMAL
 MAXIMUM TEMPERATURE (F)   32
 MINIMUM TEMPERATURE (F)   16


SUNRISE AND SUNSET
DECEMBER 26 2014......SUNRISE   714 AM EST   SUNSET   409 PM EST
DECEMBER 27 2014......SUNRISE   714 AM EST   SUNSET   410 PM EST


-  INDICATES NEGATIVE NUMBERS.
R  INDICATES RECORD WAS SET OR TIED.
MM INDICATES DATA IS MISSING.
T  INDICATES TRACE AMOUNT.




$$
