000
CDUS41 KGYX 090902
CLIGYX


CLIMATE REPORT
NATIONAL WEATHER SERVICE GRAY ME
402 AM EST FRI DEC 9 2016


...................................

...THE GRAY ME CLIMATE SUMMARY FOR DECEMBER 8 2016...

CLIMATE NORMAL PERIOD 1981 TO 2010
CLIMATE RECORD PERIOD 1995 TO 2016


WEATHER ITEM   OBSERVED TIME   RECORD YEAR NORMAL DEPARTURE LAST
                VALUE   (LST)  VALUE       VALUE  FROM      YEAR
                                                  NORMAL
..................................................................
TEMPERATURE (F)
 YESTERDAY
  MAXIMUM         40        MM  MM      MM  37      3       35
  MINIMUM         27        MM  MM      MM  23      4       29
  AVERAGE         34                        30      4       32

PRECIPITATION (IN)
  YESTERDAY        0.00         MM      MM   0.15  -0.15     0.00
  MONTH TO DATE    1.33                      1.15   0.18     0.43
  SINCE DEC 1      1.33                      1.15   0.18     0.43
  SINCE JAN 1     43.70                     47.31  -3.61    39.75

SNOWFALL (IN)
  YESTERDAY        0.0          MM      MM   0.5   -0.5      0.0
  MONTH TO DATE    4.1                       3.4    0.7       T
  SINCE DEC 1      4.1                       3.4    0.7       T
  SINCE JUL 1      5.4                       6.5   -1.1      0.2
  SNOW DEPTH       2

DEGREE DAYS
 HEATING
  YESTERDAY       31                        35     -4       33
  MONTH TO DATE  253                       271    -18      228
  SINCE DEC 1    253                       271    -18      228
  SINCE JUL 1   1532                      1768   -236     1527

 COOLING
  YESTERDAY        0                         0      0        0
  MONTH TO DATE    0                         0      0        0
  SINCE DEC 1      0                         0      0        0
  SINCE JAN 1    607                       389    218      468
..................................................................







THE GRAY ME CLIMATE NORMALS FOR TODAY
                         NORMAL
 MAXIMUM TEMPERATURE (F)   37
 MINIMUM TEMPERATURE (F)   22


SUNRISE AND SUNSET
DECEMBER  9 2016......SUNRISE   704 AM EST   SUNSET   403 PM EST
DECEMBER 10 2016......SUNRISE   705 AM EST   SUNSET   403 PM EST


-  INDICATES NEGATIVE NUMBERS.
R  INDICATES RECORD WAS SET OR TIED.
MM INDICATES DATA IS MISSING.
T  INDICATES TRACE AMOUNT.




$$
