000
CDUS41 KGYX 240817
CLIGYX


CLIMATE REPORT
NATIONAL WEATHER SERVICE GRAY ME
416 AM EDT SAT JUN 24 2017


...................................

...THE GRAY ME CLIMATE SUMMARY FOR JUNE 23 2017...

CLIMATE NORMAL PERIOD 1981 TO 2010
CLIMATE RECORD PERIOD 1995 TO 2017


WEATHER ITEM   OBSERVED TIME   RECORD YEAR NORMAL DEPARTURE LAST
                VALUE   (LST)  VALUE       VALUE  FROM      YEAR
                                                  NORMAL
..................................................................
TEMPERATURE (F)
 YESTERDAY
  MAXIMUM         76        MM  MM      MM  76      0       80
  MINIMUM         59        MM  MM      MM  57      2       53
  AVERAGE         68                        66      2       67

PRECIPITATION (IN)
  YESTERDAY        0.29         MM      MM   0.13   0.16      T
  MONTH TO DATE    1.50                      3.33  -1.83     2.57
  SINCE JUN 1      1.50                      3.33  -1.83     2.57
  SINCE JAN 1     22.04                     22.62  -0.58    20.20

SNOWFALL (IN)
  YESTERDAY        0.0          MM      MM   0.0    0.0      0.0
  MONTH TO DATE    0.0                       0.0    0.0      0.0
  SINCE JUN 1      0.0                       0.0    0.0      0.0
  SINCE JUL 1    123.9                      83.8   40.1     51.8
  SNOW DEPTH       0

DEGREE DAYS
 HEATING
  YESTERDAY        0                         2     -2        0
  MONTH TO DATE   75                        87    -12       70
  SINCE JUN 1     75                        87    -12       70
  SINCE JUL 1   6851                      7185   -334     6452

 COOLING
  YESTERDAY        3                         3      0        2
  MONTH TO DATE   84                        42     42       25
  SINCE JUN 1     84                        42     42       25
  SINCE JAN 1    105                        53     52       47
..................................................................







THE GRAY ME CLIMATE NORMALS FOR TODAY
                         NORMAL
 MAXIMUM TEMPERATURE (F)   76
 MINIMUM TEMPERATURE (F)   57


SUNRISE AND SUNSET
JUNE 24 2017..........SUNRISE   459 AM EDT   SUNSET   827 PM EDT
JUNE 25 2017..........SUNRISE   500 AM EDT   SUNSET   828 PM EDT


-  INDICATES NEGATIVE NUMBERS.
R  INDICATES RECORD WAS SET OR TIED.
MM INDICATES DATA IS MISSING.
T  INDICATES TRACE AMOUNT.




$$
