000
CDUS41 KGYX 251725
CLIGYX


CLIMATE REPORT
NATIONAL WEATHER SERVICE GRAY ME
125 PM EDT MON MAY 25 2015


...................................

...THE GRAY ME CLIMATE SUMMARY FOR MAY 24 2015...

CLIMATE NORMAL PERIOD 1981 TO 2010
CLIMATE RECORD PERIOD 1995 TO 2015


WEATHER ITEM   OBSERVED TIME   RECORD YEAR NORMAL DEPARTURE LAST
                VALUE   (LST)  VALUE       VALUE  FROM      YEAR
                                                  NORMAL
..................................................................
TEMPERATURE (F)
 YESTERDAY
  MAXIMUM         MM        MM  MM      MM  68     MM       62
  MINIMUM         MM        MM  MM      MM  47     MM       47
  AVERAGE         MM                        57     MM       55

PRECIPITATION (IN)
  YESTERDAY       MM            MM      MM   0.13  MM        0.05
  MONTH TO DATE    0.73                      2.97  -2.24     3.16
  SINCE MAR 1      5.74                     11.52  -5.78    10.05
  SINCE JAN 1     11.71                     18.36  -6.65    17.04

SNOWFALL (IN)
  YESTERDAY       MM            MM      MM   0.0   MM        0.0
  MONTH TO DATE    0.0                       0.2   -0.2      0.0
  SINCE MAR 1      8.2                      24.9  -16.7      8.9
  SINCE JUL 1    107.3                      84.0   23.3     83.0
  SNOW DEPTH      MM

DEGREE DAYS
 HEATING
  YESTERDAY       MM                         8     MM       10
  MONTH TO DATE  173                       272    -99      239
  SINCE MAR 1   1951                      1889     62     2131
  SINCE JUL 1   7427                      7047    380     7541

 COOLING
  YESTERDAY       MM                         0     MM        0
  MONTH TO DATE    8                         0      8        1
  SINCE MAR 1      8                         1      7        1
  SINCE JAN 1      8                         1      7        1
..................................................................







THE GRAY ME CLIMATE NORMALS FOR TODAY
                         NORMAL
 MAXIMUM TEMPERATURE (F)   68
 MINIMUM TEMPERATURE (F)   47


SUNRISE AND SUNSET
MAY 25 2015...........SUNRISE   506 AM EDT   SUNSET   810 PM EDT
MAY 26 2015...........SUNRISE   506 AM EDT   SUNSET   811 PM EDT


-  INDICATES NEGATIVE NUMBERS.
R  INDICATES RECORD WAS SET OR TIED.
MM INDICATES DATA IS MISSING.
T  INDICATES TRACE AMOUNT.




$$
