000
CDUS41 KGYX 140803
CLIGYX


CLIMATE REPORT
NATIONAL WEATHER SERVICE GRAY ME
403 AM EDT SUN SEP 14 2014


...................................

...THE GRAY ME CLIMATE SUMMARY FOR SEPTEMBER 13 2014...

CLIMATE NORMAL PERIOD 1981 TO 2010
CLIMATE RECORD PERIOD 1995 TO 2014


WEATHER ITEM   OBSERVED NORMAL DEPARTURE LAST
                VALUE   VALUE  FROM      YEAR
                               NORMAL
...............................................
TEMPERATURE (F)
 YESTERDAY
  MAXIMUM         62     71     -9       68
  MINIMUM         42     52    -10       56
  AVERAGE         52     62    -10       62

PRECIPITATION (IN)
  YESTERDAY        0.06   0.14  -0.08     0.97
  MONTH TO DATE    0.69   1.66  -0.97     7.05
  SINCE SEP 1      0.69   1.66  -0.97     7.05
  SINCE JAN 1     36.10  33.14   2.96    34.34

SNOWFALL (IN)
  YESTERDAY        0.0    0.0    0.0      0.0
  MONTH TO DATE    0.0    0.0    0.0      0.0
  SINCE SEP 1      0.0    0.0    0.0      0.0
  SINCE JUL 1      0.0    0.0    0.0      0.0
  SNOW DEPTH       0

DEGREE DAYS
 HEATING
  YESTERDAY       13      4      9        3
  MONTH TO DATE   25     39    -14       46
  SINCE SEP 1     25     39    -14       46
  SINCE JUL 1     39     75    -36       58

 COOLING
  YESTERDAY        0      1     -1        0
  MONTH TO DATE   45     22     23       36
  SINCE SEP 1     45     22     23       36
  SINCE JAN 1    357    381    -24      484
...............................................





WEATHER CONDITIONS
 THE FOLLOWING WEATHER WAS RECORDED YESTERDAY.
  NO SIGNIFICANT WEATHER WAS OBSERVED.


..........................................................


THE GRAY ME CLIMATE NORMALS FOR TODAY
                         NORMAL
 MAXIMUM TEMPERATURE (F)   71
 MINIMUM TEMPERATURE (F)   51


SUNRISE AND SUNSET
SEPTEMBER 14 2014.....SUNRISE   619 AM EDT   SUNSET   653 PM EDT
SEPTEMBER 15 2014.....SUNRISE   620 AM EDT   SUNSET   651 PM EDT


-  INDICATES NEGATIVE NUMBERS.
R  INDICATES RECORD WAS SET OR TIED.
MM INDICATES DATA IS MISSING.
T  INDICATES TRACE AMOUNT.




$$
