000
CDUS41 KGYX 160816
CLIGYX


CLIMATE REPORT
NATIONAL WEATHER SERVICE GRAY ME
415 AM EDT WED AUG 16 2017


...................................

...THE GRAY ME CLIMATE SUMMARY FOR AUGUST 15 2017...

CLIMATE NORMAL PERIOD 1981 TO 2010
CLIMATE RECORD PERIOD 1995 TO 2017


WEATHER ITEM   OBSERVED TIME   RECORD YEAR NORMAL DEPARTURE LAST
                VALUE   (LST)  VALUE       VALUE  FROM      YEAR
                                                  NORMAL
..................................................................
TEMPERATURE (F)
 YESTERDAY
  MAXIMUM         81        MM  MM      MM  79      2       83
  MINIMUM         59        MM  MM      MM  59      0       67
  AVERAGE         70                        69      1       75

PRECIPITATION (IN)
  YESTERDAY        0.00         MM      MM   0.11  -0.11     0.00
  MONTH TO DATE    0.51                      1.75  -1.24     1.76
  SINCE JUN 1      5.27                     10.35  -5.08     9.99
  SINCE JAN 1     25.81                     29.64  -3.83    27.62

SNOWFALL (IN)
  YESTERDAY        0.0          MM      MM   0.0    0.0      0.0
  MONTH TO DATE    0.0                       0.0    0.0      0.0
  SINCE JUN 1      0.0                       0.0    0.0      0.0
  SINCE JUL 1      0.0                       0.0    0.0      0.0
  SNOW DEPTH       0

DEGREE DAYS
 HEATING
  YESTERDAY        0                         1     -1        0
  MONTH TO DATE    0                         3     -3        1
  SINCE JUN 1     90                       111    -21       89
  SINCE JUL 1     13                        17     -4       19

 COOLING
  YESTERDAY        5                         5      0       10
  MONTH TO DATE   90                        75     15      124
  SINCE JUN 1    369                       290     79      403
  SINCE JAN 1    390                       301     89      425
..................................................................







THE GRAY ME CLIMATE NORMALS FOR TODAY
                         NORMAL
 MAXIMUM TEMPERATURE (F)   79
 MINIMUM TEMPERATURE (F)   59


SUNRISE AND SUNSET
AUGUST 16 2017........SUNRISE   546 AM EDT   SUNSET   743 PM EDT
AUGUST 17 2017........SUNRISE   548 AM EDT   SUNSET   742 PM EDT


-  INDICATES NEGATIVE NUMBERS.
R  INDICATES RECORD WAS SET OR TIED.
MM INDICATES DATA IS MISSING.
T  INDICATES TRACE AMOUNT.




$$
