000
CDUS41 KGYX 040812
CLIGYX


CLIMATE REPORT
NATIONAL WEATHER SERVICE GRAY ME
412 AM EDT SAT JUL 4 2015


...................................

...THE GRAY ME CLIMATE SUMMARY FOR JULY 3 2015...

CLIMATE NORMAL PERIOD 1981 TO 2010
CLIMATE RECORD PERIOD 1995 TO 2015


WEATHER ITEM   OBSERVED TIME   RECORD YEAR NORMAL DEPARTURE LAST
                VALUE   (LST)  VALUE       VALUE  FROM      YEAR
                                                  NORMAL
..................................................................
TEMPERATURE (F)
 YESTERDAY
  MAXIMUM         78        MM  MM      MM  78      0       79
  MINIMUM         54        MM  MM      MM  59     -5       66
  AVERAGE         66                        68     -2       73

PRECIPITATION (IN)
  YESTERDAY        0.00         MM      MM   0.15  -0.15     0.23
  MONTH TO DATE    0.37                      0.45  -0.08     0.67
  SINCE JUN 1      6.44                      4.75   1.69     3.67
  SINCE JAN 1     19.49                     24.04  -4.55    22.02

SNOWFALL (IN)
  YESTERDAY        0.0          MM      MM   0.0    0.0      0.0
  MONTH TO DATE    0.0                       0.0    0.0      0.0
  SINCE JUN 1      0.0                       0.0    0.0      0.0
  SINCE JUL 1      0.0                       0.0    0.0      0.0
  SNOW DEPTH       0

DEGREE DAYS
 HEATING
  YESTERDAY        0                         1     -1        0
  MONTH TO DATE    4                         3      1        0
  SINCE JUN 1    161                        97     64       74
  SINCE JUL 1      4                         3      1        0

 COOLING
  YESTERDAY        1                         4     -3        8
  MONTH TO DATE    3                        12     -9       32
  SINCE JUN 1     38                        77    -39       97
  SINCE JAN 1     78                        88    -10       98
..................................................................







THE GRAY ME CLIMATE NORMALS FOR TODAY
                         NORMAL
 MAXIMUM TEMPERATURE (F)   78
 MINIMUM TEMPERATURE (F)   59


SUNRISE AND SUNSET
JULY  4 2015..........SUNRISE   504 AM EDT   SUNSET   827 PM EDT
JULY  5 2015..........SUNRISE   505 AM EDT   SUNSET   826 PM EDT


-  INDICATES NEGATIVE NUMBERS.
R  INDICATES RECORD WAS SET OR TIED.
MM INDICATES DATA IS MISSING.
T  INDICATES TRACE AMOUNT.




$$
