000
CDUS44 KJAN 060722
CLIHBG


CLIMATE REPORT
NATIONAL WEATHER SERVICE JACKSON MS
119 AM CST SAT FEB 6 2016


...................................

...THE HATTIESBURG CLIMATE SUMMARY FOR FEBRUARY 5 2016...

CLIMATE NORMAL PERIOD 1981 TO 2010
CLIMATE RECORD PERIOD 1948 TO 2016


WEATHER ITEM   OBSERVED TIME   RECORD YEAR NORMAL DEPARTURE LAST
                VALUE   (LST)  VALUE       VALUE  FROM      YEAR
                                                  NORMAL
..................................................................
TEMPERATURE (F)
 YESTERDAY
  MAXIMUM         55    414 PM  83    2008  61     -6       59
  MINIMUM         27    721 AM  15    1996  38    -11       33
  AVERAGE         41                        50     -9       46

PRECIPITATION (IN)
  YESTERDAY        0.00          1.57 1994   0.17  -0.17     0.00
  MONTH TO DATE    0.92                      0.86   0.06     0.59
  SINCE DEC 1     15.45                     11.51   3.94    12.14
  SINCE JAN 1      5.44                      6.60  -1.16     5.94

SNOWFALL (IN)
  YESTERDAY        0.0

DEGREE DAYS
 HEATING
  YESTERDAY       24                        16      8       19
  MONTH TO DATE   49                        80    -31       92
  SINCE DEC 1    787                      1051   -264      966
  SINCE JUL 1    965                      1379   -414     1382

 COOLING
  YESTERDAY        0                         0      0        0
  MONTH TO DATE   12                         0     12        0
  SINCE DEC 1     83                        19     64       13
  SINCE JAN 1     12                         6      6        6
..................................................................


WIND (MPH)
  HIGHEST WIND SPEED    16   HIGHEST WIND DIRECTION     E (70)
  HIGHEST GUST SPEED    22   HIGHEST GUST DIRECTION     E (70)
  AVERAGE WIND SPEED     3.4


SKY COVER
  POSSIBLE SUNSHINE  MM
  AVERAGE SKY COVER 0.0


WEATHER CONDITIONS
 THE FOLLOWING WEATHER WAS RECORDED YESTERDAY.
  NO SIGNIFICANT WEATHER WAS OBSERVED.


RELATIVE HUMIDITY (PERCENT)
 HIGHEST    92           600 AM
 LOWEST     22           400 PM
 AVERAGE    57

..........................................................


THE HATTIESBURG CLIMATE NORMALS FOR TODAY
                         NORMAL    RECORD    YEAR
 MAXIMUM TEMPERATURE (F)   61        79      1950
 MINIMUM TEMPERATURE (F)   38        18      1996


SUNRISE AND SUNSET
FEBRUARY  6 2016......SUNRISE   646 AM CST   SUNSET   536 PM CST
FEBRUARY  7 2016......SUNRISE   645 AM CST   SUNSET   537 PM CST


-  INDICATES NEGATIVE NUMBERS.
R  INDICATES RECORD WAS SET OR TIED.
MM INDICATES DATA IS MISSING.
T  INDICATES TRACE AMOUNT.




$$
