000
CDUS44 KJAN 010640
CLIHBG


CLIMATE REPORT
NATIONAL WEATHER SERVICE JACKSON MS
130 AM CDT WED JUL 1 2015


...................................

...THE HATTIESBURG CLIMATE SUMMARY FOR JUNE 30 2015...

CLIMATE NORMAL PERIOD 1981 TO 2010
CLIMATE RECORD PERIOD 1948 TO 2015


WEATHER ITEM   OBSERVED TIME   RECORD YEAR NORMAL DEPARTURE LAST
                VALUE   (LST)  VALUE       VALUE  FROM      YEAR
                                                  NORMAL
..................................................................
TEMPERATURE (F)
 YESTERDAY
  MAXIMUM         88   1126 AM 102    1954  91     -3       93
  MINIMUM         71   1221 PM  56    1974  71      0       77
  AVERAGE         80                        81     -1       85

PRECIPITATION (IN)
  YESTERDAY        0.07          5.28 2003   0.22  -0.15     0.00
  MONTH TO DATE    4.73                      5.50  -0.77     4.94
  SINCE JUN 1      4.73                      5.50  -0.77     4.94
  SINCE JAN 1     28.55                     32.04  -3.49    33.42

SNOWFALL (IN)
  YESTERDAY        0.0

DEGREE DAYS
 HEATING
  YESTERDAY        0                         0      0        0
  MONTH TO DATE    0                         0      0        0
  SINCE JUN 1      0                         0      0        0
  SINCE JUL 1   1912                      1985    -73     2276

 COOLING
  YESTERDAY       15                        16     -1       20
  MONTH TO DATE  479                       423     56      467
  SINCE JUN 1    479                       423     56      467
  SINCE JAN 1   1056                       838    218      843
..................................................................


WIND (MPH)
  HIGHEST WIND SPEED    22   HIGHEST WIND DIRECTION     W (260)
  HIGHEST GUST SPEED    31   HIGHEST GUST DIRECTION     W (260)
  AVERAGE WIND SPEED     5.9


SKY COVER
  POSSIBLE SUNSHINE  MM
  AVERAGE SKY COVER 0.1


WEATHER CONDITIONS
 THE FOLLOWING WEATHER WAS RECORDED YESTERDAY.
  THUNDERSTORM
  HEAVY RAIN
  LIGHT RAIN
  FOG


RELATIVE HUMIDITY (PERCENT)
 HIGHEST    88          1200 AM
 LOWEST     58           600 PM
 AVERAGE    73

..........................................................


THE HATTIESBURG CLIMATE NORMALS FOR TODAY
                         NORMAL    RECORD    YEAR
 MAXIMUM TEMPERATURE (F)   91       103      2009
 MINIMUM TEMPERATURE (F)   71        60      1950


SUNRISE AND SUNSET
JULY  1 2015..........SUNRISE   556 AM CDT   SUNSET   805 PM CDT
JULY  2 2015..........SUNRISE   557 AM CDT   SUNSET   805 PM CDT


-  INDICATES NEGATIVE NUMBERS.
R  INDICATES RECORD WAS SET OR TIED.
MM INDICATES DATA IS MISSING.
T  INDICATES TRACE AMOUNT.




$$
