000
CDUS44 KJAN 062113
CLIHBG


CLIMATE REPORT
NATIONAL WEATHER SERVICE JACKSON MS
411 PM CDT FRI MAY 6 2016


...................................

...THE HATTIESBURG CLIMATE SUMMARY FOR MAY 6 2016...
VALID TODAY AS OF 0400 PM LOCAL TIME.

CLIMATE NORMAL PERIOD 1981 TO 2010
CLIMATE RECORD PERIOD 1948 TO 2016


WEATHER ITEM   OBSERVED TIME   RECORD YEAR NORMAL DEPARTURE LAST
                VALUE   (LST)  VALUE       VALUE  FROM      YEAR
                                                  NORMAL
..................................................................
TEMPERATURE (F)
 TODAY
  MAXIMUM         76    228 PM  94    1952  84     -8       86
  MINIMUM         46    520 AM  44    1957  59    -13       56
  AVERAGE         61                        71    -10       71

PRECIPITATION (IN)
  TODAY            0.00          1.12 1960   0.17  -0.17     0.00
  MONTH TO DATE    0.21                      0.96  -0.75     0.00
  SINCE MAR 1     19.53                     11.39   8.14     9.08
  SINCE JAN 1     28.90                     22.52   6.38    16.91

SNOWFALL (IN)
  TODAY            0.0

DEGREE DAYS
 HEATING
  TODAY            4                         0      4        0
  MONTH TO DATE    4                         5     -1        1
  SINCE MAR 1    145                       305   -160      131
  SINCE JUL 1   1383                      1983   -600     1912

 COOLING
  TODAY            0                         7     -7        6
  MONTH TO DATE   16                        36    -20       20
  SINCE MAR 1    196                       161     35      293
  SINCE JAN 1    221                       176     45      299
..................................................................


WIND (MPH)
  HIGHEST WIND SPEED    16   HIGHEST WIND DIRECTION    NW (310)
  HIGHEST GUST SPEED    22   HIGHEST GUST DIRECTION    NW (300)
  AVERAGE WIND SPEED     4.9


SKY COVER
  POSSIBLE SUNSHINE  MM
  AVERAGE SKY COVER 0.0


WEATHER CONDITIONS
 THE FOLLOWING WEATHER WAS RECORDED TODAY.
  NO SIGNIFICANT WEATHER WAS OBSERVED.


RELATIVE HUMIDITY (PERCENT)
 HIGHEST    93           400 AM
 LOWEST     36           200 PM
 AVERAGE    65

..........................................................


THE HATTIESBURG CLIMATE NORMALS FOR TOMORROW
                         NORMAL    RECORD    YEAR
 MAXIMUM TEMPERATURE (F)   84        94      1963
 MINIMUM TEMPERATURE (F)   59        44      1992


SUNRISE AND SUNSET
MAY  6 2016...........SUNRISE   607 AM CDT   SUNSET   740 PM CDT
MAY  7 2016...........SUNRISE   607 AM CDT   SUNSET   741 PM CDT


-  INDICATES NEGATIVE NUMBERS.
R  INDICATES RECORD WAS SET OR TIED.
MM INDICATES DATA IS MISSING.
T  INDICATES TRACE AMOUNT.




$$
