000
CDUS44 KJAN 192216
CLIHBG


CLIMATE REPORT
NATIONAL WEATHER SERVICE JACKSON MS
414 PM CST FRI DEC 19 2014


...................................

...THE HATTIESBURG CLIMATE SUMMARY FOR DECEMBER 19 2014...
VALID TODAY AS OF 0400 PM LOCAL TIME.

CLIMATE NORMAL PERIOD 1981 TO 2010
CLIMATE RECORD PERIOD 1948 TO 2014


WEATHER ITEM   OBSERVED TIME   RECORD YEAR NORMAL DEPARTURE LAST
                VALUE   (LST)  VALUE       VALUE  FROM      YEAR
                                                  NORMAL
..................................................................
TEMPERATURE (F)
 TODAY
  MAXIMUM         51    135 PM  79    2008  61    -10       72
  MINIMUM         47   1017 AM  17    1981  39      8       33
  AVERAGE         49                        50     -1       53

PRECIPITATION (IN)
  TODAY            0.43          3.03 1967   0.16   0.27     0.00
  MONTH TO DATE    0.68                      3.05  -2.37     1.74
  SINCE DEC 1      0.68                      3.05  -2.37     1.74
  SINCE JAN 1     46.79                     57.31 -10.52    63.82

SNOWFALL (IN)
  TODAY            0.0

DEGREE DAYS
 HEATING
  TODAY           16                        15      1       12
  MONTH TO DATE  193                       267    -74      267
  SINCE DEC 1    193                       267    -74      267
  SINCE JUL 1    609                       595     14      634

 COOLING
  TODAY            0                         0      0        0
  MONTH TO DATE    5                        12     -7       22
  SINCE DEC 1      5                        12     -7       22
  SINCE JAN 1   2469                      2402     67     2430
..................................................................


WIND (MPH)
  HIGHEST WIND SPEED     9   HIGHEST WIND DIRECTION     E (90)
  HIGHEST GUST SPEED    13   HIGHEST GUST DIRECTION     E (80)
  AVERAGE WIND SPEED     4.4


SKY COVER
  POSSIBLE SUNSHINE  MM
  AVERAGE SKY COVER 1.0


WEATHER CONDITIONS
 THE FOLLOWING WEATHER WAS RECORDED TODAY.
  HEAVY RAIN
  RAIN
  LIGHT RAIN
  FOG
  HAZE


RELATIVE HUMIDITY (PERCENT)
 HIGHEST    93           900 AM
 LOWEST     74           700 AM
 AVERAGE    84

..........................................................


THE HATTIESBURG CLIMATE NORMALS FOR TOMORROW
                         NORMAL    RECORD    YEAR
 MAXIMUM TEMPERATURE (F)   61        80      1967
                                             1951
 MINIMUM TEMPERATURE (F)   39        16      1996


SUNRISE AND SUNSET
DECEMBER 19 2014......SUNRISE   651 AM CST   SUNSET   458 PM CST
DECEMBER 20 2014......SUNRISE   651 AM CST   SUNSET   458 PM CST


-  INDICATES NEGATIVE NUMBERS.
R  INDICATES RECORD WAS SET OR TIED.
MM INDICATES DATA IS MISSING.
T  INDICATES TRACE AMOUNT.




$$
