000
CDUS44 KJAN 230637
CLIHBG


CLIMATE REPORT
NATIONAL WEATHER SERVICE JACKSON MS
1235 AM CST SUN NOV 23 2014


...................................

...THE HATTIESBURG CLIMATE SUMMARY FOR NOVEMBER 22 2014...

CLIMATE NORMAL PERIOD 1981 TO 2010
CLIMATE RECORD PERIOD 1948 TO 2014


WEATHER ITEM   OBSERVED TIME   RECORD YEAR NORMAL DEPARTURE LAST
                VALUE   (LST)  VALUE       VALUE  FROM      YEAR
                                                  NORMAL
..................................................................
TEMPERATURE (F)
 YESTERDAY
  MAXIMUM         70    232 PM  82    1965  68      2       72
  MINIMUM         39    637 AM  22    2008  43     -4       60
  AVERAGE         55                        56     -1       66

PRECIPITATION (IN)
  YESTERDAY        0.00          2.80 1948   0.15  -0.15     0.15
  MONTH TO DATE    1.26                      2.98  -1.72     1.84
  SINCE SEP 1      8.41                     10.81  -2.40     8.17
  SINCE JAN 1     45.69                     52.97  -7.28    60.34

SNOWFALL (IN)
  YESTERDAY        0.0

DEGREE DAYS
 HEATING
  YESTERDAY       10                        10      0        0
  MONTH TO DATE  281                       162    119      156
  SINCE SEP 1    326                       237     89      201
  SINCE JUL 1    326                       237     89      201

 COOLING
  YESTERDAY        0                         1     -1        1
  MONTH TO DATE    1                        26    -25       18
  SINCE SEP 1    584                       517     67      629
  SINCE JAN 1   2463                      2388     75     2408
..................................................................


WIND (MPH)
  HIGHEST WIND SPEED    14   HIGHEST WIND DIRECTION     E (100)
  HIGHEST GUST SPEED    19   HIGHEST GUST DIRECTION    SE (130)
  AVERAGE WIND SPEED     4.9


SKY COVER
  POSSIBLE SUNSHINE  MM
  AVERAGE SKY COVER 0.3


WEATHER CONDITIONS
 THE FOLLOWING WEATHER WAS RECORDED YESTERDAY.
  NO SIGNIFICANT WEATHER WAS OBSERVED.


RELATIVE HUMIDITY (PERCENT)
 HIGHEST   100          1200 AM
 LOWEST     48          1100 AM
 AVERAGE    74

..........................................................


THE HATTIESBURG CLIMATE NORMALS FOR TODAY
                         NORMAL    RECORD    YEAR
 MAXIMUM TEMPERATURE (F)   67        82      2010
                                             1973
 MINIMUM TEMPERATURE (F)   43        23      1956


SUNRISE AND SUNSET
NOVEMBER 23 2014......SUNRISE   631 AM CST   SUNSET   455 PM CST
NOVEMBER 24 2014......SUNRISE   632 AM CST   SUNSET   455 PM CST


-  INDICATES NEGATIVE NUMBERS.
R  INDICATES RECORD WAS SET OR TIED.
MM INDICATES DATA IS MISSING.
T  INDICATES TRACE AMOUNT.




$$
