000
CDUS44 KJAN 010828
CLIHBG


CLIMATE REPORT
NATIONAL WEATHER SERVICE JACKSON MS
322 AM CDT TUE SEP 1 2015


...................................

...THE HATTIESBURG CLIMATE SUMMARY FOR AUGUST 31 2015...

CLIMATE NORMAL PERIOD 1981 TO 2010
CLIMATE RECORD PERIOD 1948 TO 2015


WEATHER ITEM   OBSERVED TIME   RECORD YEAR NORMAL DEPARTURE LAST
                VALUE   (LST)  VALUE       VALUE  FROM      YEAR
                                                  NORMAL
..................................................................
TEMPERATURE (F)
 YESTERDAY
  MAXIMUM         95    327 PM 105    1951  91      4       96
  MINIMUM         68    612 AM  59    1968  70     -2       74
  AVERAGE         82                        80      2       85

PRECIPITATION (IN)
  YESTERDAY        0.00          1.14 2000   0.15  -0.15     0.00
  MONTH TO DATE    2.46                      4.73  -2.27     1.60
  SINCE JUN 1     13.39                     15.62  -2.23     8.80
  SINCE JAN 1     37.21                     42.16  -4.95    37.28

SNOWFALL (IN)
  YESTERDAY        0.0

DEGREE DAYS
 HEATING
  YESTERDAY        0                         0      0        0
  MONTH TO DATE    0                         0      0        0
  SINCE JUN 1      0                         0      0        0
  SINCE JUL 1      0                         0      0        0

 COOLING
  YESTERDAY       17                        15      2       20
  MONTH TO DATE  542                       511     31      557
  SINCE JUN 1   1640                      1456    184     1503
  SINCE JAN 1   2217                      1871    346     1879
..................................................................


WIND (MPH)
  HIGHEST WIND SPEED    12   HIGHEST WIND DIRECTION    NW (320)
  HIGHEST GUST SPEED    21   HIGHEST GUST DIRECTION    NW (320)
  AVERAGE WIND SPEED     2.7


SKY COVER
  POSSIBLE SUNSHINE  MM
  AVERAGE SKY COVER 0.1


WEATHER CONDITIONS
 THE FOLLOWING WEATHER WAS RECORDED YESTERDAY.
  FOG
  HAZE


RELATIVE HUMIDITY (PERCENT)
 HIGHEST    93           600 AM
 LOWEST     36           100 PM
 AVERAGE    65

..........................................................


THE HATTIESBURG CLIMATE NORMALS FOR TODAY
                         NORMAL    RECORD    YEAR
 MAXIMUM TEMPERATURE (F)   91        98      2000
 MINIMUM TEMPERATURE (F)   70        56      1954


SUNRISE AND SUNSET
SEPTEMBER  1 2015.....SUNRISE   633 AM CDT   SUNSET   721 PM CDT
SEPTEMBER  2 2015.....SUNRISE   633 AM CDT   SUNSET   720 PM CDT


-  INDICATES NEGATIVE NUMBERS.
R  INDICATES RECORD WAS SET OR TIED.
MM INDICATES DATA IS MISSING.
T  INDICATES TRACE AMOUNT.




$$
