000
CDUS41 KLWX 280525
CLIHGR


CLIMATE REPORT
NATIONAL WEATHER SERVICE BALTIMORE MD/WASHINGTON DC
123 AM EDT TUE MAR 28 2017


...................................

...THE HAGERSTOWN MD CLIMATE SUMMARY FOR MARCH 27 2017...

CLIMATE NORMAL PERIOD 1981 TO 2010
CLIMATE RECORD PERIOD 9999 TO 9999


WEATHER ITEM   OBSERVED TIME   RECORD YEAR NORMAL DEPARTURE LAST
                VALUE   (LST)  VALUE       VALUE  FROM      YEAR
                                                  NORMAL
..................................................................
TEMPERATURE (F)
 YESTERDAY
  MAXIMUM         72    433 PM  MM      MM  55     17       57
  MINIMUM         46    755 AM  MM      MM  36     10       37
  AVERAGE         59                        46     13       47

PRECIPITATION (IN)
  YESTERDAY        0.21         MM      MM   0.13   0.08      T
  MONTH TO DATE    1.88                      2.82  -0.94     1.21
  SINCE MAR 1      1.88                      2.82  -0.94     1.21
  SINCE JAN 1      5.98                      8.05  -2.07     6.58

DEGREE DAYS
 HEATING
  YESTERDAY        6                        19    -13       18
  MONTH TO DATE  641                       653    -12      405
  SINCE MAR 1    641                       653    -12      405
  SINCE JUL 1   3648                      4556   -908     3642

 COOLING
  YESTERDAY        0                         0      0        0
  MONTH TO DATE    1                         0      1        4
  SINCE MAR 1      1                         0      1        4
  SINCE JAN 1      2                         0      2        4
..................................................................


WIND (MPH)
  HIGHEST WIND SPEED    13   HIGHEST WIND DIRECTION     S (170)
  HIGHEST GUST SPEED    16   HIGHEST GUST DIRECTION     S (170)
  AVERAGE WIND SPEED     4.3


SKY COVER
  POSSIBLE SUNSHINE  MM
  AVERAGE SKY COVER 0.5


WEATHER CONDITIONS
 THE FOLLOWING WEATHER WAS RECORDED YESTERDAY.
  RAIN
  LIGHT RAIN
  FOG


RELATIVE HUMIDITY (PERCENT)
 HIGHEST    93           200 AM
 LOWEST     57           400 PM
 AVERAGE    75

..........................................................


THE HAGERSTOWN MD CLIMATE NORMALS FOR TODAY
                         NORMAL    RECORD    YEAR
 MAXIMUM TEMPERATURE (F)   56        MM        MM
 MINIMUM TEMPERATURE (F)   36        MM        MM


SUNRISE AND SUNSET
MARCH 28 2017.........SUNRISE   701 AM EDT   SUNSET   731 PM EDT
MARCH 29 2017.........SUNRISE   659 AM EDT   SUNSET   732 PM EDT


-  INDICATES NEGATIVE NUMBERS.
R  INDICATES RECORD WAS SET OR TIED.
MM INDICATES DATA IS MISSING.
T  INDICATES TRACE AMOUNT.




$$
