000
CDUS41 KLWX 012130
CLIHGR


CLIMATE REPORT
NATIONAL WEATHER SERVICE BALTIMORE MD/WASHINGTON DC
527 PM EDT SUN MAY 1 2016


...................................

...THE HAGERSTOWN MD CLIMATE SUMMARY FOR MAY 1 2016...
VALID TODAY AS OF 0500 PM LOCAL TIME.

CLIMATE NORMAL PERIOD 1981 TO 2010
CLIMATE RECORD PERIOD 9999 TO 9999


WEATHER ITEM   OBSERVED TIME   RECORD YEAR NORMAL DEPARTURE LAST
                VALUE   (LST)  VALUE       VALUE  FROM      YEAR
                                                  NORMAL
..................................................................
TEMPERATURE (F)
 TODAY
  MAXIMUM         60    342 PM  MM      MM  68     -8       66
  MINIMUM         51    726 AM  MM      MM  47      4       50
  AVERAGE         56                        58     -2       58

PRECIPITATION (IN)
  TODAY            0.50         MM      MM   0.10   0.40     0.04
  MONTH TO DATE    0.50                      0.10   0.40     0.04
  SINCE MAR 1      4.04                      7.04  -3.00     5.57
  SINCE JAN 1      9.41                     12.27  -2.86     7.85

DEGREE DAYS
 HEATING
  TODAY            9                         8      1        7
  MONTH TO DATE    9                         8      1        7
  SINCE MAR 1    817                      1119   -302     1080
  SINCE JUL 1   4054                      5022   -968     5086

 COOLING
  TODAY            0                         1     -1        0
  MONTH TO DATE    0                         1     -1        0
  SINCE MAR 1     16                        16      0        2
  SINCE JAN 1     16                        16      0        2
..................................................................


WIND (MPH)
  HIGHEST WIND SPEED    16   HIGHEST WIND DIRECTION    SE (150)
  HIGHEST GUST SPEED    22   HIGHEST GUST DIRECTION    SE (150)
  AVERAGE WIND SPEED     9.7


SKY COVER
  POSSIBLE SUNSHINE  MM
  AVERAGE SKY COVER 0.9


WEATHER CONDITIONS
 THE FOLLOWING WEATHER WAS RECORDED TODAY.
  LIGHT RAIN
  FOG


RELATIVE HUMIDITY (PERCENT)
 HIGHEST    89           200 AM
 LOWEST     78           300 PM
 AVERAGE    84

..........................................................


THE HAGERSTOWN MD CLIMATE NORMALS FOR TOMORROW
                         NORMAL    RECORD    YEAR
 MAXIMUM TEMPERATURE (F)   68        MM        MM
 MINIMUM TEMPERATURE (F)   48        MM        MM


SUNRISE AND SUNSET
MAY  1 2016...........SUNRISE   611 AM EDT   SUNSET   805 PM EDT
MAY  2 2016...........SUNRISE   610 AM EDT   SUNSET   806 PM EDT


-  INDICATES NEGATIVE NUMBERS.
R  INDICATES RECORD WAS SET OR TIED.
MM INDICATES DATA IS MISSING.
T  INDICATES TRACE AMOUNT.




$$
