000
CDUS41 KLWX 052143
CLIHGR


CLIMATE REPORT
NATIONAL WEATHER SERVICE BALTIMORE MD/WASHINGTON DC
443 PM EST THU MAR 5 2015


...................................

...THE HAGERSTOWN MD CLIMATE SUMMARY FOR MARCH 5 2015...
VALID TODAY AS OF 0400 PM LOCAL TIME.

CLIMATE NORMAL PERIOD 1981 TO 2010
CLIMATE RECORD PERIOD 9999 TO 9999


WEATHER ITEM   OBSERVED TIME   RECORD YEAR NORMAL DEPARTURE LAST
                VALUE   (LST)  VALUE       VALUE  FROM      YEAR
                                                  NORMAL
..................................................................
TEMPERATURE (F)
 TODAY
  MAXIMUM         37   1212 AM  MM      MM  46     -9       42
  MINIMUM         21    359 PM  MM      MM  29     -8       16
  AVERAGE         29                        38     -9       29

PRECIPITATION (IN)
  TODAY            0.25         MM      MM   0.08   0.17     0.00
  MONTH TO DATE    1.00                      0.39   0.61     0.32
  SINCE MAR 1      1.00                      0.39   0.61     0.32
  SINCE JAN 1      3.28                      5.62  -2.34     4.10

DEGREE DAYS
 HEATING
  TODAY           36                        27      9       36
  MONTH TO DATE  167                       139     28      198
  SINCE MAR 1    167                       139     28      198
  SINCE JUL 1   4173                      4042    131     4213

 COOLING
  TODAY            0                         0      0        0
  MONTH TO DATE    0                         0      0        0
  SINCE MAR 1      0                         0      0        0
  SINCE JAN 1      0                         0      0        0
..................................................................


WIND (MPH)
  HIGHEST WIND SPEED    20   HIGHEST WIND DIRECTION    NW (320)
  HIGHEST GUST SPEED    24   HIGHEST GUST DIRECTION    NW (320)
  AVERAGE WIND SPEED     9.1


SKY COVER
  POSSIBLE SUNSHINE  MM
  AVERAGE SKY COVER 1.0


WEATHER CONDITIONS
 THE FOLLOWING WEATHER WAS RECORDED TODAY.
  LIGHT RAIN
  HEAVY SNOW
  SNOW
  LIGHT SNOW
  FOG
  FOG W/VISIBILITY <= 1/4 MILE
  HAZE


RELATIVE HUMIDITY (PERCENT)
 HIGHEST    92           800 AM
 LOWEST     81           100 PM
 AVERAGE    87

..........................................................


THE HAGERSTOWN MD CLIMATE NORMALS FOR TOMORROW
                         NORMAL    RECORD    YEAR
 MAXIMUM TEMPERATURE (F)   47        MM        MM
 MINIMUM TEMPERATURE (F)   29        MM        MM


SUNRISE AND SUNSET
MARCH  5 2015.........SUNRISE   638 AM EST   SUNSET   607 PM EST
MARCH  6 2015.........SUNRISE   637 AM EST   SUNSET   608 PM EST


-  INDICATES NEGATIVE NUMBERS.
R  INDICATES RECORD WAS SET OR TIED.
MM INDICATES DATA IS MISSING.
T  INDICATES TRACE AMOUNT.




$$
