000
CDUS41 KLWX 270527
CLIHGR


CLIMATE REPORT
NATIONAL WEATHER SERVICE BALTIMORE MD/WASHINGTON DC
126 AM EDT FRI MAY 27 2016


...................................

...THE HAGERSTOWN MD CLIMATE SUMMARY FOR MAY 26 2016...

CLIMATE NORMAL PERIOD 1981 TO 2010
CLIMATE RECORD PERIOD 9999 TO 9999


WEATHER ITEM   OBSERVED TIME   RECORD YEAR NORMAL DEPARTURE LAST
                VALUE   (LST)  VALUE       VALUE  FROM      YEAR
                                                  NORMAL
..................................................................
TEMPERATURE (F)
 YESTERDAY
  MAXIMUM         87    459 PM  MM      MM  75     12       85
  MINIMUM         63    601 AM  MM      MM  55      8       67
  AVERAGE         75                        65     10       76

PRECIPITATION (IN)
  YESTERDAY        0.00         MM      MM   0.14  -0.14     0.00
  MONTH TO DATE    3.65                      3.31   0.34     0.71
  SINCE MAR 1      7.19                     10.25  -3.06     6.24
  SINCE JAN 1     12.56                     15.48  -2.92     8.52

DEGREE DAYS
 HEATING
  YESTERDAY        0                         3     -3        0
  MONTH TO DATE  154                       141     13       50
  SINCE MAR 1    962                      1252   -290     1123
  SINCE JUL 1   4199                      5155   -956     5129

 COOLING
  YESTERDAY       10                         3      7       11
  MONTH TO DATE   28                        42    -14      139
  SINCE MAR 1     44                        57    -13      141
  SINCE JAN 1     44                        57    -13      141
..................................................................


WIND (MPH)
  HIGHEST WIND SPEED    13   HIGHEST WIND DIRECTION     S (200)
  HIGHEST GUST SPEED    17   HIGHEST GUST DIRECTION     S (190)
  AVERAGE WIND SPEED     5.0


SKY COVER
  POSSIBLE SUNSHINE  MM
  AVERAGE SKY COVER 0.2


WEATHER CONDITIONS
 THE FOLLOWING WEATHER WAS RECORDED YESTERDAY.
  NO SIGNIFICANT WEATHER WAS OBSERVED.


RELATIVE HUMIDITY (PERCENT)
 HIGHEST    79          1100 PM
 LOWEST     36           400 PM
 AVERAGE    58

..........................................................


THE HAGERSTOWN MD CLIMATE NORMALS FOR TODAY
                         NORMAL    RECORD    YEAR
 MAXIMUM TEMPERATURE (F)   75        MM        MM
 MINIMUM TEMPERATURE (F)   55        MM        MM


SUNRISE AND SUNSET
MAY 27 2016...........SUNRISE   547 AM EDT   SUNSET   829 PM EDT
MAY 28 2016...........SUNRISE   547 AM EDT   SUNSET   830 PM EDT


-  INDICATES NEGATIVE NUMBERS.
R  INDICATES RECORD WAS SET OR TIED.
MM INDICATES DATA IS MISSING.
T  INDICATES TRACE AMOUNT.




$$
