000
CDUS41 KLWX 222123
CLIHGR


CLIMATE REPORT
NATIONAL WEATHER SERVICE BALTIMORE MD/WASHINGTON DC
523 PM EDT MON MAY 22 2017


...................................

...THE HAGERSTOWN MD CLIMATE SUMMARY FOR MAY 22 2017...
VALID TODAY AS OF 0500 PM LOCAL TIME.

CLIMATE NORMAL PERIOD 1981 TO 2010
CLIMATE RECORD PERIOD 9999 TO 9999


WEATHER ITEM   OBSERVED TIME   RECORD YEAR NORMAL DEPARTURE LAST
                VALUE   (LST)  VALUE       VALUE  FROM      YEAR
                                                  NORMAL
..................................................................
TEMPERATURE (F)
 TODAY
  MAXIMUM         75    359 PM  MM      MM  74      1       57
  MINIMUM         59    615 AM  MM      MM  54      5       52
  AVERAGE         67                        64      3       55

PRECIPITATION (IN)
  TODAY            T            MM      MM   0.15  -0.15     0.54
  MONTH TO DATE    3.33                      2.71   0.62     3.61
  SINCE MAR 1      8.53                      9.65  -1.12     7.15
  SINCE JAN 1     12.63                     14.88  -2.25    12.52

DEGREE DAYS
 HEATING
  TODAY            0                         4     -4       10
  MONTH TO DATE  115                       128    -13      154
  SINCE MAR 1    992                      1239   -247      962
  SINCE JUL 1   3999                      5142  -1143     4199

 COOLING
  TODAY            2                         2      0        0
  MONTH TO DATE   57                        30     27        8
  SINCE MAR 1    115                        45     70       24
  SINCE JAN 1    116                        45     71       24
..................................................................


WIND (MPH)
  HIGHEST WIND SPEED    12   HIGHEST WIND DIRECTION     S (160)
  HIGHEST GUST SPEED    14   HIGHEST GUST DIRECTION    SE (150)
  AVERAGE WIND SPEED     5.0


SKY COVER
  POSSIBLE SUNSHINE  MM
  AVERAGE SKY COVER 0.9


WEATHER CONDITIONS
 THE FOLLOWING WEATHER WAS RECORDED TODAY.
  LIGHT RAIN


RELATIVE HUMIDITY (PERCENT)
 HIGHEST    90           900 AM
 LOWEST     60          1200 AM
 AVERAGE    75

..........................................................


THE HAGERSTOWN MD CLIMATE NORMALS FOR TOMORROW
                         NORMAL    RECORD    YEAR
 MAXIMUM TEMPERATURE (F)   74        MM        MM
 MINIMUM TEMPERATURE (F)   54        MM        MM


SUNRISE AND SUNSET
MAY 22 2017...........SUNRISE   551 AM EDT   SUNSET   825 PM EDT
MAY 23 2017...........SUNRISE   550 AM EDT   SUNSET   826 PM EDT


-  INDICATES NEGATIVE NUMBERS.
R  INDICATES RECORD WAS SET OR TIED.
MM INDICATES DATA IS MISSING.
T  INDICATES TRACE AMOUNT.




$$
