000
CDUS41 KLWX 302134
CLIHGR


CLIMATE REPORT
NATIONAL WEATHER SERVICE BALTIMORE MD/WASHINGTON DC
524 PM EDT WED JUL 30 2014


...................................

...THE HAGERSTOWN MD CLIMATE SUMMARY FOR JULY 30 2014...
VALID TODAY AS OF 0500 PM LOCAL TIME.

CLIMATE NORMAL PERIOD 1981 TO 2010
CLIMATE RECORD PERIOD 9999 TO 9999


WEATHER ITEM   OBSERVED TIME   RECORD YEAR NORMAL DEPARTURE LAST
                VALUE   (LST)  VALUE       VALUE  FROM      YEAR
                                                  NORMAL
..................................................................
TEMPERATURE (F)
 TODAY
  MAXIMUM         76    354 PM  MM      MM  85     -9       79
  MINIMUM         52    511 AM  MM      MM  65    -13       59
  AVERAGE         64                        75    -11       69

PRECIPITATION (IN)
  TODAY            0.00         MM      MM   0.12  -0.12     0.00
  MONTH TO DATE    6.05                      3.29   2.76     3.69
  SINCE JUN 1     10.91                      7.17   3.74     7.62
  SINCE JAN 1     23.39                     23.37   0.02    17.48

DEGREE DAYS
 HEATING
  TODAY            1                         0      1        0
  MONTH TO DATE    2                         0      2        0
  SINCE JUN 1      2                        18    -16        3
  SINCE JUL 1      2                         0      2        0

 COOLING
  TODAY            0                        10    -10        4
  MONTH TO DATE  280                       312    -32      382
  SINCE JUN 1    525                       521      4      622
  SINCE JAN 1    607                       597     10      739
..................................................................


WIND (MPH)
  HIGHEST WIND SPEED    13   HIGHEST WIND DIRECTION     S (180)
  HIGHEST GUST SPEED    16   HIGHEST GUST DIRECTION     S (170)
  AVERAGE WIND SPEED     5.3


SKY COVER
  POSSIBLE SUNSHINE  MM
  AVERAGE SKY COVER 0.1


WEATHER CONDITIONS
 THE FOLLOWING WEATHER WAS RECORDED TODAY.
  NO SIGNIFICANT WEATHER WAS OBSERVED.


RELATIVE HUMIDITY (PERCENT)
 HIGHEST    93           300 AM
 LOWEST     41           200 PM
 AVERAGE    67

..........................................................


THE HAGERSTOWN MD CLIMATE NORMALS FOR TOMORROW
                         NORMAL    RECORD    YEAR
 MAXIMUM TEMPERATURE (F)   85        MM        MM
 MINIMUM TEMPERATURE (F)   65        MM        MM


SUNRISE AND SUNSET
JULY 30 2014..........SUNRISE   608 AM EDT   SUNSET   826 PM EDT
JULY 31 2014..........SUNRISE   609 AM EDT   SUNSET   825 PM EDT


-  INDICATES NEGATIVE NUMBERS.
R  INDICATES RECORD WAS SET OR TIED.
MM INDICATES DATA IS MISSING.
T  INDICATES TRACE AMOUNT.




$$
