000
CDUS46 KPQR 301141
CLIHIO


CLIMATE REPORT
NATIONAL WEATHER SERVICE PORTLAND OREGON
440 AM PDT THU OCT 30 2014


...................................

...THE HILLSBORO OR CLIMATE SUMMARY FOR OCTOBER 29 2014...

CLIMATE NORMAL PERIOD 1981 TO 2010
CLIMATE RECORD PERIOD 1929 TO 2014


WEATHER ITEM   OBSERVED TIME   RECORD YEAR NORMAL DEPARTURE LAST
                VALUE   (LST)  VALUE       VALUE  FROM      YEAR
                                                  NORMAL
..................................................................
TEMPERATURE (F)
 YESTERDAY
  MAXIMUM         62    241 PM  77    1993  58      4       58
  MINIMUM         53    727 AM  24    1971  39     14       29
  AVERAGE         58                        48     10       44

PRECIPITATION (IN)
  YESTERDAY        0.10          1.80 1982   0.13  -0.03
  MONTH TO DATE    4.56                      2.90   1.66
  SINCE OCT 1      4.56                      2.90   1.66
  SINCE JAN 1     25.90                     26.41  -0.51

SNOWFALL (IN)
  YESTERDAY        0.0
  MONTH TO DATE    0.0
  SINCE SEP 1      0.0
  SINCE JUL 1      0.0
  SNOW DEPTH       0

DEGREE DAYS
 HEATING
  YESTERDAY        7                        17    -10
  MONTH TO DATE  201                       385   -184
  SINCE JUL 1    256                       647   -391

 COOLING
  YESTERDAY        0                         0      0
  MONTH TO DATE   10                         0     10
  SINCE JAN 1    405                       197    208
..................................................................


WIND (MPH)
  HIGHEST WIND SPEED    15   HIGHEST WIND DIRECTION     S (170)
  HIGHEST GUST SPEED    19   HIGHEST GUST DIRECTION     S (170)
  AVERAGE WIND SPEED     4.0


SKY COVER
  POSSIBLE SUNSHINE  MM
  AVERAGE SKY COVER 0.8


WEATHER CONDITIONS
 THE FOLLOWING WEATHER WAS RECORDED YESTERDAY.
  RAIN
  LIGHT RAIN
  FOG


RELATIVE HUMIDITY (PERCENT)
 HIGHEST   100           400 AM
 LOWEST     78           100 PM
 AVERAGE    89

..........................................................


THE HILLSBORO OR CLIMATE NORMALS FOR TODAY
                         NORMAL    RECORD    YEAR
 MAXIMUM TEMPERATURE (F)   57        69      1954
 MINIMUM TEMPERATURE (F)   39        21      1972


SUNRISE AND SUNSET
OCTOBER 30 2014.......SUNRISE   749 AM PDT   SUNSET   602 PM PDT
OCTOBER 31 2014.......SUNRISE   750 AM PDT   SUNSET   600 PM PDT


-  INDICATES NEGATIVE NUMBERS.
R  INDICATES RECORD WAS SET OR TIED.
MM INDICATES DATA IS MISSING.
T  INDICATES TRACE AMOUNT.




$$
