000
CDUS46 KPQR 231148
CLIHIO


CLIMATE REPORT
NATIONAL WEATHER SERVICE PORTLAND OREGON
347 AM PST THU FEB 23 2017


...................................

...THE HILLSBORO OR CLIMATE SUMMARY FOR FEBRUARY 22 2017...

CLIMATE NORMAL PERIOD 1981 TO 2010
CLIMATE RECORD PERIOD 1929 TO 2017


WEATHER ITEM   OBSERVED TIME   RECORD YEAR NORMAL DEPARTURE LAST
                VALUE   (LST)  VALUE       VALUE  FROM      YEAR
                                                  NORMAL
..................................................................
TEMPERATURE (F)
 YESTERDAY
  MAXIMUM         49    134 PM  65    1995  52     -3       50
  MINIMUM         30    707 AM  24    1942  34     -4       32
  AVERAGE         40                        43     -3       41

PRECIPITATION (IN)
  YESTERDAY        0.05          1.24 1936   0.12  -0.07
  MONTH TO DATE    9.79                      3.55   6.24
  SINCE OCT 1     33.58                     26.00   7.58
  SINCE JAN 1     13.90                      9.61   4.29

SNOWFALL (IN)
  YESTERDAY       MM
  MONTH TO DATE    0.0
  SINCE DEC 1      0.0
  SINCE JUL 1      0.0
  SNOW DEPTH       0

DEGREE DAYS
 HEATING
  YESTERDAY       25                        22      3
  MONTH TO DATE  498                       502     -4
  SINCE JUL 1   3374                      3395    -21

 COOLING
  YESTERDAY        0                         0      0
  MONTH TO DATE    0                         0      0
  SINCE JAN 1      0                         0      0
..................................................................


WIND (MPH)
  HIGHEST WIND SPEED    17   HIGHEST WIND DIRECTION     W (280)
  HIGHEST GUST SPEED    22   HIGHEST GUST DIRECTION     W (280)
  AVERAGE WIND SPEED     1.9


SKY COVER
  POSSIBLE SUNSHINE  MM
  AVERAGE SKY COVER 0.6


WEATHER CONDITIONS
 THE FOLLOWING WEATHER WAS RECORDED YESTERDAY.
  LIGHT RAIN
  FOG
  FOG W/VISIBILITY <= 1/4 MILE


RELATIVE HUMIDITY (PERCENT)
 HIGHEST   100          1000 AM
 LOWEST     58           100 PM
 AVERAGE    79

..........................................................


THE HILLSBORO OR CLIMATE NORMALS FOR TODAY
                         NORMAL    RECORD    YEAR
 MAXIMUM TEMPERATURE (F)   52        64      2005
 MINIMUM TEMPERATURE (F)   34        15      1933


SUNRISE AND SUNSET
FEBRUARY 23 2017......SUNRISE   700 AM PST   SUNSET   551 PM PST
FEBRUARY 24 2017......SUNRISE   658 AM PST   SUNSET   552 PM PST


-  INDICATES NEGATIVE NUMBERS.
R  INDICATES RECORD WAS SET OR TIED.
MM INDICATES DATA IS MISSING.
T  INDICATES TRACE AMOUNT.




$$
