000
CDUS46 KPQR 251142
CLIHIO


CLIMATE REPORT
NATIONAL WEATHER SERVICE PORTLAND OREGON
442 AM PDT THU MAY 25 2017


...................................

...THE HILLSBORO OR CLIMATE SUMMARY FOR MAY 24 2017...

CLIMATE NORMAL PERIOD 1981 TO 2010
CLIMATE RECORD PERIOD 1929 TO 2017


WEATHER ITEM   OBSERVED TIME   RECORD YEAR NORMAL DEPARTURE LAST
                VALUE   (LST)  VALUE       VALUE  FROM      YEAR
                                                  NORMAL
..................................................................
TEMPERATURE (F)
 YESTERDAY
  MAXIMUM         65    313 PM  92    1992  69     -4       71
  MINIMUM         45    249 AM  33    1935  46     -1       49
  AVERAGE         55                        58     -3       60

PRECIPITATION (IN)
  YESTERDAY        0.00          0.62 1989   0.06  -0.06
  MONTH TO DATE    1.76                      1.84  -0.08
  SINCE OCT 1     46.13                     35.44  10.69
  SINCE JAN 1     26.45                     19.05   7.40

SNOWFALL (IN)
  YESTERDAY        0.0
  MONTH TO DATE    0.0
  SINCE MAR 1      0.0
  SINCE JUL 1      0.0
  SNOW DEPTH       0

DEGREE DAYS
 HEATING
  YESTERDAY       10                         8      2
  MONTH TO DATE  212                       236    -24
  SINCE JUL 1   4760                      4798    -38

 COOLING
  YESTERDAY        0                         0      0
  MONTH TO DATE   21                         0     21
  SINCE JAN 1     21                         0     21
..................................................................


WIND (MPH)
  HIGHEST WIND SPEED    21   HIGHEST WIND DIRECTION    NW (310)
  HIGHEST GUST SPEED    26   HIGHEST GUST DIRECTION    NW (320)
  AVERAGE WIND SPEED     6.4


SKY COVER
  POSSIBLE SUNSHINE  MM
  AVERAGE SKY COVER 0.6


WEATHER CONDITIONS
 THE FOLLOWING WEATHER WAS RECORDED YESTERDAY.
  HAZE


RELATIVE HUMIDITY (PERCENT)
 HIGHEST    93          1100 PM
 LOWEST     48           100 PM
 AVERAGE    71

..........................................................


THE HILLSBORO OR CLIMATE NORMALS FOR TODAY
                         NORMAL    RECORD    YEAR
 MAXIMUM TEMPERATURE (F)   69        93      1936
 MINIMUM TEMPERATURE (F)   46        31      1935


SUNRISE AND SUNSET
MAY 25 2017...........SUNRISE   531 AM PDT   SUNSET   847 PM PDT
MAY 26 2017...........SUNRISE   530 AM PDT   SUNSET   848 PM PDT


-  INDICATES NEGATIVE NUMBERS.
R  INDICATES RECORD WAS SET OR TIED.
MM INDICATES DATA IS MISSING.
T  INDICATES TRACE AMOUNT.




$$
